Jul 28 17:19:25.685715 n-d-820368-30 devstack@placement-api.service[105613]: [pid: 105613|app: 0|req: 223/444] 10.222.0.71 () {60 vars in 1376 bytes} [Thu Jul 28 17:19:25 2022] GET /placement/resource_providers?in_tree=a064d4ab-c027-423c-8db5-59d8c1cf043e => generated 864 bytes in 58 msecs (HTTP/1.1 200) 6 headers in 225 bytes (1 switches on core 0)
Jul 28 17:19:25.696774 n-d-820368-30 devstack@placement-api.service[105612]: DEBUG placement.requestlog [req-5c1abec1-f509-44ae-8f87-da3996053ac1 req-cccab13f-dab2-42fe-a0e3-9f475787b1dc None None] Starting request: 10.222.0.71 "GET /placement/resource_providers/a064d4ab-c027-423c-8db5-59d8c1cf043e/inventories" {{(pid=105612) __call__ /opt/stack/placement/placement/requestlog.py:55}}
Jul 28 17:19:25.764950 n-d-820368-30 devstack@placement-api.service[105612]: INFO placement.requestlog [req-5c1abec1-f509-44ae-8f87-da3996053ac1 req-cccab13f-dab2-42fe-a0e3-9f475787b1dc service placement] 10.222.0.71 "GET /placement/resource_providers/a064d4ab-c027-423c-8db5-59d8c1cf043e/inventories" status: 200 len: 398 microversion: 1.0
Jul 28 17:19:25.765637 n-d-820368-30 devstack@placement-api.service[105612]: [pid: 105612|app: 0|req: 222/445] 10.222.0.71 () {58 vars in 1390 bytes} [Thu Jul 28 17:19:25 2022] GET /placement/resource_providers/a064d4ab-c027-423c-8db5-59d8c1cf043e/inventories => generated 398 bytes in 69 msecs (HTTP/1.1 200) 6 headers in 224 bytes (1 switches on core 0)
Jul 28 17:19:25.774837 n-d-820368-30 devstack@placement-api.service[105613]: DEBUG placement.requestlog [req-5c1abec1-f509-44ae-8f87-da3996053ac1 req-72ef5bbb-a133-4b18-826f-b0cb64b410b6 None None] Starting request: 10.222.0.71 "GET /placement/resource_providers/a064d4ab-c027-423c-8db5-59d8c1cf043e/aggregates" {{(pid=105613) __call__ /opt/stack/placement/placement/requestlog.py:55}}
Jul 28 17:19:25.804241 n-d-820368-30 devstack@placement-api.service[105613]: INFO placement.requestlog [req-5c1abec1-f509-44ae-8f87-da3996053ac1 req-72ef5bbb-a133-4b18-826f-b0cb64b410b6 service placement] 10.222.0.71 "GET /placement/resource_providers/a064d4ab-c027-423c-8db5-59d8c1cf043e/aggregates" status: 200 len: 54 microversion: 1.19
Jul 28 17:19:25.804643 n-d-820368-30 devstack@placement-api.service[105613]: [pid: 105613|app: 0|req: 224/446] 10.222.0.71 () {60 vars in 1431 bytes} [Thu Jul 28 17:19:25 2022] GET /placement/resource_providers/a064d4ab-c027-423c-8db5-59d8c1cf043e/aggregates => generated 54 bytes in 30 msecs (HTTP/1.1 200) 8 headers in 295 bytes (1 switches on core 0)
Jul 28 17:19:25.812498 n-d-820368-30 devstack@placement-api.service[105612]: DEBUG placement.requestlog [req-5c1abec1-f509-44ae-8f87-da3996053ac1 req-5b5df3b4-93f2-43e5-a732-77dfdbe5ab15 None None] Starting request: 10.222.0.71 "GET /placement/resource_providers/a064d4ab-c027-423c-8db5-59d8c1cf043e/traits" {{(pid=105612) __call__ /opt/stack/placement/placement/requestlog.py:55}}
Jul 28 17:19:25.898018 n-d-820368-30 devstack@placement-api.service[105612]: INFO placement.requestlog [req-5c1abec1-f509-44ae-8f87-da3996053ac1 req-5b5df3b4-93f2-43e5-a732-77dfdbe5ab15 service placement] 10.222.0.71 "GET /placement/resource_providers/a064d4ab-c027-423c-8db5-59d8c1cf043e/traits" status: 200 len: 212 microversion: 1.6
Jul 28 17:19:25.898441 n-d-820368-30 devstack@placement-api.service[105612]: [pid: 105612|app: 0|req: 223/447] 10.222.0.71 () {60 vars in 1418 bytes} [Thu Jul 28 17:19:25 2022] GET /placement/resource_providers/a064d4ab-c027-423c-8db5-59d8c1cf043e/traits => generated 212 bytes in 86 msecs (HTTP/1.1 200) 6 headers in 224 bytes (1 switches on core 0)
Jul 28 17:19:25.997300 n-d-820368-30 devstack@placement-api.service[105613]: DEBUG placement.requestlog [req-a36358d6-1a48-4945-90e6-a96c4c389599 req-dce1f0d4-d7e9-496a-86aa-8bef07880241 None None] Starting request: 10.222.0.47 "GET /placement/allocation_candidates?limit=1000&resources=DISK_GB%3A1%2CMEMORY_MB%3A1024%2CVCPU%3A1&root_required=%21COMPUTE_STATUS_DISABLED" {{(pid=105613) __call__ /opt/stack/placement/placement/requestlog.py:55}}
Jul 28 17:19:26.031388 n-d-820368-30 devstack@placement-api.service[105612]: DEBUG placement.requestlog [None req-de01c8ca-7ee5-4c3c-b8c1-4419f7b131ae None None] Starting request: 10.222.0.47 "GET /placement/resource_providers/b2610711-4ea3-431d-a2cf-e07170a3d7cd/aggregates" {{(pid=105612) __call__ /opt/stack/placement/placement/requestlog.py:55}}
Jul 28 17:19:26.043817 n-d-820368-30 devstack@placement-api.service[105612]: DEBUG dbcounter [-] [105612] Writing DB stats placement:SELECT=72,placement:DELETE=4 {{(pid=105612) stat_writer /usr/local/lib/python3.8/dist-packages/dbcounter.py:114}}
Jul 28 17:19:26.076748 n-d-820368-30 devstack@placement-api.service[105612]: INFO placement.requestlog [None req-de01c8ca-7ee5-4c3c-b8c1-4419f7b131ae service placement] 10.222.0.47 "GET /placement/resource_providers/b2610711-4ea3-431d-a2cf-e07170a3d7cd/aggregates" status: 404 len: 235 microversion: 1.1
Jul 28 17:19:26.077681 n-d-820368-30 devstack@placement-api.service[105612]: [pid: 105612|app: 0|req: 224/448] 10.222.0.47 () {58 vars in 1362 bytes} [Thu Jul 28 17:19:26 2022] GET /placement/resource_providers/b2610711-4ea3-431d-a2cf-e07170a3d7cd/aggregates => generated 235 bytes in 46 msecs (HTTP/1.1 404) 5 headers in 202 bytes (2 switches on core 0)
Jul 28 17:19:26.146348 n-d-820368-30 devstack@placement-api.service[105613]: DEBUG dbcounter [-] [105613] Writing DB stats placement:SELECT=84,placement:DELETE=6,placement:INSERT=4,placement:UPDATE=6 {{(pid=105613) stat_writer /usr/local/lib/python3.8/dist-packages/dbcounter.py:114}}
Jul 28 17:19:26.157424 n-d-820368-30 devstack@placement-api.service[105613]: DEBUG placement.objects.research_context [req-a36358d6-1a48-4945-90e6-a96c4c389599 req-dce1f0d4-d7e9-496a-86aa-8bef07880241 service placement] getting providers with 1 DISK_GB {{(pid=105613) __init__ /opt/stack/placement/placement/objects/research_context.py:136}}
Jul 28 17:19:26.182125 n-d-820368-30 devstack@placement-api.service[105613]: DEBUG placement.objects.research_context [req-a36358d6-1a48-4945-90e6-a96c4c389599 req-dce1f0d4-d7e9-496a-86aa-8bef07880241 service placement] getting providers with 1024 MEMORY_MB {{(pid=105613) __init__ /opt/stack/placement/placement/objects/research_context.py:136}}
Jul 28 17:19:26.208263 n-d-820368-30 devstack@placement-api.service[105613]: DEBUG placement.objects.research_context [req-a36358d6-1a48-4945-90e6-a96c4c389599 req-dce1f0d4-d7e9-496a-86aa-8bef07880241 service placement] getting providers with 1 VCPU {{(pid=105613) __init__ /opt/stack/placement/placement/objects/research_context.py:136}}
Jul 28 17:19:26.226432 n-d-820368-30 devstack@placement-api.service[105613]: DEBUG placement.objects.research_context [req-a36358d6-1a48-4945-90e6-a96c4c389599 req-dce1f0d4-d7e9-496a-86aa-8bef07880241 service placement] found 2 providers with available 1 DISK_GB {{(pid=105613) get_provider_ids_matching /opt/stack/placement/placement/objects/research_context.py:563}}
Jul 28 17:19:26.228782 n-d-820368-30 devstack@placement-api.service[105613]: DEBUG placement.objects.research_context [req-a36358d6-1a48-4945-90e6-a96c4c389599 req-dce1f0d4-d7e9-496a-86aa-8bef07880241 service placement] found 2 providers with available 1024 MEMORY_MB {{(pid=105613) get_provider_ids_matching /opt/stack/placement/placement/objects/research_context.py:563}}
Jul 28 17:19:26.230449 n-d-820368-30 devstack@placement-api.service[105613]: DEBUG placement.objects.research_context [req-a36358d6-1a48-4945-90e6-a96c4c389599 req-dce1f0d4-d7e9-496a-86aa-8bef07880241 service placement] found 2 providers after filtering by previous result {{(pid=105613) get_provider_ids_matching /opt/stack/placement/placement/objects/research_context.py:594}}
Jul 28 17:19:26.236359 n-d-820368-30 devstack@placement-api.service[105613]: DEBUG placement.objects.research_context [req-a36358d6-1a48-4945-90e6-a96c4c389599 req-dce1f0d4-d7e9-496a-86aa-8bef07880241 service placement] found 2 providers with available 1 VCPU {{(pid=105613) get_provider_ids_matching /opt/stack/placement/placement/objects/research_context.py:563}}
Jul 28 17:19:26.236762 n-d-820368-30 devstack@placement-api.service[105613]: DEBUG placement.objects.research_context [req-a36358d6-1a48-4945-90e6-a96c4c389599 req-dce1f0d4-d7e9-496a-86aa-8bef07880241 service placement] found 2 providers after filtering by previous result {{(pid=105613) get_provider_ids_matching /opt/stack/placement/placement/objects/research_context.py:594}}
Jul 28 17:19:26.252964 n-d-820368-30 devstack@placement-api.service[105612]: DEBUG placement.requestlog [None req-ffe357dc-b4e6-4ba3-bde2-a19109818e88 None None] Starting request: 10.222.0.47 "DELETE /placement/resource_providers/b2610711-4ea3-431d-a2cf-e07170a3d7cd" {{(pid=105612) __call__ /opt/stack/placement/placement/requestlog.py:55}}
Jul 28 17:19:26.269866 n-d-820368-30 devstack@placement-api.service[105612]: DEBUG placement.wsgi_wrapper [None req-ffe357dc-b4e6-4ba3-bde2-a19109818e88 service placement] Placement API returning an error response: No resource provider with uuid b2610711-4ea3-431d-a2cf-e07170a3d7cd found for delete {{(pid=105612) call_func /opt/stack/placement/placement/wsgi_wrapper.py:31}}
Jul 28 17:19:26.270652 n-d-820368-30 devstack@placement-api.service[105612]: INFO placement.requestlog [None req-ffe357dc-b4e6-4ba3-bde2-a19109818e88 service placement] 10.222.0.47 "DELETE /placement/resource_providers/b2610711-4ea3-431d-a2cf-e07170a3d7cd" status: 404 len: 246 microversion: 1.1
Jul 28 17:19:26.273087 n-d-820368-30 devstack@placement-api.service[105612]: [pid: 105612|app: 0|req: 225/449] 10.222.0.47 () {60 vars in 1351 bytes} [Thu Jul 28 17:19:26 2022] DELETE /placement/resource_providers/b2610711-4ea3-431d-a2cf-e07170a3d7cd => generated 246 bytes in 23 msecs (HTTP/1.1 404) 6 headers in 231 bytes (1 switches on core 0)
Jul 28 17:19:26.284657 n-d-820368-30 devstack@placement-api.service[105613]: DEBUG placement.objects.allocation_candidate [req-a36358d6-1a48-4945-90e6-a96c4c389599 req-dce1f0d4-d7e9-496a-86aa-8bef07880241 service placement] RequestGroup(use_same_provider=False, resources={DISK_GB:1, MEMORY_MB:1024, VCPU:1}, traits=(), aggregates=[]) (suffix '') returned 2 matches {{(pid=105613) _get_by_requests /opt/stack/placement/placement/objects/allocation_candidate.py:156}}
Jul 28 17:19:26.292176 n-d-820368-30 devstack@placement-api.service[105613]: DEBUG placement.objects.allocation_candidate [req-a36358d6-1a48-4945-90e6-a96c4c389599 req-dce1f0d4-d7e9-496a-86aa-8bef07880241 service placement] Merging candidates yields 2 allocation requests and 2 provider summaries {{(pid=105613) _merge_candidates /opt/stack/placement/placement/objects/allocation_candidate.py:809}}
Jul 28 17:19:26.297984 n-d-820368-30 devstack@placement-api.service[105613]: INFO placement.requestlog [req-a36358d6-1a48-4945-90e6-a96c4c389599 req-dce1f0d4-d7e9-496a-86aa-8bef07880241 service placement] 10.222.0.47 "GET /placement/allocation_candidates?limit=1000&resources=DISK_GB%3A1%2CMEMORY_MB%3A1024%2CVCPU%3A1&root_required=%21COMPUTE_STATUS_DISABLED" status: 200 len: 1309 microversion: 1.36
Jul 28 17:19:26.314490 n-d-820368-30 devstack@placement-api.service[105613]: [pid: 105613|app: 0|req: 225/450] 10.222.0.47 () {60 vars in 1506 bytes} [Thu Jul 28 17:19:25 2022] GET /placement/allocation_candidates?limit=1000&resources=DISK_GB%3A1%2CMEMORY_MB%3A1024%2CVCPU%3A1&root_required=%21COMPUTE_STATUS_DISABLED => generated 1309 bytes in 317 msecs (HTTP/1.1 200) 8 headers in 297 bytes (1 switches on core 0)
Jul 28 17:19:26.399006 n-d-820368-30 devstack@placement-api.service[105612]: DEBUG placement.requestlog [req-5c1abec1-f509-44ae-8f87-da3996053ac1 req-5130b2a3-41db-4f44-ba90-1600ad4f7b1b None None] Starting request: 10.222.0.71 "GET /placement/allocations/4b350684-19d7-4048-9ecd-fc4eba35d328" {{(pid=105612) __call__ /opt/stack/placement/placement/requestlog.py:55}}
Jul 28 17:19:26.418675 n-d-820368-30 devstack@placement-api.service[105612]: INFO placement.requestlog [req-5c1abec1-f509-44ae-8f87-da3996053ac1 req-5130b2a3-41db-4f44-ba90-1600ad4f7b1b service placement] 10.222.0.71 "GET /placement/allocations/4b350684-19d7-4048-9ecd-fc4eba35d328" status: 200 len: 245 microversion: 1.28
Jul 28 17:19:26.419573 n-d-820368-30 devstack@placement-api.service[105612]: [pid: 105612|app: 0|req: 226/451] 10.222.0.71 () {60 vars in 1377 bytes} [Thu Jul 28 17:19:26 2022] GET /placement/allocations/4b350684-19d7-4048-9ecd-fc4eba35d328 => generated 245 bytes in 21 msecs (HTTP/1.1 200) 8 headers in 296 bytes (1 switches on core 0)
Jul 28 17:19:26.430280 n-d-820368-30 devstack@placement-api.service[105613]: DEBUG placement.requestlog [req-5c1abec1-f509-44ae-8f87-da3996053ac1 req-ddd8d918-9bc4-44ed-a436-c7f6b13ac5b6 None None] Starting request: 10.222.0.71 "PUT /placement/allocations/4b350684-19d7-4048-9ecd-fc4eba35d328" {{(pid=105613) __call__ /opt/stack/placement/placement/requestlog.py:55}}
Jul 28 17:19:26.525841 n-d-820368-30 devstack@placement-api.service[105612]: DEBUG placement.requestlog [req-a36358d6-1a48-4945-90e6-a96c4c389599 req-024f8da1-9baf-4a8d-a047-df3f147160ed None None] Starting request: 10.222.0.47 "GET /placement/allocations/3bd234b6-eb52-4754-98d8-3f2efde10291" {{(pid=105612) __call__ /opt/stack/placement/placement/requestlog.py:55}}
Jul 28 17:19:26.548741 n-d-820368-30 devstack@placement-api.service[105612]: INFO placement.requestlog [req-a36358d6-1a48-4945-90e6-a96c4c389599 req-024f8da1-9baf-4a8d-a047-df3f147160ed service placement] 10.222.0.47 "GET /placement/allocations/3bd234b6-eb52-4754-98d8-3f2efde10291" status: 200 len: 19 microversion: 1.28
Jul 28 17:19:26.558146 n-d-820368-30 devstack@placement-api.service[105612]: [pid: 105612|app: 0|req: 227/452] 10.222.0.47 () {60 vars in 1380 bytes} [Thu Jul 28 17:19:26 2022] GET /placement/allocations/3bd234b6-eb52-4754-98d8-3f2efde10291 => generated 19 bytes in 32 msecs (HTTP/1.1 200) 8 headers in 295 bytes (1 switches on core 0)
Jul 28 17:19:26.559902 n-d-820368-30 devstack@placement-api.service[105612]: DEBUG placement.requestlog [req-a36358d6-1a48-4945-90e6-a96c4c389599 req-174eabab-c794-4922-bdd8-55165d8b452f None None] Starting request: 10.222.0.47 "PUT /placement/allocations/3bd234b6-eb52-4754-98d8-3f2efde10291" {{(pid=105612) __call__ /opt/stack/placement/placement/requestlog.py:55}}
Jul 28 17:19:26.689408 n-d-820368-30 devstack@placement-api.service[105613]: DEBUG placement.handlers.allocation [req-5c1abec1-f509-44ae-8f87-da3996053ac1 req-ddd8d918-9bc4-44ed-a436-c7f6b13ac5b6 service placement] Successfully wrote allocations [, ] {{(pid=105613) _update_consumers_and_create_allocations /opt/stack/placement/placement/handlers/allocation.py:462}}
Jul 28 17:19:26.698763 n-d-820368-30 devstack@placement-api.service[105613]: INFO placement.requestlog [req-5c1abec1-f509-44ae-8f87-da3996053ac1 req-ddd8d918-9bc4-44ed-a436-c7f6b13ac5b6 service placement] 10.222.0.71 "PUT /placement/allocations/4b350684-19d7-4048-9ecd-fc4eba35d328" status: 204 len: 0 microversion: 1.28
Jul 28 17:19:26.699665 n-d-820368-30 devstack@placement-api.service[105613]: [pid: 105613|app: 0|req: 226/453] 10.222.0.71 () {64 vars in 1430 bytes} [Thu Jul 28 17:19:26 2022] PUT /placement/allocations/4b350684-19d7-4048-9ecd-fc4eba35d328 => generated 0 bytes in 270 msecs (HTTP/1.1 204) 5 headers in 199 bytes (1 switches on core 0)
Jul 28 17:19:26.874735 n-d-820368-30 devstack@placement-api.service[105612]: DEBUG placement.handlers.allocation [req-a36358d6-1a48-4945-90e6-a96c4c389599 req-174eabab-c794-4922-bdd8-55165d8b452f service placement] Successfully wrote allocations [, , ] {{(pid=105612) _update_consumers_and_create_allocations /opt/stack/placement/placement/handlers/allocation.py:462}}
Jul 28 17:19:26.886067 n-d-820368-30 devstack@placement-api.service[105612]: INFO placement.requestlog [req-a36358d6-1a48-4945-90e6-a96c4c389599 req-174eabab-c794-4922-bdd8-55165d8b452f service placement] 10.222.0.47 "PUT /placement/allocations/3bd234b6-eb52-4754-98d8-3f2efde10291" status: 204 len: 0 microversion: 1.36
Jul 28 17:19:26.887120 n-d-820368-30 devstack@placement-api.service[105612]: [pid: 105612|app: 0|req: 228/454] 10.222.0.47 () {64 vars in 1433 bytes} [Thu Jul 28 17:19:26 2022] PUT /placement/allocations/3bd234b6-eb52-4754-98d8-3f2efde10291 => generated 0 bytes in 328 msecs (HTTP/1.1 204) 5 headers in 199 bytes (1 switches on core 0)
Jul 28 17:19:27.619575 n-d-820368-30 devstack@placement-api.service[105613]: DEBUG placement.requestlog [req-a36358d6-1a48-4945-90e6-a96c4c389599 req-33dee53d-4590-4249-b8cc-2fc69a9bb34b None None] Starting request: 10.222.0.71 "GET /placement/allocations/3bd234b6-eb52-4754-98d8-3f2efde10291" {{(pid=105613) __call__ /opt/stack/placement/placement/requestlog.py:55}}
Jul 28 17:19:27.655014 n-d-820368-30 devstack@placement-api.service[105613]: INFO placement.requestlog [req-a36358d6-1a48-4945-90e6-a96c4c389599 req-33dee53d-4590-4249-b8cc-2fc69a9bb34b service placement] 10.222.0.71 "GET /placement/allocations/3bd234b6-eb52-4754-98d8-3f2efde10291" status: 200 len: 259 microversion: 1.28
Jul 28 17:19:27.658148 n-d-820368-30 devstack@placement-api.service[105613]: [pid: 105613|app: 0|req: 227/455] 10.222.0.71 () {60 vars in 1377 bytes} [Thu Jul 28 17:19:27 2022] GET /placement/allocations/3bd234b6-eb52-4754-98d8-3f2efde10291 => generated 259 bytes in 44 msecs (HTTP/1.1 200) 8 headers in 296 bytes (1 switches on core 0)
Jul 28 17:19:36.831252 n-d-820368-30 devstack@placement-api.service[105612]: DEBUG placement.requestlog [req-a0328d84-4f16-49cc-a64e-1b9a95033e19 req-0b22e761-9f1d-4b94-bb2d-d589e19de609 None None] Starting request: 10.222.0.46 "GET /placement/resource_providers/90018c2b-3a0f-484f-b3e5-9e94a907ca85/allocations" {{(pid=105612) __call__ /opt/stack/placement/placement/requestlog.py:55}}
Jul 28 17:19:36.875330 n-d-820368-30 devstack@placement-api.service[105612]: DEBUG dbcounter [-] [105612] Writing DB stats placement:SELECT=24,placement:INSERT=6,placement:DELETE=2,placement:UPDATE=2 {{(pid=105612) stat_writer /usr/local/lib/python3.8/dist-packages/dbcounter.py:114}}
Jul 28 17:19:37.259122 n-d-820368-30 devstack@placement-api.service[105612]: INFO placement.requestlog [req-a0328d84-4f16-49cc-a64e-1b9a95033e19 req-0b22e761-9f1d-4b94-bb2d-d589e19de609 service placement] 10.222.0.46 "GET /placement/resource_providers/90018c2b-3a0f-484f-b3e5-9e94a907ca85/allocations" status: 200 len: 847 microversion: 1.0
Jul 28 17:19:37.259481 n-d-820368-30 devstack@placement-api.service[105612]: [pid: 105612|app: 0|req: 229/456] 10.222.0.46 () {58 vars in 1390 bytes} [Thu Jul 28 17:19:36 2022] GET /placement/resource_providers/90018c2b-3a0f-484f-b3e5-9e94a907ca85/allocations => generated 847 bytes in 429 msecs (HTTP/1.1 200) 6 headers in 224 bytes (1 switches on core 0)
Jul 28 17:19:37.399332 n-d-820368-30 devstack@placement-api.service[105613]: DEBUG placement.requestlog [req-a0328d84-4f16-49cc-a64e-1b9a95033e19 req-54eb9116-baec-491b-a37e-269b906c6a85 None None] Starting request: 10.222.0.46 "GET /placement/resource_providers?in_tree=90018c2b-3a0f-484f-b3e5-9e94a907ca85" {{(pid=105613) __call__ /opt/stack/placement/placement/requestlog.py:55}}
Jul 28 17:19:37.448325 n-d-820368-30 devstack@placement-api.service[105613]: INFO placement.requestlog [req-a0328d84-4f16-49cc-a64e-1b9a95033e19 req-54eb9116-baec-491b-a37e-269b906c6a85 service placement] 10.222.0.46 "GET /placement/resource_providers?in_tree=90018c2b-3a0f-484f-b3e5-9e94a907ca85" status: 200 len: 864 microversion: 1.14
Jul 28 17:19:37.450611 n-d-820368-30 devstack@placement-api.service[105613]: [pid: 105613|app: 0|req: 228/457] 10.222.0.46 () {60 vars in 1376 bytes} [Thu Jul 28 17:19:37 2022] GET /placement/resource_providers?in_tree=90018c2b-3a0f-484f-b3e5-9e94a907ca85 => generated 864 bytes in 52 msecs (HTTP/1.1 200) 6 headers in 225 bytes (1 switches on core 0)
Jul 28 17:19:37.467547 n-d-820368-30 devstack@placement-api.service[105612]: DEBUG placement.requestlog [req-a0328d84-4f16-49cc-a64e-1b9a95033e19 req-aca128e7-796f-4010-85b6-b98b6211ac77 None None] Starting request: 10.222.0.46 "GET /placement/resource_providers/90018c2b-3a0f-484f-b3e5-9e94a907ca85/inventories" {{(pid=105612) __call__ /opt/stack/placement/placement/requestlog.py:55}}
Jul 28 17:19:37.523161 n-d-820368-30 devstack@placement-api.service[105612]: INFO placement.requestlog [req-a0328d84-4f16-49cc-a64e-1b9a95033e19 req-aca128e7-796f-4010-85b6-b98b6211ac77 service placement] 10.222.0.46 "GET /placement/resource_providers/90018c2b-3a0f-484f-b3e5-9e94a907ca85/inventories" status: 200 len: 398 microversion: 1.0
Jul 28 17:19:37.525773 n-d-820368-30 devstack@placement-api.service[105612]: [pid: 105612|app: 0|req: 230/458] 10.222.0.46 () {58 vars in 1390 bytes} [Thu Jul 28 17:19:37 2022] GET /placement/resource_providers/90018c2b-3a0f-484f-b3e5-9e94a907ca85/inventories => generated 398 bytes in 59 msecs (HTTP/1.1 200) 6 headers in 224 bytes (1 switches on core 0)
Jul 28 17:19:37.549313 n-d-820368-30 devstack@placement-api.service[105613]: DEBUG placement.requestlog [req-a0328d84-4f16-49cc-a64e-1b9a95033e19 req-3a2dd7bc-c857-41ea-9443-5e0d31e2e041 None None] Starting request: 10.222.0.46 "GET /placement/resource_providers/90018c2b-3a0f-484f-b3e5-9e94a907ca85/aggregates" {{(pid=105613) __call__ /opt/stack/placement/placement/requestlog.py:55}}
Jul 28 17:19:37.573903 n-d-820368-30 devstack@placement-api.service[105613]: INFO placement.requestlog [req-a0328d84-4f16-49cc-a64e-1b9a95033e19 req-3a2dd7bc-c857-41ea-9443-5e0d31e2e041 service placement] 10.222.0.46 "GET /placement/resource_providers/90018c2b-3a0f-484f-b3e5-9e94a907ca85/aggregates" status: 200 len: 54 microversion: 1.19
Jul 28 17:19:37.578981 n-d-820368-30 devstack@placement-api.service[105613]: [pid: 105613|app: 0|req: 229/459] 10.222.0.46 () {60 vars in 1431 bytes} [Thu Jul 28 17:19:37 2022] GET /placement/resource_providers/90018c2b-3a0f-484f-b3e5-9e94a907ca85/aggregates => generated 54 bytes in 30 msecs (HTTP/1.1 200) 8 headers in 295 bytes (2 switches on core 0)
Jul 28 17:19:37.592157 n-d-820368-30 devstack@placement-api.service[105612]: DEBUG placement.requestlog [req-a0328d84-4f16-49cc-a64e-1b9a95033e19 req-686cd727-4b63-4d1a-8f1f-ad8968e8e882 None None] Starting request: 10.222.0.46 "GET /placement/resource_providers/90018c2b-3a0f-484f-b3e5-9e94a907ca85/traits" {{(pid=105612) __call__ /opt/stack/placement/placement/requestlog.py:55}}
Jul 28 17:19:37.658807 n-d-820368-30 devstack@placement-api.service[105612]: INFO placement.requestlog [req-a0328d84-4f16-49cc-a64e-1b9a95033e19 req-686cd727-4b63-4d1a-8f1f-ad8968e8e882 service placement] 10.222.0.46 "GET /placement/resource_providers/90018c2b-3a0f-484f-b3e5-9e94a907ca85/traits" status: 200 len: 212 microversion: 1.6
Jul 28 17:19:37.667634 n-d-820368-30 devstack@placement-api.service[105612]: [pid: 105612|app: 0|req: 231/460] 10.222.0.46 () {60 vars in 1418 bytes} [Thu Jul 28 17:19:37 2022] GET /placement/resource_providers/90018c2b-3a0f-484f-b3e5-9e94a907ca85/traits => generated 212 bytes in 76 msecs (HTTP/1.1 200) 6 headers in 224 bytes (1 switches on core 0)
Jul 28 17:19:39.404256 n-d-820368-30 devstack@placement-api.service[105613]: DEBUG placement.requestlog [req-d74f6c4f-27e1-49da-8fc6-0153aeeec5e2 req-8c251e9f-4296-448c-8512-17d340d6075f None None] Starting request: 10.222.0.47 "GET /placement/allocation_candidates?limit=1000&resources=DISK_GB%3A1%2CMEMORY_MB%3A1024%2CVCPU%3A1&root_required=%21COMPUTE_STATUS_DISABLED" {{(pid=105613) __call__ /opt/stack/placement/placement/requestlog.py:55}}
Jul 28 17:19:39.584087 n-d-820368-30 devstack@placement-api.service[105613]: DEBUG placement.objects.research_context [req-d74f6c4f-27e1-49da-8fc6-0153aeeec5e2 req-8c251e9f-4296-448c-8512-17d340d6075f service placement] getting providers with 1 DISK_GB {{(pid=105613) __init__ /opt/stack/placement/placement/objects/research_context.py:136}}
Jul 28 17:19:39.602306 n-d-820368-30 devstack@placement-api.service[105613]: DEBUG placement.objects.research_context [req-d74f6c4f-27e1-49da-8fc6-0153aeeec5e2 req-8c251e9f-4296-448c-8512-17d340d6075f service placement] getting providers with 1024 MEMORY_MB {{(pid=105613) __init__ /opt/stack/placement/placement/objects/research_context.py:136}}
Jul 28 17:19:39.620959 n-d-820368-30 devstack@placement-api.service[105613]: DEBUG placement.objects.research_context [req-d74f6c4f-27e1-49da-8fc6-0153aeeec5e2 req-8c251e9f-4296-448c-8512-17d340d6075f service placement] getting providers with 1 VCPU {{(pid=105613) __init__ /opt/stack/placement/placement/objects/research_context.py:136}}
Jul 28 17:19:39.634672 n-d-820368-30 devstack@placement-api.service[105613]: DEBUG placement.objects.research_context [req-d74f6c4f-27e1-49da-8fc6-0153aeeec5e2 req-8c251e9f-4296-448c-8512-17d340d6075f service placement] found 2 providers with available 1 DISK_GB {{(pid=105613) get_provider_ids_matching /opt/stack/placement/placement/objects/research_context.py:563}}
Jul 28 17:19:39.636848 n-d-820368-30 devstack@placement-api.service[105613]: DEBUG placement.objects.research_context [req-d74f6c4f-27e1-49da-8fc6-0153aeeec5e2 req-8c251e9f-4296-448c-8512-17d340d6075f service placement] found 2 providers with available 1024 MEMORY_MB {{(pid=105613) get_provider_ids_matching /opt/stack/placement/placement/objects/research_context.py:563}}
Jul 28 17:19:39.637490 n-d-820368-30 devstack@placement-api.service[105613]: DEBUG placement.objects.research_context [req-d74f6c4f-27e1-49da-8fc6-0153aeeec5e2 req-8c251e9f-4296-448c-8512-17d340d6075f service placement] found 2 providers after filtering by previous result {{(pid=105613) get_provider_ids_matching /opt/stack/placement/placement/objects/research_context.py:594}}
Jul 28 17:19:39.640908 n-d-820368-30 devstack@placement-api.service[105613]: DEBUG placement.objects.research_context [req-d74f6c4f-27e1-49da-8fc6-0153aeeec5e2 req-8c251e9f-4296-448c-8512-17d340d6075f service placement] found 2 providers with available 1 VCPU {{(pid=105613) get_provider_ids_matching /opt/stack/placement/placement/objects/research_context.py:563}}
Jul 28 17:19:39.642619 n-d-820368-30 devstack@placement-api.service[105613]: DEBUG placement.objects.research_context [req-d74f6c4f-27e1-49da-8fc6-0153aeeec5e2 req-8c251e9f-4296-448c-8512-17d340d6075f service placement] found 2 providers after filtering by previous result {{(pid=105613) get_provider_ids_matching /opt/stack/placement/placement/objects/research_context.py:594}}
Jul 28 17:19:39.682263 n-d-820368-30 devstack@placement-api.service[105613]: DEBUG placement.objects.allocation_candidate [req-d74f6c4f-27e1-49da-8fc6-0153aeeec5e2 req-8c251e9f-4296-448c-8512-17d340d6075f service placement] RequestGroup(use_same_provider=False, resources={DISK_GB:1, MEMORY_MB:1024, VCPU:1}, traits=(), aggregates=[]) (suffix '') returned 2 matches {{(pid=105613) _get_by_requests /opt/stack/placement/placement/objects/allocation_candidate.py:156}}
Jul 28 17:19:39.683254 n-d-820368-30 devstack@placement-api.service[105613]: DEBUG placement.objects.allocation_candidate [req-d74f6c4f-27e1-49da-8fc6-0153aeeec5e2 req-8c251e9f-4296-448c-8512-17d340d6075f service placement] Merging candidates yields 2 allocation requests and 2 provider summaries {{(pid=105613) _merge_candidates /opt/stack/placement/placement/objects/allocation_candidate.py:809}}
Jul 28 17:19:39.690198 n-d-820368-30 devstack@placement-api.service[105613]: INFO placement.requestlog [req-d74f6c4f-27e1-49da-8fc6-0153aeeec5e2 req-8c251e9f-4296-448c-8512-17d340d6075f service placement] 10.222.0.47 "GET /placement/allocation_candidates?limit=1000&resources=DISK_GB%3A1%2CMEMORY_MB%3A1024%2CVCPU%3A1&root_required=%21COMPUTE_STATUS_DISABLED" status: 200 len: 1309 microversion: 1.36
Jul 28 17:19:39.704656 n-d-820368-30 devstack@placement-api.service[105613]: [pid: 105613|app: 0|req: 230/461] 10.222.0.47 () {60 vars in 1506 bytes} [Thu Jul 28 17:19:39 2022] GET /placement/allocation_candidates?limit=1000&resources=DISK_GB%3A1%2CMEMORY_MB%3A1024%2CVCPU%3A1&root_required=%21COMPUTE_STATUS_DISABLED => generated 1309 bytes in 300 msecs (HTTP/1.1 200) 8 headers in 297 bytes (1 switches on core 0)
Jul 28 17:19:39.870566 n-d-820368-30 devstack@placement-api.service[105612]: DEBUG placement.requestlog [req-d74f6c4f-27e1-49da-8fc6-0153aeeec5e2 req-a65c7d52-3798-4a75-ae5e-dc609dfa3207 None None] Starting request: 10.222.0.47 "GET /placement/allocations/4e8642a3-7898-41fe-82e3-7911cc4a11e3" {{(pid=105612) __call__ /opt/stack/placement/placement/requestlog.py:55}}
Jul 28 17:19:39.899268 n-d-820368-30 devstack@placement-api.service[105612]: INFO placement.requestlog [req-d74f6c4f-27e1-49da-8fc6-0153aeeec5e2 req-a65c7d52-3798-4a75-ae5e-dc609dfa3207 service placement] 10.222.0.47 "GET /placement/allocations/4e8642a3-7898-41fe-82e3-7911cc4a11e3" status: 200 len: 19 microversion: 1.28
Jul 28 17:19:39.899864 n-d-820368-30 devstack@placement-api.service[105612]: [pid: 105612|app: 0|req: 232/462] 10.222.0.47 () {60 vars in 1380 bytes} [Thu Jul 28 17:19:39 2022] GET /placement/allocations/4e8642a3-7898-41fe-82e3-7911cc4a11e3 => generated 19 bytes in 30 msecs (HTTP/1.1 200) 8 headers in 295 bytes (1 switches on core 0)
Jul 28 17:19:39.906381 n-d-820368-30 devstack@placement-api.service[105613]: DEBUG placement.requestlog [req-d74f6c4f-27e1-49da-8fc6-0153aeeec5e2 req-aaf7fbf5-ead7-49cc-b45d-aee93f18319b None None] Starting request: 10.222.0.47 "PUT /placement/allocations/4e8642a3-7898-41fe-82e3-7911cc4a11e3" {{(pid=105613) __call__ /opt/stack/placement/placement/requestlog.py:55}}
Jul 28 17:19:40.134832 n-d-820368-30 devstack@placement-api.service[105613]: DEBUG placement.handlers.allocation [req-d74f6c4f-27e1-49da-8fc6-0153aeeec5e2 req-aaf7fbf5-ead7-49cc-b45d-aee93f18319b service placement] Successfully wrote allocations [, , ] {{(pid=105613) _update_consumers_and_create_allocations /opt/stack/placement/placement/handlers/allocation.py:462}}
Jul 28 17:19:40.144995 n-d-820368-30 devstack@placement-api.service[105613]: INFO placement.requestlog [req-d74f6c4f-27e1-49da-8fc6-0153aeeec5e2 req-aaf7fbf5-ead7-49cc-b45d-aee93f18319b service placement] 10.222.0.47 "PUT /placement/allocations/4e8642a3-7898-41fe-82e3-7911cc4a11e3" status: 204 len: 0 microversion: 1.36
Jul 28 17:19:40.147879 n-d-820368-30 devstack@placement-api.service[105613]: [pid: 105613|app: 0|req: 231/463] 10.222.0.47 () {64 vars in 1433 bytes} [Thu Jul 28 17:19:39 2022] PUT /placement/allocations/4e8642a3-7898-41fe-82e3-7911cc4a11e3 => generated 0 bytes in 242 msecs (HTTP/1.1 204) 5 headers in 199 bytes (1 switches on core 0)
Jul 28 17:19:40.846997 n-d-820368-30 devstack@placement-api.service[105612]: DEBUG placement.requestlog [req-d74f6c4f-27e1-49da-8fc6-0153aeeec5e2 req-45e40163-0866-4c40-97f8-cbd2bfc1d7a1 None None] Starting request: 10.222.0.46 "GET /placement/allocations/4e8642a3-7898-41fe-82e3-7911cc4a11e3" {{(pid=105612) __call__ /opt/stack/placement/placement/requestlog.py:55}}
Jul 28 17:19:40.949976 n-d-820368-30 devstack@placement-api.service[105612]: INFO placement.requestlog [req-d74f6c4f-27e1-49da-8fc6-0153aeeec5e2 req-45e40163-0866-4c40-97f8-cbd2bfc1d7a1 service placement] 10.222.0.46 "GET /placement/allocations/4e8642a3-7898-41fe-82e3-7911cc4a11e3" status: 200 len: 259 microversion: 1.28
Jul 28 17:19:40.950670 n-d-820368-30 devstack@placement-api.service[105612]: [pid: 105612|app: 0|req: 233/464] 10.222.0.46 () {60 vars in 1377 bytes} [Thu Jul 28 17:19:40 2022] GET /placement/allocations/4e8642a3-7898-41fe-82e3-7911cc4a11e3 => generated 259 bytes in 105 msecs (HTTP/1.1 200) 8 headers in 296 bytes (1 switches on core 0)
Jul 28 17:19:42.738209 n-d-820368-30 devstack@placement-api.service[105613]: DEBUG placement.requestlog [req-d4506fa3-9eeb-4822-91db-77ae454e7446 req-545a49f9-d111-4254-b7fb-f34f69c5c803 None None] Starting request: 10.222.0.47 "GET /placement/allocation_candidates?limit=1000&resources=MEMORY_MB%3A1024%2CVCPU%3A1&root_required=%21COMPUTE_STATUS_DISABLED" {{(pid=105613) __call__ /opt/stack/placement/placement/requestlog.py:55}}
Jul 28 17:19:42.868922 n-d-820368-30 devstack@placement-api.service[105613]: DEBUG placement.objects.research_context [req-d4506fa3-9eeb-4822-91db-77ae454e7446 req-545a49f9-d111-4254-b7fb-f34f69c5c803 service placement] getting providers with 1024 MEMORY_MB {{(pid=105613) __init__ /opt/stack/placement/placement/objects/research_context.py:136}}
Jul 28 17:19:42.902731 n-d-820368-30 devstack@placement-api.service[105613]: DEBUG placement.objects.research_context [req-d4506fa3-9eeb-4822-91db-77ae454e7446 req-545a49f9-d111-4254-b7fb-f34f69c5c803 service placement] getting providers with 1 VCPU {{(pid=105613) __init__ /opt/stack/placement/placement/objects/research_context.py:136}}
Jul 28 17:19:42.911429 n-d-820368-30 devstack@placement-api.service[105613]: DEBUG placement.objects.research_context [req-d4506fa3-9eeb-4822-91db-77ae454e7446 req-545a49f9-d111-4254-b7fb-f34f69c5c803 service placement] found 2 providers with available 1024 MEMORY_MB {{(pid=105613) get_provider_ids_matching /opt/stack/placement/placement/objects/research_context.py:563}}
Jul 28 17:19:42.912165 n-d-820368-30 devstack@placement-api.service[105613]: DEBUG placement.objects.research_context [req-d4506fa3-9eeb-4822-91db-77ae454e7446 req-545a49f9-d111-4254-b7fb-f34f69c5c803 service placement] found 2 providers with available 1 VCPU {{(pid=105613) get_provider_ids_matching /opt/stack/placement/placement/objects/research_context.py:563}}
Jul 28 17:19:42.912868 n-d-820368-30 devstack@placement-api.service[105613]: DEBUG placement.objects.research_context [req-d4506fa3-9eeb-4822-91db-77ae454e7446 req-545a49f9-d111-4254-b7fb-f34f69c5c803 service placement] found 2 providers after filtering by previous result {{(pid=105613) get_provider_ids_matching /opt/stack/placement/placement/objects/research_context.py:594}}
Jul 28 17:19:42.937500 n-d-820368-30 devstack@placement-api.service[105613]: DEBUG placement.objects.allocation_candidate [req-d4506fa3-9eeb-4822-91db-77ae454e7446 req-545a49f9-d111-4254-b7fb-f34f69c5c803 service placement] RequestGroup(use_same_provider=False, resources={MEMORY_MB:1024, VCPU:1}, traits=(), aggregates=[]) (suffix '') returned 2 matches {{(pid=105613) _get_by_requests /opt/stack/placement/placement/objects/allocation_candidate.py:156}}
Jul 28 17:19:42.939020 n-d-820368-30 devstack@placement-api.service[105613]: DEBUG placement.objects.allocation_candidate [req-d4506fa3-9eeb-4822-91db-77ae454e7446 req-545a49f9-d111-4254-b7fb-f34f69c5c803 service placement] Merging candidates yields 2 allocation requests and 2 provider summaries {{(pid=105613) _merge_candidates /opt/stack/placement/placement/objects/allocation_candidate.py:809}}
Jul 28 17:19:42.946656 n-d-820368-30 devstack@placement-api.service[105613]: INFO placement.requestlog [req-d4506fa3-9eeb-4822-91db-77ae454e7446 req-545a49f9-d111-4254-b7fb-f34f69c5c803 service placement] 10.222.0.47 "GET /placement/allocation_candidates?limit=1000&resources=MEMORY_MB%3A1024%2CVCPU%3A1&root_required=%21COMPUTE_STATUS_DISABLED" status: 200 len: 1281 microversion: 1.36
Jul 28 17:19:42.947829 n-d-820368-30 devstack@placement-api.service[105613]: [pid: 105613|app: 0|req: 232/465] 10.222.0.47 () {60 vars in 1478 bytes} [Thu Jul 28 17:19:42 2022] GET /placement/allocation_candidates?limit=1000&resources=MEMORY_MB%3A1024%2CVCPU%3A1&root_required=%21COMPUTE_STATUS_DISABLED => generated 1281 bytes in 210 msecs (HTTP/1.1 200) 8 headers in 297 bytes (1 switches on core 0)
Jul 28 17:19:43.133235 n-d-820368-30 devstack@placement-api.service[105612]: DEBUG placement.requestlog [req-d4506fa3-9eeb-4822-91db-77ae454e7446 req-41d8603a-3ddb-4a26-87c6-3e21b76c2798 None None] Starting request: 10.222.0.47 "GET /placement/allocations/52f0b4b2-282f-40a2-a52c-e656de45bb6b" {{(pid=105612) __call__ /opt/stack/placement/placement/requestlog.py:55}}
Jul 28 17:19:43.149405 n-d-820368-30 devstack@placement-api.service[105612]: INFO placement.requestlog [req-d4506fa3-9eeb-4822-91db-77ae454e7446 req-41d8603a-3ddb-4a26-87c6-3e21b76c2798 service placement] 10.222.0.47 "GET /placement/allocations/52f0b4b2-282f-40a2-a52c-e656de45bb6b" status: 200 len: 19 microversion: 1.28
Jul 28 17:19:43.156139 n-d-820368-30 devstack@placement-api.service[105612]: [pid: 105612|app: 0|req: 234/466] 10.222.0.47 () {60 vars in 1380 bytes} [Thu Jul 28 17:19:43 2022] GET /placement/allocations/52f0b4b2-282f-40a2-a52c-e656de45bb6b => generated 19 bytes in 19 msecs (HTTP/1.1 200) 8 headers in 295 bytes (1 switches on core 0)
Jul 28 17:19:43.157121 n-d-820368-30 devstack@placement-api.service[105613]: DEBUG placement.requestlog [req-d4506fa3-9eeb-4822-91db-77ae454e7446 req-3f8a1f54-886b-49cc-ae81-aefa160a4893 None None] Starting request: 10.222.0.47 "PUT /placement/allocations/52f0b4b2-282f-40a2-a52c-e656de45bb6b" {{(pid=105613) __call__ /opt/stack/placement/placement/requestlog.py:55}}
Jul 28 17:19:43.283676 n-d-820368-30 devstack@placement-api.service[105613]: DEBUG dbcounter [-] [105613] Writing DB stats placement:SELECT=80,placement:DELETE=5,placement:UPDATE=6,placement:INSERT=9 {{(pid=105613) stat_writer /usr/local/lib/python3.8/dist-packages/dbcounter.py:114}}
Jul 28 17:19:43.317396 n-d-820368-30 devstack@placement-api.service[105613]: DEBUG placement.handlers.allocation [req-d4506fa3-9eeb-4822-91db-77ae454e7446 req-3f8a1f54-886b-49cc-ae81-aefa160a4893 service placement] Successfully wrote allocations [, ] {{(pid=105613) _update_consumers_and_create_allocations /opt/stack/placement/placement/handlers/allocation.py:462}}
Jul 28 17:19:43.325197 n-d-820368-30 devstack@placement-api.service[105613]: INFO placement.requestlog [req-d4506fa3-9eeb-4822-91db-77ae454e7446 req-3f8a1f54-886b-49cc-ae81-aefa160a4893 service placement] 10.222.0.47 "PUT /placement/allocations/52f0b4b2-282f-40a2-a52c-e656de45bb6b" status: 204 len: 0 microversion: 1.36
Jul 28 17:19:43.326898 n-d-820368-30 devstack@placement-api.service[105613]: [pid: 105613|app: 0|req: 233/467] 10.222.0.47 () {64 vars in 1433 bytes} [Thu Jul 28 17:19:43 2022] PUT /placement/allocations/52f0b4b2-282f-40a2-a52c-e656de45bb6b => generated 0 bytes in 170 msecs (HTTP/1.1 204) 5 headers in 199 bytes (1 switches on core 0)
Jul 28 17:19:43.828532 n-d-820368-30 devstack@placement-api.service[105612]: DEBUG placement.requestlog [req-b95f39cc-1614-4ec8-b2ac-d90d3fa9d50e req-18c3052a-7eef-4a1a-8041-42daa18ea047 None None] Starting request: 10.222.0.46 "DELETE /placement/allocations/43658aa2-8eb2-4e3e-9721-6bc72090f7f3" {{(pid=105612) __call__ /opt/stack/placement/placement/requestlog.py:55}}
Jul 28 17:19:43.894313 n-d-820368-30 devstack@placement-api.service[105612]: DEBUG placement.handlers.allocation [req-b95f39cc-1614-4ec8-b2ac-d90d3fa9d50e req-18c3052a-7eef-4a1a-8041-42daa18ea047 service placement] Successfully deleted allocations [, ] {{(pid=105612) delete_allocations /opt/stack/placement/placement/handlers/allocation.py:627}}
Jul 28 17:19:43.894956 n-d-820368-30 devstack@placement-api.service[105612]: INFO placement.requestlog [req-b95f39cc-1614-4ec8-b2ac-d90d3fa9d50e req-18c3052a-7eef-4a1a-8041-42daa18ea047 service placement] 10.222.0.46 "DELETE /placement/allocations/43658aa2-8eb2-4e3e-9721-6bc72090f7f3" status: 204 len: 0 microversion: 1.0
Jul 28 17:19:43.895614 n-d-820368-30 devstack@placement-api.service[105612]: [pid: 105612|app: 0|req: 235/468] 10.222.0.46 () {60 vars in 1355 bytes} [Thu Jul 28 17:19:43 2022] DELETE /placement/allocations/43658aa2-8eb2-4e3e-9721-6bc72090f7f3 => generated 0 bytes in 68 msecs (HTTP/1.1 204) 5 headers in 198 bytes (1 switches on core 0)
Jul 28 17:19:44.118831 n-d-820368-30 devstack@placement-api.service[105613]: DEBUG placement.requestlog [req-d4506fa3-9eeb-4822-91db-77ae454e7446 req-30d2d2c0-18a7-487b-a157-9a4f5deef050 None None] Starting request: 10.222.0.46 "GET /placement/allocations/52f0b4b2-282f-40a2-a52c-e656de45bb6b" {{(pid=105613) __call__ /opt/stack/placement/placement/requestlog.py:55}}
Jul 28 17:19:44.162237 n-d-820368-30 devstack@placement-api.service[105613]: INFO placement.requestlog [req-d4506fa3-9eeb-4822-91db-77ae454e7446 req-30d2d2c0-18a7-487b-a157-9a4f5deef050 service placement] 10.222.0.46 "GET /placement/allocations/52f0b4b2-282f-40a2-a52c-e656de45bb6b" status: 200 len: 245 microversion: 1.28
Jul 28 17:19:44.165909 n-d-820368-30 devstack@placement-api.service[105613]: [pid: 105613|app: 0|req: 234/469] 10.222.0.46 () {60 vars in 1377 bytes} [Thu Jul 28 17:19:44 2022] GET /placement/allocations/52f0b4b2-282f-40a2-a52c-e656de45bb6b => generated 245 bytes in 47 msecs (HTTP/1.1 200) 8 headers in 296 bytes (1 switches on core 0)
Jul 28 17:19:45.889016 n-d-820368-30 devstack@placement-api.service[105612]: DEBUG placement.requestlog [req-fca40640-8033-4919-bac9-4313faf462e9 req-3322fe01-bdc9-40e0-84d3-3814e4bb8f03 None None] Starting request: 10.222.0.47 "GET /placement/allocation_candidates?limit=1000&resources=MEMORY_MB%3A1024%2CVCPU%3A1&root_required=%21COMPUTE_STATUS_DISABLED" {{(pid=105612) __call__ /opt/stack/placement/placement/requestlog.py:55}}
Jul 28 17:19:45.971399 n-d-820368-30 devstack@placement-api.service[105612]: DEBUG placement.objects.research_context [req-fca40640-8033-4919-bac9-4313faf462e9 req-3322fe01-bdc9-40e0-84d3-3814e4bb8f03 service placement] getting providers with 1024 MEMORY_MB {{(pid=105612) __init__ /opt/stack/placement/placement/objects/research_context.py:136}}
Jul 28 17:19:45.983868 n-d-820368-30 devstack@placement-api.service[105612]: DEBUG placement.objects.research_context [req-fca40640-8033-4919-bac9-4313faf462e9 req-3322fe01-bdc9-40e0-84d3-3814e4bb8f03 service placement] getting providers with 1 VCPU {{(pid=105612) __init__ /opt/stack/placement/placement/objects/research_context.py:136}}
Jul 28 17:19:46.005814 n-d-820368-30 devstack@placement-api.service[105612]: DEBUG placement.objects.research_context [req-fca40640-8033-4919-bac9-4313faf462e9 req-3322fe01-bdc9-40e0-84d3-3814e4bb8f03 service placement] found 2 providers with available 1024 MEMORY_MB {{(pid=105612) get_provider_ids_matching /opt/stack/placement/placement/objects/research_context.py:563}}
Jul 28 17:19:46.006078 n-d-820368-30 devstack@placement-api.service[105612]: DEBUG placement.objects.research_context [req-fca40640-8033-4919-bac9-4313faf462e9 req-3322fe01-bdc9-40e0-84d3-3814e4bb8f03 service placement] found 2 providers with available 1 VCPU {{(pid=105612) get_provider_ids_matching /opt/stack/placement/placement/objects/research_context.py:563}}
Jul 28 17:19:46.006356 n-d-820368-30 devstack@placement-api.service[105612]: DEBUG placement.objects.research_context [req-fca40640-8033-4919-bac9-4313faf462e9 req-3322fe01-bdc9-40e0-84d3-3814e4bb8f03 service placement] found 2 providers after filtering by previous result {{(pid=105612) get_provider_ids_matching /opt/stack/placement/placement/objects/research_context.py:594}}
Jul 28 17:19:46.027356 n-d-820368-30 devstack@placement-api.service[105612]: DEBUG placement.objects.allocation_candidate [req-fca40640-8033-4919-bac9-4313faf462e9 req-3322fe01-bdc9-40e0-84d3-3814e4bb8f03 service placement] RequestGroup(use_same_provider=False, resources={MEMORY_MB:1024, VCPU:1}, traits=(), aggregates=[]) (suffix '') returned 2 matches {{(pid=105612) _get_by_requests /opt/stack/placement/placement/objects/allocation_candidate.py:156}}
Jul 28 17:19:46.036200 n-d-820368-30 devstack@placement-api.service[105612]: DEBUG placement.objects.allocation_candidate [req-fca40640-8033-4919-bac9-4313faf462e9 req-3322fe01-bdc9-40e0-84d3-3814e4bb8f03 service placement] Merging candidates yields 2 allocation requests and 2 provider summaries {{(pid=105612) _merge_candidates /opt/stack/placement/placement/objects/allocation_candidate.py:809}}
Jul 28 17:19:46.039023 n-d-820368-30 devstack@placement-api.service[105612]: INFO placement.requestlog [req-fca40640-8033-4919-bac9-4313faf462e9 req-3322fe01-bdc9-40e0-84d3-3814e4bb8f03 service placement] 10.222.0.47 "GET /placement/allocation_candidates?limit=1000&resources=MEMORY_MB%3A1024%2CVCPU%3A1&root_required=%21COMPUTE_STATUS_DISABLED" status: 200 len: 1281 microversion: 1.36
Jul 28 17:19:46.045220 n-d-820368-30 devstack@placement-api.service[105612]: [pid: 105612|app: 0|req: 236/470] 10.222.0.47 () {60 vars in 1478 bytes} [Thu Jul 28 17:19:45 2022] GET /placement/allocation_candidates?limit=1000&resources=MEMORY_MB%3A1024%2CVCPU%3A1&root_required=%21COMPUTE_STATUS_DISABLED => generated 1281 bytes in 158 msecs (HTTP/1.1 200) 8 headers in 297 bytes (1 switches on core 0)
Jul 28 17:19:46.234041 n-d-820368-30 devstack@placement-api.service[105613]: DEBUG placement.requestlog [req-fca40640-8033-4919-bac9-4313faf462e9 req-68fa07bc-a3ed-4601-9f24-5881a566032b None None] Starting request: 10.222.0.47 "GET /placement/allocations/b45f5b64-9e52-4819-8dc1-9cc862aef841" {{(pid=105613) __call__ /opt/stack/placement/placement/requestlog.py:55}}
Jul 28 17:19:46.271083 n-d-820368-30 devstack@placement-api.service[105613]: INFO placement.requestlog [req-fca40640-8033-4919-bac9-4313faf462e9 req-68fa07bc-a3ed-4601-9f24-5881a566032b service placement] 10.222.0.47 "GET /placement/allocations/b45f5b64-9e52-4819-8dc1-9cc862aef841" status: 200 len: 19 microversion: 1.28
Jul 28 17:19:46.274794 n-d-820368-30 devstack@placement-api.service[105613]: [pid: 105613|app: 0|req: 235/471] 10.222.0.47 () {60 vars in 1380 bytes} [Thu Jul 28 17:19:46 2022] GET /placement/allocations/b45f5b64-9e52-4819-8dc1-9cc862aef841 => generated 19 bytes in 41 msecs (HTTP/1.1 200) 8 headers in 295 bytes (1 switches on core 0)
Jul 28 17:19:46.284860 n-d-820368-30 devstack@placement-api.service[105612]: DEBUG placement.requestlog [req-fca40640-8033-4919-bac9-4313faf462e9 req-ae6a14ed-d661-43ce-8684-1f0d6a8c3f0a None None] Starting request: 10.222.0.47 "PUT /placement/allocations/b45f5b64-9e52-4819-8dc1-9cc862aef841" {{(pid=105612) __call__ /opt/stack/placement/placement/requestlog.py:55}}
Jul 28 17:19:46.474941 n-d-820368-30 devstack@placement-api.service[105612]: DEBUG placement.handlers.allocation [req-fca40640-8033-4919-bac9-4313faf462e9 req-ae6a14ed-d661-43ce-8684-1f0d6a8c3f0a service placement] Successfully wrote allocations [, ] {{(pid=105612) _update_consumers_and_create_allocations /opt/stack/placement/placement/handlers/allocation.py:462}}
Jul 28 17:19:46.482209 n-d-820368-30 devstack@placement-api.service[105612]: INFO placement.requestlog [req-fca40640-8033-4919-bac9-4313faf462e9 req-ae6a14ed-d661-43ce-8684-1f0d6a8c3f0a service placement] 10.222.0.47 "PUT /placement/allocations/b45f5b64-9e52-4819-8dc1-9cc862aef841" status: 204 len: 0 microversion: 1.36
Jul 28 17:19:46.483402 n-d-820368-30 devstack@placement-api.service[105612]: [pid: 105612|app: 0|req: 237/472] 10.222.0.47 () {64 vars in 1433 bytes} [Thu Jul 28 17:19:46 2022] PUT /placement/allocations/b45f5b64-9e52-4819-8dc1-9cc862aef841 => generated 0 bytes in 199 msecs (HTTP/1.1 204) 5 headers in 199 bytes (2 switches on core 0)
Jul 28 17:19:47.305638 n-d-820368-30 devstack@placement-api.service[105613]: DEBUG placement.requestlog [req-fca40640-8033-4919-bac9-4313faf462e9 req-6f95ef11-3a20-49ca-bea9-f3b019c8613f None None] Starting request: 10.222.0.71 "GET /placement/allocations/b45f5b64-9e52-4819-8dc1-9cc862aef841" {{(pid=105613) __call__ /opt/stack/placement/placement/requestlog.py:55}}
Jul 28 17:19:47.339515 n-d-820368-30 devstack@placement-api.service[105613]: INFO placement.requestlog [req-fca40640-8033-4919-bac9-4313faf462e9 req-6f95ef11-3a20-49ca-bea9-f3b019c8613f service placement] 10.222.0.71 "GET /placement/allocations/b45f5b64-9e52-4819-8dc1-9cc862aef841" status: 200 len: 245 microversion: 1.28
Jul 28 17:19:47.343591 n-d-820368-30 devstack@placement-api.service[105613]: [pid: 105613|app: 0|req: 236/473] 10.222.0.71 () {60 vars in 1377 bytes} [Thu Jul 28 17:19:47 2022] GET /placement/allocations/b45f5b64-9e52-4819-8dc1-9cc862aef841 => generated 245 bytes in 38 msecs (HTTP/1.1 200) 8 headers in 296 bytes (1 switches on core 0)
Jul 28 17:19:50.997829 n-d-820368-30 devstack@placement-api.service[105612]: DEBUG placement.requestlog [req-aaf922fe-79f5-45eb-bf7b-f629c2a1499f req-91c0488a-98e5-4d67-89f4-c137c5f54bd5 None None] Starting request: 10.222.0.47 "GET /placement/allocation_candidates?resources=DISK_GB%3A1%2CMEMORY_MB%3A1024%2CVCPU%3A1&root_required=%21COMPUTE_STATUS_DISABLED" {{(pid=105612) __call__ /opt/stack/placement/placement/requestlog.py:55}}
Jul 28 17:19:51.124643 n-d-820368-30 devstack@placement-api.service[105612]: DEBUG placement.objects.research_context [req-aaf922fe-79f5-45eb-bf7b-f629c2a1499f req-91c0488a-98e5-4d67-89f4-c137c5f54bd5 service placement] getting providers with 1 DISK_GB {{(pid=105612) __init__ /opt/stack/placement/placement/objects/research_context.py:136}}
Jul 28 17:19:51.136331 n-d-820368-30 devstack@placement-api.service[105612]: DEBUG placement.objects.research_context [req-aaf922fe-79f5-45eb-bf7b-f629c2a1499f req-91c0488a-98e5-4d67-89f4-c137c5f54bd5 service placement] getting providers with 1024 MEMORY_MB {{(pid=105612) __init__ /opt/stack/placement/placement/objects/research_context.py:136}}
Jul 28 17:19:51.154622 n-d-820368-30 devstack@placement-api.service[105612]: DEBUG placement.objects.research_context [req-aaf922fe-79f5-45eb-bf7b-f629c2a1499f req-91c0488a-98e5-4d67-89f4-c137c5f54bd5 service placement] getting providers with 1 VCPU {{(pid=105612) __init__ /opt/stack/placement/placement/objects/research_context.py:136}}
Jul 28 17:19:51.165856 n-d-820368-30 devstack@placement-api.service[105612]: DEBUG placement.objects.research_context [req-aaf922fe-79f5-45eb-bf7b-f629c2a1499f req-91c0488a-98e5-4d67-89f4-c137c5f54bd5 service placement] found 2 providers with available 1 DISK_GB {{(pid=105612) get_provider_ids_matching /opt/stack/placement/placement/objects/research_context.py:563}}
