Jan 31 19:49:46.494168 n-d-820368-3 devstack@n-api.service[136623]: INFO nova.api.openstack.requestlog [None req-73aaae69-6e93-41b8-98f6-5f31121cf5c4 tempest-FlavorsAccessNegativeTestJSON-54746066 tempest-FlavorsAccessNegativeTestJSON-54746066-project-admin] 10.222.0.35 "POST /compute/v2.1/flavors" status: 200 len: 438 microversion: 2.1 time: 0.416027
Jan 31 19:49:46.498514 n-d-820368-3 devstack@n-api.service[136623]: [pid: 136623|app: 0|req: 183/354] 10.222.0.35 () {60 vars in 1146 bytes} [Mon Jan 31 19:49:46 2022] POST /compute/v2.1/flavors => generated 438 bytes in 441 msecs (HTTP/1.1 200) 9 headers in 357 bytes (1 switches on core 0)
Jan 31 19:49:46.513304 n-d-820368-3 devstack@n-api.service[136623]: DEBUG nova.api.openstack.wsgi [None req-80b0f074-e989-4c4c-bb23-47c7c37d143f tempest-FlavorsAccessNegativeTestJSON-54746066 tempest-FlavorsAccessNegativeTestJSON-54746066-project-admin] Action: 'action', calling method: >, body: {"addTenantAccess": {"tenant": "ec487eb1f9754d2aaa2a5a519c022eed"}} {{(pid=136623) _process_stack /opt/stack/nova/nova/api/openstack/wsgi.py:511}}
Jan 31 19:49:46.515578 n-d-820368-3 devstack@n-api.service[136623]: /usr/local/lib/python3.8/dist-packages/oslo_policy/policy.py:1119: UserWarning: Policy "os_compute_api:os-flavor-access:add_tenant_access": "rule:system_admin_api" failed scope check. The token used to make the request was project scoped but the policy requires ['system'] scope. This behavior may change in the future where using the intended scope is required
Jan 31 19:49:46.515578 n-d-820368-3 devstack@n-api.service[136623]: warnings.warn(msg)
Jan 31 19:49:47.012049 n-d-820368-3 devstack@n-api.service[136622]: DEBUG nova.quota [None req-11b263ab-5021-48ee-9d87-84974a101700 tempest-KeyPairsV210TestJSON-400268101 tempest-KeyPairsV210TestJSON-400268101-project-admin] Getting quotas for project a06e1240cd844204857839d57d68b60b. Resources: {'key_pairs'} {{(pid=136622) _get_quotas /opt/stack/nova/nova/quota.py:387}}
Jan 31 19:49:47.025729 n-d-820368-3 devstack@n-api.service[136622]: DEBUG nova.quota [None req-11b263ab-5021-48ee-9d87-84974a101700 tempest-KeyPairsV210TestJSON-400268101 tempest-KeyPairsV210TestJSON-400268101-project-admin] Getting quotas for user f188a70b656b4af990c628903868a7dd and project a06e1240cd844204857839d57d68b60b. Resources: {'key_pairs'} {{(pid=136622) _get_quotas /opt/stack/nova/nova/quota.py:377}}
Jan 31 19:49:47.054013 n-d-820368-3 devstack@n-api.service[136622]: INFO nova.api.openstack.requestlog [None req-11b263ab-5021-48ee-9d87-84974a101700 tempest-KeyPairsV210TestJSON-400268101 tempest-KeyPairsV210TestJSON-400268101-project-admin] 10.222.0.35 "POST /compute/v2.1/os-keypairs" status: 201 len: 2337 microversion: 2.10 time: 0.790139
Jan 31 19:49:47.061705 n-d-820368-3 devstack@n-api.service[136622]: [pid: 136622|app: 0|req: 172/355] 10.222.0.35 () {62 vars in 1198 bytes} [Mon Jan 31 19:49:46 2022] POST /compute/v2.1/os-keypairs => generated 2337 bytes in 798 msecs (HTTP/1.1 201) 9 headers in 365 bytes (2 switches on core 0)
Jan 31 19:49:47.072583 n-d-820368-3 devstack@n-api.service[136622]: DEBUG nova.api.openstack.wsgi [None req-0722d10e-0e0b-4da2-9132-ebd6ac820756 tempest-MigrationsAdminTest-661921207 tempest-MigrationsAdminTest-661921207-project] Calling method '>' {{(pid=136622) _process_stack /opt/stack/nova/nova/api/openstack/wsgi.py:513}}
Jan 31 19:49:47.073348 n-d-820368-3 devstack@n-api.service[136622]: DEBUG nova.compute.api [None req-0722d10e-0e0b-4da2-9132-ebd6ac820756 tempest-MigrationsAdminTest-661921207 tempest-MigrationsAdminTest-661921207-project] [instance: 75bfd81f-27df-4b83-ae7c-2bc897385e32] Fetching instance by UUID {{(pid=136622) get /opt/stack/nova/nova/compute/api.py:2865}}
Jan 31 19:49:47.077455 n-d-820368-3 devstack@n-api.service[136623]: INFO nova.api.openstack.requestlog [None req-80b0f074-e989-4c4c-bb23-47c7c37d143f tempest-FlavorsAccessNegativeTestJSON-54746066 tempest-FlavorsAccessNegativeTestJSON-54746066-project-admin] 10.222.0.35 "POST /compute/v2.1/flavors/1388388019/action" status: 200 len: 97 microversion: 2.1 time: 0.568978
Jan 31 19:49:47.079417 n-d-820368-3 devstack@n-api.service[136623]: [pid: 136623|app: 0|req: 184/356] 10.222.0.35 () {60 vars in 1199 bytes} [Mon Jan 31 19:49:46 2022] POST /compute/v2.1/flavors/1388388019/action => generated 97 bytes in 573 msecs (HTTP/1.1 200) 9 headers in 356 bytes (1 switches on core 0)
Jan 31 19:49:47.086926 n-d-820368-3 devstack@n-api.service[136623]: DEBUG nova.api.openstack.wsgi [None req-095c194f-9645-47d2-8718-74c0c7b2a493 tempest-LiveMigrationNegativeTest-35350173 tempest-LiveMigrationNegativeTest-35350173-project] Calling method '>' {{(pid=136623) _process_stack /opt/stack/nova/nova/api/openstack/wsgi.py:513}}
Jan 31 19:49:47.087770 n-d-820368-3 devstack@n-api.service[136623]: DEBUG nova.compute.api [None req-095c194f-9645-47d2-8718-74c0c7b2a493 tempest-LiveMigrationNegativeTest-35350173 tempest-LiveMigrationNegativeTest-35350173-project] [instance: bf392b1e-657f-40f1-a868-26d1d68d8c22] Fetching instance by UUID {{(pid=136623) get /opt/stack/nova/nova/compute/api.py:2865}}
Jan 31 19:49:47.091499 n-d-820368-3 devstack@n-api.service[136622]: DEBUG oslo_concurrency.lockutils [None req-0722d10e-0e0b-4da2-9132-ebd6ac820756 tempest-MigrationsAdminTest-661921207 tempest-MigrationsAdminTest-661921207-project] Lock "2472b63b-d60a-4c56-aa47-46bfb528d4c8" acquired by "nova.context.set_target_cell..get_or_set_cached_cell_and_set_connections" :: waited 0.000s {{(pid=136622) inner /usr/local/lib/python3.8/dist-packages/oslo_concurrency/lockutils.py:386}}
Jan 31 19:49:47.091960 n-d-820368-3 devstack@n-api.service[136622]: DEBUG oslo_concurrency.lockutils [None req-0722d10e-0e0b-4da2-9132-ebd6ac820756 tempest-MigrationsAdminTest-661921207 tempest-MigrationsAdminTest-661921207-project] Lock "2472b63b-d60a-4c56-aa47-46bfb528d4c8" "released" by "nova.context.set_target_cell..get_or_set_cached_cell_and_set_connections" :: held 0.001s {{(pid=136622) inner /usr/local/lib/python3.8/dist-packages/oslo_concurrency/lockutils.py:400}}
Jan 31 19:49:47.093101 n-d-820368-3 devstack@n-api.service[136622]: DEBUG oslo_concurrency.lockutils [None req-0722d10e-0e0b-4da2-9132-ebd6ac820756 tempest-MigrationsAdminTest-661921207 tempest-MigrationsAdminTest-661921207-project] Lock "2472b63b-d60a-4c56-aa47-46bfb528d4c8" acquired by "nova.context.set_target_cell..get_or_set_cached_cell_and_set_connections" :: waited 0.000s {{(pid=136622) inner /usr/local/lib/python3.8/dist-packages/oslo_concurrency/lockutils.py:386}}
Jan 31 19:49:47.093653 n-d-820368-3 devstack@n-api.service[136622]: DEBUG oslo_concurrency.lockutils [None req-0722d10e-0e0b-4da2-9132-ebd6ac820756 tempest-MigrationsAdminTest-661921207 tempest-MigrationsAdminTest-661921207-project] Lock "2472b63b-d60a-4c56-aa47-46bfb528d4c8" "released" by "nova.context.set_target_cell..get_or_set_cached_cell_and_set_connections" :: held 0.001s {{(pid=136622) inner /usr/local/lib/python3.8/dist-packages/oslo_concurrency/lockutils.py:400}}
Jan 31 19:49:47.097472 n-d-820368-3 devstack@n-api.service[136623]: DEBUG oslo_concurrency.lockutils [None req-095c194f-9645-47d2-8718-74c0c7b2a493 tempest-LiveMigrationNegativeTest-35350173 tempest-LiveMigrationNegativeTest-35350173-project] Lock "2472b63b-d60a-4c56-aa47-46bfb528d4c8" acquired by "nova.context.set_target_cell..get_or_set_cached_cell_and_set_connections" :: waited 0.000s {{(pid=136623) inner /usr/local/lib/python3.8/dist-packages/oslo_concurrency/lockutils.py:386}}
Jan 31 19:49:47.104621 n-d-820368-3 devstack@n-api.service[136623]: DEBUG oslo_concurrency.lockutils [None req-095c194f-9645-47d2-8718-74c0c7b2a493 tempest-LiveMigrationNegativeTest-35350173 tempest-LiveMigrationNegativeTest-35350173-project] Lock "2472b63b-d60a-4c56-aa47-46bfb528d4c8" "released" by "nova.context.set_target_cell..get_or_set_cached_cell_and_set_connections" :: held 0.001s {{(pid=136623) inner /usr/local/lib/python3.8/dist-packages/oslo_concurrency/lockutils.py:400}}
Jan 31 19:49:47.104621 n-d-820368-3 devstack@n-api.service[136623]: DEBUG oslo_concurrency.lockutils [None req-095c194f-9645-47d2-8718-74c0c7b2a493 tempest-LiveMigrationNegativeTest-35350173 tempest-LiveMigrationNegativeTest-35350173-project] Lock "2472b63b-d60a-4c56-aa47-46bfb528d4c8" acquired by "nova.context.set_target_cell..get_or_set_cached_cell_and_set_connections" :: waited 0.000s {{(pid=136623) inner /usr/local/lib/python3.8/dist-packages/oslo_concurrency/lockutils.py:386}}
Jan 31 19:49:47.104621 n-d-820368-3 devstack@n-api.service[136623]: DEBUG oslo_concurrency.lockutils [None req-095c194f-9645-47d2-8718-74c0c7b2a493 tempest-LiveMigrationNegativeTest-35350173 tempest-LiveMigrationNegativeTest-35350173-project] Lock "2472b63b-d60a-4c56-aa47-46bfb528d4c8" "released" by "nova.context.set_target_cell..get_or_set_cached_cell_and_set_connections" :: held 0.001s {{(pid=136623) inner /usr/local/lib/python3.8/dist-packages/oslo_concurrency/lockutils.py:400}}
Jan 31 19:49:47.203690 n-d-820368-3 devstack@n-api.service[136623]: DEBUG nova.policy [None req-095c194f-9645-47d2-8718-74c0c7b2a493 tempest-LiveMigrationNegativeTest-35350173 tempest-LiveMigrationNegativeTest-35350173-project] Policy check for os_compute_api:os-extended-server-attributes failed with credentials {'is_admin': False, 'user_id': '6112890912834fd89484406101491918', 'user_domain_id': 'default', 'system_scope': None, 'domain_id': None, 'project_id': '8abdcd89a916435bb8b9181ad9b29298', 'project_domain_id': 'default', 'roles': ['reader', 'member'], 'is_admin_project': True, 'service_user_id': None, 'service_user_domain_id': None, 'service_project_id': None, 'service_project_domain_id': None, 'service_roles': []} {{(pid=136623) authorize /opt/stack/nova/nova/policy.py:199}}
Jan 31 19:49:47.213016 n-d-820368-3 devstack@n-api.service[136623]: INFO nova.api.openstack.requestlog [None req-095c194f-9645-47d2-8718-74c0c7b2a493 tempest-LiveMigrationNegativeTest-35350173 tempest-LiveMigrationNegativeTest-35350173-project] 10.222.0.35 "GET /compute/v2.1/servers/bf392b1e-657f-40f1-a868-26d1d68d8c22" status: 200 len: 1215 microversion: 2.1 time: 0.132209
Jan 31 19:49:47.215488 n-d-820368-3 devstack@n-api.service[136623]: [pid: 136623|app: 0|req: 185/357] 10.222.0.35 () {58 vars in 1235 bytes} [Mon Jan 31 19:49:47 2022] GET /compute/v2.1/servers/bf392b1e-657f-40f1-a868-26d1d68d8c22 => generated 1215 bytes in 135 msecs (HTTP/1.1 200) 9 headers in 358 bytes (1 switches on core 0)
Jan 31 19:49:47.220451 n-d-820368-3 devstack@n-api.service[136623]: DEBUG nova.api.openstack.wsgi [None req-32be01c6-11bb-49fa-9722-dc385d5b3c67 tempest-ServersWithSpecificFlavorTestJSON-388059394 tempest-ServersWithSpecificFlavorTestJSON-388059394-project] Calling method '>' {{(pid=136623) _process_stack /opt/stack/nova/nova/api/openstack/wsgi.py:513}}
Jan 31 19:49:47.228299 n-d-820368-3 devstack@n-api.service[136623]: DEBUG nova.compute.api [None req-32be01c6-11bb-49fa-9722-dc385d5b3c67 tempest-ServersWithSpecificFlavorTestJSON-388059394 tempest-ServersWithSpecificFlavorTestJSON-388059394-project] [instance: 7b172d31-37a3-4638-8100-06425fe41239] Fetching instance by UUID {{(pid=136623) get /opt/stack/nova/nova/compute/api.py:2865}}
Jan 31 19:49:47.228486 n-d-820368-3 devstack@n-api.service[136623]: DEBUG oslo_concurrency.lockutils [None req-32be01c6-11bb-49fa-9722-dc385d5b3c67 tempest-ServersWithSpecificFlavorTestJSON-388059394 tempest-ServersWithSpecificFlavorTestJSON-388059394-project] Lock "2472b63b-d60a-4c56-aa47-46bfb528d4c8" acquired by "nova.context.set_target_cell..get_or_set_cached_cell_and_set_connections" :: waited 0.000s {{(pid=136623) inner /usr/local/lib/python3.8/dist-packages/oslo_concurrency/lockutils.py:386}}
Jan 31 19:49:47.228914 n-d-820368-3 devstack@n-api.service[136623]: DEBUG oslo_concurrency.lockutils [None req-32be01c6-11bb-49fa-9722-dc385d5b3c67 tempest-ServersWithSpecificFlavorTestJSON-388059394 tempest-ServersWithSpecificFlavorTestJSON-388059394-project] Lock "2472b63b-d60a-4c56-aa47-46bfb528d4c8" "released" by "nova.context.set_target_cell..get_or_set_cached_cell_and_set_connections" :: held 0.001s {{(pid=136623) inner /usr/local/lib/python3.8/dist-packages/oslo_concurrency/lockutils.py:400}}
Jan 31 19:49:47.229709 n-d-820368-3 devstack@n-api.service[136623]: DEBUG oslo_concurrency.lockutils [None req-32be01c6-11bb-49fa-9722-dc385d5b3c67 tempest-ServersWithSpecificFlavorTestJSON-388059394 tempest-ServersWithSpecificFlavorTestJSON-388059394-project] Lock "2472b63b-d60a-4c56-aa47-46bfb528d4c8" acquired by "nova.context.set_target_cell..get_or_set_cached_cell_and_set_connections" :: waited 0.000s {{(pid=136623) inner /usr/local/lib/python3.8/dist-packages/oslo_concurrency/lockutils.py:386}}
Jan 31 19:49:47.230890 n-d-820368-3 devstack@n-api.service[136623]: DEBUG oslo_concurrency.lockutils [None req-32be01c6-11bb-49fa-9722-dc385d5b3c67 tempest-ServersWithSpecificFlavorTestJSON-388059394 tempest-ServersWithSpecificFlavorTestJSON-388059394-project] Lock "2472b63b-d60a-4c56-aa47-46bfb528d4c8" "released" by "nova.context.set_target_cell..get_or_set_cached_cell_and_set_connections" :: held 0.001s {{(pid=136623) inner /usr/local/lib/python3.8/dist-packages/oslo_concurrency/lockutils.py:400}}
Jan 31 19:49:47.483405 n-d-820368-3 devstack@n-api.service[136622]: DEBUG nova.policy [None req-0722d10e-0e0b-4da2-9132-ebd6ac820756 tempest-MigrationsAdminTest-661921207 tempest-MigrationsAdminTest-661921207-project] Policy check for os_compute_api:os-extended-server-attributes failed with credentials {'is_admin': False, 'user_id': '25fa7f4228384d578ff4e67e858bfbec', 'user_domain_id': 'default', 'system_scope': None, 'domain_id': None, 'project_id': 'd1a87d1c2aad4205aae5bbcb66d2aeed', 'project_domain_id': 'default', 'roles': ['reader', 'member'], 'is_admin_project': True, 'service_user_id': None, 'service_user_domain_id': None, 'service_project_id': None, 'service_project_domain_id': None, 'service_roles': []} {{(pid=136622) authorize /opt/stack/nova/nova/policy.py:199}}
Jan 31 19:49:47.495147 n-d-820368-3 devstack@n-api.service[136622]: INFO nova.api.openstack.requestlog [None req-0722d10e-0e0b-4da2-9132-ebd6ac820756 tempest-MigrationsAdminTest-661921207 tempest-MigrationsAdminTest-661921207-project] 10.222.0.35 "GET /compute/v2.1/servers/75bfd81f-27df-4b83-ae7c-2bc897385e32" status: 200 len: 1312 microversion: 2.1 time: 0.431556
Jan 31 19:49:47.496460 n-d-820368-3 devstack@n-api.service[136622]: [pid: 136622|app: 0|req: 173/358] 10.222.0.35 () {58 vars in 1235 bytes} [Mon Jan 31 19:49:47 2022] GET /compute/v2.1/servers/75bfd81f-27df-4b83-ae7c-2bc897385e32 => generated 1312 bytes in 434 msecs (HTTP/1.1 200) 9 headers in 358 bytes (1 switches on core 0)
Jan 31 19:49:47.502052 n-d-820368-3 devstack@n-api.service[136622]: DEBUG nova.api.openstack.wsgi [None req-45573418-14ae-4484-a82c-6f9dbbf1ca6e tempest-KeyPairsV210TestJSON-400268101 tempest-KeyPairsV210TestJSON-400268101-project-admin] Calling method '.version_select at 0x7f30f41d0c10>' {{(pid=136622) _process_stack /opt/stack/nova/nova/api/openstack/wsgi.py:513}}
Jan 31 19:49:47.507282 n-d-820368-3 devstack@n-api.service[136622]: WARNING oslo_db.sqlalchemy.utils [None req-45573418-14ae-4484-a82c-6f9dbbf1ca6e tempest-KeyPairsV210TestJSON-400268101 tempest-KeyPairsV210TestJSON-400268101-project-admin] Unique keys not in sort_keys. The sorting order may be unstable.
Jan 31 19:49:47.517899 n-d-820368-3 devstack@n-api.service[136622]: INFO nova.api.openstack.requestlog [None req-45573418-14ae-4484-a82c-6f9dbbf1ca6e tempest-KeyPairsV210TestJSON-400268101 tempest-KeyPairsV210TestJSON-400268101-project-admin] 10.222.0.35 "GET /compute/v2.1/os-keypairs?user_id=da0f6eaa65af4a188a17e9e23b9fb98a" status: 200 len: 1112 microversion: 2.10 time: 0.019957
Jan 31 19:49:47.519584 n-d-820368-3 devstack@n-api.service[136622]: [pid: 136622|app: 0|req: 174/359] 10.222.0.35 () {60 vars in 1258 bytes} [Mon Jan 31 19:49:47 2022] GET /compute/v2.1/os-keypairs?user_id=da0f6eaa65af4a188a17e9e23b9fb98a => generated 1112 bytes in 22 msecs (HTTP/1.1 200) 9 headers in 360 bytes (1 switches on core 0)
Jan 31 19:49:47.525764 n-d-820368-3 devstack@n-api.service[136622]: DEBUG nova.api.openstack.wsgi [None req-69a5962f-70c5-47d3-8ae5-9f00b6be28ad tempest-FlavorsAccessNegativeTestJSON-54746066 tempest-FlavorsAccessNegativeTestJSON-54746066-project-admin] Action: 'action', calling method: >, body: {"addTenantAccess": {"tenant": "ec487eb1f9754d2aaa2a5a519c022eed"}} {{(pid=136622) _process_stack /opt/stack/nova/nova/api/openstack/wsgi.py:511}}
Jan 31 19:49:47.529881 n-d-820368-3 devstack@n-api.service[136622]: /usr/local/lib/python3.8/dist-packages/oslo_policy/policy.py:1119: UserWarning: Policy "os_compute_api:os-flavor-access:add_tenant_access": "rule:system_admin_api" failed scope check. The token used to make the request was project scoped but the policy requires ['system'] scope. This behavior may change in the future where using the intended scope is required
Jan 31 19:49:47.529881 n-d-820368-3 devstack@n-api.service[136622]: warnings.warn(msg)
Jan 31 19:49:47.629838 n-d-820368-3 devstack@n-api.service[136623]: DEBUG nova.policy [None req-32be01c6-11bb-49fa-9722-dc385d5b3c67 tempest-ServersWithSpecificFlavorTestJSON-388059394 tempest-ServersWithSpecificFlavorTestJSON-388059394-project] Policy check for os_compute_api:os-extended-server-attributes failed with credentials {'is_admin': False, 'user_id': '32bf8a86cbec4854b7412e7d82abddc1', 'user_domain_id': 'default', 'system_scope': None, 'domain_id': None, 'project_id': 'af36411acd5142a1a6550b58eb149e68', 'project_domain_id': 'default', 'roles': ['reader', 'member'], 'is_admin_project': True, 'service_user_id': None, 'service_user_domain_id': None, 'service_project_id': None, 'service_project_domain_id': None, 'service_roles': []} {{(pid=136623) authorize /opt/stack/nova/nova/policy.py:199}}
Jan 31 19:49:47.638320 n-d-820368-3 devstack@n-api.service[136623]: INFO nova.api.openstack.requestlog [None req-32be01c6-11bb-49fa-9722-dc385d5b3c67 tempest-ServersWithSpecificFlavorTestJSON-388059394 tempest-ServersWithSpecificFlavorTestJSON-388059394-project] 10.222.0.35 "GET /compute/v2.1/servers/7b172d31-37a3-4638-8100-06425fe41239" status: 200 len: 1387 microversion: 2.1 time: 0.421325
Jan 31 19:49:47.641402 n-d-820368-3 devstack@n-api.service[136623]: [pid: 136623|app: 0|req: 186/360] 10.222.0.35 () {58 vars in 1235 bytes} [Mon Jan 31 19:49:47 2022] GET /compute/v2.1/servers/7b172d31-37a3-4638-8100-06425fe41239 => generated 1387 bytes in 425 msecs (HTTP/1.1 200) 9 headers in 358 bytes (1 switches on core 0)
Jan 31 19:49:47.655286 n-d-820368-3 devstack@n-api.service[136623]: DEBUG nova.api.openstack.wsgi [None req-81922922-54d6-474f-b49f-388d60ca9634 tempest-KeyPairsV210TestJSON-400268101 tempest-KeyPairsV210TestJSON-400268101-project-admin] Calling method '.version_select at 0x7f30f423b280>' {{(pid=136623) _process_stack /opt/stack/nova/nova/api/openstack/wsgi.py:513}}
Jan 31 19:49:47.760451 n-d-820368-3 devstack@n-api.service[136623]: INFO nova.api.openstack.requestlog [None req-81922922-54d6-474f-b49f-388d60ca9634 tempest-KeyPairsV210TestJSON-400268101 tempest-KeyPairsV210TestJSON-400268101-project-admin] 10.222.0.35 "DELETE /compute/v2.1/os-keypairs/tempest-KeyPairsV210TestJSON-keypair-1880399259" status: 204 len: 0 microversion: 2.10 time: 0.117725
Jan 31 19:49:47.761046 n-d-820368-3 devstack@n-api.service[136623]: [pid: 136623|app: 0|req: 187/361] 10.222.0.35 () {60 vars in 1324 bytes} [Mon Jan 31 19:49:47 2022] DELETE /compute/v2.1/os-keypairs/tempest-KeyPairsV210TestJSON-keypair-1880399259 => generated 0 bytes in 119 msecs (HTTP/1.1 204) 9 headers in 365 bytes (1 switches on core 0)
Jan 31 19:49:47.771595 n-d-820368-3 devstack@n-api.service[136623]: DEBUG nova.api.openstack.wsgi [None req-b3ff38d6-02fe-44c6-b703-695be9c0ef6c tempest-KeyPairsV210TestJSON-400268101 tempest-KeyPairsV210TestJSON-400268101-project-admin] Calling method '.version_select at 0x7f30f417db80>' {{(pid=136623) _process_stack /opt/stack/nova/nova/api/openstack/wsgi.py:513}}
Jan 31 19:49:47.884822 n-d-820368-3 devstack@n-api.service[136622]: INFO nova.api.openstack.wsgi [None req-69a5962f-70c5-47d3-8ae5-9f00b6be28ad tempest-FlavorsAccessNegativeTestJSON-54746066 tempest-FlavorsAccessNegativeTestJSON-54746066-project-admin] HTTP exception thrown: Flavor access already exists for flavor 32 and project ec487eb1f9754d2aaa2a5a519c022eed combination.
Jan 31 19:49:47.885979 n-d-820368-3 devstack@n-api.service[136622]: DEBUG nova.api.openstack.wsgi [None req-69a5962f-70c5-47d3-8ae5-9f00b6be28ad tempest-FlavorsAccessNegativeTestJSON-54746066 tempest-FlavorsAccessNegativeTestJSON-54746066-project-admin] Returning 409 to user: Flavor access already exists for flavor 32 and project ec487eb1f9754d2aaa2a5a519c022eed combination. {{(pid=136622) __call__ /opt/stack/nova/nova/api/openstack/wsgi.py:936}}
Jan 31 19:49:47.887693 n-d-820368-3 devstack@n-api.service[136622]: INFO nova.api.openstack.requestlog [None req-69a5962f-70c5-47d3-8ae5-9f00b6be28ad tempest-FlavorsAccessNegativeTestJSON-54746066 tempest-FlavorsAccessNegativeTestJSON-54746066-project-admin] 10.222.0.35 "POST /compute/v2.1/flavors/1388388019/action" status: 409 len: 152 microversion: 2.1 time: 0.366883
Jan 31 19:49:47.888614 n-d-820368-3 devstack@n-api.service[136622]: [pid: 136622|app: 0|req: 175/362] 10.222.0.35 () {60 vars in 1199 bytes} [Mon Jan 31 19:49:47 2022] POST /compute/v2.1/flavors/1388388019/action => generated 152 bytes in 368 msecs (HTTP/1.1 409) 9 headers in 378 bytes (1 switches on core 0)
Jan 31 19:49:47.899902 n-d-820368-3 devstack@n-api.service[136622]: DEBUG nova.api.openstack.wsgi [None req-f4a31166-53d7-4d9d-806f-6f48414965e1 tempest-FlavorsAccessNegativeTestJSON-54746066 tempest-FlavorsAccessNegativeTestJSON-54746066-project-admin] Action: 'action', calling method: >, body: {"removeTenantAccess": {"tenant": "ec487eb1f9754d2aaa2a5a519c022eed"}} {{(pid=136622) _process_stack /opt/stack/nova/nova/api/openstack/wsgi.py:511}}
Jan 31 19:49:47.901425 n-d-820368-3 devstack@n-api.service[136622]: /usr/local/lib/python3.8/dist-packages/oslo_policy/policy.py:1119: UserWarning: Policy "os_compute_api:os-flavor-access:remove_tenant_access": "rule:system_admin_api" failed scope check. The token used to make the request was project scoped but the policy requires ['system'] scope. This behavior may change in the future where using the intended scope is required
Jan 31 19:49:47.901425 n-d-820368-3 devstack@n-api.service[136622]: warnings.warn(msg)
Jan 31 19:49:47.950353 n-d-820368-3 devstack@n-api.service[136623]: INFO nova.api.openstack.requestlog [None req-b3ff38d6-02fe-44c6-b703-695be9c0ef6c tempest-KeyPairsV210TestJSON-400268101 tempest-KeyPairsV210TestJSON-400268101-project-admin] 10.222.0.35 "DELETE /compute/v2.1/os-keypairs/tempest-keypair-145274918?user_id=da0f6eaa65af4a188a17e9e23b9fb98a" status: 204 len: 0 microversion: 2.10 time: 0.183658
Jan 31 19:49:47.951296 n-d-820368-3 devstack@n-api.service[136623]: [pid: 136623|app: 0|req: 188/363] 10.222.0.35 () {60 vars in 1339 bytes} [Mon Jan 31 19:49:47 2022] DELETE /compute/v2.1/os-keypairs/tempest-keypair-145274918?user_id=da0f6eaa65af4a188a17e9e23b9fb98a => generated 0 bytes in 185 msecs (HTTP/1.1 204) 9 headers in 365 bytes (1 switches on core 0)
Jan 31 19:49:47.968322 n-d-820368-3 devstack@n-api.service[136623]: DEBUG nova.api.openstack.wsgi [None req-1150859e-1c5f-4f24-b7e9-c05a39e649c7 tempest-KeyPairsV210TestJSON-400268101 tempest-KeyPairsV210TestJSON-400268101-project-admin] Calling method '.version_select at 0x7f30f41a2790>' {{(pid=136623) _process_stack /opt/stack/nova/nova/api/openstack/wsgi.py:513}}
Jan 31 19:49:48.103986 n-d-820368-3 devstack@n-api.service[136623]: INFO nova.api.openstack.requestlog [None req-1150859e-1c5f-4f24-b7e9-c05a39e649c7 tempest-KeyPairsV210TestJSON-400268101 tempest-KeyPairsV210TestJSON-400268101-project-admin] 10.222.0.35 "DELETE /compute/v2.1/os-keypairs/tempest-keypair-962808999?user_id=da0f6eaa65af4a188a17e9e23b9fb98a" status: 204 len: 0 microversion: 2.10 time: 0.145776
Jan 31 19:49:48.104921 n-d-820368-3 devstack@n-api.service[136623]: [pid: 136623|app: 0|req: 189/364] 10.222.0.35 () {60 vars in 1339 bytes} [Mon Jan 31 19:49:47 2022] DELETE /compute/v2.1/os-keypairs/tempest-keypair-962808999?user_id=da0f6eaa65af4a188a17e9e23b9fb98a => generated 0 bytes in 150 msecs (HTTP/1.1 204) 9 headers in 365 bytes (1 switches on core 0)
Jan 31 19:49:48.110321 n-d-820368-3 devstack@n-api.service[136623]: DEBUG nova.api.openstack.wsgi [req-3afcda0a-a497-4027-ada7-ca3ebab46190 req-7b1fbd34-0dd9-480a-899d-04d98d50d4cf service nova] Action: 'create', calling method: >, body: {"events": [{"name": "network-changed", "server_uuid": "7b172d31-37a3-4638-8100-06425fe41239", "tag": "18cc4c72-2db1-412b-85e8-00abee6ac243"}]} {{(pid=136623) _process_stack /opt/stack/nova/nova/api/openstack/wsgi.py:511}}
Jan 31 19:49:48.112322 n-d-820368-3 devstack@n-api.service[136623]: /usr/local/lib/python3.8/dist-packages/oslo_policy/policy.py:1119: UserWarning: Policy "os_compute_api:os-server-external-events:create": "rule:system_admin_api" failed scope check. The token used to make the request was project scoped but the policy requires ['system'] scope. This behavior may change in the future where using the intended scope is required
Jan 31 19:49:48.112322 n-d-820368-3 devstack@n-api.service[136623]: warnings.warn(msg)
Jan 31 19:49:48.152445 n-d-820368-3 devstack@n-api.service[136623]: DEBUG oslo_concurrency.lockutils [req-3afcda0a-a497-4027-ada7-ca3ebab46190 req-7b1fbd34-0dd9-480a-899d-04d98d50d4cf service nova] Lock "2472b63b-d60a-4c56-aa47-46bfb528d4c8" acquired by "nova.context.set_target_cell..get_or_set_cached_cell_and_set_connections" :: waited 0.000s {{(pid=136623) inner /usr/local/lib/python3.8/dist-packages/oslo_concurrency/lockutils.py:386}}
Jan 31 19:49:48.153071 n-d-820368-3 devstack@n-api.service[136623]: DEBUG oslo_concurrency.lockutils [req-3afcda0a-a497-4027-ada7-ca3ebab46190 req-7b1fbd34-0dd9-480a-899d-04d98d50d4cf service nova] Lock "2472b63b-d60a-4c56-aa47-46bfb528d4c8" "released" by "nova.context.set_target_cell..get_or_set_cached_cell_and_set_connections" :: held 0.006s {{(pid=136623) inner /usr/local/lib/python3.8/dist-packages/oslo_concurrency/lockutils.py:400}}
Jan 31 19:49:48.158350 n-d-820368-3 devstack@n-api.service[136622]: INFO nova.api.openstack.requestlog [None req-f4a31166-53d7-4d9d-806f-6f48414965e1 tempest-FlavorsAccessNegativeTestJSON-54746066 tempest-FlavorsAccessNegativeTestJSON-54746066-project-admin] 10.222.0.35 "POST /compute/v2.1/flavors/1388388019/action" status: 200 len: 21 microversion: 2.1 time: 0.263223
Jan 31 19:49:48.161061 n-d-820368-3 devstack@n-api.service[136622]: [pid: 136622|app: 0|req: 176/365] 10.222.0.35 () {60 vars in 1199 bytes} [Mon Jan 31 19:49:47 2022] POST /compute/v2.1/flavors/1388388019/action => generated 21 bytes in 267 msecs (HTTP/1.1 200) 9 headers in 356 bytes (1 switches on core 0)
Jan 31 19:49:48.190136 n-d-820368-3 devstack@n-api.service[136622]: DEBUG nova.api.openstack.wsgi [None req-325dab51-ff1c-4255-b420-25789bb2a6b3 tempest-FlavorsAccessNegativeTestJSON-54746066 tempest-FlavorsAccessNegativeTestJSON-54746066-project-admin] Calling method '>' {{(pid=136622) _process_stack /opt/stack/nova/nova/api/openstack/wsgi.py:513}}
Jan 31 19:49:48.193117 n-d-820368-3 devstack@n-api.service[136623]: INFO nova.api.openstack.compute.server_external_events [req-3afcda0a-a497-4027-ada7-ca3ebab46190 req-7b1fbd34-0dd9-480a-899d-04d98d50d4cf service nova] Creating event network-changed:18cc4c72-2db1-412b-85e8-00abee6ac243 for instance 7b172d31-37a3-4638-8100-06425fe41239 on n-h1-820368-3
Jan 31 19:49:48.198491 n-d-820368-3 devstack@n-api.service[136622]: /usr/local/lib/python3.8/dist-packages/oslo_policy/policy.py:1119: UserWarning: Policy "os_compute_api:os-flavor-manage:delete": "rule:system_admin_api" failed scope check. The token used to make the request was project scoped but the policy requires ['system'] scope. This behavior may change in the future where using the intended scope is required
Jan 31 19:49:48.198491 n-d-820368-3 devstack@n-api.service[136622]: warnings.warn(msg)
Jan 31 19:49:48.214443 n-d-820368-3 devstack@n-api.service[136623]: INFO nova.api.openstack.requestlog [req-3afcda0a-a497-4027-ada7-ca3ebab46190 req-7b1fbd34-0dd9-480a-899d-04d98d50d4cf service nova] 10.222.0.35 "POST /compute/v2.1/os-server-external-events" status: 200 len: 179 microversion: 2.1 time: 0.108227
Jan 31 19:49:48.223300 n-d-820368-3 devstack@n-api.service[136623]: [pid: 136623|app: 0|req: 190/366] 10.222.0.35 () {64 vars in 1317 bytes} [Mon Jan 31 19:49:48 2022] POST /compute/v2.1/os-server-external-events => generated 179 bytes in 114 msecs (HTTP/1.1 200) 9 headers in 357 bytes (1 switches on core 0)
Jan 31 19:49:48.236394 n-d-820368-3 devstack@n-api.service[136623]: DEBUG nova.api.openstack.wsgi [None req-95a63b77-5364-479d-ae3e-83f61357fbd5 tempest-LiveMigrationNegativeTest-35350173 tempest-LiveMigrationNegativeTest-35350173-project] Calling method '>' {{(pid=136623) _process_stack /opt/stack/nova/nova/api/openstack/wsgi.py:513}}
Jan 31 19:49:48.240004 n-d-820368-3 devstack@n-api.service[136623]: DEBUG nova.compute.api [None req-95a63b77-5364-479d-ae3e-83f61357fbd5 tempest-LiveMigrationNegativeTest-35350173 tempest-LiveMigrationNegativeTest-35350173-project] [instance: bf392b1e-657f-40f1-a868-26d1d68d8c22] Fetching instance by UUID {{(pid=136623) get /opt/stack/nova/nova/compute/api.py:2865}}
Jan 31 19:49:48.267506 n-d-820368-3 devstack@n-api.service[136623]: DEBUG oslo_concurrency.lockutils [None req-95a63b77-5364-479d-ae3e-83f61357fbd5 tempest-LiveMigrationNegativeTest-35350173 tempest-LiveMigrationNegativeTest-35350173-project] Lock "2472b63b-d60a-4c56-aa47-46bfb528d4c8" acquired by "nova.context.set_target_cell..get_or_set_cached_cell_and_set_connections" :: waited 0.000s {{(pid=136623) inner /usr/local/lib/python3.8/dist-packages/oslo_concurrency/lockutils.py:386}}
Jan 31 19:49:48.267506 n-d-820368-3 devstack@n-api.service[136623]: DEBUG oslo_concurrency.lockutils [None req-95a63b77-5364-479d-ae3e-83f61357fbd5 tempest-LiveMigrationNegativeTest-35350173 tempest-LiveMigrationNegativeTest-35350173-project] Lock "2472b63b-d60a-4c56-aa47-46bfb528d4c8" "released" by "nova.context.set_target_cell..get_or_set_cached_cell_and_set_connections" :: held 0.001s {{(pid=136623) inner /usr/local/lib/python3.8/dist-packages/oslo_concurrency/lockutils.py:400}}
Jan 31 19:49:48.267506 n-d-820368-3 devstack@n-api.service[136623]: DEBUG oslo_concurrency.lockutils [None req-95a63b77-5364-479d-ae3e-83f61357fbd5 tempest-LiveMigrationNegativeTest-35350173 tempest-LiveMigrationNegativeTest-35350173-project] Lock "2472b63b-d60a-4c56-aa47-46bfb528d4c8" acquired by "nova.context.set_target_cell..get_or_set_cached_cell_and_set_connections" :: waited 0.000s {{(pid=136623) inner /usr/local/lib/python3.8/dist-packages/oslo_concurrency/lockutils.py:386}}
Jan 31 19:49:48.267506 n-d-820368-3 devstack@n-api.service[136623]: DEBUG oslo_concurrency.lockutils [None req-95a63b77-5364-479d-ae3e-83f61357fbd5 tempest-LiveMigrationNegativeTest-35350173 tempest-LiveMigrationNegativeTest-35350173-project] Lock "2472b63b-d60a-4c56-aa47-46bfb528d4c8" "released" by "nova.context.set_target_cell..get_or_set_cached_cell_and_set_connections" :: held 0.000s {{(pid=136623) inner /usr/local/lib/python3.8/dist-packages/oslo_concurrency/lockutils.py:400}}
Jan 31 19:49:48.316329 n-d-820368-3 devstack@n-api.service[136622]: INFO nova.api.openstack.requestlog [None req-325dab51-ff1c-4255-b420-25789bb2a6b3 tempest-FlavorsAccessNegativeTestJSON-54746066 tempest-FlavorsAccessNegativeTestJSON-54746066-project-admin] 10.222.0.35 "DELETE /compute/v2.1/flavors/1388388019" status: 202 len: 0 microversion: 2.1 time: 0.131495
Jan 31 19:49:48.317065 n-d-820368-3 devstack@n-api.service[136622]: [pid: 136622|app: 0|req: 177/367] 10.222.0.35 () {58 vars in 1160 bytes} [Mon Jan 31 19:49:48 2022] DELETE /compute/v2.1/flavors/1388388019 => generated 0 bytes in 133 msecs (HTTP/1.1 202) 9 headers in 361 bytes (1 switches on core 0)
Jan 31 19:49:48.326236 n-d-820368-3 devstack@n-api.service[136622]: DEBUG nova.api.openstack.wsgi [None req-c71dc3dc-7a58-4f13-96ba-9dd85ef71bb7 tempest-FlavorsAccessNegativeTestJSON-54746066 tempest-FlavorsAccessNegativeTestJSON-54746066-project-admin] Calling method '>' {{(pid=136622) _process_stack /opt/stack/nova/nova/api/openstack/wsgi.py:513}}
Jan 31 19:49:48.391947 n-d-820368-3 devstack@n-api.service[136622]: INFO nova.api.openstack.requestlog [None req-c71dc3dc-7a58-4f13-96ba-9dd85ef71bb7 tempest-FlavorsAccessNegativeTestJSON-54746066 tempest-FlavorsAccessNegativeTestJSON-54746066-project-admin] 10.222.0.35 "GET /compute/v2.1/flavors/detail" status: 200 len: 5814 microversion: 2.1 time: 0.070389
Jan 31 19:49:48.395864 n-d-820368-3 devstack@n-api.service[136622]: [pid: 136622|app: 0|req: 178/368] 10.222.0.35 () {58 vars in 1145 bytes} [Mon Jan 31 19:49:48 2022] GET /compute/v2.1/flavors/detail => generated 5814 bytes in 74 msecs (HTTP/1.1 200) 9 headers in 358 bytes (1 switches on core 0)
Jan 31 19:49:48.421812 n-d-820368-3 devstack@n-api.service[136623]: DEBUG nova.policy [None req-95a63b77-5364-479d-ae3e-83f61357fbd5 tempest-LiveMigrationNegativeTest-35350173 tempest-LiveMigrationNegativeTest-35350173-project] Policy check for os_compute_api:os-extended-server-attributes failed with credentials {'is_admin': False, 'user_id': '6112890912834fd89484406101491918', 'user_domain_id': 'default', 'system_scope': None, 'domain_id': None, 'project_id': '8abdcd89a916435bb8b9181ad9b29298', 'project_domain_id': 'default', 'roles': ['reader', 'member'], 'is_admin_project': True, 'service_user_id': None, 'service_user_domain_id': None, 'service_project_id': None, 'service_project_domain_id': None, 'service_roles': []} {{(pid=136623) authorize /opt/stack/nova/nova/policy.py:199}}
Jan 31 19:49:48.429232 n-d-820368-3 devstack@n-api.service[136623]: INFO nova.api.openstack.requestlog [None req-95a63b77-5364-479d-ae3e-83f61357fbd5 tempest-LiveMigrationNegativeTest-35350173 tempest-LiveMigrationNegativeTest-35350173-project] 10.222.0.35 "GET /compute/v2.1/servers/bf392b1e-657f-40f1-a868-26d1d68d8c22" status: 200 len: 1279 microversion: 2.1 time: 0.196954
Jan 31 19:49:48.429356 n-d-820368-3 devstack@n-api.service[136622]: DEBUG nova.api.openstack.wsgi [None req-4f632d33-2678-4ca5-98cc-4a8e14ce91cd tempest-FlavorsAccessNegativeTestJSON-54746066 tempest-FlavorsAccessNegativeTestJSON-54746066-project-admin] Action: 'create', calling method: >, body: {"flavor": {"ram": 512, "vcpus": 1, "disk": 10, "name": "tempest-FlavorsAccessNegativeTestJSON-flavor-815980440", "id": 377756857, "os-flavor-access:is_public": "True"}} {{(pid=136622) _process_stack /opt/stack/nova/nova/api/openstack/wsgi.py:511}}
Jan 31 19:49:48.439043 n-d-820368-3 devstack@n-api.service[136623]: [pid: 136623|app: 0|req: 191/369] 10.222.0.35 () {58 vars in 1235 bytes} [Mon Jan 31 19:49:48 2022] GET /compute/v2.1/servers/bf392b1e-657f-40f1-a868-26d1d68d8c22 => generated 1279 bytes in 198 msecs (HTTP/1.1 200) 9 headers in 358 bytes (2 switches on core 0)
Jan 31 19:49:48.444788 n-d-820368-3 devstack@n-api.service[136622]: /usr/local/lib/python3.8/dist-packages/oslo_policy/policy.py:1119: UserWarning: Policy "os_compute_api:os-flavor-manage:create": "rule:system_admin_api" failed scope check. The token used to make the request was project scoped but the policy requires ['system'] scope. This behavior may change in the future where using the intended scope is required
Jan 31 19:49:48.444788 n-d-820368-3 devstack@n-api.service[136622]: warnings.warn(msg)
Jan 31 19:49:48.515181 n-d-820368-3 devstack@n-api.service[136623]: DEBUG nova.api.openstack.wsgi [None req-6b174b34-2362-4d47-ac82-f7eeb3334c5f tempest-MigrationsAdminTest-661921207 tempest-MigrationsAdminTest-661921207-project] Calling method '>' {{(pid=136623) _process_stack /opt/stack/nova/nova/api/openstack/wsgi.py:513}}
Jan 31 19:49:48.515283 n-d-820368-3 devstack@n-api.service[136623]: DEBUG nova.compute.api [None req-6b174b34-2362-4d47-ac82-f7eeb3334c5f tempest-MigrationsAdminTest-661921207 tempest-MigrationsAdminTest-661921207-project] [instance: 75bfd81f-27df-4b83-ae7c-2bc897385e32] Fetching instance by UUID {{(pid=136623) get /opt/stack/nova/nova/compute/api.py:2865}}
Jan 31 19:49:48.522069 n-d-820368-3 devstack@n-api.service[136623]: DEBUG oslo_concurrency.lockutils [None req-6b174b34-2362-4d47-ac82-f7eeb3334c5f tempest-MigrationsAdminTest-661921207 tempest-MigrationsAdminTest-661921207-project] Lock "2472b63b-d60a-4c56-aa47-46bfb528d4c8" acquired by "nova.context.set_target_cell..get_or_set_cached_cell_and_set_connections" :: waited 0.000s {{(pid=136623) inner /usr/local/lib/python3.8/dist-packages/oslo_concurrency/lockutils.py:386}}
Jan 31 19:49:48.522594 n-d-820368-3 devstack@n-api.service[136623]: DEBUG oslo_concurrency.lockutils [None req-6b174b34-2362-4d47-ac82-f7eeb3334c5f tempest-MigrationsAdminTest-661921207 tempest-MigrationsAdminTest-661921207-project] Lock "2472b63b-d60a-4c56-aa47-46bfb528d4c8" "released" by "nova.context.set_target_cell..get_or_set_cached_cell_and_set_connections" :: held 0.001s {{(pid=136623) inner /usr/local/lib/python3.8/dist-packages/oslo_concurrency/lockutils.py:400}}
Jan 31 19:49:48.523461 n-d-820368-3 devstack@n-api.service[136623]: DEBUG oslo_concurrency.lockutils [None req-6b174b34-2362-4d47-ac82-f7eeb3334c5f tempest-MigrationsAdminTest-661921207 tempest-MigrationsAdminTest-661921207-project] Lock "2472b63b-d60a-4c56-aa47-46bfb528d4c8" acquired by "nova.context.set_target_cell..get_or_set_cached_cell_and_set_connections" :: waited 0.000s {{(pid=136623) inner /usr/local/lib/python3.8/dist-packages/oslo_concurrency/lockutils.py:386}}
Jan 31 19:49:48.523991 n-d-820368-3 devstack@n-api.service[136623]: DEBUG oslo_concurrency.lockutils [None req-6b174b34-2362-4d47-ac82-f7eeb3334c5f tempest-MigrationsAdminTest-661921207 tempest-MigrationsAdminTest-661921207-project] Lock "2472b63b-d60a-4c56-aa47-46bfb528d4c8" "released" by "nova.context.set_target_cell..get_or_set_cached_cell_and_set_connections" :: held 0.001s {{(pid=136623) inner /usr/local/lib/python3.8/dist-packages/oslo_concurrency/lockutils.py:400}}
Jan 31 19:49:48.577138 n-d-820368-3 devstack@n-api.service[136622]: INFO nova.api.openstack.requestlog [None req-4f632d33-2678-4ca5-98cc-4a8e14ce91cd tempest-FlavorsAccessNegativeTestJSON-54746066 tempest-FlavorsAccessNegativeTestJSON-54746066-project-admin] 10.222.0.35 "POST /compute/v2.1/flavors" status: 200 len: 434 microversion: 2.1 time: 0.159705
Jan 31 19:49:48.577749 n-d-820368-3 devstack@n-api.service[136622]: [pid: 136622|app: 0|req: 179/370] 10.222.0.35 () {60 vars in 1146 bytes} [Mon Jan 31 19:49:48 2022] POST /compute/v2.1/flavors => generated 434 bytes in 164 msecs (HTTP/1.1 200) 9 headers in 357 bytes (1 switches on core 0)
Jan 31 19:49:48.588097 n-d-820368-3 devstack@n-api.service[136622]: DEBUG nova.api.openstack.wsgi [None req-00ed8d45-33a9-4952-9908-242da069a222 tempest-FlavorsAccessNegativeTestJSON-54746066 tempest-FlavorsAccessNegativeTestJSON-54746066-project-admin] Calling method '>' {{(pid=136622) _process_stack /opt/stack/nova/nova/api/openstack/wsgi.py:513}}
Jan 31 19:49:48.588869 n-d-820368-3 devstack@n-api.service[136622]: /usr/local/lib/python3.8/dist-packages/oslo_policy/policy.py:1119: UserWarning: Policy "os_compute_api:os-flavor-access": "rule:system_reader_api" failed scope check. The token used to make the request was project scoped but the policy requires ['system'] scope. This behavior may change in the future where using the intended scope is required
Jan 31 19:49:48.588869 n-d-820368-3 devstack@n-api.service[136622]: warnings.warn(msg)
Jan 31 19:49:48.598831 n-d-820368-3 devstack@n-api.service[136622]: INFO nova.api.openstack.wsgi [None req-00ed8d45-33a9-4952-9908-242da069a222 tempest-FlavorsAccessNegativeTestJSON-54746066 tempest-FlavorsAccessNegativeTestJSON-54746066-project-admin] HTTP exception thrown: Access list not available for public flavors.
Jan 31 19:49:48.599431 n-d-820368-3 devstack@n-api.service[136622]: DEBUG nova.api.openstack.wsgi [None req-00ed8d45-33a9-4952-9908-242da069a222 tempest-FlavorsAccessNegativeTestJSON-54746066 tempest-FlavorsAccessNegativeTestJSON-54746066-project-admin] Returning 404 to user: Access list not available for public flavors. {{(pid=136622) __call__ /opt/stack/nova/nova/api/openstack/wsgi.py:936}}
Jan 31 19:49:48.600252 n-d-820368-3 devstack@n-api.service[136622]: INFO nova.api.openstack.requestlog [None req-00ed8d45-33a9-4952-9908-242da069a222 tempest-FlavorsAccessNegativeTestJSON-54746066 tempest-FlavorsAccessNegativeTestJSON-54746066-project-admin] 10.222.0.35 "GET /compute/v2.1/flavors/377756857/os-flavor-access" status: 404 len: 91 microversion: 2.1 time: 0.015948
Jan 31 19:49:48.600994 n-d-820368-3 devstack@n-api.service[136622]: [pid: 136622|app: 0|req: 180/371] 10.222.0.35 () {58 vars in 1205 bytes} [Mon Jan 31 19:49:48 2022] GET /compute/v2.1/flavors/377756857/os-flavor-access => generated 91 bytes in 17 msecs (HTTP/1.1 404) 9 headers in 378 bytes (2 switches on core 0)
Jan 31 19:49:48.610883 n-d-820368-3 devstack@n-api.service[136622]: DEBUG nova.api.openstack.wsgi [None req-86b2135b-64c4-4272-8c42-35b927f93874 tempest-FlavorsAccessNegativeTestJSON-54746066 tempest-FlavorsAccessNegativeTestJSON-54746066-project-admin] Calling method '>' {{(pid=136622) _process_stack /opt/stack/nova/nova/api/openstack/wsgi.py:513}}
Jan 31 19:49:48.707367 n-d-820368-3 devstack@n-api.service[136622]: INFO nova.api.openstack.requestlog [None req-86b2135b-64c4-4272-8c42-35b927f93874 tempest-FlavorsAccessNegativeTestJSON-54746066 tempest-FlavorsAccessNegativeTestJSON-54746066-project-admin] 10.222.0.35 "DELETE /compute/v2.1/flavors/377756857" status: 202 len: 0 microversion: 2.1 time: 0.100068
Jan 31 19:49:48.708137 n-d-820368-3 devstack@n-api.service[136622]: [pid: 136622|app: 0|req: 181/372] 10.222.0.35 () {58 vars in 1157 bytes} [Mon Jan 31 19:49:48 2022] DELETE /compute/v2.1/flavors/377756857 => generated 0 bytes in 102 msecs (HTTP/1.1 202) 9 headers in 361 bytes (2 switches on core 0)
Jan 31 19:49:48.718259 n-d-820368-3 devstack@n-api.service[136622]: DEBUG nova.api.openstack.wsgi [None req-3aa1666f-01a5-4c10-9c7d-8974908c91e9 tempest-ServersWithSpecificFlavorTestJSON-388059394 tempest-ServersWithSpecificFlavorTestJSON-388059394-project] Calling method '>' {{(pid=136622) _process_stack /opt/stack/nova/nova/api/openstack/wsgi.py:513}}
Jan 31 19:49:48.718259 n-d-820368-3 devstack@n-api.service[136622]: DEBUG nova.compute.api [None req-3aa1666f-01a5-4c10-9c7d-8974908c91e9 tempest-ServersWithSpecificFlavorTestJSON-388059394 tempest-ServersWithSpecificFlavorTestJSON-388059394-project] [instance: 7b172d31-37a3-4638-8100-06425fe41239] Fetching instance by UUID {{(pid=136622) get /opt/stack/nova/nova/compute/api.py:2865}}
Jan 31 19:49:48.723340 n-d-820368-3 devstack@n-api.service[136622]: DEBUG oslo_concurrency.lockutils [None req-3aa1666f-01a5-4c10-9c7d-8974908c91e9 tempest-ServersWithSpecificFlavorTestJSON-388059394 tempest-ServersWithSpecificFlavorTestJSON-388059394-project] Lock "2472b63b-d60a-4c56-aa47-46bfb528d4c8" acquired by "nova.context.set_target_cell..get_or_set_cached_cell_and_set_connections" :: waited 0.000s {{(pid=136622) inner /usr/local/lib/python3.8/dist-packages/oslo_concurrency/lockutils.py:386}}
Jan 31 19:49:48.723795 n-d-820368-3 devstack@n-api.service[136622]: DEBUG oslo_concurrency.lockutils [None req-3aa1666f-01a5-4c10-9c7d-8974908c91e9 tempest-ServersWithSpecificFlavorTestJSON-388059394 tempest-ServersWithSpecificFlavorTestJSON-388059394-project] Lock "2472b63b-d60a-4c56-aa47-46bfb528d4c8" "released" by "nova.context.set_target_cell..get_or_set_cached_cell_and_set_connections" :: held 0.001s {{(pid=136622) inner /usr/local/lib/python3.8/dist-packages/oslo_concurrency/lockutils.py:400}}
Jan 31 19:49:48.724586 n-d-820368-3 devstack@n-api.service[136622]: DEBUG oslo_concurrency.lockutils [None req-3aa1666f-01a5-4c10-9c7d-8974908c91e9 tempest-ServersWithSpecificFlavorTestJSON-388059394 tempest-ServersWithSpecificFlavorTestJSON-388059394-project] Lock "2472b63b-d60a-4c56-aa47-46bfb528d4c8" acquired by "nova.context.set_target_cell..get_or_set_cached_cell_and_set_connections" :: waited 0.000s {{(pid=136622) inner /usr/local/lib/python3.8/dist-packages/oslo_concurrency/lockutils.py:386}}
Jan 31 19:49:48.725171 n-d-820368-3 devstack@n-api.service[136622]: DEBUG oslo_concurrency.lockutils [None req-3aa1666f-01a5-4c10-9c7d-8974908c91e9 tempest-ServersWithSpecificFlavorTestJSON-388059394 tempest-ServersWithSpecificFlavorTestJSON-388059394-project] Lock "2472b63b-d60a-4c56-aa47-46bfb528d4c8" "released" by "nova.context.set_target_cell..get_or_set_cached_cell_and_set_connections" :: held 0.000s {{(pid=136622) inner /usr/local/lib/python3.8/dist-packages/oslo_concurrency/lockutils.py:400}}
Jan 31 19:49:48.900760 n-d-820368-3 devstack@n-api.service[136622]: DEBUG nova.policy [None req-3aa1666f-01a5-4c10-9c7d-8974908c91e9 tempest-ServersWithSpecificFlavorTestJSON-388059394 tempest-ServersWithSpecificFlavorTestJSON-388059394-project] Policy check for os_compute_api:os-extended-server-attributes failed with credentials {'is_admin': False, 'user_id': '32bf8a86cbec4854b7412e7d82abddc1', 'user_domain_id': 'default', 'system_scope': None, 'domain_id': None, 'project_id': 'af36411acd5142a1a6550b58eb149e68', 'project_domain_id': 'default', 'roles': ['reader', 'member'], 'is_admin_project': True, 'service_user_id': None, 'service_user_domain_id': None, 'service_project_id': None, 'service_project_domain_id': None, 'service_roles': []} {{(pid=136622) authorize /opt/stack/nova/nova/policy.py:199}}
Jan 31 19:49:48.915651 n-d-820368-3 devstack@n-api.service[136622]: INFO nova.api.openstack.requestlog [None req-3aa1666f-01a5-4c10-9c7d-8974908c91e9 tempest-ServersWithSpecificFlavorTestJSON-388059394 tempest-ServersWithSpecificFlavorTestJSON-388059394-project] 10.222.0.35 "GET /compute/v2.1/servers/7b172d31-37a3-4638-8100-06425fe41239" status: 200 len: 1387 microversion: 2.1 time: 0.200716
Jan 31 19:49:48.918191 n-d-820368-3 devstack@n-api.service[136622]: [pid: 136622|app: 0|req: 182/373] 10.222.0.35 () {58 vars in 1235 bytes} [Mon Jan 31 19:49:48 2022] GET /compute/v2.1/servers/7b172d31-37a3-4638-8100-06425fe41239 => generated 1387 bytes in 208 msecs (HTTP/1.1 200) 9 headers in 358 bytes (1 switches on core 0)
Jan 31 19:49:48.922324 n-d-820368-3 devstack@n-api.service[136622]: DEBUG nova.api.openstack.wsgi [None req-19835eeb-8e8c-4e7d-9e6c-07b5febe545f tempest-FlavorsAccessNegativeTestJSON-54746066 tempest-FlavorsAccessNegativeTestJSON-54746066-project-admin] Calling method '>' {{(pid=136622) _process_stack /opt/stack/nova/nova/api/openstack/wsgi.py:513}}
Jan 31 19:49:48.943394 n-d-820368-3 devstack@n-api.service[136622]: INFO nova.api.openstack.requestlog [None req-19835eeb-8e8c-4e7d-9e6c-07b5febe545f tempest-FlavorsAccessNegativeTestJSON-54746066 tempest-FlavorsAccessNegativeTestJSON-54746066-project-admin] 10.222.0.35 "GET /compute/v2.1/flavors/detail" status: 200 len: 5814 microversion: 2.1 time: 0.025653
Jan 31 19:49:48.965016 n-d-820368-3 devstack@n-api.service[136622]: [pid: 136622|app: 0|req: 183/374] 10.222.0.35 () {58 vars in 1145 bytes} [Mon Jan 31 19:49:48 2022] GET /compute/v2.1/flavors/detail => generated 5814 bytes in 29 msecs (HTTP/1.1 200) 9 headers in 358 bytes (1 switches on core 0)
Jan 31 19:49:48.965102 n-d-820368-3 devstack@n-api.service[136623]: DEBUG nova.policy [None req-6b174b34-2362-4d47-ac82-f7eeb3334c5f tempest-MigrationsAdminTest-661921207 tempest-MigrationsAdminTest-661921207-project] Policy check for os_compute_api:os-extended-server-attributes failed with credentials {'is_admin': False, 'user_id': '25fa7f4228384d578ff4e67e858bfbec', 'user_domain_id': 'default', 'system_scope': None, 'domain_id': None, 'project_id': 'd1a87d1c2aad4205aae5bbcb66d2aeed', 'project_domain_id': 'default', 'roles': ['reader', 'member'], 'is_admin_project': True, 'service_user_id': None, 'service_user_domain_id': None, 'service_project_id': None, 'service_project_domain_id': None, 'service_roles': []} {{(pid=136623) authorize /opt/stack/nova/nova/policy.py:199}}
Jan 31 19:49:48.967133 n-d-820368-3 devstack@n-api.service[136623]: INFO nova.api.openstack.requestlog [None req-6b174b34-2362-4d47-ac82-f7eeb3334c5f tempest-MigrationsAdminTest-661921207 tempest-MigrationsAdminTest-661921207-project] 10.222.0.35 "GET /compute/v2.1/servers/75bfd81f-27df-4b83-ae7c-2bc897385e32" status: 200 len: 1312 microversion: 2.1 time: 0.456502
Jan 31 19:49:48.968134 n-d-820368-3 devstack@n-api.service[136623]: [pid: 136623|app: 0|req: 192/375] 10.222.0.35 () {58 vars in 1235 bytes} [Mon Jan 31 19:49:48 2022] GET /compute/v2.1/servers/75bfd81f-27df-4b83-ae7c-2bc897385e32 => generated 1312 bytes in 458 msecs (HTTP/1.1 200) 9 headers in 358 bytes (1 switches on core 0)
Jan 31 19:49:48.972858 n-d-820368-3 devstack@n-api.service[136623]: DEBUG nova.api.openstack.wsgi [None req-74450b67-f76f-4352-927a-f552d82434c6 tempest-FlavorsAccessNegativeTestJSON-54746066 tempest-FlavorsAccessNegativeTestJSON-54746066-project-admin] Action: 'create', calling method: >, body: {"flavor": {"ram": 512, "vcpus": 1, "disk": 10, "name": "tempest-FlavorsAccessNegativeTestJSON-flavor-2021337816", "id": 1093628086, "os-flavor-access:is_public": "False"}} {{(pid=136623) _process_stack /opt/stack/nova/nova/api/openstack/wsgi.py:511}}
