Apr 29 12:05:08.702931 n-d-820368-29 nova-scheduler[116931]: DEBUG nova.weights [None req-46b07fb5-1b8a-4fb4-9de0-a7032b2caaf2 tempest-LiveAutoBlockMigrationV225Test-822367665 tempest-LiveAutoBlockMigrationV225Test-822367665-project] CrossCellWeigher: raw weights {('n-h2-820368-29', 'n-h2-820368-29'): 0, ('n-h1-820368-29', 'n-h1-820368-29'): 0} {{(pid=116931) get_weighed_objects /opt/stack/nova/nova/weights.py:136}}
Apr 29 12:05:08.703409 n-d-820368-29 nova-scheduler[116931]: DEBUG nova.weights [None req-46b07fb5-1b8a-4fb4-9de0-a7032b2caaf2 tempest-LiveAutoBlockMigrationV225Test-822367665 tempest-LiveAutoBlockMigrationV225Test-822367665-project] CrossCellWeigher: normalized weights {('n-h2-820368-29', 'n-h2-820368-29'): 0, ('n-h1-820368-29', 'n-h1-820368-29'): 0} {{(pid=116931) get_weighed_objects /opt/stack/nova/nova/weights.py:148}}
Apr 29 12:05:08.703998 n-d-820368-29 nova-scheduler[116931]: DEBUG nova.weights [None req-46b07fb5-1b8a-4fb4-9de0-a7032b2caaf2 tempest-LiveAutoBlockMigrationV225Test-822367665 tempest-LiveAutoBlockMigrationV225Test-822367665-project] CrossCellWeigher: score (multiplier * weight) {('n-h2-820368-29', 'n-h2-820368-29'): '1000000.0 * 0', ('n-h1-820368-29', 'n-h1-820368-29'): '1000000.0 * 0'} {{(pid=116931) get_weighed_objects /opt/stack/nova/nova/weights.py:166}}
Apr 29 12:05:08.704624 n-d-820368-29 nova-scheduler[116931]: DEBUG nova.weights [None req-46b07fb5-1b8a-4fb4-9de0-a7032b2caaf2 tempest-LiveAutoBlockMigrationV225Test-822367665 tempest-LiveAutoBlockMigrationV225Test-822367665-project] ServerGroupSoftAffinityWeigher: raw weights {('n-h2-820368-29', 'n-h2-820368-29'): 0, ('n-h1-820368-29', 'n-h1-820368-29'): 0} {{(pid=116931) get_weighed_objects /opt/stack/nova/nova/weights.py:136}}
Apr 29 12:05:08.705268 n-d-820368-29 nova-scheduler[116931]: DEBUG nova.weights [None req-46b07fb5-1b8a-4fb4-9de0-a7032b2caaf2 tempest-LiveAutoBlockMigrationV225Test-822367665 tempest-LiveAutoBlockMigrationV225Test-822367665-project] ServerGroupSoftAffinityWeigher: normalized weights {('n-h2-820368-29', 'n-h2-820368-29'): 0, ('n-h1-820368-29', 'n-h1-820368-29'): 0} {{(pid=116931) get_weighed_objects /opt/stack/nova/nova/weights.py:148}}
Apr 29 12:05:08.705832 n-d-820368-29 nova-scheduler[116931]: DEBUG nova.weights [None req-46b07fb5-1b8a-4fb4-9de0-a7032b2caaf2 tempest-LiveAutoBlockMigrationV225Test-822367665 tempest-LiveAutoBlockMigrationV225Test-822367665-project] ServerGroupSoftAffinityWeigher: score (multiplier * weight) {('n-h2-820368-29', 'n-h2-820368-29'): '1.0 * 0', ('n-h1-820368-29', 'n-h1-820368-29'): '1.0 * 0'} {{(pid=116931) get_weighed_objects /opt/stack/nova/nova/weights.py:166}}
Apr 29 12:05:08.706358 n-d-820368-29 nova-scheduler[116931]: DEBUG nova.weights [None req-46b07fb5-1b8a-4fb4-9de0-a7032b2caaf2 tempest-LiveAutoBlockMigrationV225Test-822367665 tempest-LiveAutoBlockMigrationV225Test-822367665-project] ServerGroupSoftAntiAffinityWeigher: raw weights {('n-h2-820368-29', 'n-h2-820368-29'): 0, ('n-h1-820368-29', 'n-h1-820368-29'): 0} {{(pid=116931) get_weighed_objects /opt/stack/nova/nova/weights.py:136}}
Apr 29 12:05:08.706885 n-d-820368-29 nova-scheduler[116931]: DEBUG nova.weights [None req-46b07fb5-1b8a-4fb4-9de0-a7032b2caaf2 tempest-LiveAutoBlockMigrationV225Test-822367665 tempest-LiveAutoBlockMigrationV225Test-822367665-project] ServerGroupSoftAntiAffinityWeigher: normalized weights {('n-h2-820368-29', 'n-h2-820368-29'): 0, ('n-h1-820368-29', 'n-h1-820368-29'): 0} {{(pid=116931) get_weighed_objects /opt/stack/nova/nova/weights.py:148}}
Apr 29 12:05:08.707446 n-d-820368-29 nova-scheduler[116931]: DEBUG nova.weights [None req-46b07fb5-1b8a-4fb4-9de0-a7032b2caaf2 tempest-LiveAutoBlockMigrationV225Test-822367665 tempest-LiveAutoBlockMigrationV225Test-822367665-project] ServerGroupSoftAntiAffinityWeigher: score (multiplier * weight) {('n-h2-820368-29', 'n-h2-820368-29'): '1.0 * 0', ('n-h1-820368-29', 'n-h1-820368-29'): '1.0 * 0'} {{(pid=116931) get_weighed_objects /opt/stack/nova/nova/weights.py:166}}
Apr 29 12:05:08.708010 n-d-820368-29 nova-scheduler[116931]: DEBUG nova.weights [None req-46b07fb5-1b8a-4fb4-9de0-a7032b2caaf2 tempest-LiveAutoBlockMigrationV225Test-822367665 tempest-LiveAutoBlockMigrationV225Test-822367665-project] IoOpsWeigher: raw weights {('n-h2-820368-29', 'n-h2-820368-29'): 4, ('n-h1-820368-29', 'n-h1-820368-29'): 3} {{(pid=116931) get_weighed_objects /opt/stack/nova/nova/weights.py:136}}
Apr 29 12:05:08.708543 n-d-820368-29 nova-scheduler[116931]: DEBUG nova.weights [None req-46b07fb5-1b8a-4fb4-9de0-a7032b2caaf2 tempest-LiveAutoBlockMigrationV225Test-822367665 tempest-LiveAutoBlockMigrationV225Test-822367665-project] IoOpsWeigher: normalized weights {('n-h2-820368-29', 'n-h2-820368-29'): 1.0, ('n-h1-820368-29', 'n-h1-820368-29'): 0.75} {{(pid=116931) get_weighed_objects /opt/stack/nova/nova/weights.py:148}}
Apr 29 12:05:08.709175 n-d-820368-29 nova-scheduler[116931]: DEBUG nova.weights [None req-46b07fb5-1b8a-4fb4-9de0-a7032b2caaf2 tempest-LiveAutoBlockMigrationV225Test-822367665 tempest-LiveAutoBlockMigrationV225Test-822367665-project] IoOpsWeigher: score (multiplier * weight) {('n-h2-820368-29', 'n-h2-820368-29'): '-1.0 * 1.0', ('n-h1-820368-29', 'n-h1-820368-29'): '-1.0 * 0.75'} {{(pid=116931) get_weighed_objects /opt/stack/nova/nova/weights.py:166}}
Apr 29 12:05:08.709696 n-d-820368-29 nova-scheduler[116931]: DEBUG nova.weights [None req-46b07fb5-1b8a-4fb4-9de0-a7032b2caaf2 tempest-LiveAutoBlockMigrationV225Test-822367665 tempest-LiveAutoBlockMigrationV225Test-822367665-project] BuildFailureWeigher: raw weights {('n-h2-820368-29', 'n-h2-820368-29'): 0, ('n-h1-820368-29', 'n-h1-820368-29'): 0} {{(pid=116931) get_weighed_objects /opt/stack/nova/nova/weights.py:136}}
Apr 29 12:05:08.710242 n-d-820368-29 nova-scheduler[116931]: DEBUG nova.weights [None req-46b07fb5-1b8a-4fb4-9de0-a7032b2caaf2 tempest-LiveAutoBlockMigrationV225Test-822367665 tempest-LiveAutoBlockMigrationV225Test-822367665-project] BuildFailureWeigher: normalized weights {('n-h2-820368-29', 'n-h2-820368-29'): 0, ('n-h1-820368-29', 'n-h1-820368-29'): 0} {{(pid=116931) get_weighed_objects /opt/stack/nova/nova/weights.py:148}}
Apr 29 12:05:08.710822 n-d-820368-29 nova-scheduler[116931]: DEBUG nova.weights [None req-46b07fb5-1b8a-4fb4-9de0-a7032b2caaf2 tempest-LiveAutoBlockMigrationV225Test-822367665 tempest-LiveAutoBlockMigrationV225Test-822367665-project] BuildFailureWeigher: score (multiplier * weight) {('n-h2-820368-29', 'n-h2-820368-29'): '-1000000.0 * 0', ('n-h1-820368-29', 'n-h1-820368-29'): '-1000000.0 * 0'} {{(pid=116931) get_weighed_objects /opt/stack/nova/nova/weights.py:166}}
Apr 29 12:05:08.711398 n-d-820368-29 nova-scheduler[116931]: DEBUG nova.scheduler.manager [None req-46b07fb5-1b8a-4fb4-9de0-a7032b2caaf2 tempest-LiveAutoBlockMigrationV225Test-822367665 tempest-LiveAutoBlockMigrationV225Test-822367665-project] Weighed [WeighedHost [host: (n-h1-820368-29, n-h1-820368-29) ram: 12799MB disk: 65536MB io_ops: 3 instances: 3, weight: 2.25], WeighedHost [host: (n-h2-820368-29, n-h2-820368-29) ram: 11775MB disk: 65536MB io_ops: 4 instances: 4, weight: 1.9092410613396376]] {{(pid=116931) _get_sorted_hosts /opt/stack/nova/nova/scheduler/manager.py:632}}
Apr 29 12:05:08.712052 n-d-820368-29 nova-scheduler[116931]: DEBUG nova.scheduler.utils [None req-46b07fb5-1b8a-4fb4-9de0-a7032b2caaf2 tempest-LiveAutoBlockMigrationV225Test-822367665 tempest-LiveAutoBlockMigrationV225Test-822367665-project] Attempting to claim resources in the placement API for instance 45707c92-0231-4606-b94b-4a082f63ce33 {{(pid=116931) claim_resources /opt/stack/nova/nova/scheduler/utils.py:1253}}
Apr 29 12:05:09.347769 n-d-820368-29 nova-scheduler[116931]: DEBUG nova.scheduler.manager [None req-46b07fb5-1b8a-4fb4-9de0-a7032b2caaf2 tempest-LiveAutoBlockMigrationV225Test-822367665 tempest-LiveAutoBlockMigrationV225Test-822367665-project] [instance: 45707c92-0231-4606-b94b-4a082f63ce33] Selected host: (n-h1-820368-29, n-h1-820368-29) ram: 12799MB disk: 65536MB io_ops: 3 instances: 3 {{(pid=116931) _consume_selected_host /opt/stack/nova/nova/scheduler/manager.py:513}}
Apr 29 12:05:09.349355 n-d-820368-29 nova-scheduler[116931]: DEBUG oslo_concurrency.lockutils [None req-46b07fb5-1b8a-4fb4-9de0-a7032b2caaf2 tempest-LiveAutoBlockMigrationV225Test-822367665 tempest-LiveAutoBlockMigrationV225Test-822367665-project] Lock "('n-h1-820368-29', 'n-h1-820368-29')" acquired by "nova.scheduler.host_manager.HostState.consume_from_request.._locked" :: waited 0.000s {{(pid=116931) inner /usr/local/lib/python3.8/dist-packages/oslo_concurrency/lockutils.py:386}}
Apr 29 12:05:09.349836 n-d-820368-29 nova-scheduler[116931]: DEBUG oslo_concurrency.lockutils [None req-46b07fb5-1b8a-4fb4-9de0-a7032b2caaf2 tempest-LiveAutoBlockMigrationV225Test-822367665 tempest-LiveAutoBlockMigrationV225Test-822367665-project] Lock "('n-h1-820368-29', 'n-h1-820368-29')" "released" by "nova.scheduler.host_manager.HostState.consume_from_request.._locked" :: held 0.001s {{(pid=116931) inner /usr/local/lib/python3.8/dist-packages/oslo_concurrency/lockutils.py:400}}
Apr 29 12:05:23.481958 n-d-820368-29 nova-scheduler[116934]: DEBUG nova.scheduler.manager [None req-db7f7fea-3975-415b-bc68-75cc7ef5edbb tempest-MigrationsAdminTest-1122599712 tempest-MigrationsAdminTest-1122599712-project-admin] Starting to schedule for instances: ['112e37ba-a2d3-4390-8fb7-7d8e0e7c89d3'] {{(pid=116934) select_destinations /opt/stack/nova/nova/scheduler/manager.py:141}}
Apr 29 12:05:23.482477 n-d-820368-29 nova-scheduler[116934]: DEBUG nova.scheduler.request_filter [None req-db7f7fea-3975-415b-bc68-75cc7ef5edbb tempest-MigrationsAdminTest-1122599712 tempest-MigrationsAdminTest-1122599712-project-admin] compute_status_filter request filter added forbidden trait COMPUTE_STATUS_DISABLED {{(pid=116934) compute_status_filter /opt/stack/nova/nova/scheduler/request_filter.py:254}}
Apr 29 12:05:23.482682 n-d-820368-29 nova-scheduler[116934]: DEBUG nova.scheduler.request_filter [None req-db7f7fea-3975-415b-bc68-75cc7ef5edbb tempest-MigrationsAdminTest-1122599712 tempest-MigrationsAdminTest-1122599712-project-admin] Request filter 'compute_status_filter' took 0.0 seconds {{(pid=116934) wrapper /opt/stack/nova/nova/scheduler/request_filter.py:46}}
Apr 29 12:05:23.483928 n-d-820368-29 nova-scheduler[116934]: DEBUG nova.scheduler.request_filter [None req-db7f7fea-3975-415b-bc68-75cc7ef5edbb tempest-MigrationsAdminTest-1122599712 tempest-MigrationsAdminTest-1122599712-project-admin] Request filter 'accelerators_filter' took 0.0 seconds {{(pid=116934) wrapper /opt/stack/nova/nova/scheduler/request_filter.py:46}}
Apr 29 12:05:23.812265 n-d-820368-29 nova-scheduler[116931]: DEBUG nova.scheduler.manager [None req-ccaf1a5c-973d-4119-8f26-bb9a7504ca19 tempest-ServersAdminNegativeTestJSON-531958482 tempest-ServersAdminNegativeTestJSON-531958482-project] Starting to schedule for instances: ['ff6dcf72-b951-4bfa-8c2c-989dc23ef864'] {{(pid=116931) select_destinations /opt/stack/nova/nova/scheduler/manager.py:141}}
Apr 29 12:05:23.812930 n-d-820368-29 nova-scheduler[116931]: DEBUG nova.scheduler.request_filter [None req-ccaf1a5c-973d-4119-8f26-bb9a7504ca19 tempest-ServersAdminNegativeTestJSON-531958482 tempest-ServersAdminNegativeTestJSON-531958482-project] compute_status_filter request filter added forbidden trait COMPUTE_STATUS_DISABLED {{(pid=116931) compute_status_filter /opt/stack/nova/nova/scheduler/request_filter.py:254}}
Apr 29 12:05:23.813355 n-d-820368-29 nova-scheduler[116931]: DEBUG nova.scheduler.request_filter [None req-ccaf1a5c-973d-4119-8f26-bb9a7504ca19 tempest-ServersAdminNegativeTestJSON-531958482 tempest-ServersAdminNegativeTestJSON-531958482-project] Request filter 'compute_status_filter' took 0.0 seconds {{(pid=116931) wrapper /opt/stack/nova/nova/scheduler/request_filter.py:46}}
Apr 29 12:05:23.813821 n-d-820368-29 nova-scheduler[116931]: DEBUG nova.scheduler.request_filter [None req-ccaf1a5c-973d-4119-8f26-bb9a7504ca19 tempest-ServersAdminNegativeTestJSON-531958482 tempest-ServersAdminNegativeTestJSON-531958482-project] Request filter 'accelerators_filter' took 0.0 seconds {{(pid=116931) wrapper /opt/stack/nova/nova/scheduler/request_filter.py:46}}
Apr 29 12:05:23.817300 n-d-820368-29 nova-scheduler[116931]: DEBUG nova.scheduler.request_filter [None req-ccaf1a5c-973d-4119-8f26-bb9a7504ca19 tempest-ServersAdminNegativeTestJSON-531958482 tempest-ServersAdminNegativeTestJSON-531958482-project] Request filter 'remote_managed_ports_filter' took 0.0 seconds {{(pid=116931) wrapper /opt/stack/nova/nova/scheduler/request_filter.py:46}}
Apr 29 12:05:23.865978 n-d-820368-29 nova-scheduler[116934]: DEBUG nova.scheduler.request_filter [None req-db7f7fea-3975-415b-bc68-75cc7ef5edbb tempest-MigrationsAdminTest-1122599712 tempest-MigrationsAdminTest-1122599712-project-admin] Request filter 'remote_managed_ports_filter' took 0.4 seconds {{(pid=116934) wrapper /opt/stack/nova/nova/scheduler/request_filter.py:46}}
Apr 29 12:05:23.917017 n-d-820368-29 nova-scheduler[116931]: DEBUG oslo_concurrency.lockutils [None req-ccaf1a5c-973d-4119-8f26-bb9a7504ca19 tempest-ServersAdminNegativeTestJSON-531958482 tempest-ServersAdminNegativeTestJSON-531958482-project] Lock "688acd56-64f0-4911-9b48-329fe36235c8" acquired by "nova.context.set_target_cell..get_or_set_cached_cell_and_set_connections" :: waited 0.000s {{(pid=116931) inner /usr/local/lib/python3.8/dist-packages/oslo_concurrency/lockutils.py:386}}
Apr 29 12:05:23.917718 n-d-820368-29 nova-scheduler[116931]: DEBUG oslo_concurrency.lockutils [None req-ccaf1a5c-973d-4119-8f26-bb9a7504ca19 tempest-ServersAdminNegativeTestJSON-531958482 tempest-ServersAdminNegativeTestJSON-531958482-project] Lock "688acd56-64f0-4911-9b48-329fe36235c8" "released" by "nova.context.set_target_cell..get_or_set_cached_cell_and_set_connections" :: held 0.001s {{(pid=116931) inner /usr/local/lib/python3.8/dist-packages/oslo_concurrency/lockutils.py:400}}
Apr 29 12:05:23.947765 n-d-820368-29 nova-scheduler[116931]: DEBUG oslo_concurrency.lockutils [None req-ccaf1a5c-973d-4119-8f26-bb9a7504ca19 tempest-ServersAdminNegativeTestJSON-531958482 tempest-ServersAdminNegativeTestJSON-531958482-project] Lock "688acd56-64f0-4911-9b48-329fe36235c8" acquired by "nova.context.set_target_cell..get_or_set_cached_cell_and_set_connections" :: waited 0.000s {{(pid=116931) inner /usr/local/lib/python3.8/dist-packages/oslo_concurrency/lockutils.py:386}}
Apr 29 12:05:23.948369 n-d-820368-29 nova-scheduler[116931]: DEBUG oslo_concurrency.lockutils [None req-ccaf1a5c-973d-4119-8f26-bb9a7504ca19 tempest-ServersAdminNegativeTestJSON-531958482 tempest-ServersAdminNegativeTestJSON-531958482-project] Lock "688acd56-64f0-4911-9b48-329fe36235c8" "released" by "nova.context.set_target_cell..get_or_set_cached_cell_and_set_connections" :: held 0.001s {{(pid=116931) inner /usr/local/lib/python3.8/dist-packages/oslo_concurrency/lockutils.py:400}}
Apr 29 12:05:23.959339 n-d-820368-29 nova-scheduler[116931]: DEBUG oslo_concurrency.lockutils [None req-ccaf1a5c-973d-4119-8f26-bb9a7504ca19 tempest-ServersAdminNegativeTestJSON-531958482 tempest-ServersAdminNegativeTestJSON-531958482-project] Lock "('n-h1-820368-29', 'n-h1-820368-29')" acquired by "nova.scheduler.host_manager.HostState.update.._locked_update" :: waited 0.000s {{(pid=116931) inner /usr/local/lib/python3.8/dist-packages/oslo_concurrency/lockutils.py:386}}
Apr 29 12:05:23.960246 n-d-820368-29 nova-scheduler[116931]: DEBUG nova.scheduler.host_manager [None req-ccaf1a5c-973d-4119-8f26-bb9a7504ca19 tempest-ServersAdminNegativeTestJSON-531958482 tempest-ServersAdminNegativeTestJSON-531958482-project] Update host state from compute node: ComputeNode(cpu_allocation_ratio=16.0,cpu_info='{"arch": "x86_64", "model": "Intel(R) Xeon(R) CPU E5-2430L 0 @ 2.00GHz", "vendor": "GenuineIntel", "topology": {"sockets": 1, "cores": 6, "threads": 1}, "features": ["mmx", "sse", "rdtsc", "pae", "sse2", "nx", "sse3", "xsave"]}',created_at=2022-04-29T12:01:40Z,current_workload=1,deleted=False,deleted_at=None,disk_allocation_ratio=1.0,disk_available_least=64,free_disk_gb=76,free_ram_mb=12799,host='n-h1-820368-29',host_ip=10.222.0.79,hypervisor_hostname='n-h1-820368-29',hypervisor_type='hyperv',hypervisor_version=10000,id=1,local_gb=79,local_gb_used=3,mapped=1,memory_mb=16383,memory_mb_used=3584,metrics='[]',numa_topology='{"nova_object.name": "NUMATopology", "nova_object.namespace": "nova", "nova_object.version": "1.2", "nova_object.data": {"cells": [{"nova_object.name": "NUMACell", "nova_object.namespace": "nova", "nova_object.version": "1.5", "nova_object.data": {"id": 0, "cpuset": [0, 1, 2, 3, 4, 5], "memory": 16383, "cpu_usage": 0, "memory_usage": 12718, "pinned_cpus": [], "siblings": [], "mempages": []}, "nova_object.changes": ["id", "memory_usage", "siblings", "pinned_cpus", "memory", "cpuset", "cpu_usage", "mempages"]}]}, "nova_object.changes": ["cells"]}',pci_device_pools=PciDevicePoolList,ram_allocation_ratio=1.5,running_vms=3,service_id=None,stats={failed_builds='0',io_workload='3',num_instances='3',num_os_type_None='3',num_proj_6483e32268e844828e0d3a50298487ea='0',num_proj_658fdb5f26ad4a2bb64d7eeba8d8d967='1',num_proj_6b362b630c84430f999295347c37b71c='1',num_proj_a7c600fd71174fa0b51411c3f5f182db='0',num_proj_bfe36e00783545bf9354b3f0c3808cd6='1',num_task_None='2',num_task_spawning='1',num_vm_building='3'},supported_hv_specs=[HVSpec,HVSpec],updated_at=2022-04-29T12:05:16Z,uuid=05d32185-3911-436e-bfca-d4688be94e26,vcpus=6,vcpus_used=3) {{(pid=116931) _locked_update /opt/stack/nova/nova/scheduler/host_manager.py:167}}
Apr 29 12:05:23.961337 n-d-820368-29 nova-scheduler[116931]: DEBUG nova.scheduler.host_manager [None req-ccaf1a5c-973d-4119-8f26-bb9a7504ca19 tempest-ServersAdminNegativeTestJSON-531958482 tempest-ServersAdminNegativeTestJSON-531958482-project] Update host state with aggregates: [] {{(pid=116931) _locked_update /opt/stack/nova/nova/scheduler/host_manager.py:170}}
Apr 29 12:05:23.961708 n-d-820368-29 nova-scheduler[116931]: DEBUG nova.scheduler.host_manager [None req-ccaf1a5c-973d-4119-8f26-bb9a7504ca19 tempest-ServersAdminNegativeTestJSON-531958482 tempest-ServersAdminNegativeTestJSON-531958482-project] Update host state with service dict: {'id': 3, 'uuid': '4dfc7ac6-5ef7-4547-8ed9-39da859e5691', 'host': 'n-h1-820368-29', 'binary': 'nova-compute', 'topic': 'compute', 'report_count': 22, 'disabled': False, 'disabled_reason': None, 'last_seen_up': datetime.datetime(2022, 4, 29, 12, 5, 21, tzinfo=datetime.timezone.utc), 'forced_down': False, 'version': 62, 'created_at': datetime.datetime(2022, 4, 29, 12, 1, 38, tzinfo=datetime.timezone.utc), 'updated_at': datetime.datetime(2022, 4, 29, 12, 5, 21, tzinfo=datetime.timezone.utc), 'deleted_at': None, 'deleted': False} {{(pid=116931) _locked_update /opt/stack/nova/nova/scheduler/host_manager.py:173}}
Apr 29 12:05:23.962289 n-d-820368-29 nova-scheduler[116931]: DEBUG nova.scheduler.host_manager [None req-ccaf1a5c-973d-4119-8f26-bb9a7504ca19 tempest-ServersAdminNegativeTestJSON-531958482 tempest-ServersAdminNegativeTestJSON-531958482-project] Update host state with instances: ['8cdf058a-9812-47a9-8941-d4bad8cc143d', '112e37ba-a2d3-4390-8fb7-7d8e0e7c89d3', '45707c92-0231-4606-b94b-4a082f63ce33'] {{(pid=116931) _locked_update /opt/stack/nova/nova/scheduler/host_manager.py:176}}
Apr 29 12:05:23.962856 n-d-820368-29 nova-scheduler[116931]: DEBUG oslo_concurrency.lockutils [None req-ccaf1a5c-973d-4119-8f26-bb9a7504ca19 tempest-ServersAdminNegativeTestJSON-531958482 tempest-ServersAdminNegativeTestJSON-531958482-project] Lock "('n-h1-820368-29', 'n-h1-820368-29')" "released" by "nova.scheduler.host_manager.HostState.update.._locked_update" :: held 0.004s {{(pid=116931) inner /usr/local/lib/python3.8/dist-packages/oslo_concurrency/lockutils.py:400}}
Apr 29 12:05:23.963964 n-d-820368-29 nova-scheduler[116931]: DEBUG oslo_concurrency.lockutils [None req-ccaf1a5c-973d-4119-8f26-bb9a7504ca19 tempest-ServersAdminNegativeTestJSON-531958482 tempest-ServersAdminNegativeTestJSON-531958482-project] Lock "688acd56-64f0-4911-9b48-329fe36235c8" acquired by "nova.context.set_target_cell..get_or_set_cached_cell_and_set_connections" :: waited 0.000s {{(pid=116931) inner /usr/local/lib/python3.8/dist-packages/oslo_concurrency/lockutils.py:386}}
Apr 29 12:05:23.964512 n-d-820368-29 nova-scheduler[116931]: DEBUG oslo_concurrency.lockutils [None req-ccaf1a5c-973d-4119-8f26-bb9a7504ca19 tempest-ServersAdminNegativeTestJSON-531958482 tempest-ServersAdminNegativeTestJSON-531958482-project] Lock "688acd56-64f0-4911-9b48-329fe36235c8" "released" by "nova.context.set_target_cell..get_or_set_cached_cell_and_set_connections" :: held 0.001s {{(pid=116931) inner /usr/local/lib/python3.8/dist-packages/oslo_concurrency/lockutils.py:400}}
Apr 29 12:05:23.968699 n-d-820368-29 nova-scheduler[116934]: DEBUG oslo_concurrency.lockutils [None req-db7f7fea-3975-415b-bc68-75cc7ef5edbb tempest-MigrationsAdminTest-1122599712 tempest-MigrationsAdminTest-1122599712-project-admin] Lock "688acd56-64f0-4911-9b48-329fe36235c8" acquired by "nova.context.set_target_cell..get_or_set_cached_cell_and_set_connections" :: waited 0.000s {{(pid=116934) inner /usr/local/lib/python3.8/dist-packages/oslo_concurrency/lockutils.py:386}}
Apr 29 12:05:23.972991 n-d-820368-29 nova-scheduler[116931]: DEBUG oslo_concurrency.lockutils [None req-ccaf1a5c-973d-4119-8f26-bb9a7504ca19 tempest-ServersAdminNegativeTestJSON-531958482 tempest-ServersAdminNegativeTestJSON-531958482-project] Lock "('n-h2-820368-29', 'n-h2-820368-29')" acquired by "nova.scheduler.host_manager.HostState.update.._locked_update" :: waited 0.000s {{(pid=116931) inner /usr/local/lib/python3.8/dist-packages/oslo_concurrency/lockutils.py:386}}
Apr 29 12:05:23.973195 n-d-820368-29 nova-scheduler[116931]: DEBUG nova.scheduler.host_manager [None req-ccaf1a5c-973d-4119-8f26-bb9a7504ca19 tempest-ServersAdminNegativeTestJSON-531958482 tempest-ServersAdminNegativeTestJSON-531958482-project] Update host state from compute node: ComputeNode(cpu_allocation_ratio=16.0,cpu_info='{"arch": "x86_64", "model": "Intel(R) Xeon(R) CPU E5-2430L 0 @ 2.00GHz", "vendor": "GenuineIntel", "topology": {"sockets": 1, "cores": 6, "threads": 1}, "features": ["mmx", "sse", "rdtsc", "pae", "sse2", "nx", "sse3", "xsave"]}',created_at=2022-04-29T12:02:00Z,current_workload=2,deleted=False,deleted_at=None,disk_allocation_ratio=1.0,disk_available_least=64,free_disk_gb=75,free_ram_mb=11775,host='n-h2-820368-29',host_ip=10.222.0.78,hypervisor_hostname='n-h2-820368-29',hypervisor_type='hyperv',hypervisor_version=10000,id=2,local_gb=79,local_gb_used=4,mapped=1,memory_mb=16383,memory_mb_used=4608,metrics='[]',numa_topology='{"nova_object.name": "NUMATopology", "nova_object.namespace": "nova", "nova_object.version": "1.2", "nova_object.data": {"cells": [{"nova_object.name": "NUMACell", "nova_object.namespace": "nova", "nova_object.version": "1.5", "nova_object.data": {"id": 0, "cpuset": [0, 1, 2, 3, 4, 5], "memory": 16383, "cpu_usage": 0, "memory_usage": 12922, "pinned_cpus": [], "siblings": [], "mempages": []}, "nova_object.changes": ["cpuset", "id", "memory", "pinned_cpus", "mempages", "siblings", "memory_usage", "cpu_usage"]}]}, "nova_object.changes": ["cells"]}',pci_device_pools=PciDevicePoolList,ram_allocation_ratio=1.5,running_vms=4,service_id=None,stats={failed_builds='0',io_workload='4',num_instances='4',num_os_type_None='4',num_proj_658fdb5f26ad4a2bb64d7eeba8d8d967='1',num_proj_68b87e53478b420c9adea3a00db91122='1',num_proj_70fa1ef3d47e4d6ea13814fe5e8d591e='1',num_proj_b488ec3d96314ca5a92e24c122231fbc='1',num_task_None='2',num_task_spawning='2',num_vm_building='4'},supported_hv_specs=[HVSpec,HVSpec],updated_at=2022-04-29T12:04:52Z,uuid=74ef3690-fa24-4328-8808-60a48e0321bd,vcpus=6,vcpus_used=4) {{(pid=116931) _locked_update /opt/stack/nova/nova/scheduler/host_manager.py:167}}
Apr 29 12:05:23.973942 n-d-820368-29 nova-scheduler[116931]: DEBUG nova.scheduler.host_manager [None req-ccaf1a5c-973d-4119-8f26-bb9a7504ca19 tempest-ServersAdminNegativeTestJSON-531958482 tempest-ServersAdminNegativeTestJSON-531958482-project] Update host state with aggregates: [] {{(pid=116931) _locked_update /opt/stack/nova/nova/scheduler/host_manager.py:170}}
Apr 29 12:05:23.974058 n-d-820368-29 nova-scheduler[116934]: DEBUG oslo_concurrency.lockutils [None req-db7f7fea-3975-415b-bc68-75cc7ef5edbb tempest-MigrationsAdminTest-1122599712 tempest-MigrationsAdminTest-1122599712-project-admin] Lock "688acd56-64f0-4911-9b48-329fe36235c8" "released" by "nova.context.set_target_cell..get_or_set_cached_cell_and_set_connections" :: held 0.001s {{(pid=116934) inner /usr/local/lib/python3.8/dist-packages/oslo_concurrency/lockutils.py:400}}
Apr 29 12:05:23.974360 n-d-820368-29 nova-scheduler[116931]: DEBUG nova.scheduler.host_manager [None req-ccaf1a5c-973d-4119-8f26-bb9a7504ca19 tempest-ServersAdminNegativeTestJSON-531958482 tempest-ServersAdminNegativeTestJSON-531958482-project] Update host state with service dict: {'id': 4, 'uuid': '28fbf844-216c-43cf-b983-9c8d588713cb', 'host': 'n-h2-820368-29', 'binary': 'nova-compute', 'topic': 'compute', 'report_count': 20, 'disabled': False, 'disabled_reason': None, 'last_seen_up': datetime.datetime(2022, 4, 29, 12, 5, 21, tzinfo=datetime.timezone.utc), 'forced_down': False, 'version': 62, 'created_at': datetime.datetime(2022, 4, 29, 12, 1, 58, tzinfo=datetime.timezone.utc), 'updated_at': datetime.datetime(2022, 4, 29, 12, 5, 21, tzinfo=datetime.timezone.utc), 'deleted_at': None, 'deleted': False} {{(pid=116931) _locked_update /opt/stack/nova/nova/scheduler/host_manager.py:173}}
Apr 29 12:05:23.974870 n-d-820368-29 nova-scheduler[116931]: DEBUG nova.scheduler.host_manager [None req-ccaf1a5c-973d-4119-8f26-bb9a7504ca19 tempest-ServersAdminNegativeTestJSON-531958482 tempest-ServersAdminNegativeTestJSON-531958482-project] Update host state with instances: ['692d389e-2c2a-495f-a0c8-9b4cdae8dcb0', 'ff8b3770-e720-4212-84cc-3018593d5537', '4a492543-277e-47ba-b151-17fe4b5a573f', 'cf123a87-853c-4ffe-a4ce-706090135253'] {{(pid=116931) _locked_update /opt/stack/nova/nova/scheduler/host_manager.py:176}}
Apr 29 12:05:23.975546 n-d-820368-29 nova-scheduler[116931]: DEBUG oslo_concurrency.lockutils [None req-ccaf1a5c-973d-4119-8f26-bb9a7504ca19 tempest-ServersAdminNegativeTestJSON-531958482 tempest-ServersAdminNegativeTestJSON-531958482-project] Lock "('n-h2-820368-29', 'n-h2-820368-29')" "released" by "nova.scheduler.host_manager.HostState.update.._locked_update" :: held 0.003s {{(pid=116931) inner /usr/local/lib/python3.8/dist-packages/oslo_concurrency/lockutils.py:400}}
Apr 29 12:05:23.976058 n-d-820368-29 nova-scheduler[116931]: DEBUG nova.filters [None req-ccaf1a5c-973d-4119-8f26-bb9a7504ca19 tempest-ServersAdminNegativeTestJSON-531958482 tempest-ServersAdminNegativeTestJSON-531958482-project] Starting with 2 host(s) {{(pid=116931) get_filtered_objects /opt/stack/nova/nova/filters.py:70}}
Apr 29 12:05:23.976482 n-d-820368-29 nova-scheduler[116931]: DEBUG nova.filters [None req-ccaf1a5c-973d-4119-8f26-bb9a7504ca19 tempest-ServersAdminNegativeTestJSON-531958482 tempest-ServersAdminNegativeTestJSON-531958482-project] Filter AvailabilityZoneFilter returned 2 host(s) {{(pid=116931) get_filtered_objects /opt/stack/nova/nova/filters.py:102}}
Apr 29 12:05:23.977260 n-d-820368-29 nova-scheduler[116931]: DEBUG nova.filters [None req-ccaf1a5c-973d-4119-8f26-bb9a7504ca19 tempest-ServersAdminNegativeTestJSON-531958482 tempest-ServersAdminNegativeTestJSON-531958482-project] Filter ComputeFilter returned 2 host(s) {{(pid=116931) get_filtered_objects /opt/stack/nova/nova/filters.py:102}}
Apr 29 12:05:23.977871 n-d-820368-29 nova-scheduler[116931]: DEBUG nova.filters [None req-ccaf1a5c-973d-4119-8f26-bb9a7504ca19 tempest-ServersAdminNegativeTestJSON-531958482 tempest-ServersAdminNegativeTestJSON-531958482-project] Filter ComputeCapabilitiesFilter returned 2 host(s) {{(pid=116931) get_filtered_objects /opt/stack/nova/nova/filters.py:102}}
Apr 29 12:05:23.978555 n-d-820368-29 nova-scheduler[116931]: DEBUG nova.filters [None req-ccaf1a5c-973d-4119-8f26-bb9a7504ca19 tempest-ServersAdminNegativeTestJSON-531958482 tempest-ServersAdminNegativeTestJSON-531958482-project] Filter ImagePropertiesFilter returned 2 host(s) {{(pid=116931) get_filtered_objects /opt/stack/nova/nova/filters.py:102}}
Apr 29 12:05:23.979236 n-d-820368-29 nova-scheduler[116931]: DEBUG nova.filters [None req-ccaf1a5c-973d-4119-8f26-bb9a7504ca19 tempest-ServersAdminNegativeTestJSON-531958482 tempest-ServersAdminNegativeTestJSON-531958482-project] Filter ServerGroupAntiAffinityFilter returned 2 host(s) {{(pid=116931) get_filtered_objects /opt/stack/nova/nova/filters.py:102}}
Apr 29 12:05:23.979915 n-d-820368-29 nova-scheduler[116931]: DEBUG nova.filters [None req-ccaf1a5c-973d-4119-8f26-bb9a7504ca19 tempest-ServersAdminNegativeTestJSON-531958482 tempest-ServersAdminNegativeTestJSON-531958482-project] Filter ServerGroupAffinityFilter returned 2 host(s) {{(pid=116931) get_filtered_objects /opt/stack/nova/nova/filters.py:102}}
Apr 29 12:05:23.980495 n-d-820368-29 nova-scheduler[116931]: DEBUG nova.filters [None req-ccaf1a5c-973d-4119-8f26-bb9a7504ca19 tempest-ServersAdminNegativeTestJSON-531958482 tempest-ServersAdminNegativeTestJSON-531958482-project] Filter SameHostFilter returned 2 host(s) {{(pid=116931) get_filtered_objects /opt/stack/nova/nova/filters.py:102}}
Apr 29 12:05:23.981152 n-d-820368-29 nova-scheduler[116931]: DEBUG nova.filters [None req-ccaf1a5c-973d-4119-8f26-bb9a7504ca19 tempest-ServersAdminNegativeTestJSON-531958482 tempest-ServersAdminNegativeTestJSON-531958482-project] Filter DifferentHostFilter returned 2 host(s) {{(pid=116931) get_filtered_objects /opt/stack/nova/nova/filters.py:102}}
Apr 29 12:05:23.981716 n-d-820368-29 nova-scheduler[116931]: DEBUG nova.scheduler.manager [None req-ccaf1a5c-973d-4119-8f26-bb9a7504ca19 tempest-ServersAdminNegativeTestJSON-531958482 tempest-ServersAdminNegativeTestJSON-531958482-project] Filtered [(n-h2-820368-29, n-h2-820368-29) ram: 11775MB disk: 65536MB io_ops: 4 instances: 4, (n-h1-820368-29, n-h1-820368-29) ram: 12799MB disk: 65536MB io_ops: 3 instances: 3] {{(pid=116931) _get_sorted_hosts /opt/stack/nova/nova/scheduler/manager.py:610}}
Apr 29 12:05:23.982284 n-d-820368-29 nova-scheduler[116931]: DEBUG nova.weights [None req-ccaf1a5c-973d-4119-8f26-bb9a7504ca19 tempest-ServersAdminNegativeTestJSON-531958482 tempest-ServersAdminNegativeTestJSON-531958482-project] DiskWeigher: raw weights {('n-h2-820368-29', 'n-h2-820368-29'): 65536, ('n-h1-820368-29', 'n-h1-820368-29'): 65536} {{(pid=116931) get_weighed_objects /opt/stack/nova/nova/weights.py:136}}
Apr 29 12:05:23.982828 n-d-820368-29 nova-scheduler[116931]: DEBUG nova.weights [None req-ccaf1a5c-973d-4119-8f26-bb9a7504ca19 tempest-ServersAdminNegativeTestJSON-531958482 tempest-ServersAdminNegativeTestJSON-531958482-project] DiskWeigher: normalized weights {('n-h2-820368-29', 'n-h2-820368-29'): 1.0, ('n-h1-820368-29', 'n-h1-820368-29'): 1.0} {{(pid=116931) get_weighed_objects /opt/stack/nova/nova/weights.py:148}}
Apr 29 12:05:23.983594 n-d-820368-29 nova-scheduler[116931]: DEBUG nova.weights [None req-ccaf1a5c-973d-4119-8f26-bb9a7504ca19 tempest-ServersAdminNegativeTestJSON-531958482 tempest-ServersAdminNegativeTestJSON-531958482-project] DiskWeigher: score (multiplier * weight) {('n-h2-820368-29', 'n-h2-820368-29'): '1.0 * 1.0', ('n-h1-820368-29', 'n-h1-820368-29'): '1.0 * 1.0'} {{(pid=116931) get_weighed_objects /opt/stack/nova/nova/weights.py:166}}
Apr 29 12:05:23.987885 n-d-820368-29 nova-scheduler[116931]: DEBUG nova.weights [None req-ccaf1a5c-973d-4119-8f26-bb9a7504ca19 tempest-ServersAdminNegativeTestJSON-531958482 tempest-ServersAdminNegativeTestJSON-531958482-project] CPUWeigher: raw weights {('n-h2-820368-29', 'n-h2-820368-29'): 92.0, ('n-h1-820368-29', 'n-h1-820368-29'): 93.0} {{(pid=116931) get_weighed_objects /opt/stack/nova/nova/weights.py:136}}
Apr 29 12:05:23.987885 n-d-820368-29 nova-scheduler[116931]: DEBUG nova.weights [None req-ccaf1a5c-973d-4119-8f26-bb9a7504ca19 tempest-ServersAdminNegativeTestJSON-531958482 tempest-ServersAdminNegativeTestJSON-531958482-project] CPUWeigher: normalized weights {('n-h2-820368-29', 'n-h2-820368-29'): 0.989247311827957, ('n-h1-820368-29', 'n-h1-820368-29'): 1.0} {{(pid=116931) get_weighed_objects /opt/stack/nova/nova/weights.py:148}}
Apr 29 12:05:23.987885 n-d-820368-29 nova-scheduler[116931]: DEBUG nova.weights [None req-ccaf1a5c-973d-4119-8f26-bb9a7504ca19 tempest-ServersAdminNegativeTestJSON-531958482 tempest-ServersAdminNegativeTestJSON-531958482-project] CPUWeigher: score (multiplier * weight) {('n-h2-820368-29', 'n-h2-820368-29'): '1.0 * 0.989247311827957', ('n-h1-820368-29', 'n-h1-820368-29'): '1.0 * 1.0'} {{(pid=116931) get_weighed_objects /opt/stack/nova/nova/weights.py:166}}
Apr 29 12:05:23.987885 n-d-820368-29 nova-scheduler[116931]: DEBUG nova.weights [None req-ccaf1a5c-973d-4119-8f26-bb9a7504ca19 tempest-ServersAdminNegativeTestJSON-531958482 tempest-ServersAdminNegativeTestJSON-531958482-project] MetricsWeigher: raw weights {('n-h2-820368-29', 'n-h2-820368-29'): 0.0, ('n-h1-820368-29', 'n-h1-820368-29'): 0.0} {{(pid=116931) get_weighed_objects /opt/stack/nova/nova/weights.py:136}}
Apr 29 12:05:23.987885 n-d-820368-29 nova-scheduler[116931]: DEBUG nova.weights [None req-ccaf1a5c-973d-4119-8f26-bb9a7504ca19 tempest-ServersAdminNegativeTestJSON-531958482 tempest-ServersAdminNegativeTestJSON-531958482-project] MetricsWeigher: normalized weights {('n-h2-820368-29', 'n-h2-820368-29'): 0, ('n-h1-820368-29', 'n-h1-820368-29'): 0} {{(pid=116931) get_weighed_objects /opt/stack/nova/nova/weights.py:148}}
Apr 29 12:05:23.987885 n-d-820368-29 nova-scheduler[116931]: DEBUG nova.weights [None req-ccaf1a5c-973d-4119-8f26-bb9a7504ca19 tempest-ServersAdminNegativeTestJSON-531958482 tempest-ServersAdminNegativeTestJSON-531958482-project] MetricsWeigher: score (multiplier * weight) {('n-h2-820368-29', 'n-h2-820368-29'): '1.0 * 0', ('n-h1-820368-29', 'n-h1-820368-29'): '1.0 * 0'} {{(pid=116931) get_weighed_objects /opt/stack/nova/nova/weights.py:166}}
Apr 29 12:05:23.987885 n-d-820368-29 nova-scheduler[116931]: DEBUG nova.weights [None req-ccaf1a5c-973d-4119-8f26-bb9a7504ca19 tempest-ServersAdminNegativeTestJSON-531958482 tempest-ServersAdminNegativeTestJSON-531958482-project] PCIWeigher: raw weights {('n-h2-820368-29', 'n-h2-820368-29'): 100, ('n-h1-820368-29', 'n-h1-820368-29'): 100} {{(pid=116931) get_weighed_objects /opt/stack/nova/nova/weights.py:136}}
Apr 29 12:05:23.987885 n-d-820368-29 nova-scheduler[116931]: DEBUG nova.weights [None req-ccaf1a5c-973d-4119-8f26-bb9a7504ca19 tempest-ServersAdminNegativeTestJSON-531958482 tempest-ServersAdminNegativeTestJSON-531958482-project] PCIWeigher: normalized weights {('n-h2-820368-29', 'n-h2-820368-29'): 0, ('n-h1-820368-29', 'n-h1-820368-29'): 0} {{(pid=116931) get_weighed_objects /opt/stack/nova/nova/weights.py:148}}
Apr 29 12:05:23.987885 n-d-820368-29 nova-scheduler[116931]: DEBUG nova.weights [None req-ccaf1a5c-973d-4119-8f26-bb9a7504ca19 tempest-ServersAdminNegativeTestJSON-531958482 tempest-ServersAdminNegativeTestJSON-531958482-project] PCIWeigher: score (multiplier * weight) {('n-h2-820368-29', 'n-h2-820368-29'): '1.0 * 0', ('n-h1-820368-29', 'n-h1-820368-29'): '1.0 * 0'} {{(pid=116931) get_weighed_objects /opt/stack/nova/nova/weights.py:166}}
Apr 29 12:05:23.988696 n-d-820368-29 nova-scheduler[116934]: DEBUG oslo_concurrency.lockutils [None req-db7f7fea-3975-415b-bc68-75cc7ef5edbb tempest-MigrationsAdminTest-1122599712 tempest-MigrationsAdminTest-1122599712-project-admin] Lock "688acd56-64f0-4911-9b48-329fe36235c8" acquired by "nova.context.set_target_cell..get_or_set_cached_cell_and_set_connections" :: waited 0.000s {{(pid=116934) inner /usr/local/lib/python3.8/dist-packages/oslo_concurrency/lockutils.py:386}}
Apr 29 12:05:23.988971 n-d-820368-29 nova-scheduler[116931]: DEBUG nova.weights [None req-ccaf1a5c-973d-4119-8f26-bb9a7504ca19 tempest-ServersAdminNegativeTestJSON-531958482 tempest-ServersAdminNegativeTestJSON-531958482-project] RAMWeigher: raw weights {('n-h2-820368-29', 'n-h2-820368-29'): 11775, ('n-h1-820368-29', 'n-h1-820368-29'): 12799} {{(pid=116931) get_weighed_objects /opt/stack/nova/nova/weights.py:136}}
Apr 29 12:05:23.989089 n-d-820368-29 nova-scheduler[116934]: DEBUG oslo_concurrency.lockutils [None req-db7f7fea-3975-415b-bc68-75cc7ef5edbb tempest-MigrationsAdminTest-1122599712 tempest-MigrationsAdminTest-1122599712-project-admin] Lock "688acd56-64f0-4911-9b48-329fe36235c8" "released" by "nova.context.set_target_cell..get_or_set_cached_cell_and_set_connections" :: held 0.001s {{(pid=116934) inner /usr/local/lib/python3.8/dist-packages/oslo_concurrency/lockutils.py:400}}
Apr 29 12:05:23.989613 n-d-820368-29 nova-scheduler[116931]: DEBUG nova.weights [None req-ccaf1a5c-973d-4119-8f26-bb9a7504ca19 tempest-ServersAdminNegativeTestJSON-531958482 tempest-ServersAdminNegativeTestJSON-531958482-project] RAMWeigher: normalized weights {('n-h2-820368-29', 'n-h2-820368-29'): 0.9199937495116806, ('n-h1-820368-29', 'n-h1-820368-29'): 1.0} {{(pid=116931) get_weighed_objects /opt/stack/nova/nova/weights.py:148}}
Apr 29 12:05:23.990226 n-d-820368-29 nova-scheduler[116931]: DEBUG nova.weights [None req-ccaf1a5c-973d-4119-8f26-bb9a7504ca19 tempest-ServersAdminNegativeTestJSON-531958482 tempest-ServersAdminNegativeTestJSON-531958482-project] RAMWeigher: score (multiplier * weight) {('n-h2-820368-29', 'n-h2-820368-29'): '1.0 * 0.9199937495116806', ('n-h1-820368-29', 'n-h1-820368-29'): '1.0 * 1.0'} {{(pid=116931) get_weighed_objects /opt/stack/nova/nova/weights.py:166}}
Apr 29 12:05:23.990786 n-d-820368-29 nova-scheduler[116931]: DEBUG nova.weights [None req-ccaf1a5c-973d-4119-8f26-bb9a7504ca19 tempest-ServersAdminNegativeTestJSON-531958482 tempest-ServersAdminNegativeTestJSON-531958482-project] CrossCellWeigher: raw weights {('n-h2-820368-29', 'n-h2-820368-29'): 0, ('n-h1-820368-29', 'n-h1-820368-29'): 0} {{(pid=116931) get_weighed_objects /opt/stack/nova/nova/weights.py:136}}
Apr 29 12:05:23.991328 n-d-820368-29 nova-scheduler[116931]: DEBUG nova.weights [None req-ccaf1a5c-973d-4119-8f26-bb9a7504ca19 tempest-ServersAdminNegativeTestJSON-531958482 tempest-ServersAdminNegativeTestJSON-531958482-project] CrossCellWeigher: normalized weights {('n-h2-820368-29', 'n-h2-820368-29'): 0, ('n-h1-820368-29', 'n-h1-820368-29'): 0} {{(pid=116931) get_weighed_objects /opt/stack/nova/nova/weights.py:148}}
Apr 29 12:05:23.991924 n-d-820368-29 nova-scheduler[116931]: DEBUG nova.weights [None req-ccaf1a5c-973d-4119-8f26-bb9a7504ca19 tempest-ServersAdminNegativeTestJSON-531958482 tempest-ServersAdminNegativeTestJSON-531958482-project] CrossCellWeigher: score (multiplier * weight) {('n-h2-820368-29', 'n-h2-820368-29'): '1000000.0 * 0', ('n-h1-820368-29', 'n-h1-820368-29'): '1000000.0 * 0'} {{(pid=116931) get_weighed_objects /opt/stack/nova/nova/weights.py:166}}
Apr 29 12:05:23.992460 n-d-820368-29 nova-scheduler[116931]: DEBUG nova.weights [None req-ccaf1a5c-973d-4119-8f26-bb9a7504ca19 tempest-ServersAdminNegativeTestJSON-531958482 tempest-ServersAdminNegativeTestJSON-531958482-project] ServerGroupSoftAffinityWeigher: raw weights {('n-h2-820368-29', 'n-h2-820368-29'): 0, ('n-h1-820368-29', 'n-h1-820368-29'): 0} {{(pid=116931) get_weighed_objects /opt/stack/nova/nova/weights.py:136}}
Apr 29 12:05:23.992986 n-d-820368-29 nova-scheduler[116931]: DEBUG nova.weights [None req-ccaf1a5c-973d-4119-8f26-bb9a7504ca19 tempest-ServersAdminNegativeTestJSON-531958482 tempest-ServersAdminNegativeTestJSON-531958482-project] ServerGroupSoftAffinityWeigher: normalized weights {('n-h2-820368-29', 'n-h2-820368-29'): 0, ('n-h1-820368-29', 'n-h1-820368-29'): 0} {{(pid=116931) get_weighed_objects /opt/stack/nova/nova/weights.py:148}}
Apr 29 12:05:23.993239 n-d-820368-29 nova-scheduler[116934]: DEBUG oslo_concurrency.lockutils [None req-db7f7fea-3975-415b-bc68-75cc7ef5edbb tempest-MigrationsAdminTest-1122599712 tempest-MigrationsAdminTest-1122599712-project-admin] Lock "('n-h1-820368-29', 'n-h1-820368-29')" acquired by "nova.scheduler.host_manager.HostState.update.._locked_update" :: waited 0.000s {{(pid=116934) inner /usr/local/lib/python3.8/dist-packages/oslo_concurrency/lockutils.py:386}}
Apr 29 12:05:23.993888 n-d-820368-29 nova-scheduler[116931]: DEBUG nova.weights [None req-ccaf1a5c-973d-4119-8f26-bb9a7504ca19 tempest-ServersAdminNegativeTestJSON-531958482 tempest-ServersAdminNegativeTestJSON-531958482-project] ServerGroupSoftAffinityWeigher: score (multiplier * weight) {('n-h2-820368-29', 'n-h2-820368-29'): '1.0 * 0', ('n-h1-820368-29', 'n-h1-820368-29'): '1.0 * 0'} {{(pid=116931) get_weighed_objects /opt/stack/nova/nova/weights.py:166}}
Apr 29 12:05:23.994171 n-d-820368-29 nova-scheduler[116934]: DEBUG nova.scheduler.host_manager [None req-db7f7fea-3975-415b-bc68-75cc7ef5edbb tempest-MigrationsAdminTest-1122599712 tempest-MigrationsAdminTest-1122599712-project-admin] Update host state from compute node: ComputeNode(cpu_allocation_ratio=16.0,cpu_info='{"arch": "x86_64", "model": "Intel(R) Xeon(R) CPU E5-2430L 0 @ 2.00GHz", "vendor": "GenuineIntel", "topology": {"sockets": 1, "cores": 6, "threads": 1}, "features": ["mmx", "sse", "rdtsc", "pae", "sse2", "nx", "sse3", "xsave"]}',created_at=2022-04-29T12:01:40Z,current_workload=1,deleted=False,deleted_at=None,disk_allocation_ratio=1.0,disk_available_least=64,free_disk_gb=76,free_ram_mb=12799,host='n-h1-820368-29',host_ip=10.222.0.79,hypervisor_hostname='n-h1-820368-29',hypervisor_type='hyperv',hypervisor_version=10000,id=1,local_gb=79,local_gb_used=3,mapped=1,memory_mb=16383,memory_mb_used=3584,metrics='[]',numa_topology='{"nova_object.name": "NUMATopology", "nova_object.namespace": "nova", "nova_object.version": "1.2", "nova_object.data": {"cells": [{"nova_object.name": "NUMACell", "nova_object.namespace": "nova", "nova_object.version": "1.5", "nova_object.data": {"id": 0, "cpuset": [0, 1, 2, 3, 4, 5], "memory": 16383, "cpu_usage": 0, "memory_usage": 12718, "pinned_cpus": [], "siblings": [], "mempages": []}, "nova_object.changes": ["id", "memory_usage", "siblings", "pinned_cpus", "memory", "cpuset", "cpu_usage", "mempages"]}]}, "nova_object.changes": ["cells"]}',pci_device_pools=PciDevicePoolList,ram_allocation_ratio=1.5,running_vms=3,service_id=None,stats={failed_builds='0',io_workload='3',num_instances='3',num_os_type_None='3',num_proj_6483e32268e844828e0d3a50298487ea='0',num_proj_658fdb5f26ad4a2bb64d7eeba8d8d967='1',num_proj_6b362b630c84430f999295347c37b71c='1',num_proj_a7c600fd71174fa0b51411c3f5f182db='0',num_proj_bfe36e00783545bf9354b3f0c3808cd6='1',num_task_None='2',num_task_spawning='1',num_vm_building='3'},supported_hv_specs=[HVSpec,HVSpec],updated_at=2022-04-29T12:05:16Z,uuid=05d32185-3911-436e-bfca-d4688be94e26,vcpus=6,vcpus_used=3) {{(pid=116934) _locked_update /opt/stack/nova/nova/scheduler/host_manager.py:167}}
Apr 29 12:05:23.994650 n-d-820368-29 nova-scheduler[116931]: DEBUG nova.weights [None req-ccaf1a5c-973d-4119-8f26-bb9a7504ca19 tempest-ServersAdminNegativeTestJSON-531958482 tempest-ServersAdminNegativeTestJSON-531958482-project] ServerGroupSoftAntiAffinityWeigher: raw weights {('n-h2-820368-29', 'n-h2-820368-29'): 0, ('n-h1-820368-29', 'n-h1-820368-29'): 0} {{(pid=116931) get_weighed_objects /opt/stack/nova/nova/weights.py:136}}
Apr 29 12:05:23.995114 n-d-820368-29 nova-scheduler[116934]: DEBUG nova.scheduler.host_manager [None req-db7f7fea-3975-415b-bc68-75cc7ef5edbb tempest-MigrationsAdminTest-1122599712 tempest-MigrationsAdminTest-1122599712-project-admin] Update host state with aggregates: [] {{(pid=116934) _locked_update /opt/stack/nova/nova/scheduler/host_manager.py:170}}
Apr 29 12:05:23.995723 n-d-820368-29 nova-scheduler[116934]: DEBUG nova.scheduler.host_manager [None req-db7f7fea-3975-415b-bc68-75cc7ef5edbb tempest-MigrationsAdminTest-1122599712 tempest-MigrationsAdminTest-1122599712-project-admin] Update host state with service dict: {'id': 3, 'uuid': '4dfc7ac6-5ef7-4547-8ed9-39da859e5691', 'host': 'n-h1-820368-29', 'binary': 'nova-compute', 'topic': 'compute', 'report_count': 22, 'disabled': False, 'disabled_reason': None, 'last_seen_up': datetime.datetime(2022, 4, 29, 12, 5, 21, tzinfo=datetime.timezone.utc), 'forced_down': False, 'version': 62, 'created_at': datetime.datetime(2022, 4, 29, 12, 1, 38, tzinfo=datetime.timezone.utc), 'updated_at': datetime.datetime(2022, 4, 29, 12, 5, 21, tzinfo=datetime.timezone.utc), 'deleted_at': None, 'deleted': False} {{(pid=116934) _locked_update /opt/stack/nova/nova/scheduler/host_manager.py:173}}
Apr 29 12:05:23.996011 n-d-820368-29 nova-scheduler[116931]: DEBUG nova.weights [None req-ccaf1a5c-973d-4119-8f26-bb9a7504ca19 tempest-ServersAdminNegativeTestJSON-531958482 tempest-ServersAdminNegativeTestJSON-531958482-project] ServerGroupSoftAntiAffinityWeigher: normalized weights {('n-h2-820368-29', 'n-h2-820368-29'): 0, ('n-h1-820368-29', 'n-h1-820368-29'): 0} {{(pid=116931) get_weighed_objects /opt/stack/nova/nova/weights.py:148}}
Apr 29 12:05:23.996443 n-d-820368-29 nova-scheduler[116931]: DEBUG nova.weights [None req-ccaf1a5c-973d-4119-8f26-bb9a7504ca19 tempest-ServersAdminNegativeTestJSON-531958482 tempest-ServersAdminNegativeTestJSON-531958482-project] ServerGroupSoftAntiAffinityWeigher: score (multiplier * weight) {('n-h2-820368-29', 'n-h2-820368-29'): '1.0 * 0', ('n-h1-820368-29', 'n-h1-820368-29'): '1.0 * 0'} {{(pid=116931) get_weighed_objects /opt/stack/nova/nova/weights.py:166}}
Apr 29 12:05:23.996627 n-d-820368-29 nova-scheduler[116934]: DEBUG nova.scheduler.host_manager [None req-db7f7fea-3975-415b-bc68-75cc7ef5edbb tempest-MigrationsAdminTest-1122599712 tempest-MigrationsAdminTest-1122599712-project-admin] Update host state with instances: ['8cdf058a-9812-47a9-8941-d4bad8cc143d', '112e37ba-a2d3-4390-8fb7-7d8e0e7c89d3', '45707c92-0231-4606-b94b-4a082f63ce33'] {{(pid=116934) _locked_update /opt/stack/nova/nova/scheduler/host_manager.py:176}}
Apr 29 12:05:23.996830 n-d-820368-29 nova-scheduler[116931]: DEBUG nova.weights [None req-ccaf1a5c-973d-4119-8f26-bb9a7504ca19 tempest-ServersAdminNegativeTestJSON-531958482 tempest-ServersAdminNegativeTestJSON-531958482-project] IoOpsWeigher: raw weights {('n-h2-820368-29', 'n-h2-820368-29'): 4, ('n-h1-820368-29', 'n-h1-820368-29'): 3} {{(pid=116931) get_weighed_objects /opt/stack/nova/nova/weights.py:136}}
Apr 29 12:05:23.997225 n-d-820368-29 nova-scheduler[116931]: DEBUG nova.weights [None req-ccaf1a5c-973d-4119-8f26-bb9a7504ca19 tempest-ServersAdminNegativeTestJSON-531958482 tempest-ServersAdminNegativeTestJSON-531958482-project] IoOpsWeigher: normalized weights {('n-h2-820368-29', 'n-h2-820368-29'): 1.0, ('n-h1-820368-29', 'n-h1-820368-29'): 0.75} {{(pid=116931) get_weighed_objects /opt/stack/nova/nova/weights.py:148}}
Apr 29 12:05:23.997486 n-d-820368-29 nova-scheduler[116934]: DEBUG oslo_concurrency.lockutils [None req-db7f7fea-3975-415b-bc68-75cc7ef5edbb tempest-MigrationsAdminTest-1122599712 tempest-MigrationsAdminTest-1122599712-project-admin] Lock "('n-h1-820368-29', 'n-h1-820368-29')" "released" by "nova.scheduler.host_manager.HostState.update.._locked_update" :: held 0.004s {{(pid=116934) inner /usr/local/lib/python3.8/dist-packages/oslo_concurrency/lockutils.py:400}}
Apr 29 12:05:23.997641 n-d-820368-29 nova-scheduler[116931]: DEBUG nova.weights [None req-ccaf1a5c-973d-4119-8f26-bb9a7504ca19 tempest-ServersAdminNegativeTestJSON-531958482 tempest-ServersAdminNegativeTestJSON-531958482-project] IoOpsWeigher: score (multiplier * weight) {('n-h2-820368-29', 'n-h2-820368-29'): '-1.0 * 1.0', ('n-h1-820368-29', 'n-h1-820368-29'): '-1.0 * 0.75'} {{(pid=116931) get_weighed_objects /opt/stack/nova/nova/weights.py:166}}
Apr 29 12:05:23.998026 n-d-820368-29 nova-scheduler[116931]: DEBUG nova.weights [None req-ccaf1a5c-973d-4119-8f26-bb9a7504ca19 tempest-ServersAdminNegativeTestJSON-531958482 tempest-ServersAdminNegativeTestJSON-531958482-project] BuildFailureWeigher: raw weights {('n-h2-820368-29', 'n-h2-820368-29'): 0, ('n-h1-820368-29', 'n-h1-820368-29'): 0} {{(pid=116931) get_weighed_objects /opt/stack/nova/nova/weights.py:136}}
Apr 29 12:05:23.998407 n-d-820368-29 nova-scheduler[116931]: DEBUG nova.weights [None req-ccaf1a5c-973d-4119-8f26-bb9a7504ca19 tempest-ServersAdminNegativeTestJSON-531958482 tempest-ServersAdminNegativeTestJSON-531958482-project] BuildFailureWeigher: normalized weights {('n-h2-820368-29', 'n-h2-820368-29'): 0, ('n-h1-820368-29', 'n-h1-820368-29'): 0} {{(pid=116931) get_weighed_objects /opt/stack/nova/nova/weights.py:148}}
Apr 29 12:05:23.999447 n-d-820368-29 nova-scheduler[116934]: DEBUG oslo_concurrency.lockutils [None req-db7f7fea-3975-415b-bc68-75cc7ef5edbb tempest-MigrationsAdminTest-1122599712 tempest-MigrationsAdminTest-1122599712-project-admin] Lock "688acd56-64f0-4911-9b48-329fe36235c8" acquired by "nova.context.set_target_cell..get_or_set_cached_cell_and_set_connections" :: waited 0.000s {{(pid=116934) inner /usr/local/lib/python3.8/dist-packages/oslo_concurrency/lockutils.py:386}}
Apr 29 12:05:23.999564 n-d-820368-29 nova-scheduler[116931]: DEBUG nova.weights [None req-ccaf1a5c-973d-4119-8f26-bb9a7504ca19 tempest-ServersAdminNegativeTestJSON-531958482 tempest-ServersAdminNegativeTestJSON-531958482-project] BuildFailureWeigher: score (multiplier * weight) {('n-h2-820368-29', 'n-h2-820368-29'): '-1000000.0 * 0', ('n-h1-820368-29', 'n-h1-820368-29'): '-1000000.0 * 0'} {{(pid=116931) get_weighed_objects /opt/stack/nova/nova/weights.py:166}}
