Jan 13 19:20:15.353467 n-d-820368-2 devstack@n-api.service[118414]: DEBUG oslo_concurrency.lockutils [None req-a7ef4411-4902-46e1-869d-8548582fe69b tempest-AZAdminV2TestJSON-1465861919 tempest-AZAdminV2TestJSON-1465861919-project-admin] Lock "00000000-0000-0000-0000-000000000000" "released" by "nova.context.set_target_cell..get_or_set_cached_cell_and_set_connections" :: held 0.001s {{(pid=118414) inner /usr/local/lib/python3.8/dist-packages/oslo_concurrency/lockutils.py:400}}
Jan 13 19:20:15.353467 n-d-820368-2 devstack@n-api.service[118414]: DEBUG oslo_concurrency.lockutils [None req-a7ef4411-4902-46e1-869d-8548582fe69b tempest-AZAdminV2TestJSON-1465861919 tempest-AZAdminV2TestJSON-1465861919-project-admin] Lock "e169fd0a-a8f0-42a4-8c37-61d0da6ab89e" acquired by "nova.context.set_target_cell..get_or_set_cached_cell_and_set_connections" :: waited 0.000s {{(pid=118414) inner /usr/local/lib/python3.8/dist-packages/oslo_concurrency/lockutils.py:386}}
Jan 13 19:20:15.353467 n-d-820368-2 devstack@n-api.service[118414]: DEBUG oslo_concurrency.lockutils [None req-a7ef4411-4902-46e1-869d-8548582fe69b tempest-AZAdminV2TestJSON-1465861919 tempest-AZAdminV2TestJSON-1465861919-project-admin] Lock "e169fd0a-a8f0-42a4-8c37-61d0da6ab89e" "released" by "nova.context.set_target_cell..get_or_set_cached_cell_and_set_connections" :: held 0.001s {{(pid=118414) inner /usr/local/lib/python3.8/dist-packages/oslo_concurrency/lockutils.py:400}}
Jan 13 19:20:15.446309 n-d-820368-2 devstack@n-api.service[118414]: INFO nova.api.openstack.requestlog [None req-a7ef4411-4902-46e1-869d-8548582fe69b tempest-AZAdminV2TestJSON-1465861919 tempest-AZAdminV2TestJSON-1465861919-project-admin] 10.222.0.73 "GET /compute/v2.1/os-availability-zone" status: 200 len: 97 microversion: 2.1 time: 2.194343
Jan 13 19:20:15.447352 n-d-820368-2 devstack@n-api.service[118414]: [pid: 118414|app: 0|req: 1/2] 10.222.0.73 () {58 vars in 1163 bytes} [Thu Jan 13 19:20:13 2022] GET /compute/v2.1/os-availability-zone => generated 97 bytes in 2199 msecs (HTTP/1.1 200) 9 headers in 356 bytes (1 switches on core 0)
Jan 13 19:20:15.462733 n-d-820368-2 devstack@n-api.service[118414]: DEBUG nova.api.openstack.wsgi [None req-ae789549-5909-4f21-8608-d60df5ba8e6b tempest-AZAdminV2TestJSON-1465861919 tempest-AZAdminV2TestJSON-1465861919-project-admin] Calling method '>' {{(pid=118414) _process_stack /opt/stack/nova/nova/api/openstack/wsgi.py:513}}
Jan 13 19:20:15.465783 n-d-820368-2 devstack@n-api.service[118414]: /usr/local/lib/python3.8/dist-packages/oslo_policy/policy.py:1119: UserWarning: Policy "os_compute_api:os-availability-zone:detail": "rule:system_reader_api" failed scope check. The token used to make the request was project scoped but the policy requires ['system'] scope. This behavior may change in the future where using the intended scope is required
Jan 13 19:20:15.465783 n-d-820368-2 devstack@n-api.service[118414]: warnings.warn(msg)
Jan 13 19:20:15.468818 n-d-820368-2 devstack@n-api.service[118414]: DEBUG oslo_concurrency.lockutils [None req-ae789549-5909-4f21-8608-d60df5ba8e6b tempest-AZAdminV2TestJSON-1465861919 tempest-AZAdminV2TestJSON-1465861919-project-admin] Lock "00000000-0000-0000-0000-000000000000" acquired by "nova.context.set_target_cell..get_or_set_cached_cell_and_set_connections" :: waited 0.000s {{(pid=118414) inner /usr/local/lib/python3.8/dist-packages/oslo_concurrency/lockutils.py:386}}
Jan 13 19:20:15.469544 n-d-820368-2 devstack@n-api.service[118414]: DEBUG oslo_concurrency.lockutils [None req-ae789549-5909-4f21-8608-d60df5ba8e6b tempest-AZAdminV2TestJSON-1465861919 tempest-AZAdminV2TestJSON-1465861919-project-admin] Lock "00000000-0000-0000-0000-000000000000" "released" by "nova.context.set_target_cell..get_or_set_cached_cell_and_set_connections" :: held 0.001s {{(pid=118414) inner /usr/local/lib/python3.8/dist-packages/oslo_concurrency/lockutils.py:400}}
Jan 13 19:20:15.470461 n-d-820368-2 devstack@n-api.service[118414]: DEBUG oslo_concurrency.lockutils [None req-ae789549-5909-4f21-8608-d60df5ba8e6b tempest-AZAdminV2TestJSON-1465861919 tempest-AZAdminV2TestJSON-1465861919-project-admin] Lock "e169fd0a-a8f0-42a4-8c37-61d0da6ab89e" acquired by "nova.context.set_target_cell..get_or_set_cached_cell_and_set_connections" :: waited 0.000s {{(pid=118414) inner /usr/local/lib/python3.8/dist-packages/oslo_concurrency/lockutils.py:386}}
Jan 13 19:20:15.470914 n-d-820368-2 devstack@n-api.service[118414]: DEBUG oslo_concurrency.lockutils [None req-ae789549-5909-4f21-8608-d60df5ba8e6b tempest-AZAdminV2TestJSON-1465861919 tempest-AZAdminV2TestJSON-1465861919-project-admin] Lock "e169fd0a-a8f0-42a4-8c37-61d0da6ab89e" "released" by "nova.context.set_target_cell..get_or_set_cached_cell_and_set_connections" :: held 0.000s {{(pid=118414) inner /usr/local/lib/python3.8/dist-packages/oslo_concurrency/lockutils.py:400}}
Jan 13 19:20:15.495297 n-d-820368-2 devstack@n-api.service[118414]: INFO nova.api.openstack.requestlog [None req-ae789549-5909-4f21-8608-d60df5ba8e6b tempest-AZAdminV2TestJSON-1465861919 tempest-AZAdminV2TestJSON-1465861919-project-admin] 10.222.0.73 "GET /compute/v2.1/os-availability-zone/detail" status: 200 len: 612 microversion: 2.1 time: 0.038534
Jan 13 19:20:15.496189 n-d-820368-2 devstack@n-api.service[118414]: [pid: 118414|app: 0|req: 2/3] 10.222.0.73 () {58 vars in 1184 bytes} [Thu Jan 13 19:20:15 2022] GET /compute/v2.1/os-availability-zone/detail => generated 612 bytes in 41 msecs (HTTP/1.1 200) 9 headers in 357 bytes (2 switches on core 0)
Jan 13 19:20:16.400574 n-d-820368-2 devstack@n-api.service[118415]: DEBUG nova.api.openstack.wsgi [None req-ae0ad95a-2292-431d-9746-7f3a5146961e tempest-FlavorsAccessTestJSON-113509498 tempest-FlavorsAccessTestJSON-113509498-project-admin] Action: 'create', calling method: >, body: {"flavor": {"ram": 512, "vcpus": 1, "disk": 10, "name": "tempest-FlavorsAccessTestJSON-flavor-344317412", "id": 680851705, "os-flavor-access:is_public": "False"}} {{(pid=118415) _process_stack /opt/stack/nova/nova/api/openstack/wsgi.py:511}}
Jan 13 19:20:16.418815 n-d-820368-2 devstack@n-api.service[118415]: /usr/local/lib/python3.8/dist-packages/oslo_policy/policy.py:1119: UserWarning: Policy "os_compute_api:os-flavor-manage:create": "rule:system_admin_api" failed scope check. The token used to make the request was project scoped but the policy requires ['system'] scope. This behavior may change in the future where using the intended scope is required
Jan 13 19:20:16.418815 n-d-820368-2 devstack@n-api.service[118415]: warnings.warn(msg)
Jan 13 19:20:16.526062 n-d-820368-2 devstack@n-api.service[118414]: DEBUG nova.api.openstack.wsgi [None req-6ff19bfb-dc94-46c9-af5c-0f1d47739ebd tempest-FlavorMetadataValidation-1530366600 tempest-FlavorMetadataValidation-1530366600-project-admin] Action: 'create', calling method: >, body: {"flavor": {"ram": 512, "vcpus": 1, "disk": 10, "name": "tempest-test_flavor_validate_metadata_-234284240", "id": 1923338323, "os-flavor-access:is_public": "True"}} {{(pid=118414) _process_stack /opt/stack/nova/nova/api/openstack/wsgi.py:511}}
Jan 13 19:20:16.536536 n-d-820368-2 devstack@n-api.service[118415]: INFO nova.api.openstack.requestlog [None req-ae0ad95a-2292-431d-9746-7f3a5146961e tempest-FlavorsAccessTestJSON-113509498 tempest-FlavorsAccessTestJSON-113509498-project-admin] 10.222.0.73 "POST /compute/v2.1/flavors" status: 200 len: 427 microversion: 2.1 time: 1.138327
Jan 13 19:20:16.537296 n-d-820368-2 devstack@n-api.service[118415]: [pid: 118415|app: 0|req: 2/4] 10.222.0.73 () {60 vars in 1146 bytes} [Thu Jan 13 19:20:15 2022] POST /compute/v2.1/flavors => generated 427 bytes in 1140 msecs (HTTP/1.1 200) 9 headers in 357 bytes (1 switches on core 0)
Jan 13 19:20:16.548127 n-d-820368-2 devstack@n-api.service[118414]: /usr/local/lib/python3.8/dist-packages/oslo_policy/policy.py:1119: UserWarning: Policy "os_compute_api:os-flavor-manage:create": "rule:system_admin_api" failed scope check. The token used to make the request was project scoped but the policy requires ['system'] scope. This behavior may change in the future where using the intended scope is required
Jan 13 19:20:16.548127 n-d-820368-2 devstack@n-api.service[118414]: warnings.warn(msg)
Jan 13 19:20:16.676137 n-d-820368-2 devstack@n-api.service[118414]: INFO nova.api.openstack.requestlog [None req-6ff19bfb-dc94-46c9-af5c-0f1d47739ebd tempest-FlavorMetadataValidation-1530366600 tempest-FlavorMetadataValidation-1530366600-project-admin] 10.222.0.73 "POST /compute/v2.1/flavors" status: 200 len: 470 microversion: 2.86 time: 1.066005
Jan 13 19:20:16.677013 n-d-820368-2 devstack@n-api.service[118414]: [pid: 118414|app: 0|req: 3/5] 10.222.0.73 () {62 vars in 1187 bytes} [Thu Jan 13 19:20:15 2022] POST /compute/v2.1/flavors => generated 470 bytes in 1069 msecs (HTTP/1.1 200) 9 headers in 359 bytes (1 switches on core 0)
Jan 13 19:20:16.775495 n-d-820368-2 devstack@n-api.service[118415]: DEBUG nova.api.openstack.wsgi [None req-b4c543a8-b420-4dcd-b5a9-bb24a84f441c tempest-AggregatesAdminTestV241-528505422 tempest-AggregatesAdminTestV241-528505422-project-admin] Calling method '.version_select at 0x7f0eeb3e7e50>' {{(pid=118415) _process_stack /opt/stack/nova/nova/api/openstack/wsgi.py:513}}
Jan 13 19:20:16.776184 n-d-820368-2 devstack@n-api.service[118415]: /usr/local/lib/python3.8/dist-packages/oslo_policy/policy.py:1119: UserWarning: Policy "os_compute_api:os-hypervisors:list-detail": "rule:system_reader_api" failed scope check. The token used to make the request was project scoped but the policy requires ['system'] scope. This behavior may change in the future where using the intended scope is required
Jan 13 19:20:16.776184 n-d-820368-2 devstack@n-api.service[118415]: warnings.warn(msg)
Jan 13 19:20:16.785527 n-d-820368-2 devstack@n-api.service[118415]: DEBUG nova.compute.api [None req-b4c543a8-b420-4dcd-b5a9-bb24a84f441c tempest-AggregatesAdminTestV241-528505422 tempest-AggregatesAdminTestV241-528505422-project-admin] Found 2 cells: 00000000-0000-0000-0000-000000000000(cell0),e169fd0a-a8f0-42a4-8c37-61d0da6ab89e(cell1) {{(pid=118415) load_cells /opt/stack/nova/nova/compute/api.py:302}}
Jan 13 19:20:16.786902 n-d-820368-2 devstack@n-api.service[118415]: DEBUG oslo_concurrency.lockutils [None req-b4c543a8-b420-4dcd-b5a9-bb24a84f441c tempest-AggregatesAdminTestV241-528505422 tempest-AggregatesAdminTestV241-528505422-project-admin] Lock "e169fd0a-a8f0-42a4-8c37-61d0da6ab89e" acquired by "nova.context.set_target_cell..get_or_set_cached_cell_and_set_connections" :: waited 0.000s {{(pid=118415) inner /usr/local/lib/python3.8/dist-packages/oslo_concurrency/lockutils.py:386}}
Jan 13 19:20:16.787817 n-d-820368-2 devstack@n-api.service[118415]: DEBUG oslo_concurrency.lockutils [None req-b4c543a8-b420-4dcd-b5a9-bb24a84f441c tempest-AggregatesAdminTestV241-528505422 tempest-AggregatesAdminTestV241-528505422-project-admin] Lock "e169fd0a-a8f0-42a4-8c37-61d0da6ab89e" "released" by "nova.context.set_target_cell..get_or_set_cached_cell_and_set_connections" :: held 0.001s {{(pid=118415) inner /usr/local/lib/python3.8/dist-packages/oslo_concurrency/lockutils.py:400}}
Jan 13 19:20:16.838153 n-d-820368-2 devstack@n-api.service[118415]: DEBUG oslo_concurrency.lockutils [None req-b4c543a8-b420-4dcd-b5a9-bb24a84f441c tempest-AggregatesAdminTestV241-528505422 tempest-AggregatesAdminTestV241-528505422-project-admin] Lock "e169fd0a-a8f0-42a4-8c37-61d0da6ab89e" acquired by "nova.context.set_target_cell..get_or_set_cached_cell_and_set_connections" :: waited 0.000s {{(pid=118415) inner /usr/local/lib/python3.8/dist-packages/oslo_concurrency/lockutils.py:386}}
Jan 13 19:20:16.838769 n-d-820368-2 devstack@n-api.service[118415]: DEBUG oslo_concurrency.lockutils [None req-b4c543a8-b420-4dcd-b5a9-bb24a84f441c tempest-AggregatesAdminTestV241-528505422 tempest-AggregatesAdminTestV241-528505422-project-admin] Lock "e169fd0a-a8f0-42a4-8c37-61d0da6ab89e" "released" by "nova.context.set_target_cell..get_or_set_cached_cell_and_set_connections" :: held 0.001s {{(pid=118415) inner /usr/local/lib/python3.8/dist-packages/oslo_concurrency/lockutils.py:400}}
Jan 13 19:20:16.862342 n-d-820368-2 devstack@n-api.service[118415]: DEBUG oslo_concurrency.lockutils [None req-b4c543a8-b420-4dcd-b5a9-bb24a84f441c tempest-AggregatesAdminTestV241-528505422 tempest-AggregatesAdminTestV241-528505422-project-admin] Lock "e169fd0a-a8f0-42a4-8c37-61d0da6ab89e" acquired by "nova.context.set_target_cell..get_or_set_cached_cell_and_set_connections" :: waited 0.000s {{(pid=118415) inner /usr/local/lib/python3.8/dist-packages/oslo_concurrency/lockutils.py:386}}
Jan 13 19:20:16.862829 n-d-820368-2 devstack@n-api.service[118415]: DEBUG oslo_concurrency.lockutils [None req-b4c543a8-b420-4dcd-b5a9-bb24a84f441c tempest-AggregatesAdminTestV241-528505422 tempest-AggregatesAdminTestV241-528505422-project-admin] Lock "e169fd0a-a8f0-42a4-8c37-61d0da6ab89e" "released" by "nova.context.set_target_cell..get_or_set_cached_cell_and_set_connections" :: held 0.001s {{(pid=118415) inner /usr/local/lib/python3.8/dist-packages/oslo_concurrency/lockutils.py:400}}
Jan 13 19:20:16.876885 n-d-820368-2 devstack@n-api.service[118415]: INFO nova.api.openstack.requestlog [None req-b4c543a8-b420-4dcd-b5a9-bb24a84f441c tempest-AggregatesAdminTestV241-528505422 tempest-AggregatesAdminTestV241-528505422-project-admin] 10.222.0.73 "GET /compute/v2.1/os-hypervisors/detail" status: 200 len: 1423 microversion: 2.41 time: 0.337656
Jan 13 19:20:16.892759 n-d-820368-2 devstack@n-api.service[118415]: [pid: 118415|app: 0|req: 3/6] 10.222.0.73 () {60 vars in 1207 bytes} [Thu Jan 13 19:20:16 2022] GET /compute/v2.1/os-hypervisors/detail => generated 1423 bytes in 340 msecs (HTTP/1.1 200) 9 headers in 360 bytes (1 switches on core 0)
Jan 13 19:20:17.149620 n-d-820368-2 devstack@n-api.service[118414]: DEBUG nova.api.openstack.wsgi [None req-8ebf7cdc-f691-41a7-9755-7cd810a0d628 tempest-FlavorsAdminTestJSON-1300643891 tempest-FlavorsAdminTestJSON-1300643891-project-admin] Action: 'create', calling method: >, body: {"flavor": {"ram": "1024", "vcpus": 1, "disk": 10, "name": "tempest-FlavorsAdminTestJSON-flavor-1487807227", "id": 850351375, "os-flavor-access:is_public": "True"}} {{(pid=118414) _process_stack /opt/stack/nova/nova/api/openstack/wsgi.py:511}}
Jan 13 19:20:17.262599 n-d-820368-2 devstack@n-api.service[118414]: INFO nova.api.openstack.requestlog [None req-8ebf7cdc-f691-41a7-9755-7cd810a0d628 tempest-FlavorsAdminTestJSON-1300643891 tempest-FlavorsAdminTestJSON-1300643891-project-admin] 10.222.0.73 "POST /compute/v2.1/flavors" status: 200 len: 427 microversion: 2.1 time: 0.584377
Jan 13 19:20:17.269234 n-d-820368-2 devstack@n-api.service[118414]: [pid: 118414|app: 0|req: 4/7] 10.222.0.73 () {60 vars in 1146 bytes} [Thu Jan 13 19:20:16 2022] POST /compute/v2.1/flavors => generated 427 bytes in 591 msecs (HTTP/1.1 200) 9 headers in 357 bytes (1 switches on core 0)
Jan 13 19:20:17.273789 n-d-820368-2 devstack@n-api.service[118415]: DEBUG nova.api.openstack.wsgi [None req-f4866d72-35c3-4d74-9783-ab618f7ab18d tempest-AggregatesAdminTestJSON-883166683 tempest-AggregatesAdminTestJSON-883166683-project-admin] Calling method '.version_select at 0x7f0eeb2cac10>' {{(pid=118415) _process_stack /opt/stack/nova/nova/api/openstack/wsgi.py:513}}
Jan 13 19:20:17.275238 n-d-820368-2 devstack@n-api.service[118414]: DEBUG nova.api.openstack.wsgi [None req-6fefe3d2-e7ef-4789-959f-c094a8bd4358 tempest-FlavorsAccessTestJSON-113509498 tempest-FlavorsAccessTestJSON-113509498-project-admin] Action: 'action', calling method: >, body: {"addTenantAccess": {"tenant": "14e1866083554f37bcb99a06c9e1039c"}} {{(pid=118414) _process_stack /opt/stack/nova/nova/api/openstack/wsgi.py:511}}
Jan 13 19:20:17.275533 n-d-820368-2 devstack@n-api.service[118415]: /usr/local/lib/python3.8/dist-packages/oslo_policy/policy.py:1119: UserWarning: Policy "os_compute_api:os-hypervisors:list-detail": "rule:system_reader_api" failed scope check. The token used to make the request was project scoped but the policy requires ['system'] scope. This behavior may change in the future where using the intended scope is required
Jan 13 19:20:17.275533 n-d-820368-2 devstack@n-api.service[118415]: warnings.warn(msg)
Jan 13 19:20:17.276940 n-d-820368-2 devstack@n-api.service[118414]: /usr/local/lib/python3.8/dist-packages/oslo_policy/policy.py:1119: UserWarning: Policy "os_compute_api:os-flavor-access:add_tenant_access": "rule:system_admin_api" failed scope check. The token used to make the request was project scoped but the policy requires ['system'] scope. This behavior may change in the future where using the intended scope is required
Jan 13 19:20:17.276940 n-d-820368-2 devstack@n-api.service[118414]: warnings.warn(msg)
Jan 13 19:20:17.278543 n-d-820368-2 devstack@n-api.service[118415]: DEBUG oslo_concurrency.lockutils [None req-f4866d72-35c3-4d74-9783-ab618f7ab18d tempest-AggregatesAdminTestJSON-883166683 tempest-AggregatesAdminTestJSON-883166683-project-admin] Lock "e169fd0a-a8f0-42a4-8c37-61d0da6ab89e" acquired by "nova.context.set_target_cell..get_or_set_cached_cell_and_set_connections" :: waited 0.000s {{(pid=118415) inner /usr/local/lib/python3.8/dist-packages/oslo_concurrency/lockutils.py:386}}
Jan 13 19:20:17.279348 n-d-820368-2 devstack@n-api.service[118415]: DEBUG oslo_concurrency.lockutils [None req-f4866d72-35c3-4d74-9783-ab618f7ab18d tempest-AggregatesAdminTestJSON-883166683 tempest-AggregatesAdminTestJSON-883166683-project-admin] Lock "e169fd0a-a8f0-42a4-8c37-61d0da6ab89e" "released" by "nova.context.set_target_cell..get_or_set_cached_cell_and_set_connections" :: held 0.001s {{(pid=118415) inner /usr/local/lib/python3.8/dist-packages/oslo_concurrency/lockutils.py:400}}
Jan 13 19:20:17.313893 n-d-820368-2 devstack@n-api.service[118415]: DEBUG oslo_concurrency.lockutils [None req-f4866d72-35c3-4d74-9783-ab618f7ab18d tempest-AggregatesAdminTestJSON-883166683 tempest-AggregatesAdminTestJSON-883166683-project-admin] Lock "e169fd0a-a8f0-42a4-8c37-61d0da6ab89e" acquired by "nova.context.set_target_cell..get_or_set_cached_cell_and_set_connections" :: waited 0.000s {{(pid=118415) inner /usr/local/lib/python3.8/dist-packages/oslo_concurrency/lockutils.py:386}}
Jan 13 19:20:17.314678 n-d-820368-2 devstack@n-api.service[118415]: DEBUG oslo_concurrency.lockutils [None req-f4866d72-35c3-4d74-9783-ab618f7ab18d tempest-AggregatesAdminTestJSON-883166683 tempest-AggregatesAdminTestJSON-883166683-project-admin] Lock "e169fd0a-a8f0-42a4-8c37-61d0da6ab89e" "released" by "nova.context.set_target_cell..get_or_set_cached_cell_and_set_connections" :: held 0.001s {{(pid=118415) inner /usr/local/lib/python3.8/dist-packages/oslo_concurrency/lockutils.py:400}}
Jan 13 19:20:17.338404 n-d-820368-2 devstack@n-api.service[118415]: DEBUG oslo_concurrency.lockutils [None req-f4866d72-35c3-4d74-9783-ab618f7ab18d tempest-AggregatesAdminTestJSON-883166683 tempest-AggregatesAdminTestJSON-883166683-project-admin] Lock "e169fd0a-a8f0-42a4-8c37-61d0da6ab89e" acquired by "nova.context.set_target_cell..get_or_set_cached_cell_and_set_connections" :: waited 0.000s {{(pid=118415) inner /usr/local/lib/python3.8/dist-packages/oslo_concurrency/lockutils.py:386}}
Jan 13 19:20:17.339237 n-d-820368-2 devstack@n-api.service[118415]: DEBUG oslo_concurrency.lockutils [None req-f4866d72-35c3-4d74-9783-ab618f7ab18d tempest-AggregatesAdminTestJSON-883166683 tempest-AggregatesAdminTestJSON-883166683-project-admin] Lock "e169fd0a-a8f0-42a4-8c37-61d0da6ab89e" "released" by "nova.context.set_target_cell..get_or_set_cached_cell_and_set_connections" :: held 0.001s {{(pid=118415) inner /usr/local/lib/python3.8/dist-packages/oslo_concurrency/lockutils.py:400}}
Jan 13 19:20:17.353637 n-d-820368-2 devstack@n-api.service[118415]: INFO nova.api.openstack.requestlog [None req-f4866d72-35c3-4d74-9783-ab618f7ab18d tempest-AggregatesAdminTestJSON-883166683 tempest-AggregatesAdminTestJSON-883166683-project-admin] 10.222.0.73 "GET /compute/v2.1/os-hypervisors/detail" status: 200 len: 1503 microversion: 2.1 time: 0.473594
Jan 13 19:20:17.361008 n-d-820368-2 devstack@n-api.service[118415]: [pid: 118415|app: 0|req: 4/8] 10.222.0.73 () {58 vars in 1166 bytes} [Thu Jan 13 19:20:16 2022] GET /compute/v2.1/os-hypervisors/detail => generated 1503 bytes in 483 msecs (HTTP/1.1 200) 9 headers in 358 bytes (1 switches on core 0)
Jan 13 19:20:17.366452 n-d-820368-2 devstack@n-api.service[118415]: DEBUG nova.api.openstack.wsgi [None req-4478eea6-125f-4cc7-8615-dca88a884be5 tempest-FlavorMetadataValidation-1530366600 tempest-FlavorMetadataValidation-1530366600-project-admin] Action: 'create', calling method: >, body: {"extra_specs": {"hw:cpu_policy": "shared", "foo:bar": "baz"}} {{(pid=118415) _process_stack /opt/stack/nova/nova/api/openstack/wsgi.py:511}}
Jan 13 19:20:17.368153 n-d-820368-2 devstack@n-api.service[118415]: /usr/local/lib/python3.8/dist-packages/oslo_policy/policy.py:1119: UserWarning: Policy "os_compute_api:os-flavor-extra-specs:create": "rule:system_admin_api" failed scope check. The token used to make the request was project scoped but the policy requires ['system'] scope. This behavior may change in the future where using the intended scope is required
Jan 13 19:20:17.368153 n-d-820368-2 devstack@n-api.service[118415]: warnings.warn(msg)
Jan 13 19:20:17.830869 n-d-820368-2 devstack@n-api.service[118414]: INFO nova.api.openstack.requestlog [None req-6fefe3d2-e7ef-4789-959f-c094a8bd4358 tempest-FlavorsAccessTestJSON-113509498 tempest-FlavorsAccessTestJSON-113509498-project-admin] 10.222.0.73 "POST /compute/v2.1/flavors/680851705/action" status: 200 len: 96 microversion: 2.1 time: 0.559469
Jan 13 19:20:17.836024 n-d-820368-2 devstack@n-api.service[118415]: INFO nova.api.openstack.requestlog [None req-4478eea6-125f-4cc7-8615-dca88a884be5 tempest-FlavorMetadataValidation-1530366600 tempest-FlavorMetadataValidation-1530366600-project-admin] 10.222.0.73 "POST /compute/v2.1/flavors/1923338323/os-extra_specs" status: 200 len: 62 microversion: 2.86 time: 0.469641
Jan 13 19:20:17.836569 n-d-820368-2 devstack@n-api.service[118414]: [pid: 118414|app: 0|req: 5/9] 10.222.0.73 () {60 vars in 1196 bytes} [Thu Jan 13 19:20:17 2022] POST /compute/v2.1/flavors/680851705/action => generated 96 bytes in 561 msecs (HTTP/1.1 200) 9 headers in 356 bytes (1 switches on core 0)
Jan 13 19:20:17.836636 n-d-820368-2 devstack@n-api.service[118415]: [pid: 118415|app: 0|req: 5/10] 10.222.0.73 () {62 vars in 1264 bytes} [Thu Jan 13 19:20:17 2022] POST /compute/v2.1/flavors/1923338323/os-extra_specs => generated 62 bytes in 471 msecs (HTTP/1.1 200) 9 headers in 358 bytes (1 switches on core 0)
Jan 13 19:20:17.842745 n-d-820368-2 devstack@n-api.service[118414]: DEBUG nova.api.openstack.wsgi [None req-d22d1930-fd2f-4dfb-97e9-f3d024fb234a tempest-AggregatesAdminTestV241-528505422 tempest-AggregatesAdminTestV241-528505422-project-admin] Action: 'create', calling method: >, body: {"aggregate": {"name": "tempest-test_aggregate-141741566"}} {{(pid=118414) _process_stack /opt/stack/nova/nova/api/openstack/wsgi.py:511}}
Jan 13 19:20:17.844845 n-d-820368-2 devstack@n-api.service[118415]: DEBUG nova.api.openstack.wsgi [None req-a0df536f-b664-44a6-80b6-5102e82024a3 tempest-FlavorsAdminTestJSON-1300643891 tempest-FlavorsAdminTestJSON-1300643891-project-admin] Calling method '>' {{(pid=118415) _process_stack /opt/stack/nova/nova/api/openstack/wsgi.py:513}}
Jan 13 19:20:17.845636 n-d-820368-2 devstack@n-api.service[118415]: /usr/local/lib/python3.8/dist-packages/oslo_policy/policy.py:1119: UserWarning: Policy "os_compute_api:os-flavor-manage:delete": "rule:system_admin_api" failed scope check. The token used to make the request was project scoped but the policy requires ['system'] scope. This behavior may change in the future where using the intended scope is required
Jan 13 19:20:17.845636 n-d-820368-2 devstack@n-api.service[118415]: warnings.warn(msg)
Jan 13 19:20:17.860200 n-d-820368-2 devstack@n-api.service[118414]: /usr/local/lib/python3.8/dist-packages/oslo_policy/policy.py:1119: UserWarning: Policy "os_compute_api:os-aggregates:create": "rule:system_admin_api" failed scope check. The token used to make the request was project scoped but the policy requires ['system'] scope. This behavior may change in the future where using the intended scope is required
Jan 13 19:20:17.860200 n-d-820368-2 devstack@n-api.service[118414]: warnings.warn(msg)
Jan 13 19:20:17.863070 n-d-820368-2 devstack@n-api.service[118414]: DEBUG nova.objects.aggregate [None req-d22d1930-fd2f-4dfb-97e9-f3d024fb234a tempest-AggregatesAdminTestV241-528505422 tempest-AggregatesAdminTestV241-528505422-project-admin] Generated uuid 661e79ae-8ffd-4c8e-925e-e2baa03e4e29 for aggregate {{(pid=118414) create /opt/stack/nova/nova/objects/aggregate.py:298}}
Jan 13 19:20:18.011212 n-d-820368-2 devstack@n-api.service[118415]: INFO nova.api.openstack.requestlog [None req-a0df536f-b664-44a6-80b6-5102e82024a3 tempest-FlavorsAdminTestJSON-1300643891 tempest-FlavorsAdminTestJSON-1300643891-project-admin] 10.222.0.73 "DELETE /compute/v2.1/flavors/850351375" status: 202 len: 0 microversion: 2.1 time: 0.176721
Jan 13 19:20:18.018703 n-d-820368-2 devstack@n-api.service[118415]: [pid: 118415|app: 0|req: 6/11] 10.222.0.73 () {58 vars in 1157 bytes} [Thu Jan 13 19:20:17 2022] DELETE /compute/v2.1/flavors/850351375 => generated 0 bytes in 178 msecs (HTTP/1.1 202) 9 headers in 361 bytes (1 switches on core 0)
Jan 13 19:20:18.068023 n-d-820368-2 devstack@n-api.service[118414]: INFO nova.api.openstack.requestlog [None req-d22d1930-fd2f-4dfb-97e9-f3d024fb234a tempest-AggregatesAdminTestV241-528505422 tempest-AggregatesAdminTestV241-528505422-project-admin] 10.222.0.73 "POST /compute/v2.1/os-aggregates" status: 200 len: 245 microversion: 2.41 time: 0.228410
Jan 13 19:20:18.069557 n-d-820368-2 devstack@n-api.service[118414]: [pid: 118414|app: 0|req: 6/12] 10.222.0.73 () {62 vars in 1204 bytes} [Thu Jan 13 19:20:17 2022] POST /compute/v2.1/os-aggregates => generated 245 bytes in 237 msecs (HTTP/1.1 200) 9 headers in 359 bytes (1 switches on core 0)
Jan 13 19:20:18.077630 n-d-820368-2 devstack@n-api.service[118414]: DEBUG nova.api.openstack.wsgi [None req-bf2cb461-da2e-43b0-955e-b3c7f89e2aa0 tempest-FlavorMetadataValidation-1530366600 tempest-FlavorMetadataValidation-1530366600-project-admin] Calling method '>' {{(pid=118414) _process_stack /opt/stack/nova/nova/api/openstack/wsgi.py:513}}
Jan 13 19:20:18.079227 n-d-820368-2 devstack@n-api.service[118414]: /usr/local/lib/python3.8/dist-packages/oslo_policy/policy.py:1119: UserWarning: Policy "os_compute_api:os-flavor-manage:delete": "rule:system_admin_api" failed scope check. The token used to make the request was project scoped but the policy requires ['system'] scope. This behavior may change in the future where using the intended scope is required
Jan 13 19:20:18.079227 n-d-820368-2 devstack@n-api.service[118414]: warnings.warn(msg)
Jan 13 19:20:18.248180 n-d-820368-2 devstack@n-api.service[118414]: INFO nova.api.openstack.requestlog [None req-bf2cb461-da2e-43b0-955e-b3c7f89e2aa0 tempest-FlavorMetadataValidation-1530366600 tempest-FlavorMetadataValidation-1530366600-project-admin] 10.222.0.73 "DELETE /compute/v2.1/flavors/1923338323" status: 202 len: 0 microversion: 2.86 time: 0.174957
Jan 13 19:20:18.250008 n-d-820368-2 devstack@n-api.service[118414]: [pid: 118414|app: 0|req: 7/13] 10.222.0.73 () {60 vars in 1201 bytes} [Thu Jan 13 19:20:18 2022] DELETE /compute/v2.1/flavors/1923338323 => generated 0 bytes in 180 msecs (HTTP/1.1 202) 9 headers in 363 bytes (1 switches on core 0)
Jan 13 19:20:18.262565 n-d-820368-2 devstack@n-api.service[118414]: DEBUG nova.api.openstack.wsgi [None req-e5f742a2-8db5-48ff-9f3d-1f5920b71347 tempest-FlavorsAdminTestJSON-1300643891 tempest-FlavorsAdminTestJSON-1300643891-project-admin] Calling method '>' {{(pid=118414) _process_stack /opt/stack/nova/nova/api/openstack/wsgi.py:513}}
Jan 13 19:20:18.298234 n-d-820368-2 devstack@n-api.service[118414]: INFO nova.api.openstack.requestlog [None req-e5f742a2-8db5-48ff-9f3d-1f5920b71347 tempest-FlavorsAdminTestJSON-1300643891 tempest-FlavorsAdminTestJSON-1300643891-project-admin] 10.222.0.73 "GET /compute/v2.1/flavors/detail" status: 200 len: 4991 microversion: 2.1 time: 0.040628
Jan 13 19:20:18.310819 n-d-820368-2 devstack@n-api.service[118414]: [pid: 118414|app: 0|req: 8/14] 10.222.0.73 () {58 vars in 1145 bytes} [Thu Jan 13 19:20:18 2022] GET /compute/v2.1/flavors/detail => generated 4991 bytes in 54 msecs (HTTP/1.1 200) 9 headers in 358 bytes (1 switches on core 0)
Jan 13 19:20:18.317526 n-d-820368-2 devstack@n-api.service[118414]: DEBUG nova.api.openstack.wsgi [None req-2bd60f75-e68d-4667-8d19-4fe877c0256a tempest-AggregatesAdminTestV241-528505422 tempest-AggregatesAdminTestV241-528505422-project-admin] Action: 'update', calling method: >, body: {"aggregate": {"name": "tempest-test_aggregate-927778657"}} {{(pid=118414) _process_stack /opt/stack/nova/nova/api/openstack/wsgi.py:511}}
Jan 13 19:20:18.417880 n-d-820368-2 devstack@n-api.service[118414]: /usr/local/lib/python3.8/dist-packages/oslo_policy/policy.py:1119: UserWarning: Policy "os_compute_api:os-aggregates:update": "rule:system_admin_api" failed scope check. The token used to make the request was project scoped but the policy requires ['system'] scope. This behavior may change in the future where using the intended scope is required
Jan 13 19:20:18.417880 n-d-820368-2 devstack@n-api.service[118414]: warnings.warn(msg)
Jan 13 19:20:18.572857 n-d-820368-2 devstack@n-api.service[118414]: INFO nova.api.openstack.requestlog [None req-2bd60f75-e68d-4667-8d19-4fe877c0256a tempest-AggregatesAdminTestV241-528505422 tempest-AggregatesAdminTestV241-528505422-project-admin] 10.222.0.73 "PUT /compute/v2.1/os-aggregates/1" status: 200 len: 298 microversion: 2.41 time: 0.260134
Jan 13 19:20:18.574295 n-d-820368-2 devstack@n-api.service[118414]: [pid: 118414|app: 0|req: 9/15] 10.222.0.73 () {62 vars in 1209 bytes} [Thu Jan 13 19:20:18 2022] PUT /compute/v2.1/os-aggregates/1 => generated 298 bytes in 263 msecs (HTTP/1.1 200) 9 headers in 359 bytes (1 switches on core 0)
Jan 13 19:20:18.585070 n-d-820368-2 devstack@n-api.service[118414]: DEBUG nova.api.openstack.wsgi [None req-2513ee4e-c375-4fd2-9109-1b997dd6c3ed tempest-FlavorMetadataValidation-1530366600 tempest-FlavorMetadataValidation-1530366600-project-admin] Calling method '>' {{(pid=118414) _process_stack /opt/stack/nova/nova/api/openstack/wsgi.py:513}}
Jan 13 19:20:18.597079 n-d-820368-2 devstack@n-api.service[118415]: DEBUG nova.api.openstack.wsgi [None req-700aa0cd-23f5-4b90-9d50-9fdb5a103c5d tempest-FlavorsAccessTestJSON-1187787752 tempest-FlavorsAccessTestJSON-1187787752-project] Calling method '>' {{(pid=118415) _process_stack /opt/stack/nova/nova/api/openstack/wsgi.py:513}}
Jan 13 19:20:18.623367 n-d-820368-2 devstack@n-api.service[118414]: INFO nova.api.openstack.requestlog [None req-2513ee4e-c375-4fd2-9109-1b997dd6c3ed tempest-FlavorMetadataValidation-1530366600 tempest-FlavorMetadataValidation-1530366600-project-admin] 10.222.0.73 "GET /compute/v2.1/flavors/detail" status: 200 len: 5777 microversion: 2.86 time: 0.047070
Jan 13 19:20:18.637121 n-d-820368-2 devstack@n-api.service[118414]: [pid: 118414|app: 0|req: 10/16] 10.222.0.73 () {60 vars in 1186 bytes} [Thu Jan 13 19:20:18 2022] GET /compute/v2.1/flavors/detail => generated 5777 bytes in 50 msecs (HTTP/1.1 200) 9 headers in 360 bytes (1 switches on core 0)
Jan 13 19:20:18.637121 n-d-820368-2 devstack@n-api.service[118414]: DEBUG nova.api.openstack.wsgi [None req-60e4651c-5953-4c5f-b8dd-895ccc468f75 tempest-FlavorsAdminTestJSON-1300643891 tempest-FlavorsAdminTestJSON-1300643891-project-admin] Action: 'create', calling method: >, body: {"flavor": {"ram": 512, "vcpus": 1, "disk": 10, "name": "tempest-test_flavor_-1340494761", "id": 1541287418, "swap": 1024, "rxtx_factor": 2, "OS-FLV-EXT-DATA:ephemeral": 10, "os-flavor-access:is_public": "True"}} {{(pid=118414) _process_stack /opt/stack/nova/nova/api/openstack/wsgi.py:511}}
Jan 13 19:20:18.637121 n-d-820368-2 devstack@n-api.service[118414]: /usr/local/lib/python3.8/dist-packages/oslo_policy/policy.py:1119: UserWarning: Policy "os_compute_api:os-flavor-manage:create": "rule:system_admin_api" failed scope check. The token used to make the request was project scoped but the policy requires ['system'] scope. This behavior may change in the future where using the intended scope is required
Jan 13 19:20:18.637121 n-d-820368-2 devstack@n-api.service[118414]: warnings.warn(msg)
Jan 13 19:20:18.645024 n-d-820368-2 devstack@n-api.service[118415]: INFO nova.api.openstack.requestlog [None req-700aa0cd-23f5-4b90-9d50-9fdb5a103c5d tempest-FlavorsAccessTestJSON-1187787752 tempest-FlavorsAccessTestJSON-1187787752-project] 10.222.0.73 "GET /compute/v2.1/flavors/detail" status: 200 len: 5408 microversion: 2.1 time: 0.630279
Jan 13 19:20:18.647691 n-d-820368-2 devstack@n-api.service[118415]: [pid: 118415|app: 0|req: 7/17] 10.222.0.73 () {58 vars in 1145 bytes} [Thu Jan 13 19:20:18 2022] GET /compute/v2.1/flavors/detail => generated 5408 bytes in 635 msecs (HTTP/1.1 200) 9 headers in 358 bytes (1 switches on core 0)
Jan 13 19:20:18.657207 n-d-820368-2 devstack@n-api.service[118415]: DEBUG nova.api.openstack.wsgi [None req-e8f111a8-8b7d-42b0-a55d-f01d5414f6c5 tempest-AggregatesAdminTestV241-528505422 tempest-AggregatesAdminTestV241-528505422-project-admin] Calling method '>' {{(pid=118415) _process_stack /opt/stack/nova/nova/api/openstack/wsgi.py:513}}
Jan 13 19:20:18.658609 n-d-820368-2 devstack@n-api.service[118415]: /usr/local/lib/python3.8/dist-packages/oslo_policy/policy.py:1119: UserWarning: Policy "os_compute_api:os-aggregates:show": "rule:system_reader_api" failed scope check. The token used to make the request was project scoped but the policy requires ['system'] scope. This behavior may change in the future where using the intended scope is required
Jan 13 19:20:18.658609 n-d-820368-2 devstack@n-api.service[118415]: warnings.warn(msg)
Jan 13 19:20:18.690105 n-d-820368-2 devstack@n-api.service[118415]: INFO nova.api.openstack.requestlog [None req-e8f111a8-8b7d-42b0-a55d-f01d5414f6c5 tempest-AggregatesAdminTestV241-528505422 tempest-AggregatesAdminTestV241-528505422-project-admin] 10.222.0.73 "GET /compute/v2.1/os-aggregates/1" status: 200 len: 298 microversion: 2.41 time: 0.040400
Jan 13 19:20:18.691221 n-d-820368-2 devstack@n-api.service[118415]: [pid: 118415|app: 0|req: 8/18] 10.222.0.73 () {60 vars in 1189 bytes} [Thu Jan 13 19:20:18 2022] GET /compute/v2.1/os-aggregates/1 => generated 298 bytes in 42 msecs (HTTP/1.1 200) 9 headers in 359 bytes (1 switches on core 0)
Jan 13 19:20:18.696262 n-d-820368-2 devstack@n-api.service[118415]: DEBUG nova.api.openstack.wsgi [None req-e1b3ae5f-1c38-489f-9051-2c3f5305725c tempest-FlavorsAccessTestJSON-113509498 tempest-FlavorsAccessTestJSON-113509498-project-admin] Action: 'action', calling method: >, body: {"removeTenantAccess": {"tenant": "14e1866083554f37bcb99a06c9e1039c"}} {{(pid=118415) _process_stack /opt/stack/nova/nova/api/openstack/wsgi.py:511}}
Jan 13 19:20:18.698132 n-d-820368-2 devstack@n-api.service[118415]: /usr/local/lib/python3.8/dist-packages/oslo_policy/policy.py:1119: UserWarning: Policy "os_compute_api:os-flavor-access:remove_tenant_access": "rule:system_admin_api" failed scope check. The token used to make the request was project scoped but the policy requires ['system'] scope. This behavior may change in the future where using the intended scope is required
Jan 13 19:20:18.698132 n-d-820368-2 devstack@n-api.service[118415]: warnings.warn(msg)
Jan 13 19:20:18.747620 n-d-820368-2 devstack@n-api.service[118414]: INFO nova.api.openstack.requestlog [None req-60e4651c-5953-4c5f-b8dd-895ccc468f75 tempest-FlavorsAdminTestJSON-1300643891 tempest-FlavorsAdminTestJSON-1300643891-project-admin] 10.222.0.73 "POST /compute/v2.1/flavors" status: 200 len: 417 microversion: 2.1 time: 0.120691
Jan 13 19:20:18.748275 n-d-820368-2 devstack@n-api.service[118414]: [pid: 118414|app: 0|req: 11/19] 10.222.0.73 () {60 vars in 1146 bytes} [Thu Jan 13 19:20:18 2022] POST /compute/v2.1/flavors => generated 417 bytes in 122 msecs (HTTP/1.1 200) 9 headers in 357 bytes (1 switches on core 0)
Jan 13 19:20:18.753893 n-d-820368-2 devstack@n-api.service[118414]: DEBUG nova.api.openstack.wsgi [None req-c4c7aa67-2336-41f7-b2af-7a4da132d9e1 tempest-AggregatesAdminTestV241-528505422 tempest-AggregatesAdminTestV241-528505422-project-admin] Action: 'action', calling method: >, body: {"add_host": {"host": "n-h1-820368-2"}} {{(pid=118414) _process_stack /opt/stack/nova/nova/api/openstack/wsgi.py:511}}
Jan 13 19:20:18.755549 n-d-820368-2 devstack@n-api.service[118414]: /usr/local/lib/python3.8/dist-packages/oslo_policy/policy.py:1119: UserWarning: Policy "os_compute_api:os-aggregates:add_host": "rule:system_admin_api" failed scope check. The token used to make the request was project scoped but the policy requires ['system'] scope. This behavior may change in the future where using the intended scope is required
Jan 13 19:20:18.755549 n-d-820368-2 devstack@n-api.service[118414]: warnings.warn(msg)
Jan 13 19:20:18.781305 n-d-820368-2 devstack@n-api.service[118414]: DEBUG oslo_concurrency.lockutils [None req-c4c7aa67-2336-41f7-b2af-7a4da132d9e1 tempest-AggregatesAdminTestV241-528505422 tempest-AggregatesAdminTestV241-528505422-project-admin] Lock "e169fd0a-a8f0-42a4-8c37-61d0da6ab89e" acquired by "nova.context.set_target_cell..get_or_set_cached_cell_and_set_connections" :: waited 0.000s {{(pid=118414) inner /usr/local/lib/python3.8/dist-packages/oslo_concurrency/lockutils.py:386}}
Jan 13 19:20:18.781791 n-d-820368-2 devstack@n-api.service[118414]: DEBUG oslo_concurrency.lockutils [None req-c4c7aa67-2336-41f7-b2af-7a4da132d9e1 tempest-AggregatesAdminTestV241-528505422 tempest-AggregatesAdminTestV241-528505422-project-admin] Lock "e169fd0a-a8f0-42a4-8c37-61d0da6ab89e" "released" by "nova.context.set_target_cell..get_or_set_cached_cell_and_set_connections" :: held 0.003s {{(pid=118414) inner /usr/local/lib/python3.8/dist-packages/oslo_concurrency/lockutils.py:400}}
Jan 13 19:20:20.164220 n-d-820368-2 devstack@n-api.service[118415]: INFO nova.api.openstack.requestlog [None req-e1b3ae5f-1c38-489f-9051-2c3f5305725c tempest-FlavorsAccessTestJSON-113509498 tempest-FlavorsAccessTestJSON-113509498-project-admin] 10.222.0.73 "POST /compute/v2.1/flavors/680851705/action" status: 200 len: 21 microversion: 2.1 time: 1.471463
Jan 13 19:20:20.171995 n-d-820368-2 devstack@n-api.service[118415]: [pid: 118415|app: 0|req: 9/20] 10.222.0.73 () {60 vars in 1196 bytes} [Thu Jan 13 19:20:18 2022] POST /compute/v2.1/flavors/680851705/action => generated 21 bytes in 1480 msecs (HTTP/1.1 200) 9 headers in 356 bytes (1 switches on core 0)
Jan 13 19:20:20.178078 n-d-820368-2 devstack@n-api.service[118415]: DEBUG nova.api.openstack.wsgi [None req-41516d62-9cdc-4804-af28-aff55d7001a0 tempest-FlavorsAdminTestJSON-1300643891 tempest-FlavorsAdminTestJSON-1300643891-project-admin] Calling method '>' {{(pid=118415) _process_stack /opt/stack/nova/nova/api/openstack/wsgi.py:513}}
Jan 13 19:20:20.209077 n-d-820368-2 devstack@n-api.service[118415]: INFO nova.api.openstack.requestlog [None req-41516d62-9cdc-4804-af28-aff55d7001a0 tempest-FlavorsAdminTestJSON-1300643891 tempest-FlavorsAdminTestJSON-1300643891-project-admin] 10.222.0.73 "GET /compute/v2.1/flavors/detail" status: 200 len: 5398 microversion: 2.1 time: 0.035430
Jan 13 19:20:20.219679 n-d-820368-2 devstack@n-api.service[118415]: [pid: 118415|app: 0|req: 10/21] 10.222.0.73 () {58 vars in 1145 bytes} [Thu Jan 13 19:20:20 2022] GET /compute/v2.1/flavors/detail => generated 5398 bytes in 44 msecs (HTTP/1.1 200) 9 headers in 358 bytes (1 switches on core 0)
Jan 13 19:20:20.224860 n-d-820368-2 devstack@n-api.service[118415]: DEBUG nova.api.openstack.wsgi [None req-d6f217c8-9bf0-4c34-a995-ce82d4555703 tempest-FlavorsAccessTestJSON-1187787752 tempest-FlavorsAccessTestJSON-1187787752-project] Calling method '>' {{(pid=118415) _process_stack /opt/stack/nova/nova/api/openstack/wsgi.py:513}}
Jan 13 19:20:20.253146 n-d-820368-2 devstack@n-api.service[118415]: INFO nova.api.openstack.requestlog [None req-d6f217c8-9bf0-4c34-a995-ce82d4555703 tempest-FlavorsAccessTestJSON-1187787752 tempest-FlavorsAccessTestJSON-1187787752-project] 10.222.0.73 "GET /compute/v2.1/flavors/detail" status: 200 len: 5398 microversion: 2.1 time: 0.034854
Jan 13 19:20:20.253862 n-d-820368-2 devstack@n-api.service[118415]: [pid: 118415|app: 0|req: 11/22] 10.222.0.73 () {58 vars in 1145 bytes} [Thu Jan 13 19:20:20 2022] GET /compute/v2.1/flavors/detail => generated 5398 bytes in 36 msecs (HTTP/1.1 200) 9 headers in 358 bytes (1 switches on core 0)
Jan 13 19:20:20.273045 n-d-820368-2 devstack@n-api.service[118415]: DEBUG nova.api.openstack.wsgi [None req-68ac21ab-712c-45d8-8f37-6c6d1bcd63df tempest-FlavorsAdminTestJSON-1300643891 tempest-FlavorsAdminTestJSON-1300643891-project-admin] Calling method '>' {{(pid=118415) _process_stack /opt/stack/nova/nova/api/openstack/wsgi.py:513}}
Jan 13 19:20:20.275593 n-d-820368-2 devstack@n-api.service[118415]: /usr/local/lib/python3.8/dist-packages/oslo_policy/policy.py:1119: UserWarning: Policy "os_compute_api:os-flavor-manage:delete": "rule:system_admin_api" failed scope check. The token used to make the request was project scoped but the policy requires ['system'] scope. This behavior may change in the future where using the intended scope is required
Jan 13 19:20:20.275593 n-d-820368-2 devstack@n-api.service[118415]: warnings.warn(msg)
Jan 13 19:20:20.370829 n-d-820368-2 devstack@n-api.service[118415]: INFO nova.api.openstack.requestlog [None req-68ac21ab-712c-45d8-8f37-6c6d1bcd63df tempest-FlavorsAdminTestJSON-1300643891 tempest-FlavorsAdminTestJSON-1300643891-project-admin] 10.222.0.73 "DELETE /compute/v2.1/flavors/1541287418" status: 202 len: 0 microversion: 2.1 time: 0.104779
Jan 13 19:20:20.371510 n-d-820368-2 devstack@n-api.service[118415]: [pid: 118415|app: 0|req: 12/23] 10.222.0.73 () {58 vars in 1160 bytes} [Thu Jan 13 19:20:20 2022] DELETE /compute/v2.1/flavors/1541287418 => generated 0 bytes in 117 msecs (HTTP/1.1 202) 9 headers in 361 bytes (1 switches on core 0)
Jan 13 19:20:20.378040 n-d-820368-2 devstack@n-api.service[118415]: DEBUG nova.api.openstack.wsgi [None req-938ffb75-5072-4656-bcd1-c5b461b9a0d7 tempest-FlavorsAccessTestJSON-113509498 tempest-FlavorsAccessTestJSON-113509498-project-admin] Calling method '>' {{(pid=118415) _process_stack /opt/stack/nova/nova/api/openstack/wsgi.py:513}}
Jan 13 19:20:20.507321 n-d-820368-2 devstack@n-api.service[118415]: INFO nova.api.openstack.requestlog [None req-938ffb75-5072-4656-bcd1-c5b461b9a0d7 tempest-FlavorsAccessTestJSON-113509498 tempest-FlavorsAccessTestJSON-113509498-project-admin] 10.222.0.73 "DELETE /compute/v2.1/flavors/680851705" status: 202 len: 0 microversion: 2.1 time: 0.134254
Jan 13 19:20:20.508974 n-d-820368-2 devstack@n-api.service[118415]: [pid: 118415|app: 0|req: 13/24] 10.222.0.73 () {58 vars in 1157 bytes} [Thu Jan 13 19:20:20 2022] DELETE /compute/v2.1/flavors/680851705 => generated 0 bytes in 137 msecs (HTTP/1.1 202) 9 headers in 361 bytes (1 switches on core 0)
Jan 13 19:20:20.517466 n-d-820368-2 devstack@n-api.service[118415]: DEBUG nova.api.openstack.wsgi [None req-ca9d4ccc-80a6-4a99-8941-279bbe45a800 tempest-FlavorsAdminTestJSON-1300643891 tempest-FlavorsAdminTestJSON-1300643891-project-admin] Calling method '>' {{(pid=118415) _process_stack /opt/stack/nova/nova/api/openstack/wsgi.py:513}}
Jan 13 19:20:20.546573 n-d-820368-2 devstack@n-api.service[118415]: INFO nova.api.openstack.requestlog [None req-ca9d4ccc-80a6-4a99-8941-279bbe45a800 tempest-FlavorsAdminTestJSON-1300643891 tempest-FlavorsAdminTestJSON-1300643891-project-admin] 10.222.0.73 "GET /compute/v2.1/flavors/detail" status: 200 len: 4991 microversion: 2.1 time: 0.036035
Jan 13 19:20:20.547206 n-d-820368-2 devstack@n-api.service[118415]: [pid: 118415|app: 0|req: 14/25] 10.222.0.73 () {58 vars in 1145 bytes} [Thu Jan 13 19:20:20 2022] GET /compute/v2.1/flavors/detail => generated 4991 bytes in 38 msecs (HTTP/1.1 200) 9 headers in 358 bytes (1 switches on core 0)
Jan 13 19:20:20.551684 n-d-820368-2 devstack@n-api.service[118415]: DEBUG nova.api.openstack.wsgi [None req-e8695e78-70fe-4cf6-921e-9d80d8572f2f tempest-FlavorsAccessTestJSON-113509498 tempest-FlavorsAccessTestJSON-113509498-project-admin] Calling method '>' {{(pid=118415) _process_stack /opt/stack/nova/nova/api/openstack/wsgi.py:513}}
Jan 13 19:20:20.573729 n-d-820368-2 devstack@n-api.service[118415]: INFO nova.api.openstack.requestlog [None req-e8695e78-70fe-4cf6-921e-9d80d8572f2f tempest-FlavorsAccessTestJSON-113509498 tempest-FlavorsAccessTestJSON-113509498-project-admin] 10.222.0.73 "GET /compute/v2.1/flavors/detail" status: 200 len: 4991 microversion: 2.1 time: 0.025487
Jan 13 19:20:20.574486 n-d-820368-2 devstack@n-api.service[118415]: [pid: 118415|app: 0|req: 15/26] 10.222.0.73 () {58 vars in 1145 bytes} [Thu Jan 13 19:20:20 2022] GET /compute/v2.1/flavors/detail => generated 4991 bytes in 27 msecs (HTTP/1.1 200) 9 headers in 358 bytes (1 switches on core 0)
Jan 13 19:20:20.579597 n-d-820368-2 devstack@n-api.service[118415]: DEBUG nova.api.openstack.wsgi [None req-4c9a3552-9bff-496f-8b34-3dc66d51b5b0 tempest-FlavorsAdminTestJSON-1300643891 tempest-FlavorsAdminTestJSON-1300643891-project-admin] Action: 'create', calling method: >, body: {"flavor": {"ram": 512, "vcpus": 1, "disk": 10, "name": "tempest-FlavorsAdminTestJSON-flavor-1388290691", "id": 1867687641, "os-flavor-access:is_public": "True"}} {{(pid=118415) _process_stack /opt/stack/nova/nova/api/openstack/wsgi.py:511}}
Jan 13 19:20:20.581440 n-d-820368-2 devstack@n-api.service[118415]: /usr/local/lib/python3.8/dist-packages/oslo_policy/policy.py:1119: UserWarning: Policy "os_compute_api:os-flavor-manage:create": "rule:system_admin_api" failed scope check. The token used to make the request was project scoped but the policy requires ['system'] scope. This behavior may change in the future where using the intended scope is required
Jan 13 19:20:20.581440 n-d-820368-2 devstack@n-api.service[118415]: warnings.warn(msg)
Jan 13 19:20:20.678545 n-d-820368-2 devstack@n-api.service[118415]: INFO nova.api.openstack.requestlog [None req-4c9a3552-9bff-496f-8b34-3dc66d51b5b0 tempest-FlavorsAdminTestJSON-1300643891 tempest-FlavorsAdminTestJSON-1300643891-project-admin] 10.222.0.73 "POST /compute/v2.1/flavors" status: 200 len: 429 microversion: 2.1 time: 0.101009
Jan 13 19:20:20.680837 n-d-820368-2 devstack@n-api.service[118415]: [pid: 118415|app: 0|req: 16/27] 10.222.0.73 () {60 vars in 1146 bytes} [Thu Jan 13 19:20:20 2022] POST /compute/v2.1/flavors => generated 429 bytes in 105 msecs (HTTP/1.1 200) 9 headers in 357 bytes (1 switches on core 0)
Jan 13 19:20:20.695076 n-d-820368-2 devstack@n-api.service[118415]: DEBUG nova.api.openstack.wsgi [None req-dbfd4c6c-7bd0-4913-affc-d6989f01e4e5 tempest-FlavorsAccessTestJSON-113509498 tempest-FlavorsAccessTestJSON-113509498-project-admin] Action: 'create', calling method: >, body: {"flavor": {"ram": 512, "vcpus": 1, "disk": 10, "name": "tempest-FlavorsAccessTestJSON-flavor-183587812", "id": 1639024030, "os-flavor-access:is_public": "False"}} {{(pid=118415) _process_stack /opt/stack/nova/nova/api/openstack/wsgi.py:511}}
Jan 13 19:20:20.730231 n-d-820368-2 devstack@n-api.service[118414]: INFO nova.api.openstack.requestlog [None req-c4c7aa67-2336-41f7-b2af-7a4da132d9e1 tempest-AggregatesAdminTestV241-528505422 tempest-AggregatesAdminTestV241-528505422-project-admin] 10.222.0.73 "POST /compute/v2.1/os-aggregates/1/action" status: 200 len: 313 microversion: 2.41 time: 1.980205
Jan 13 19:20:20.737685 n-d-820368-2 devstack@n-api.service[118414]: [pid: 118414|app: 0|req: 12/28] 10.222.0.73 () {62 vars in 1231 bytes} [Thu Jan 13 19:20:18 2022] POST /compute/v2.1/os-aggregates/1/action => generated 313 bytes in 1984 msecs (HTTP/1.1 200) 9 headers in 359 bytes (1 switches on core 0)
Jan 13 19:20:20.741603 n-d-820368-2 devstack@n-api.service[118414]: DEBUG nova.api.openstack.wsgi [None req-2b2fa5c8-6bf7-4827-8d88-6d0b07dc9ef1 tempest-FlavorsAdminTestJSON-1300643891 tempest-FlavorsAdminTestJSON-1300643891-project-admin] Calling method '>' {{(pid=118414) _process_stack /opt/stack/nova/nova/api/openstack/wsgi.py:513}}
Jan 13 19:20:20.742643 n-d-820368-2 devstack@n-api.service[118414]: /usr/local/lib/python3.8/dist-packages/oslo_policy/policy.py:1119: UserWarning: Policy "os_compute_api:os-flavor-manage:delete": "rule:system_admin_api" failed scope check. The token used to make the request was project scoped but the policy requires ['system'] scope. This behavior may change in the future where using the intended scope is required
Jan 13 19:20:20.742643 n-d-820368-2 devstack@n-api.service[118414]: warnings.warn(msg)
Jan 13 19:20:20.819763 n-d-820368-2 devstack@n-api.service[118415]: INFO nova.api.openstack.requestlog [None req-dbfd4c6c-7bd0-4913-affc-d6989f01e4e5 tempest-FlavorsAccessTestJSON-113509498 tempest-FlavorsAccessTestJSON-113509498-project-admin] 10.222.0.73 "POST /compute/v2.1/flavors" status: 200 len: 430 microversion: 2.1 time: 0.136918
Jan 13 19:20:20.844215 n-d-820368-2 devstack@n-api.service[118415]: [pid: 118415|app: 0|req: 17/29] 10.222.0.73 () {60 vars in 1146 bytes} [Thu Jan 13 19:20:20 2022] POST /compute/v2.1/flavors => generated 430 bytes in 163 msecs (HTTP/1.1 200) 9 headers in 357 bytes (1 switches on core 0)
Jan 13 19:20:20.853158 n-d-820368-2 devstack@n-api.service[118415]: DEBUG nova.api.openstack.wsgi [None req-f7a72823-e7e8-4dad-a1a2-ae3719e76a3b tempest-AggregatesAdminTestV241-528505422 tempest-AggregatesAdminTestV241-528505422-project-admin] Action: 'action', calling method: >, body: {"remove_host": {"host": "n-h1-820368-2"}} {{(pid=118415) _process_stack /opt/stack/nova/nova/api/openstack/wsgi.py:511}}
