Feb 28 17:15:09.533539 n-d-820368-19 neutron-server[104247]: DEBUG neutron_lib.callbacks.manager [None req-4d5aeab7-e34a-42de-b0c9-9f5c35a2cb32 admin admin] Publish callbacks [] for security_group (84b18e76-000f-4194-bea6-4842e26b506b), precommit_create {{(pid=104247) _notify_loop /usr/local/lib/python3.8/dist-packages/neutron_lib/callbacks/manager.py:176}}
Feb 28 17:15:09.599377 n-d-820368-19 neutron-server[104247]: DEBUG neutron_lib.callbacks.manager [None req-4d5aeab7-e34a-42de-b0c9-9f5c35a2cb32 admin admin] Publish callbacks ['neutron.plugins.ml2.ovo_rpc._ObjectChangeHandler.handle_event-890045'] for security_group (84b18e76-000f-4194-bea6-4842e26b506b), after_create {{(pid=104247) _notify_loop /usr/local/lib/python3.8/dist-packages/neutron_lib/callbacks/manager.py:176}}
Feb 28 17:15:09.638229 n-d-820368-19 neutron-server[104247]: DEBUG neutron.api.rpc.handlers.resources_rpc [None req-4d5aeab7-e34a-42de-b0c9-9f5c35a2cb32 admin admin] Pushing event updated for resources: {'SecurityGroup': ['ID=84b18e76-000f-4194-bea6-4842e26b506b,revision_number=1']} {{(pid=104247) push /opt/stack/neutron/neutron/api/rpc/handlers/resources_rpc.py:237}}
Feb 28 17:15:09.651899 n-d-820368-19 neutron-server[104247]: INFO neutron.wsgi [None req-4d5aeab7-e34a-42de-b0c9-9f5c35a2cb32 admin admin] 10.222.0.72 "GET /v2.0/security-groups?tenant_id=40032570285d499e867c852df2ef9aea&name=default HTTP/1.1" status: 200 len: 2992 time: 0.2102089
Feb 28 17:15:09.654638 n-d-820368-19 neutron-server[104246]: DEBUG neutron.wsgi [-] (104246) accepted ('10.222.0.72', 40056) {{(pid=104246) server /usr/local/lib/python3.8/dist-packages/eventlet/wsgi.py:1004}}
Feb 28 17:15:09.664715 n-d-820368-19 neutron-server[104248]: DEBUG neutron_lib.callbacks.manager [None req-f76d437c-73d3-49e1-b30b-7b49c55b0e6e None None] Publish callbacks ['neutron.services.segments.db._update_segment_host_mapping_for_agent-8756256415627', 'neutron.plugins.ml2.plugin.Ml2Plugin._retry_binding_revived_agents-1770887'] for agent (35c0fe62-68e4-4990-96d3-1f9e4fa9d2e2), after_update {{(pid=104248) _notify_loop /usr/local/lib/python3.8/dist-packages/neutron_lib/callbacks/manager.py:176}}
Feb 28 17:15:09.703811 n-d-820368-19 neutron-server[104246]: DEBUG neutron_lib.callbacks.manager [None req-d6107ebb-c4d4-4900-9fde-1b02027010ee admin admin] Publish callbacks [] for security_group (84b18e76-000f-4194-bea6-4842e26b506b), before_delete {{(pid=104246) _notify_loop /usr/local/lib/python3.8/dist-packages/neutron_lib/callbacks/manager.py:176}}
Feb 28 17:15:09.725090 n-d-820368-19 neutron-server[104246]: DEBUG neutron_lib.callbacks.manager [None req-d6107ebb-c4d4-4900-9fde-1b02027010ee admin admin] Publish callbacks [] for security_group (84b18e76-000f-4194-bea6-4842e26b506b), precommit_delete {{(pid=104246) _notify_loop /usr/local/lib/python3.8/dist-packages/neutron_lib/callbacks/manager.py:176}}
Feb 28 17:15:09.793652 n-d-820368-19 neutron-server[104248]: DEBUG neutron_lib.callbacks.manager [None req-6a69d933-526e-4437-9dec-ddb29c022484 None None] Publish callbacks ['neutron.services.segments.db._update_segment_host_mapping_for_agent-8756256415627', 'neutron.plugins.ml2.plugin.Ml2Plugin._retry_binding_revived_agents-1770887'] for agent (489e5ace-b806-448a-ab33-43b58885a368), after_update {{(pid=104248) _notify_loop /usr/local/lib/python3.8/dist-packages/neutron_lib/callbacks/manager.py:176}}
Feb 28 17:15:09.859604 n-d-820368-19 neutron-server[104246]: DEBUG neutron_lib.callbacks.manager [None req-d6107ebb-c4d4-4900-9fde-1b02027010ee admin admin] Publish callbacks ['neutron.plugins.ml2.ovo_rpc._ObjectChangeHandler.handle_event-890045'] for security_group (84b18e76-000f-4194-bea6-4842e26b506b), after_delete {{(pid=104246) _notify_loop /usr/local/lib/python3.8/dist-packages/neutron_lib/callbacks/manager.py:176}}
Feb 28 17:15:09.863674 n-d-820368-19 neutron-server[104246]: DEBUG neutron_lib.callbacks.manager [None req-d6107ebb-c4d4-4900-9fde-1b02027010ee admin admin] Publish callbacks [] for security_group (None), before_response {{(pid=104246) _notify_loop /usr/local/lib/python3.8/dist-packages/neutron_lib/callbacks/manager.py:176}}
Feb 28 17:15:09.866339 n-d-820368-19 neutron-server[104246]: INFO neutron.wsgi [None req-d6107ebb-c4d4-4900-9fde-1b02027010ee admin admin] 10.222.0.72 "DELETE /v2.0/security-groups/84b18e76-000f-4194-bea6-4842e26b506b HTTP/1.1" status: 204 len: 168 time: 0.2098849
Feb 28 17:15:09.876360 n-d-820368-19 neutron-server[104246]: DEBUG neutron.api.rpc.handlers.resources_rpc [None req-d6107ebb-c4d4-4900-9fde-1b02027010ee admin admin] Pushing event deleted for resources: {'SecurityGroup': ['ID=84b18e76-000f-4194-bea6-4842e26b506b,revision_number=None']} {{(pid=104246) push /opt/stack/neutron/neutron/api/rpc/handlers/resources_rpc.py:237}}
Feb 28 17:15:10.157458 n-d-820368-19 neutron-server[104246]: DEBUG neutron.wsgi [-] (104246) accepted ('10.222.0.72', 40088) {{(pid=104246) server /usr/local/lib/python3.8/dist-packages/eventlet/wsgi.py:1004}}
Feb 28 17:15:10.160127 n-d-820368-19 neutron-server[104246]: WARNING keystonemiddleware.auth_token [-] A valid token was submitted as a service token, but it was not a valid service token. This is incorrect but backwards compatible behaviour. This will be removed in future releases.
Feb 28 17:15:10.189381 n-d-820368-19 neutron-server[104246]: INFO neutron.wsgi [req-071c0c92-3884-4d33-b64a-db42e2e4b36a req-fff75ef5-7c2f-47da-8bac-9bf9661c03e0 tempest-AggregatesAdminTestJSON-1431116767 tempest-AggregatesAdminTestJSON-1431116767-project] 10.222.0.72 "GET /v2.0/networks?tenant_id=4d80aac04d184bb094423b5034121074&shared=False HTTP/1.1" status: 200 len: 213 time: 0.0306010
Feb 28 17:15:10.379696 n-d-820368-19 neutron-server[104246]: DEBUG neutron.pecan_wsgi.hooks.policy_enforcement [req-071c0c92-3884-4d33-b64a-db42e2e4b36a req-df47f961-ec2a-4ac4-8f50-6a53347e49d2 tempest-AggregatesAdminTestJSON-1431116767 tempest-AggregatesAdminTestJSON-1431116767-project] Attributes excluded by policy engine: ['standard_attr_id', 'vlan_transparent', 'provider:network_type', 'provider:physical_network', 'provider:segmentation_id'] {{(pid=104246) _exclude_attributes_by_policy /opt/stack/neutron/neutron/pecan_wsgi/hooks/policy_enforcement.py:255}}
Feb 28 17:15:10.381166 n-d-820368-19 neutron-server[104246]: INFO neutron.wsgi [req-071c0c92-3884-4d33-b64a-db42e2e4b36a req-df47f961-ec2a-4ac4-8f50-6a53347e49d2 tempest-AggregatesAdminTestJSON-1431116767 tempest-AggregatesAdminTestJSON-1431116767-project] 10.222.0.72 "GET /v2.0/networks?shared=True HTTP/1.1" status: 200 len: 769 time: 0.1865954
Feb 28 17:15:10.396665 n-d-820368-19 neutron-server[104246]: INFO neutron.wsgi [req-071c0c92-3884-4d33-b64a-db42e2e4b36a req-d9c8e0dc-3654-4f5e-b3e5-e087bcd95bfa tempest-AggregatesAdminTestJSON-1431116767 tempest-AggregatesAdminTestJSON-1431116767-project] 10.222.0.72 "GET /v2.0/quotas/4d80aac04d184bb094423b5034121074 HTTP/1.1" status: 200 len: 375 time: 0.0097256
Feb 28 17:15:10.456349 n-d-820368-19 neutron-server[104246]: INFO neutron.wsgi [req-071c0c92-3884-4d33-b64a-db42e2e4b36a req-acbe57c0-698e-433a-ac7a-9d58993693bc tempest-AggregatesAdminTestJSON-1431116767 tempest-AggregatesAdminTestJSON-1431116767-project] 10.222.0.72 "GET /v2.0/ports?tenant_id=4d80aac04d184bb094423b5034121074&fields=id HTTP/1.1" status: 200 len: 210 time: 0.0523012
Feb 28 17:15:10.714400 n-d-820368-19 neutron-server[104246]: DEBUG neutron.wsgi [-] (104246) accepted ('10.222.0.72', 40120) {{(pid=104246) server /usr/local/lib/python3.8/dist-packages/eventlet/wsgi.py:1004}}
Feb 28 17:15:10.913775 n-d-820368-19 neutron-server[104246]: DEBUG neutron.api.v2.base [None req-a7bf605b-765f-4f5e-9026-3c37edfde35f admin admin] Request body: {'network': {'name': 'tempest-ServersWithSpecificFlavorTestJSON-234030523-network', 'tenant_id': 'cd86d8f7a97d4a129ba9f94176c52519'}} {{(pid=104246) prepare_request_body /opt/stack/neutron/neutron/api/v2/base.py:729}}
Feb 28 17:15:11.018946 n-d-820368-19 neutron-server[104246]: DEBUG neutron.pecan_wsgi.hooks.quota_enforcement [None req-a7bf605b-765f-4f5e-9026-3c37edfde35f admin admin] Made reservation on behalf of cd86d8f7a97d4a129ba9f94176c52519 for: {'network': 1} {{(pid=104246) before /opt/stack/neutron/neutron/pecan_wsgi/hooks/quota_enforcement.py:53}}
Feb 28 17:15:11.021491 n-d-820368-19 neutron-server[104246]: DEBUG neutron_lib.callbacks.manager [None req-a7bf605b-765f-4f5e-9026-3c37edfde35f admin admin] Publish callbacks ['neutron.plugins.ml2.plugin.SecurityGroupDbMixin._ensure_default_security_group_handler-1648758'] for network (None), before_create {{(pid=104246) _notify_loop /usr/local/lib/python3.8/dist-packages/neutron_lib/callbacks/manager.py:176}}
Feb 28 17:15:11.033342 n-d-820368-19 neutron-server[104246]: DEBUG neutron_lib.callbacks.manager [None req-a7bf605b-765f-4f5e-9026-3c37edfde35f admin admin] Publish callbacks [] for security_group (None), before_create {{(pid=104246) _notify_loop /usr/local/lib/python3.8/dist-packages/neutron_lib/callbacks/manager.py:176}}
Feb 28 17:15:11.134879 n-d-820368-19 neutron-server[104246]: DEBUG neutron_lib.callbacks.manager [None req-a7bf605b-765f-4f5e-9026-3c37edfde35f admin admin] Publish callbacks [] for security_group (8bd6bcf3-d4a0-46b9-9267-012d7321d884), precommit_create {{(pid=104246) _notify_loop /usr/local/lib/python3.8/dist-packages/neutron_lib/callbacks/manager.py:176}}
Feb 28 17:15:11.182982 n-d-820368-19 neutron-server[104246]: DEBUG neutron_lib.callbacks.manager [None req-a7bf605b-765f-4f5e-9026-3c37edfde35f admin admin] Publish callbacks ['neutron.plugins.ml2.ovo_rpc._ObjectChangeHandler.handle_event-890045'] for security_group (8bd6bcf3-d4a0-46b9-9267-012d7321d884), after_create {{(pid=104246) _notify_loop /usr/local/lib/python3.8/dist-packages/neutron_lib/callbacks/manager.py:176}}
Feb 28 17:15:11.202709 n-d-820368-19 neutron-server[104248]: DEBUG neutron_lib.callbacks.manager [None req-c1bb72a0-9f1a-45bf-9d2f-1edde7f27a01 None None] Publish callbacks ['neutron.services.segments.db._update_segment_host_mapping_for_agent-8756256415627', 'neutron.plugins.ml2.plugin.Ml2Plugin._retry_binding_revived_agents-1770887'] for agent (dbf6a4ee-9826-4e6e-b57e-f0c2ae9d7c4b), after_update {{(pid=104248) _notify_loop /usr/local/lib/python3.8/dist-packages/neutron_lib/callbacks/manager.py:176}}
Feb 28 17:15:11.237783 n-d-820368-19 neutron-server[104247]: DEBUG neutron.wsgi [-] (104247) accepted ('10.222.0.72', 40154) {{(pid=104247) server /usr/local/lib/python3.8/dist-packages/eventlet/wsgi.py:1004}}
Feb 28 17:15:11.241132 n-d-820368-19 neutron-server[104246]: DEBUG neutron.api.rpc.handlers.resources_rpc [None req-a7bf605b-765f-4f5e-9026-3c37edfde35f admin admin] Pushing event updated for resources: {'SecurityGroup': ['ID=8bd6bcf3-d4a0-46b9-9267-012d7321d884,revision_number=1']} {{(pid=104246) push /opt/stack/neutron/neutron/api/rpc/handlers/resources_rpc.py:237}}
Feb 28 17:15:11.254179 n-d-820368-19 neutron-server[104246]: DEBUG neutron.plugins.ml2.drivers.helpers [None req-a7bf605b-765f-4f5e-9026-3c37edfde35f admin admin] vlan segment allocate from pool success with {'vlan_id': 700, 'physical_network': 'physnet1'} {{(pid=104246) allocate_partially_specified_segment /opt/stack/neutron/neutron/plugins/ml2/drivers/helpers.py:153}}
Feb 28 17:15:11.266418 n-d-820368-19 neutron-server[104246]: DEBUG neutron_lib.callbacks.manager [None req-a7bf605b-765f-4f5e-9026-3c37edfde35f admin admin] Publish callbacks ['neutron.plugins.ml2.plugin.Ml2Plugin._handle_segment_change-1809908'] for segment (88beafba-f144-4124-8b6f-e34008a1e8cb), precommit_create {{(pid=104246) _notify_loop /usr/local/lib/python3.8/dist-packages/neutron_lib/callbacks/manager.py:176}}
Feb 28 17:15:11.266925 n-d-820368-19 neutron-server[104246]: INFO neutron.db.segments_db [None req-a7bf605b-765f-4f5e-9026-3c37edfde35f admin admin] Added segment 88beafba-f144-4124-8b6f-e34008a1e8cb of type vlan for network 0ace9968-4a17-439c-b2f3-b77bcf7c88a1
Feb 28 17:15:11.309366 n-d-820368-19 neutron-server[104246]: DEBUG neutron_lib.callbacks.manager [None req-a7bf605b-765f-4f5e-9026-3c37edfde35f admin admin] Publish callbacks ['neutron.services.auto_allocate.db._ensure_external_network_default_value_callback-8756255942476'] for network (0ace9968-4a17-439c-b2f3-b77bcf7c88a1), precommit_create {{(pid=104246) _notify_loop /usr/local/lib/python3.8/dist-packages/neutron_lib/callbacks/manager.py:176}}
Feb 28 17:15:11.384675 n-d-820368-19 neutron-server[104246]: DEBUG neutron_lib.callbacks.manager [None req-a7bf605b-765f-4f5e-9026-3c37edfde35f admin admin] Publish callbacks ['neutron.plugins.ml2.ovo_rpc._ObjectChangeHandler.handle_event-890060', 'neutron.api.rpc.agentnotifiers.dhcp_rpc_agent_api.DhcpAgentNotifyAPI._native_event_send_dhcp_notification-628219'] for network (0ace9968-4a17-439c-b2f3-b77bcf7c88a1), after_create {{(pid=104246) _notify_loop /usr/local/lib/python3.8/dist-packages/neutron_lib/callbacks/manager.py:176}}
Feb 28 17:15:11.385737 n-d-820368-19 neutron-server[104246]: DEBUG neutron.pecan_wsgi.hooks.policy_enforcement [None req-a7bf605b-765f-4f5e-9026-3c37edfde35f admin admin] Attributes excluded by policy engine: ['standard_attr_id', 'vlan_transparent'] {{(pid=104246) _exclude_attributes_by_policy /opt/stack/neutron/neutron/pecan_wsgi/hooks/policy_enforcement.py:255}}
Feb 28 17:15:11.386599 n-d-820368-19 neutron-server[104246]: DEBUG neutron_lib.callbacks.manager [None req-a7bf605b-765f-4f5e-9026-3c37edfde35f admin admin] Publish callbacks ['neutron.api.rpc.agentnotifiers.dhcp_rpc_agent_api.DhcpAgentNotifyAPI._send_dhcp_notification-628205'] for network (None), before_response {{(pid=104246) _notify_loop /usr/local/lib/python3.8/dist-packages/neutron_lib/callbacks/manager.py:176}}
Feb 28 17:15:11.449486 n-d-820368-19 neutron-server[104246]: DEBUG neutron.api.rpc.handlers.resources_rpc [None req-a7bf605b-765f-4f5e-9026-3c37edfde35f admin admin] Pushing event updated for resources: {'Network': ['ID=0ace9968-4a17-439c-b2f3-b77bcf7c88a1,revision_number=1']} {{(pid=104246) push /opt/stack/neutron/neutron/api/rpc/handlers/resources_rpc.py:237}}
Feb 28 17:15:11.464674 n-d-820368-19 neutron-server[104248]: DEBUG neutron.plugins.ml2.rpc [None req-089037a4-4365-458a-a959-bacbcce21b25 None None] Network 0ace9968-4a17-439c-b2f3-b77bcf7c88a1 details requested by agent ovs-agent-n-d-820368-19 with host n-d-820368-19 {{(pid=104248) get_network_details /opt/stack/neutron/neutron/plugins/ml2/rpc.py:248}}
Feb 28 17:15:11.533184 n-d-820368-19 neutron-server[104246]: INFO neutron.wsgi [None req-a7bf605b-765f-4f5e-9026-3c37edfde35f admin admin] 10.222.0.72 "POST /v2.0/networks HTTP/1.1" status: 201 len: 896 time: 0.8139806
Feb 28 17:15:11.533484 n-d-820368-19 neutron-server[104246]: DEBUG neutron.wsgi [-] (104246) accepted ('10.222.0.72', 40166) {{(pid=104246) server /usr/local/lib/python3.8/dist-packages/eventlet/wsgi.py:1004}}
Feb 28 17:15:11.538931 n-d-820368-19 neutron-server[104246]: DEBUG neutron.api.v2.base [None req-3f2a9b96-1007-4aff-949a-9f666eedcb64 admin admin] Request body: {'subnet': {'network_id': '0ace9968-4a17-439c-b2f3-b77bcf7c88a1', 'cidr': '172.20.0.0/28', 'name': 'tempest-ServersWithSpecificFlavorTestJSON-234030523-subnet', 'tenant_id': 'cd86d8f7a97d4a129ba9f94176c52519', 'enable_dhcp': True, 'ip_version': 4}} {{(pid=104246) prepare_request_body /opt/stack/neutron/neutron/api/v2/base.py:729}}
Feb 28 17:15:11.628110 n-d-820368-19 neutron-server[104246]: DEBUG neutron.pecan_wsgi.hooks.quota_enforcement [None req-3f2a9b96-1007-4aff-949a-9f666eedcb64 admin admin] Made reservation on behalf of cd86d8f7a97d4a129ba9f94176c52519 for: {'subnet': 1} {{(pid=104246) before /opt/stack/neutron/neutron/pecan_wsgi/hooks/quota_enforcement.py:53}}
Feb 28 17:15:11.630842 n-d-820368-19 neutron-server[104246]: DEBUG neutron_lib.callbacks.manager [None req-3f2a9b96-1007-4aff-949a-9f666eedcb64 admin admin] Publish callbacks [] for subnet (None), before_create {{(pid=104246) _notify_loop /usr/local/lib/python3.8/dist-packages/neutron_lib/callbacks/manager.py:176}}
Feb 28 17:15:11.642603 n-d-820368-19 neutron-server[104247]: WARNING keystonemiddleware.auth_token [-] A valid token was submitted as a service token, but it was not a valid service token. This is incorrect but backwards compatible behaviour. This will be removed in future releases.
Feb 28 17:15:11.721464 n-d-820368-19 neutron-server[104247]: INFO neutron.wsgi [req-44e62091-72ac-49df-9a1b-97d1501f32e8 req-b71c99ae-d686-4802-8821-a4c5a0d4d88a tempest-AggregatesAdminTestJSON-1431116767 tempest-AggregatesAdminTestJSON-1431116767-project] 10.222.0.72 "GET /v2.0/ports?device_id=cea81c39-fe1e-43b4-9073-528fa4459b34 HTTP/1.1" status: 200 len: 210 time: 0.4821606
Feb 28 17:15:11.934484 n-d-820368-19 neutron-server[104246]: DEBUG neutron_lib.callbacks.manager [None req-3f2a9b96-1007-4aff-949a-9f666eedcb64 admin admin] Publish callbacks ['neutron.plugins.ml2.ovo_rpc._ObjectChangeHandler.handle_event-912360', 'neutron.api.rpc.agentnotifiers.dhcp_rpc_agent_api.DhcpAgentNotifyAPI._native_event_send_dhcp_notification-628219'] for subnet (304ddab3-68d6-4b16-8125-03d0c1d10117), after_create {{(pid=104246) _notify_loop /usr/local/lib/python3.8/dist-packages/neutron_lib/callbacks/manager.py:176}}
Feb 28 17:15:11.994702 n-d-820368-19 neutron-server[104246]: DEBUG neutron.api.rpc.handlers.resources_rpc [None req-3f2a9b96-1007-4aff-949a-9f666eedcb64 admin admin] Pushing event updated for resources: {'Subnet': ['ID=304ddab3-68d6-4b16-8125-03d0c1d10117,revision_number=0']} {{(pid=104246) push /opt/stack/neutron/neutron/api/rpc/handlers/resources_rpc.py:237}}
Feb 28 17:15:12.007810 n-d-820368-19 neutron-server[104246]: DEBUG neutron.plugins.ml2.drivers.mech_agent [None req-3f2a9b96-1007-4aff-949a-9f666eedcb64 admin admin] Checking segment: {'id': '88beafba-f144-4124-8b6f-e34008a1e8cb', 'network_type': 'vlan', 'physical_network': 'physnet1', 'segmentation_id': 700, 'network_id': '0ace9968-4a17-439c-b2f3-b77bcf7c88a1'} for mappings: {'physnet1': 'br-data'} with network types: ['local', 'flat', 'vlan'] {{(pid=104246) check_segment_for_agent /opt/stack/neutron/neutron/plugins/ml2/drivers/mech_agent.py:373}}
Feb 28 17:15:12.008668 n-d-820368-19 neutron-server[104246]: DEBUG neutron.scheduler.dhcp_agent_scheduler [None req-3f2a9b96-1007-4aff-949a-9f666eedcb64 admin admin] Network hostable DHCP agents. Network: 0ace9968-4a17-439c-b2f3-b77bcf7c88a1, hostable agents: ['c9283c24-67de-46f4-9c19-097d94013302'], hosted agents: [] {{(pid=104246) _get_network_hostable_dhcp_agents /opt/stack/neutron/neutron/scheduler/dhcp_agent_scheduler.py:329}}
Feb 28 17:15:12.088321 n-d-820368-19 neutron-server[104246]: DEBUG neutron.scheduler.dhcp_agent_scheduler [None req-3f2a9b96-1007-4aff-949a-9f666eedcb64 admin admin] Network 0ace9968-4a17-439c-b2f3-b77bcf7c88a1 is scheduled to be hosted by DHCP agent c9283c24-67de-46f4-9c19-097d94013302 with binding_index 1 {{(pid=104246) bind /opt/stack/neutron/neutron/scheduler/dhcp_agent_scheduler.py:227}}
Feb 28 17:15:12.161781 n-d-820368-19 neutron-server[104246]: DEBUG neutron.scheduler.base_scheduler [None req-3f2a9b96-1007-4aff-949a-9f666eedcb64 admin admin] Resources bound (agent type, host, resource id): (DHCP agent, n-d-820368-19, 0ace9968-4a17-439c-b2f3-b77bcf7c88a1) {{(pid=104246) schedule /opt/stack/neutron/neutron/scheduler/base_scheduler.py:57}}
Feb 28 17:15:12.167067 n-d-820368-19 neutron-server[104246]: DEBUG neutron.pecan_wsgi.hooks.policy_enforcement [None req-3f2a9b96-1007-4aff-949a-9f666eedcb64 admin admin] Attributes excluded by policy engine: ['standard_attr_id', 'shared', 'network'] {{(pid=104246) _exclude_attributes_by_policy /opt/stack/neutron/neutron/pecan_wsgi/hooks/policy_enforcement.py:255}}
Feb 28 17:15:12.168182 n-d-820368-19 neutron-server[104246]: DEBUG neutron_lib.callbacks.manager [None req-3f2a9b96-1007-4aff-949a-9f666eedcb64 admin admin] Publish callbacks ['neutron.api.rpc.agentnotifiers.dhcp_rpc_agent_api.DhcpAgentNotifyAPI._send_dhcp_notification-628205'] for subnet (None), before_response {{(pid=104246) _notify_loop /usr/local/lib/python3.8/dist-packages/neutron_lib/callbacks/manager.py:176}}
Feb 28 17:15:12.171004 n-d-820368-19 neutron-server[104248]: DEBUG neutron.api.rpc.handlers.dhcp_rpc [None req-3264104b-3b4f-4b3b-b4d3-e02ca2651682 None None] Network 0ace9968-4a17-439c-b2f3-b77bcf7c88a1 requested from n-d-820368-19 {{(pid=104248) get_network_info /opt/stack/neutron/neutron/api/rpc/handlers/dhcp_rpc.py:191}}
Feb 28 17:15:12.245346 n-d-820368-19 neutron-server[104246]: INFO neutron.wsgi [None req-3f2a9b96-1007-4aff-949a-9f666eedcb64 admin admin] 10.222.0.72 "POST /v2.0/subnets HTTP/1.1" status: 201 len: 859 time: 0.7105708
Feb 28 17:15:12.248120 n-d-820368-19 neutron-server[104246]: DEBUG neutron.wsgi [-] (104246) accepted ('10.222.0.72', 40198) {{(pid=104246) server /usr/local/lib/python3.8/dist-packages/eventlet/wsgi.py:1004}}
Feb 28 17:15:12.253546 n-d-820368-19 neutron-server[104246]: DEBUG neutron.api.v2.base [None req-4feeb0fc-6df6-4d31-8900-edd374dccefa admin admin] Request body: {'router': {'name': 'tempest-ServersWithSpecificFlavorTestJSON-234030523-router', 'tenant_id': 'cd86d8f7a97d4a129ba9f94176c52519', 'external_gateway_info': {'network_id': 'd0ac13c2-6bb6-418b-b4bb-969706e8b064'}}} {{(pid=104246) prepare_request_body /opt/stack/neutron/neutron/api/v2/base.py:729}}
Feb 28 17:15:12.302400 n-d-820368-19 neutron-server[104248]: DEBUG neutron_lib.callbacks.manager [None req-a821c08a-2def-424f-bb4b-842817ca32a1 None None] Publish callbacks ['neutron.services.segments.db._update_segment_host_mapping_for_agent-8756256415627', 'neutron.plugins.ml2.plugin.Ml2Plugin._retry_binding_revived_agents-1770887'] for agent (4d83b85e-016d-44ff-9798-795d68e98bbe), after_update {{(pid=104248) _notify_loop /usr/local/lib/python3.8/dist-packages/neutron_lib/callbacks/manager.py:176}}
Feb 28 17:15:12.314459 n-d-820368-19 neutron-server[104248]: DEBUG neutron.api.rpc.handlers.dhcp_rpc [None req-d623245f-1ed3-4def-be46-c8ab8693518e None None] Create dhcp port {'port': {'name': '', 'admin_state_up': True, 'device_id': 'dhcpd47021cd-7c88-5a85-981e-be78a8250471-0ace9968-4a17-439c-b2f3-b77bcf7c88a1', 'network_id': '0ace9968-4a17-439c-b2f3-b77bcf7c88a1', 'project_id': 'cd86d8f7a97d4a129ba9f94176c52519', 'fixed_ips': [{'subnet_id': '304ddab3-68d6-4b16-8125-03d0c1d10117'}]}} from n-d-820368-19. {{(pid=104248) create_dhcp_port /opt/stack/neutron/neutron/api/rpc/handlers/dhcp_rpc.py:268}}
Feb 28 17:15:12.314459 n-d-820368-19 neutron-server[104248]: DEBUG neutron_lib.callbacks.manager [None req-d623245f-1ed3-4def-be46-c8ab8693518e None None] Publish callbacks ['neutron.plugins.ml2.plugin.SecurityGroupDbMixin._ensure_default_security_group_handler-1648758'] for port (None), before_create {{(pid=104248) _notify_loop /usr/local/lib/python3.8/dist-packages/neutron_lib/callbacks/manager.py:176}}
Feb 28 17:15:12.362152 n-d-820368-19 neutron-server[104246]: DEBUG neutron_lib.callbacks.manager [None req-4feeb0fc-6df6-4d31-8900-edd374dccefa admin admin] Publish callbacks ['neutron.services.l3_router.l3_router_plugin.L3_HA_NAT_db_mixin._before_router_create_handler-553855', 'neutron.services.l3_router.service_providers.driver_controller.DriverController._check_router_request-29271'] for router (5693017c-6a09-461a-93df-575a531affe3), before_create {{(pid=104246) _notify_loop /usr/local/lib/python3.8/dist-packages/neutron_lib/callbacks/manager.py:176}}
Feb 28 17:15:12.363106 n-d-820368-19 neutron-server[104246]: DEBUG neutron_lib.callbacks.manager [None req-4feeb0fc-6df6-4d31-8900-edd374dccefa admin admin] Publish callbacks ['neutron.services.l3_router.l3_router_plugin.L3_HA_NAT_db_mixin._precommit_router_create-556527', 'neutron.services.l3_router.l3_router_plugin.DVRResourceOperationHandler._set_distributed_flag-544560', 'neutron.services.l3_router.l3_router_plugin.RouterAvailabilityZoneMixin._process_az_request-892601', 'neutron.services.l3_router.service_providers.driver_controller.DriverController._set_router_provider-29230'] for router (5693017c-6a09-461a-93df-575a531affe3), precommit_create {{(pid=104246) _notify_loop /usr/local/lib/python3.8/dist-packages/neutron_lib/callbacks/manager.py:176}}
Feb 28 17:15:12.417473 n-d-820368-19 neutron-server[104246]: DEBUG neutron_lib.callbacks.manager [None req-4feeb0fc-6df6-4d31-8900-edd374dccefa admin admin] Publish callbacks [] for router_controller (5693017c-6a09-461a-93df-575a531affe3), precommit_add_association {{(pid=104246) _notify_loop /usr/local/lib/python3.8/dist-packages/neutron_lib/callbacks/manager.py:176}}
Feb 28 17:15:12.448244 n-d-820368-19 neutron-server[104248]: DEBUG neutron.db.db_base_plugin_common [None req-d623245f-1ed3-4def-be46-c8ab8693518e None None] Allocated IP 172.20.0.2 (0ace9968-4a17-439c-b2f3-b77bcf7c88a1/304ddab3-68d6-4b16-8125-03d0c1d10117/d467d3b1-a274-44bb-809c-3acfb799e373) {{(pid=104248) _store_ip_allocation /opt/stack/neutron/neutron/db/db_base_plugin_common.py:131}}
Feb 28 17:15:12.654783 n-d-820368-19 neutron-server[104248]: DEBUG neutron_lib.callbacks.manager [None req-d623245f-1ed3-4def-be46-c8ab8693518e None None] Publish callbacks [] for port (d467d3b1-a274-44bb-809c-3acfb799e373), precommit_create {{(pid=104248) _notify_loop /usr/local/lib/python3.8/dist-packages/neutron_lib/callbacks/manager.py:176}}
Feb 28 17:15:12.749075 n-d-820368-19 neutron-server[104248]: DEBUG neutron_lib.callbacks.manager [None req-d623245f-1ed3-4def-be46-c8ab8693518e None None] Publish callbacks ['neutron.plugins.ml2.plugin.SecurityGroupServerNotifierRpcMixin._notify_sg_on_port_change-1648821', 'neutron.plugins.ml2.ovo_rpc._ObjectChangeHandler.handle_event-451214', 'neutron.api.rpc.agentnotifiers.dhcp_rpc_agent_api.DhcpAgentNotifyAPI._native_event_send_dhcp_notification-628219', 'neutron.db.l3_dvrscheduler_db._notify_l3_agent_new_port-8756255955429'] for port (d467d3b1-a274-44bb-809c-3acfb799e373), after_create {{(pid=104248) _notify_loop /usr/local/lib/python3.8/dist-packages/neutron_lib/callbacks/manager.py:176}}
Feb 28 17:15:12.768494 n-d-820368-19 neutron-server[104246]: DEBUG neutron_lib.callbacks.manager [None req-4feeb0fc-6df6-4d31-8900-edd374dccefa admin admin] Publish callbacks [] for router_gateway (5693017c-6a09-461a-93df-575a531affe3), precommit_update {{(pid=104246) _notify_loop /usr/local/lib/python3.8/dist-packages/neutron_lib/callbacks/manager.py:176}}
Feb 28 17:15:12.791874 n-d-820368-19 neutron-server[104248]: DEBUG neutron.scheduler.dhcp_agent_scheduler [None req-d623245f-1ed3-4def-be46-c8ab8693518e None None] Network 0ace9968-4a17-439c-b2f3-b77bcf7c88a1 is already hosted by enough agents. {{(pid=104248) _get_dhcp_agents_hosting_network /opt/stack/neutron/neutron/scheduler/dhcp_agent_scheduler.py:275}}
Feb 28 17:15:12.795812 n-d-820368-19 neutron-server[104248]: DEBUG neutron.scheduler.base_scheduler [None req-d623245f-1ed3-4def-be46-c8ab8693518e None None] Resources bound (agent type, host, resource id): {{(pid=104248) schedule /opt/stack/neutron/neutron/scheduler/base_scheduler.py:57}}
Feb 28 17:15:12.803255 n-d-820368-19 neutron-server[104248]: DEBUG neutron.db.l3_dvrscheduler_db [None req-d623245f-1ed3-4def-be46-c8ab8693518e None None] Received port after_create {{(pid=104248) _notify_l3_agent_new_port /opt/stack/neutron/neutron/db/l3_dvrscheduler_db.py:536}}
Feb 28 17:15:12.842301 n-d-820368-19 neutron-server[104248]: DEBUG neutron.api.rpc.handlers.resources_rpc [None req-d623245f-1ed3-4def-be46-c8ab8693518e None None] Pushing event updated for resources: {'Port': ['ID=d467d3b1-a274-44bb-809c-3acfb799e373,revision_number=1']} {{(pid=104248) push /opt/stack/neutron/neutron/api/rpc/handlers/resources_rpc.py:237}}
Feb 28 17:15:12.870075 n-d-820368-19 neutron-server[104248]: DEBUG neutron.api.rpc.callbacks.version_manager [None req-d623245f-1ed3-4def-be46-c8ab8693518e None None] Version for resource type AddressGroup changed None to 1.2 on consumer Open vSwitch agent@n-d-820368-19 {{(pid=104248) _set_version /opt/stack/neutron/neutron/api/rpc/callbacks/version_manager.py:113}}
Feb 28 17:15:12.870777 n-d-820368-19 neutron-server[104248]: DEBUG neutron.api.rpc.callbacks.version_manager [None req-d623245f-1ed3-4def-be46-c8ab8693518e None None] Version for resource type ConntrackHelper changed None to 1.0 on consumer Open vSwitch agent@n-d-820368-19 {{(pid=104248) _set_version /opt/stack/neutron/neutron/api/rpc/callbacks/version_manager.py:113}}
Feb 28 17:15:12.871183 n-d-820368-19 neutron-server[104248]: DEBUG neutron.api.rpc.callbacks.version_manager [None req-d623245f-1ed3-4def-be46-c8ab8693518e None None] Version for resource type LocalIPAssociation changed None to 1.0 on consumer Open vSwitch agent@n-d-820368-19 {{(pid=104248) _set_version /opt/stack/neutron/neutron/api/rpc/callbacks/version_manager.py:113}}
Feb 28 17:15:12.871587 n-d-820368-19 neutron-server[104248]: DEBUG neutron.api.rpc.callbacks.version_manager [None req-d623245f-1ed3-4def-be46-c8ab8693518e None None] Version for resource type Log changed None to 1.0 on consumer Open vSwitch agent@n-d-820368-19 {{(pid=104248) _set_version /opt/stack/neutron/neutron/api/rpc/callbacks/version_manager.py:113}}
Feb 28 17:15:12.871987 n-d-820368-19 neutron-server[104248]: DEBUG neutron.api.rpc.callbacks.version_manager [None req-d623245f-1ed3-4def-be46-c8ab8693518e None None] Version for resource type Network changed None to 1.1 on consumer Open vSwitch agent@n-d-820368-19 {{(pid=104248) _set_version /opt/stack/neutron/neutron/api/rpc/callbacks/version_manager.py:113}}
Feb 28 17:15:12.872376 n-d-820368-19 neutron-server[104248]: DEBUG neutron.api.rpc.callbacks.version_manager [None req-d623245f-1ed3-4def-be46-c8ab8693518e None None] Version for resource type Port changed None to 1.7 on consumer Open vSwitch agent@n-d-820368-19 {{(pid=104248) _set_version /opt/stack/neutron/neutron/api/rpc/callbacks/version_manager.py:113}}
Feb 28 17:15:12.872750 n-d-820368-19 neutron-server[104248]: DEBUG neutron.api.rpc.callbacks.version_manager [None req-d623245f-1ed3-4def-be46-c8ab8693518e None None] Version for resource type PortForwarding changed None to 1.2 on consumer Open vSwitch agent@n-d-820368-19 {{(pid=104248) _set_version /opt/stack/neutron/neutron/api/rpc/callbacks/version_manager.py:113}}
Feb 28 17:15:12.873210 n-d-820368-19 neutron-server[104248]: DEBUG neutron.api.rpc.callbacks.version_manager [None req-d623245f-1ed3-4def-be46-c8ab8693518e None None] Version for resource type QosPolicy changed None to 1.10 on consumer Open vSwitch agent@n-d-820368-19 {{(pid=104248) _set_version /opt/stack/neutron/neutron/api/rpc/callbacks/version_manager.py:113}}
Feb 28 17:15:12.873698 n-d-820368-19 neutron-server[104248]: DEBUG neutron.api.rpc.callbacks.version_manager [None req-d623245f-1ed3-4def-be46-c8ab8693518e None None] Version for resource type SecurityGroup changed None to 1.5 on consumer Open vSwitch agent@n-d-820368-19 {{(pid=104248) _set_version /opt/stack/neutron/neutron/api/rpc/callbacks/version_manager.py:113}}
Feb 28 17:15:12.874104 n-d-820368-19 neutron-server[104248]: DEBUG neutron.api.rpc.callbacks.version_manager [None req-d623245f-1ed3-4def-be46-c8ab8693518e None None] Version for resource type SecurityGroupRule changed None to 1.2 on consumer Open vSwitch agent@n-d-820368-19 {{(pid=104248) _set_version /opt/stack/neutron/neutron/api/rpc/callbacks/version_manager.py:113}}
Feb 28 17:15:12.874589 n-d-820368-19 neutron-server[104248]: DEBUG neutron.api.rpc.callbacks.version_manager [None req-d623245f-1ed3-4def-be46-c8ab8693518e None None] Version for resource type SubPort changed None to 1.0 on consumer Open vSwitch agent@n-d-820368-19 {{(pid=104248) _set_version /opt/stack/neutron/neutron/api/rpc/callbacks/version_manager.py:113}}
Feb 28 17:15:12.875068 n-d-820368-19 neutron-server[104248]: DEBUG neutron.api.rpc.callbacks.version_manager [None req-d623245f-1ed3-4def-be46-c8ab8693518e None None] Version for resource type Subnet changed None to 1.1 on consumer Open vSwitch agent@n-d-820368-19 {{(pid=104248) _set_version /opt/stack/neutron/neutron/api/rpc/callbacks/version_manager.py:113}}
Feb 28 17:15:12.875544 n-d-820368-19 neutron-server[104248]: DEBUG neutron.api.rpc.callbacks.version_manager [None req-d623245f-1ed3-4def-be46-c8ab8693518e None None] Version for resource type Trunk changed None to 1.1 on consumer Open vSwitch agent@n-d-820368-19 {{(pid=104248) _set_version /opt/stack/neutron/neutron/api/rpc/callbacks/version_manager.py:113}}
Feb 28 17:15:12.877053 n-d-820368-19 neutron-server[104248]: DEBUG neutron.api.rpc.callbacks.version_manager [None req-d623245f-1ed3-4def-be46-c8ab8693518e None None] Tracked resource versions report:
Feb 28 17:15:12.877053 n-d-820368-19 neutron-server[104248]: pushed versions:
Feb 28 17:15:12.877053 n-d-820368-19 neutron-server[104248]: { 'AddressGroup': {'1.2'},
Feb 28 17:15:12.877053 n-d-820368-19 neutron-server[104248]: 'ConntrackHelper': {'1.0'},
Feb 28 17:15:12.877053 n-d-820368-19 neutron-server[104248]: 'LocalIPAssociation': {'1.0'},
Feb 28 17:15:12.877053 n-d-820368-19 neutron-server[104248]: 'Log': {'1.0'},
Feb 28 17:15:12.877053 n-d-820368-19 neutron-server[104248]: 'Network': {'1.1'},
Feb 28 17:15:12.877053 n-d-820368-19 neutron-server[104248]: 'Port': {'1.7'},
Feb 28 17:15:12.877053 n-d-820368-19 neutron-server[104248]: 'PortForwarding': {'1.2'},
Feb 28 17:15:12.877053 n-d-820368-19 neutron-server[104248]: 'QosPolicy': {'1.10'},
Feb 28 17:15:12.877053 n-d-820368-19 neutron-server[104248]: 'SecurityGroup': {'1.5'},
Feb 28 17:15:12.877053 n-d-820368-19 neutron-server[104248]: 'SecurityGroupRule': {'1.2'},
Feb 28 17:15:12.877053 n-d-820368-19 neutron-server[104248]: 'SubPort': {'1.0'},
Feb 28 17:15:12.877053 n-d-820368-19 neutron-server[104248]: 'Subnet': {'1.1'},
Feb 28 17:15:12.877053 n-d-820368-19 neutron-server[104248]: 'Trunk': {'1.1'}}
Feb 28 17:15:12.877053 n-d-820368-19 neutron-server[104248]: consumer versions:
Feb 28 17:15:12.877053 n-d-820368-19 neutron-server[104248]: { DHCP agent@n-d-820368-19: {},
Feb 28 17:15:12.877053 n-d-820368-19 neutron-server[104248]: HyperV agent@n-h1-820368-19: {},
Feb 28 17:15:12.877053 n-d-820368-19 neutron-server[104248]: HyperV agent@n-h2-820368-19: {},
Feb 28 17:15:12.877053 n-d-820368-19 neutron-server[104248]: L3 agent@n-d-820368-19: {},
Feb 28 17:15:12.877053 n-d-820368-19 neutron-server[104248]: Metadata agent@n-d-820368-19: {},
Feb 28 17:15:12.877053 n-d-820368-19 neutron-server[104248]: Metering agent@n-d-820368-19: {},
Feb 28 17:15:12.877053 n-d-820368-19 neutron-server[104248]: Open vSwitch agent@n-d-820368-19: { 'AddressGroup': '1.2',
Feb 28 17:15:12.877053 n-d-820368-19 neutron-server[104248]: 'ConntrackHelper': '1.0',
Feb 28 17:15:12.877053 n-d-820368-19 neutron-server[104248]: 'LocalIPAssociation': '1.0',
Feb 28 17:15:12.877053 n-d-820368-19 neutron-server[104248]: 'Log': '1.0',
Feb 28 17:15:12.877053 n-d-820368-19 neutron-server[104248]: 'Network': '1.1',
Feb 28 17:15:12.877053 n-d-820368-19 neutron-server[104248]: 'Port': '1.7',
Feb 28 17:15:12.877053 n-d-820368-19 neutron-server[104248]: 'PortForwarding': '1.2',
Feb 28 17:15:12.877053 n-d-820368-19 neutron-server[104248]: 'QosPolicy': '1.10',
Feb 28 17:15:12.877053 n-d-820368-19 neutron-server[104248]: 'SecurityGroup': '1.5',
Feb 28 17:15:12.877053 n-d-820368-19 neutron-server[104248]: 'SecurityGroupRule': '1.2',
Feb 28 17:15:12.877053 n-d-820368-19 neutron-server[104248]: 'SubPort': '1.0',
Feb 28 17:15:12.877053 n-d-820368-19 neutron-server[104248]: 'Subnet': '1.1',
Feb 28 17:15:12.877053 n-d-820368-19 neutron-server[104248]: 'Trunk': '1.1'}}
Feb 28 17:15:12.877053 n-d-820368-19 neutron-server[104248]: {{(pid=104248) report /opt/stack/neutron/neutron/api/rpc/callbacks/version_manager.py:175}}
Feb 28 17:15:12.894069 n-d-820368-19 neutron-server[104248]: DEBUG neutron.plugins.ml2.managers [None req-d623245f-1ed3-4def-be46-c8ab8693518e None None] Attempting to bind port d467d3b1-a274-44bb-809c-3acfb799e373 on host n-d-820368-19 for vnic_type normal with profile {{(pid=104248) bind_port /opt/stack/neutron/neutron/plugins/ml2/managers.py:795}}
Feb 28 17:15:12.894439 n-d-820368-19 neutron-server[104248]: DEBUG neutron.plugins.ml2.managers [None req-d623245f-1ed3-4def-be46-c8ab8693518e None None] Attempting to bind port d467d3b1-a274-44bb-809c-3acfb799e373 by drivers openvswitch,hyperv on host n-d-820368-19 at level 0 using segments [{'id': '88beafba-f144-4124-8b6f-e34008a1e8cb', 'network_type': 'vlan', 'physical_network': 'physnet1', 'segmentation_id': 700, 'network_id': '0ace9968-4a17-439c-b2f3-b77bcf7c88a1'}] {{(pid=104248) _bind_port_level /opt/stack/neutron/neutron/plugins/ml2/managers.py:820}}
Feb 28 17:15:12.894799 n-d-820368-19 neutron-server[104248]: DEBUG neutron.plugins.ml2.drivers.mech_agent [None req-d623245f-1ed3-4def-be46-c8ab8693518e None None] Attempting to bind port d467d3b1-a274-44bb-809c-3acfb799e373 on network 0ace9968-4a17-439c-b2f3-b77bcf7c88a1 {{(pid=104248) bind_port /opt/stack/neutron/neutron/plugins/ml2/drivers/mech_agent.py:91}}
Feb 28 17:15:12.901762 n-d-820368-19 neutron-server[104248]: DEBUG neutron.plugins.ml2.drivers.mech_agent [None req-d623245f-1ed3-4def-be46-c8ab8693518e None None] Checking agent: {'id': '38b336cc-eda0-42dc-a958-9d39d665014f', 'agent_type': 'Open vSwitch agent', 'binary': 'neutron-openvswitch-agent', 'topic': 'N/A', 'host': 'n-d-820368-19', 'admin_state_up': True, 'created_at': datetime.datetime(2022, 2, 28, 17, 4, 44), 'started_at': datetime.datetime(2022, 2, 28, 17, 5, 14), 'heartbeat_timestamp': datetime.datetime(2022, 2, 28, 17, 14, 44), 'description': None, 'resources_synced': None, 'availability_zone': None, 'alive': True, 'configurations': {'arp_responder_enabled': False, 'baremetal_smartnic': False, 'bridge_mappings': {'physnet1': 'br-data'}, 'datapath_type': 'system', 'devices': 0, 'enable_distributed_routing': False, 'extensions': [], 'in_distributed_mode': False, 'integration_bridge': 'br-int', 'l2_population': False, 'log_agent_heartbeats': False, 'ovs_capabilities': {'datapath_types': ['netdev', 'system'], 'iface_types': ['erspan', 'geneve', 'gre', 'internal', 'ip6erspan', 'ip6gre', 'lisp', 'patch', 'stt', 'system', 'tap', 'vxlan']}, 'ovs_hybrid_plug': False, 'resource_provider_bandwidths': {}, 'resource_provider_hypervisors': {'br-data': 'n-d-820368-19'}, 'resource_provider_inventory_defaults': {'allocation_ratio': 1.0, 'min_unit': 1, 'step_size': 1, 'reserved': 0}, 'resource_provider_packet_processing_inventory_defaults': {'allocation_ratio': 1.0, 'min_unit': 1, 'step_size': 1, 'reserved': 0}, 'resource_provider_packet_processing_with_direction': {}, 'resource_provider_packet_processing_without_direction': {}, 'tunnel_types': [], 'tunneling_ip': None, 'vhostuser_socket_dir': '/var/run/openvswitch'}, 'resource_versions': {'AddressGroup': '1.2', 'ConntrackHelper': '1.0', 'LocalIPAssociation': '1.0', 'Log': '1.0', 'Network': '1.1', 'Port': '1.7', 'PortForwarding': '1.2', 'QosPolicy': '1.10', 'SecurityGroup': '1.5', 'SecurityGroupRule': '1.2', 'SubPort': '1.0', 'Subnet': '1.1', 'Trunk': '1.1'}} {{(pid=104248) bind_port /opt/stack/neutron/neutron/plugins/ml2/drivers/mech_agent.py:110}}
Feb 28 17:15:12.902163 n-d-820368-19 neutron-server[104248]: DEBUG neutron.plugins.ml2.drivers.mech_agent [None req-d623245f-1ed3-4def-be46-c8ab8693518e None None] Checking segment: {'id': '88beafba-f144-4124-8b6f-e34008a1e8cb', 'network_type': 'vlan', 'physical_network': 'physnet1', 'segmentation_id': 700, 'network_id': '0ace9968-4a17-439c-b2f3-b77bcf7c88a1'} for mappings: {'physnet1': 'br-data'} with network types: ['local', 'flat', 'vlan'] {{(pid=104248) check_segment_for_agent /opt/stack/neutron/neutron/plugins/ml2/drivers/mech_agent.py:373}}
Feb 28 17:15:12.902565 n-d-820368-19 neutron-server[104248]: DEBUG neutron_lib.callbacks.manager [None req-d623245f-1ed3-4def-be46-c8ab8693518e None None] Publish callbacks [] for ovs_bridge_name (None), before_read {{(pid=104248) _notify_loop /usr/local/lib/python3.8/dist-packages/neutron_lib/callbacks/manager.py:176}}
Feb 28 17:15:12.902946 n-d-820368-19 neutron-server[104248]: DEBUG neutron.plugins.ml2.drivers.mech_agent [None req-d623245f-1ed3-4def-be46-c8ab8693518e None None] Bound using segment: {'id': '88beafba-f144-4124-8b6f-e34008a1e8cb', 'network_type': 'vlan', 'physical_network': 'physnet1', 'segmentation_id': 700, 'network_id': '0ace9968-4a17-439c-b2f3-b77bcf7c88a1'} {{(pid=104248) bind_port /opt/stack/neutron/neutron/plugins/ml2/drivers/mech_agent.py:120}}
Feb 28 17:15:12.903534 n-d-820368-19 neutron-server[104248]: DEBUG neutron.plugins.ml2.managers [None req-d623245f-1ed3-4def-be46-c8ab8693518e None None] Bound port: d467d3b1-a274-44bb-809c-3acfb799e373, host: n-d-820368-19, vif_type: ovs, vif_details: {"connectivity": "l2", "port_filter": true, "ovs_hybrid_plug": false, "datapath_type": "system", "bridge_name": "br-int"}, binding_levels: [{'bound_driver': 'openvswitch', 'bound_segment': {'id': '88beafba-f144-4124-8b6f-e34008a1e8cb', 'network_type': 'vlan', 'physical_network': 'physnet1', 'segmentation_id': 700, 'network_id': '0ace9968-4a17-439c-b2f3-b77bcf7c88a1'}}] {{(pid=104248) _bind_port_level /opt/stack/neutron/neutron/plugins/ml2/managers.py:932}}
Feb 28 17:15:12.904035 n-d-820368-19 neutron-server[104248]: DEBUG neutron_lib.callbacks.manager [None req-d623245f-1ed3-4def-be46-c8ab8693518e None None] Publish callbacks ['neutron.plugins.ml2.plugin.SecurityGroupDbMixin._ensure_default_security_group_handler-1648758'] for port (d467d3b1-a274-44bb-809c-3acfb799e373), before_update {{(pid=104248) _notify_loop /usr/local/lib/python3.8/dist-packages/neutron_lib/callbacks/manager.py:176}}
Feb 28 17:15:12.968534 n-d-820368-19 neutron-server[104246]: INFO neutron.wsgi [req-686bb133-8069-4ffd-9cf9-ea7c6f999de6 req-210385d3-c2a2-47d1-8a5f-38a0f15e1273 tempest-AggregatesAdminTestJSON-1431116767 tempest-AggregatesAdminTestJSON-1431116767-project] 10.222.0.72 "GET /v2.0/ports?device_id=cea81c39-fe1e-43b4-9073-528fa4459b34 HTTP/1.1" status: 200 len: 210 time: 0.0924718
Feb 28 17:15:13.006697 n-d-820368-19 neutron-server[104248]: DEBUG neutron.plugins.ml2.db [None req-d623245f-1ed3-4def-be46-c8ab8693518e None None] For port d467d3b1-a274-44bb-809c-3acfb799e373, host n-d-820368-19, cleared binding levels {{(pid=104248) clear_binding_levels /opt/stack/neutron/neutron/plugins/ml2/db.py:87}}
Feb 28 17:15:13.009895 n-d-820368-19 neutron-server[104248]: DEBUG neutron.plugins.ml2.db [None req-d623245f-1ed3-4def-be46-c8ab8693518e None None] For port d467d3b1-a274-44bb-809c-3acfb799e373, host n-d-820368-19, set binding levels [PortBindingLevel(driver='openvswitch',host='n-d-820368-19',level=0,port_id=d467d3b1-a274-44bb-809c-3acfb799e373,segment=NetworkSegment(88beafba-f144-4124-8b6f-e34008a1e8cb),segment_id=88beafba-f144-4124-8b6f-e34008a1e8cb)] {{(pid=104248) set_binding_levels /opt/stack/neutron/neutron/plugins/ml2/db.py:59}}
Feb 28 17:15:13.094467 n-d-820368-19 neutron-server[104248]: DEBUG neutron_lib.callbacks.manager [None req-d623245f-1ed3-4def-be46-c8ab8693518e None None] Publish callbacks ['neutron.plugins.ml2.plugin.SecurityGroupServerNotifierRpcMixin._notify_sg_on_port_change-1648821', 'neutron.plugins.ml2.ovo_rpc._ObjectChangeHandler.handle_event-451214', 'neutron.api.rpc.agentnotifiers.dhcp_rpc_agent_api.DhcpAgentNotifyAPI._native_event_send_dhcp_notification-628219', 'neutron.db.l3_db.L3RpcNotifierMixin._notify_gateway_port_ip_changed-8756256479726', 'neutron.db.l3_dvrscheduler_db._notify_l3_agent_port_update-8756255955447', 'neutron.db.l3_hascheduler_db._notify_l3_agent_ha_port_update-8756255957773'] for port (d467d3b1-a274-44bb-809c-3acfb799e373), after_update {{(pid=104248) _notify_loop /usr/local/lib/python3.8/dist-packages/neutron_lib/callbacks/manager.py:176}}
Feb 28 17:15:13.163495 n-d-820368-19 neutron-server[104248]: DEBUG neutron.api.rpc.handlers.resources_rpc [None req-d623245f-1ed3-4def-be46-c8ab8693518e None None] Pushing event updated for resources: {'Port': ['ID=d467d3b1-a274-44bb-809c-3acfb799e373,revision_number=2']} {{(pid=104248) push /opt/stack/neutron/neutron/api/rpc/handlers/resources_rpc.py:237}}
Feb 28 17:15:13.193517 n-d-820368-19 neutron-server[104246]: DEBUG neutron_lib.callbacks.manager [None req-4feeb0fc-6df6-4d31-8900-edd374dccefa admin admin] Publish callbacks [] for router_gateway (5693017c-6a09-461a-93df-575a531affe3), before_create {{(pid=104246) _notify_loop /usr/local/lib/python3.8/dist-packages/neutron_lib/callbacks/manager.py:176}}
Feb 28 17:15:13.232449 n-d-820368-19 neutron-server[104246]: DEBUG neutron_lib.callbacks.manager [None req-4feeb0fc-6df6-4d31-8900-edd374dccefa admin admin] Publish callbacks ['neutron.plugins.ml2.plugin.SecurityGroupDbMixin._ensure_default_security_group_handler-1648758'] for port (None), before_create {{(pid=104246) _notify_loop /usr/local/lib/python3.8/dist-packages/neutron_lib/callbacks/manager.py:176}}
Feb 28 17:15:13.353221 n-d-820368-19 neutron-server[104246]: DEBUG neutron.db.db_base_plugin_common [None req-4feeb0fc-6df6-4d31-8900-edd374dccefa admin admin] Allocated IP 172.25.3.48 (d0ac13c2-6bb6-418b-b4bb-969706e8b064/a8eccc6b-6c13-4ea5-86d2-01177d802048/0adb2a0d-dad5-4635-85b4-9f0d3e2c2424) {{(pid=104246) _store_ip_allocation /opt/stack/neutron/neutron/db/db_base_plugin_common.py:131}}
Feb 28 17:15:13.479230 n-d-820368-19 neutron-server[104246]: DEBUG neutron_lib.callbacks.manager [None req-4feeb0fc-6df6-4d31-8900-edd374dccefa admin admin] Publish callbacks [] for port (0adb2a0d-dad5-4635-85b4-9f0d3e2c2424), precommit_create {{(pid=104246) _notify_loop /usr/local/lib/python3.8/dist-packages/neutron_lib/callbacks/manager.py:176}}
Feb 28 17:15:13.611324 n-d-820368-19 neutron-server[104246]: DEBUG neutron_lib.callbacks.manager [None req-4feeb0fc-6df6-4d31-8900-edd374dccefa admin admin] Publish callbacks ['neutron.plugins.ml2.plugin.SecurityGroupServerNotifierRpcMixin._notify_sg_on_port_change-1648821', 'neutron.plugins.ml2.ovo_rpc._ObjectChangeHandler.handle_event-451214', 'neutron.api.rpc.agentnotifiers.dhcp_rpc_agent_api.DhcpAgentNotifyAPI._native_event_send_dhcp_notification-628219', 'neutron.db.l3_dvrscheduler_db._notify_l3_agent_new_port-8756255955429'] for port (0adb2a0d-dad5-4635-85b4-9f0d3e2c2424), after_create {{(pid=104246) _notify_loop /usr/local/lib/python3.8/dist-packages/neutron_lib/callbacks/manager.py:176}}
Feb 28 17:15:13.661974 n-d-820368-19 neutron-server[104246]: DEBUG neutron.scheduler.dhcp_agent_scheduler [None req-4feeb0fc-6df6-4d31-8900-edd374dccefa admin admin] Network d0ac13c2-6bb6-418b-b4bb-969706e8b064 is already hosted by enough agents. {{(pid=104246) _get_dhcp_agents_hosting_network /opt/stack/neutron/neutron/scheduler/dhcp_agent_scheduler.py:275}}
Feb 28 17:15:13.668221 n-d-820368-19 neutron-server[104246]: DEBUG neutron.scheduler.base_scheduler [None req-4feeb0fc-6df6-4d31-8900-edd374dccefa admin admin] Resources bound (agent type, host, resource id): {{(pid=104246) schedule /opt/stack/neutron/neutron/scheduler/base_scheduler.py:57}}
Feb 28 17:15:13.676142 n-d-820368-19 neutron-server[104246]: DEBUG neutron.db.l3_dvrscheduler_db [None req-4feeb0fc-6df6-4d31-8900-edd374dccefa admin admin] Received port after_create {{(pid=104246) _notify_l3_agent_new_port /opt/stack/neutron/neutron/db/l3_dvrscheduler_db.py:536}}
Feb 28 17:15:13.679240 n-d-820368-19 neutron-server[104246]: DEBUG neutron.api.rpc.handlers.resources_rpc [None req-4feeb0fc-6df6-4d31-8900-edd374dccefa admin admin] Pushing event updated for resources: {'Port': ['ID=0adb2a0d-dad5-4635-85b4-9f0d3e2c2424,revision_number=1']} {{(pid=104246) push /opt/stack/neutron/neutron/api/rpc/handlers/resources_rpc.py:237}}
Feb 28 17:15:14.029419 n-d-820368-19 neutron-server[104247]: DEBUG neutron.wsgi [-] (104247) accepted ('10.222.0.69', 59345) {{(pid=104247) server /usr/local/lib/python3.8/dist-packages/eventlet/wsgi.py:1004}}
Feb 28 17:15:14.042093 n-d-820368-19 neutron-server[104248]: DEBUG neutron_lib.callbacks.manager [None req-089037a4-4365-458a-a959-bacbcce21b25 None None] Publish callbacks ['neutron.services.segments.db._update_segment_host_mapping_for_agent-8756256415627', 'neutron.plugins.ml2.plugin.Ml2Plugin._retry_binding_revived_agents-1770887'] for agent (38b336cc-eda0-42dc-a958-9d39d665014f), after_update {{(pid=104248) _notify_loop /usr/local/lib/python3.8/dist-packages/neutron_lib/callbacks/manager.py:176}}
Feb 28 17:15:14.091379 n-d-820368-19 neutron-server[104247]: INFO neutron.wsgi [req-071c0c92-3884-4d33-b64a-db42e2e4b36a req-da11d5e3-9ef9-494c-8e9e-288e7f241b67 tempest-AggregatesAdminTestJSON-1431116767 tempest-AggregatesAdminTestJSON-1431116767-project] 10.222.0.69 "GET /v2.0/networks?tenant_id=4d80aac04d184bb094423b5034121074&shared=False HTTP/1.1" status: 200 len: 213 time: 0.0607617
Feb 28 17:15:14.099211 n-d-820368-19 neutron-server[104246]: DEBUG neutron_lib.callbacks.manager [None req-4feeb0fc-6df6-4d31-8900-edd374dccefa admin admin] Publish callbacks [] for router_gateway (5693017c-6a09-461a-93df-575a531affe3), after_create {{(pid=104246) _notify_loop /usr/local/lib/python3.8/dist-packages/neutron_lib/callbacks/manager.py:176}}
Feb 28 17:15:14.306527 n-d-820368-19 neutron-server[104246]: INFO neutron.wsgi [req-4c5a12af-a5de-4806-9472-4a865844de6d req-b1a05445-0bec-4622-92eb-f888f92f190d tempest-AggregatesAdminTestJSON-1431116767 tempest-AggregatesAdminTestJSON-1431116767-project] 10.222.0.72 "GET /v2.0/ports?device_id=cea81c39-fe1e-43b4-9073-528fa4459b34 HTTP/1.1" status: 200 len: 210 time: 0.1048393
Feb 28 17:15:14.474400 n-d-820368-19 neutron-server[104247]: DEBUG neutron.pecan_wsgi.hooks.policy_enforcement [req-071c0c92-3884-4d33-b64a-db42e2e4b36a req-f9f07b21-2b2c-4db0-a01a-a5236d452c29 tempest-AggregatesAdminTestJSON-1431116767 tempest-AggregatesAdminTestJSON-1431116767-project] Attributes excluded by policy engine: ['standard_attr_id', 'vlan_transparent', 'provider:network_type', 'provider:physical_network', 'provider:segmentation_id'] {{(pid=104247) _exclude_attributes_by_policy /opt/stack/neutron/neutron/pecan_wsgi/hooks/policy_enforcement.py:255}}
