Nov 27 15:46:06.233186 n-d-819494-4 neutron-server[110075]: DEBUG neutron_lib.callbacks.manager [req-d049495a-34f0-493c-9ce2-535b66bfe460 req-68c7b5d8-83ee-4498-b13d-176cc622ecfa tempest-ServerDiagnosticsNegativeTest-451689101 tempest-ServerDiagnosticsNegativeTest-451689101-project] Publish callbacks ['neutron.db.l3_db.L3_NAT_dbonly_mixin._prevent_l3_port_delete_callback-8779056831501'] for port, before_delete {{(pid=110075) _notify_loop /usr/local/lib/python3.8/dist-packages/neutron_lib/callbacks/manager.py:175}}
Nov 27 15:46:06.268538 n-d-819494-4 neutron-server[110077]: DEBUG neutron.plugins.ml2.rpc [None req-9e834367-69e2-4952-9716-491de43ae9bd None None] Device 5d8a51de-63dd-4e7e-8c6c-7a656417ca77 up at agent hyperv_n-h2-819494-4 {{(pid=110077) update_device_up /opt/stack/neutron/neutron/plugins/ml2/rpc.py:296}}
Nov 27 15:46:06.290483 n-d-819494-4 neutron-server[110076]: INFO neutron.wsgi [req-6bb30fdb-ff61-4d61-9423-7ff53bc10d40 req-e3ff9b4f-1ad2-42b9-84bb-09b7f0d4e1fd tempest-DeleteServersAdminTestJSON-1224805519 tempest-DeleteServersAdminTestJSON-1224805519-project] 10.222.0.15 "GET /v2.0/quotas/f2e4a76d93294c999bc9e73b17bba79e HTTP/1.1" status: 200 len: 375 time: 0.0521376
Nov 27 15:46:06.299961 n-d-819494-4 neutron-server[110076]: DEBUG neutron.api.rpc.handlers.resources_rpc [None req-bcdbdbda-6ea9-4544-9d93-dd35516ddcba service neutron] Pushing event updated for resources: {'Port': ['ID=718bd503-9584-4973-b53c-cb207991c7e0,revision_number=7']} {{(pid=110076) push /opt/stack/neutron/neutron/api/rpc/handlers/resources_rpc.py:237}}
Nov 27 15:46:06.318942 n-d-819494-4 neutron-server[110076]: DEBUG neutron_lib.callbacks.manager [None req-956cfd45-db31-41c8-bc46-84d1f0218cd8 admin admin] Publish callbacks [] for security_group, before_create {{(pid=110076) _notify_loop /usr/local/lib/python3.8/dist-packages/neutron_lib/callbacks/manager.py:175}}
Nov 27 15:46:06.324800 n-d-819494-4 neutron-server[110077]: DEBUG neutron.db.provisioning_blocks [None req-9e834367-69e2-4952-9716-491de43ae9bd None None] Provisioning for port 5d8a51de-63dd-4e7e-8c6c-7a656417ca77 completed by entity L2. {{(pid=110077) provisioning_complete /opt/stack/neutron/neutron/db/provisioning_blocks.py:133}}
Nov 27 15:46:06.329280 n-d-819494-4 neutron-server[110077]: DEBUG neutron.db.provisioning_blocks [None req-9e834367-69e2-4952-9716-491de43ae9bd None None] Provisioning complete for port 5d8a51de-63dd-4e7e-8c6c-7a656417ca77 triggered by entity L2. {{(pid=110077) provisioning_complete /opt/stack/neutron/neutron/db/provisioning_blocks.py:139}}
Nov 27 15:46:06.329766 n-d-819494-4 neutron-server[110077]: DEBUG neutron_lib.callbacks.manager [None req-9e834367-69e2-4952-9716-491de43ae9bd None None] Publish callbacks ['neutron.plugins.ml2.plugin.Ml2Plugin._port_provisioned-1514287'] for port, provisioning_complete {{(pid=110077) _notify_loop /usr/local/lib/python3.8/dist-packages/neutron_lib/callbacks/manager.py:175}}
Nov 27 15:46:06.350718 n-d-819494-4 neutron-server[110076]: INFO neutron.wsgi [req-85668201-1613-495f-9930-00ac3fdd1b6f req-3cd18568-f916-4cfc-b9ce-deab7ecd6018 tempest-ServerDiagnosticsNegativeTest-451689101 tempest-ServerDiagnosticsNegativeTest-451689101-project] 10.222.0.15 "GET /v2.0/security-groups?id=2b2981f6-ebed-4310-a3c0-2005cbf92038&fields=id&fields=name HTTP/1.1" status: 200 len: 286 time: 0.1671762
Nov 27 15:46:06.375609 n-d-819494-4 neutron-server[110077]: DEBUG neutron.plugins.ml2.rpc [None req-a671a668-c9df-4156-b0fe-592eb29c3048 None None] Device daa01a5e-560b-42b9-a2f8-03f4c06936bd no longer exists at agent hyperv_n-h1-819494-4 {{(pid=110077) update_device_down /opt/stack/neutron/neutron/plugins/ml2/rpc.py:259}}
Nov 27 15:46:06.381839 n-d-819494-4 neutron-server[110076]: INFO neutron.wsgi [req-6bb30fdb-ff61-4d61-9423-7ff53bc10d40 req-f197465c-5102-42fe-88de-7b6939e63e2f tempest-DeleteServersAdminTestJSON-1224805519 tempest-DeleteServersAdminTestJSON-1224805519-project] 10.222.0.15 "GET /v2.0/ports?tenant_id=f2e4a76d93294c999bc9e73b17bba79e&fields=id HTTP/1.1" status: 200 len: 210 time: 0.0541878
Nov 27 15:46:06.384761 n-d-819494-4 neutron-server[110076]: DEBUG neutron.plugins.ml2.managers [req-c74ab827-a494-4588-80c4-4dccf8dc8107 req-bcdbdbda-6ea9-4544-9d93-dd35516ddcba service neutron] Attempting to bind port 718bd503-9584-4973-b53c-cb207991c7e0 on host n-h1-819494-4 for vnic_type normal with profile {"migrating_to": "n-h2-819494-4"} {{(pid=110076) bind_port /opt/stack/neutron/neutron/plugins/ml2/managers.py:795}}
Nov 27 15:46:06.385280 n-d-819494-4 neutron-server[110076]: DEBUG neutron.plugins.ml2.managers [req-c74ab827-a494-4588-80c4-4dccf8dc8107 req-bcdbdbda-6ea9-4544-9d93-dd35516ddcba service neutron] Attempting to bind port 718bd503-9584-4973-b53c-cb207991c7e0 by drivers openvswitch,hyperv on host n-h1-819494-4 at level 0 using segments [{'id': '23d9de8c-5351-4ff7-b9ca-34bcac8e4b29', 'network_type': 'vlan', 'physical_network': 'physnet1', 'segmentation_id': 407, 'network_id': '8c29ef00-b7e9-4431-8275-c7f37c550603'}] {{(pid=110076) _bind_port_level /opt/stack/neutron/neutron/plugins/ml2/managers.py:820}}
Nov 27 15:46:06.385789 n-d-819494-4 neutron-server[110076]: DEBUG neutron.plugins.ml2.drivers.mech_agent [req-c74ab827-a494-4588-80c4-4dccf8dc8107 req-bcdbdbda-6ea9-4544-9d93-dd35516ddcba service neutron] Attempting to bind port 718bd503-9584-4973-b53c-cb207991c7e0 on network 8c29ef00-b7e9-4431-8275-c7f37c550603 {{(pid=110076) bind_port /opt/stack/neutron/neutron/plugins/ml2/drivers/mech_agent.py:91}}
Nov 27 15:46:06.393861 n-d-819494-4 neutron-server[110075]: DEBUG neutron.plugins.ml2.db [req-d049495a-34f0-493c-9ce2-535b66bfe460 req-68c7b5d8-83ee-4498-b13d-176cc622ecfa tempest-ServerDiagnosticsNegativeTest-451689101 tempest-ServerDiagnosticsNegativeTest-451689101-project] For port efa9e2b7-5cce-4920-93ed-512a14ffd4cd, host n-h2-819494-4, got binding levels [PortBindingLevel(driver='hyperv',host='n-h2-819494-4',level=0,port_id=efa9e2b7-5cce-4920-93ed-512a14ffd4cd,segment=NetworkSegment(1af68e29-2192-4240-b274-f72b535ec748),segment_id=1af68e29-2192-4240-b274-f72b535ec748)] {{(pid=110075) get_binding_level_objs /opt/stack/neutron/neutron/plugins/ml2/db.py:74}}
Nov 27 15:46:06.394153 n-d-819494-4 neutron-server[110075]: DEBUG neutron_lib.callbacks.manager [req-d049495a-34f0-493c-9ce2-535b66bfe460 req-68c7b5d8-83ee-4498-b13d-176cc622ecfa tempest-ServerDiagnosticsNegativeTest-451689101 tempest-ServerDiagnosticsNegativeTest-451689101-project] Publish callbacks ['neutron.services.l3_router.l3_router_plugin.L3_NAT_dbonly_mixin._precommit_delete_port_callback-1646839'] for port, precommit_delete {{(pid=110075) _notify_loop /usr/local/lib/python3.8/dist-packages/neutron_lib/callbacks/manager.py:175}}
Nov 27 15:46:06.398266 n-d-819494-4 neutron-server[110076]: DEBUG neutron.plugins.ml2.drivers.mech_agent [req-c74ab827-a494-4588-80c4-4dccf8dc8107 req-bcdbdbda-6ea9-4544-9d93-dd35516ddcba service neutron] Port 718bd503-9584-4973-b53c-cb207991c7e0 on network 8c29ef00-b7e9-4431-8275-c7f37c550603 not bound, no agent of type Open vSwitch agent registered on host n-h1-819494-4 {{(pid=110076) bind_port /opt/stack/neutron/neutron/plugins/ml2/drivers/mech_agent.py:103}}
Nov 27 15:46:06.398801 n-d-819494-4 neutron-server[110076]: DEBUG neutron.plugins.ml2.drivers.mech_agent [req-c74ab827-a494-4588-80c4-4dccf8dc8107 req-bcdbdbda-6ea9-4544-9d93-dd35516ddcba service neutron] Attempting to bind port 718bd503-9584-4973-b53c-cb207991c7e0 on network 8c29ef00-b7e9-4431-8275-c7f37c550603 {{(pid=110076) bind_port /opt/stack/neutron/neutron/plugins/ml2/drivers/mech_agent.py:91}}
Nov 27 15:46:06.411426 n-d-819494-4 neutron-server[110076]: DEBUG neutron.plugins.ml2.drivers.mech_agent [req-c74ab827-a494-4588-80c4-4dccf8dc8107 req-bcdbdbda-6ea9-4544-9d93-dd35516ddcba service neutron] Checking agent: {'id': 'b011c3de-46d9-4c6c-bd63-4015458a676b', 'agent_type': 'HyperV agent', 'binary': 'neutron-hyperv-agent', 'topic': 'N/A', 'host': 'n-h1-819494-4', 'admin_state_up': True, 'created_at': datetime.datetime(2021, 11, 27, 15, 43, 2), 'started_at': datetime.datetime(2021, 11, 27, 15, 43, 2), 'heartbeat_timestamp': datetime.datetime(2021, 11, 27, 15, 46, 1), 'description': None, 'resources_synced': None, 'availability_zone': None, 'alive': True, 'configurations': {'vswitch_mappings': {'physnet1$': 'br-data'}}, 'resource_versions': {}} {{(pid=110076) bind_port /opt/stack/neutron/neutron/plugins/ml2/drivers/mech_agent.py:110}}
Nov 27 15:46:06.411988 n-d-819494-4 neutron-server[110076]: DEBUG neutron.plugins.ml2.drivers.mech_agent [req-c74ab827-a494-4588-80c4-4dccf8dc8107 req-bcdbdbda-6ea9-4544-9d93-dd35516ddcba service neutron] Checking segment: {'id': '23d9de8c-5351-4ff7-b9ca-34bcac8e4b29', 'network_type': 'vlan', 'physical_network': 'physnet1', 'segmentation_id': 407, 'network_id': '8c29ef00-b7e9-4431-8275-c7f37c550603'} for mappings: {'physnet1$': 'br-data'} with network types: ['local', 'flat', 'vlan'] {{(pid=110076) check_segment_for_agent /opt/stack/neutron/neutron/plugins/ml2/drivers/mech_agent.py:371}}
Nov 27 15:46:06.413069 n-d-819494-4 neutron-server[110076]: DEBUG neutron.plugins.ml2.drivers.mech_agent [req-c74ab827-a494-4588-80c4-4dccf8dc8107 req-bcdbdbda-6ea9-4544-9d93-dd35516ddcba service neutron] Bound using segment: {'id': '23d9de8c-5351-4ff7-b9ca-34bcac8e4b29', 'network_type': 'vlan', 'physical_network': 'physnet1', 'segmentation_id': 407, 'network_id': '8c29ef00-b7e9-4431-8275-c7f37c550603'} {{(pid=110076) bind_port /opt/stack/neutron/neutron/plugins/ml2/drivers/mech_agent.py:120}}
Nov 27 15:46:06.413676 n-d-819494-4 neutron-server[110076]: DEBUG neutron.plugins.ml2.managers [req-c74ab827-a494-4588-80c4-4dccf8dc8107 req-bcdbdbda-6ea9-4544-9d93-dd35516ddcba service neutron] Bound port: 718bd503-9584-4973-b53c-cb207991c7e0, host: n-h1-819494-4, vif_type: hyperv, vif_details: {"connectivity": "legacy", "port_filter": false}, binding_levels: [{'bound_driver': 'hyperv', 'bound_segment': {'id': '23d9de8c-5351-4ff7-b9ca-34bcac8e4b29', 'network_type': 'vlan', 'physical_network': 'physnet1', 'segmentation_id': 407, 'network_id': '8c29ef00-b7e9-4431-8275-c7f37c550603'}}] {{(pid=110076) _bind_port_level /opt/stack/neutron/neutron/plugins/ml2/managers.py:932}}
Nov 27 15:46:06.414228 n-d-819494-4 neutron-server[110076]: DEBUG neutron_lib.callbacks.manager [req-c74ab827-a494-4588-80c4-4dccf8dc8107 req-bcdbdbda-6ea9-4544-9d93-dd35516ddcba service neutron] Publish callbacks ['neutron.plugins.ml2.plugin.SecurityGroupDbMixin._ensure_default_security_group_handler-1442498'] for port, before_update {{(pid=110076) _notify_loop /usr/local/lib/python3.8/dist-packages/neutron_lib/callbacks/manager.py:175}}
Nov 27 15:46:06.429291 n-d-819494-4 neutron-server[110075]: DEBUG neutron.plugins.ml2.plugin [req-d049495a-34f0-493c-9ce2-535b66bfe460 req-68c7b5d8-83ee-4498-b13d-176cc622ecfa tempest-ServerDiagnosticsNegativeTest-451689101 tempest-ServerDiagnosticsNegativeTest-451689101-project] Calling delete_port for efa9e2b7-5cce-4920-93ed-512a14ffd4cd owned by compute:tempest-test_az-1524736357 {{(pid=110075) delete_port /opt/stack/neutron/neutron/plugins/ml2/plugin.py:2014}}
Nov 27 15:46:06.434355 n-d-819494-4 neutron-server[110075]: DEBUG neutron.plugins.ml2.plugin [req-60c6b608-1591-4cbb-9090-578bf3e164bf req-1bdd4519-d352-4f64-8e53-caafa59ef640 tempest-AggregatesAdminTestJSON-1613058716 tempest-AggregatesAdminTestJSON-1613058716-project] Deleting port 3af01c97-142b-487c-b2d4-e5010dc536e3 {{(pid=110075) _pre_delete_port /opt/stack/neutron/neutron/plugins/ml2/plugin.py:1936}}
Nov 27 15:46:06.434686 n-d-819494-4 neutron-server[110075]: DEBUG neutron_lib.callbacks.manager [req-60c6b608-1591-4cbb-9090-578bf3e164bf req-1bdd4519-d352-4f64-8e53-caafa59ef640 tempest-AggregatesAdminTestJSON-1613058716 tempest-AggregatesAdminTestJSON-1613058716-project] Publish callbacks ['neutron.db.l3_db.L3_NAT_dbonly_mixin._prevent_l3_port_delete_callback-8779056831501'] for port, before_delete {{(pid=110075) _notify_loop /usr/local/lib/python3.8/dist-packages/neutron_lib/callbacks/manager.py:175}}
Nov 27 15:46:06.448424 n-d-819494-4 neutron-server[110077]: DEBUG neutron.plugins.ml2.plugin [None req-a671a668-c9df-4156-b0fe-592eb29c3048 None None] No Port match for: daa01a5e-560b-42b9-a2f8-03f4c06936bd {{(pid=110077) port_bound_to_host /opt/stack/neutron/neutron/plugins/ml2/plugin.py:2272}}
Nov 27 15:46:06.448871 n-d-819494-4 neutron-server[110077]: DEBUG neutron.plugins.ml2.rpc [None req-a671a668-c9df-4156-b0fe-592eb29c3048 None None] Device daa01a5e-560b-42b9-a2f8-03f4c06936bd not bound to the agent host n-h1-819494-4 {{(pid=110077) update_device_down /opt/stack/neutron/neutron/plugins/ml2/rpc.py:269}}
Nov 27 15:46:06.495423 n-d-819494-4 neutron-server[110076]: DEBUG novaclient.v2.client [-] RESP: [200] Connection: close Content-Length: 185 Content-Type: application/json Date: Sat, 27 Nov 2021 15:46:06 GMT OpenStack-API-Version: compute 2.1 Server: Apache/2.4.41 (Ubuntu) Vary: OpenStack-API-Version,X-OpenStack-Nova-API-Version X-OpenStack-Nova-API-Version: 2.1 x-compute-request-id: req-84e8e49f-e5c0-41e0-a6b9-b442f468655c x-openstack-request-id: req-84e8e49f-e5c0-41e0-a6b9-b442f468655c {{(pid=110076) _http_log_response /usr/local/lib/python3.8/dist-packages/keystoneauth1/session.py:550}}
Nov 27 15:46:06.495920 n-d-819494-4 neutron-server[110076]: DEBUG novaclient.v2.client [-] RESP BODY: {"events": [{"server_uuid": "e17019b3-54ba-44ed-b32b-a40d92e766c6", "name": "network-vif-unplugged", "status": "completed", "tag": "718bd503-9584-4973-b53c-cb207991c7e0", "code": 200}]} {{(pid=110076) _http_log_response /usr/local/lib/python3.8/dist-packages/keystoneauth1/session.py:582}}
Nov 27 15:46:06.495998 n-d-819494-4 neutron-server[110076]: DEBUG novaclient.v2.client [-] POST call to compute for http://10.222.0.15/compute/v2.1/os-server-external-events used request id req-84e8e49f-e5c0-41e0-a6b9-b442f468655c {{(pid=110076) request /usr/local/lib/python3.8/dist-packages/keystoneauth1/session.py:954}}
Nov 27 15:46:06.496361 n-d-819494-4 neutron-server[110076]: INFO neutron.notifiers.nova [-] Nova event response: {'server_uuid': 'e17019b3-54ba-44ed-b32b-a40d92e766c6', 'name': 'network-vif-unplugged', 'status': 'completed', 'tag': '718bd503-9584-4973-b53c-cb207991c7e0', 'code': 200}
Nov 27 15:46:06.517600 n-d-819494-4 neutron-server[110077]: DEBUG neutron_lib.callbacks.manager [None req-9e834367-69e2-4952-9716-491de43ae9bd None None] Publish callbacks ['neutron.plugins.ml2.plugin.SecurityGroupDbMixin._ensure_default_security_group_handler-1442498'] for port, before_update {{(pid=110077) _notify_loop /usr/local/lib/python3.8/dist-packages/neutron_lib/callbacks/manager.py:175}}
Nov 27 15:46:06.562277 n-d-819494-4 neutron-server[110077]: DEBUG neutron.notifiers.nova [-] Sending events: [{'server_uuid': '97e48355-886a-43f4-b532-2c8c1a6c3f00', 'name': 'network-vif-plugged', 'status': 'completed', 'tag': '5d8a51de-63dd-4e7e-8c6c-7a656417ca77'}] {{(pid=110077) send_events /opt/stack/neutron/neutron/notifiers/nova.py:262}}
Nov 27 15:46:06.564877 n-d-819494-4 neutron-server[110077]: DEBUG novaclient.v2.client [-] REQ: curl -g -i --cacert "/opt/stack/data/ca-bundle.pem" -X POST http://10.222.0.15/compute/v2.1/os-server-external-events -H "Accept: application/json" -H "Content-Type: application/json" -H "User-Agent: python-novaclient" -H "X-Auth-Token: {SHA256}1c1b74bad5d0c1da045b34d55347a7b1796b9fc75e0326a4dd98834275f17885" -H "X-OpenStack-Nova-API-Version: 2.1" -H "X-OpenStack-Request-ID: req-911a4ec3-e45e-4560-bbd0-1fef46c3994a" -d '{"events": [{"server_uuid": "97e48355-886a-43f4-b532-2c8c1a6c3f00", "name": "network-vif-plugged", "status": "completed", "tag": "5d8a51de-63dd-4e7e-8c6c-7a656417ca77"}]}' {{(pid=110077) _http_log_request /usr/local/lib/python3.8/dist-packages/keystoneauth1/session.py:519}}
Nov 27 15:46:06.578873 n-d-819494-4 neutron-server[110077]: DEBUG neutron.plugins.ml2.db [None req-9e834367-69e2-4952-9716-491de43ae9bd None None] For port 5d8a51de-63dd-4e7e-8c6c-7a656417ca77, host n-h2-819494-4, got binding levels [PortBindingLevel(driver='hyperv',host='n-h2-819494-4',level=0,port_id=5d8a51de-63dd-4e7e-8c6c-7a656417ca77,segment=NetworkSegment(1af68e29-2192-4240-b274-f72b535ec748),segment_id=1af68e29-2192-4240-b274-f72b535ec748)] {{(pid=110077) get_binding_level_objs /opt/stack/neutron/neutron/plugins/ml2/db.py:74}}
Nov 27 15:46:06.585828 n-d-819494-4 neutron-server[110077]: DEBUG neutron_lib.callbacks.manager [None req-9e834367-69e2-4952-9716-491de43ae9bd None None] Publish callbacks ['neutron.plugins.ml2.plugin.SecurityGroupServerNotifierRpcMixin._notify_sg_on_port_change-1442307', 'neutron.plugins.ml2.ovo_rpc._ObjectChangeHandler.handle_event-2065902', 'neutron.api.rpc.agentnotifiers.dhcp_rpc_agent_api.DhcpAgentNotifyAPI._native_event_send_dhcp_notification-1610975', 'neutron.db.l3_db.L3RpcNotifierMixin._notify_gateway_port_ip_changed-8779056838009', 'neutron.db.l3_dvrscheduler_db._notify_l3_agent_port_update-8779056335580', 'neutron.db.l3_hascheduler_db._notify_l3_agent_ha_port_update-8779056335598'] for port, after_update {{(pid=110077) _notify_loop /usr/local/lib/python3.8/dist-packages/neutron_lib/callbacks/manager.py:175}}
Nov 27 15:46:06.642585 n-d-819494-4 neutron-server[110077]: DEBUG neutron.api.rpc.handlers.resources_rpc [None req-9e834367-69e2-4952-9716-491de43ae9bd None None] Pushing event updated for resources: {'Port': ['ID=5d8a51de-63dd-4e7e-8c6c-7a656417ca77,revision_number=5']} {{(pid=110077) push /opt/stack/neutron/neutron/api/rpc/handlers/resources_rpc.py:237}}
Nov 27 15:46:06.643397 n-d-819494-4 neutron-server[110075]: DEBUG neutron.plugins.ml2.db [req-60c6b608-1591-4cbb-9090-578bf3e164bf req-1bdd4519-d352-4f64-8e53-caafa59ef640 tempest-AggregatesAdminTestJSON-1613058716 tempest-AggregatesAdminTestJSON-1613058716-project] For port 3af01c97-142b-487c-b2d4-e5010dc536e3, host n-h2-819494-4, got binding levels [PortBindingLevel(driver='hyperv',host='n-h2-819494-4',level=0,port_id=3af01c97-142b-487c-b2d4-e5010dc536e3,segment=NetworkSegment(1af68e29-2192-4240-b274-f72b535ec748),segment_id=1af68e29-2192-4240-b274-f72b535ec748)] {{(pid=110075) get_binding_level_objs /opt/stack/neutron/neutron/plugins/ml2/db.py:74}}
Nov 27 15:46:06.643805 n-d-819494-4 neutron-server[110075]: DEBUG neutron_lib.callbacks.manager [req-60c6b608-1591-4cbb-9090-578bf3e164bf req-1bdd4519-d352-4f64-8e53-caafa59ef640 tempest-AggregatesAdminTestJSON-1613058716 tempest-AggregatesAdminTestJSON-1613058716-project] Publish callbacks ['neutron.services.l3_router.l3_router_plugin.L3_NAT_dbonly_mixin._precommit_delete_port_callback-1646839'] for port, precommit_delete {{(pid=110075) _notify_loop /usr/local/lib/python3.8/dist-packages/neutron_lib/callbacks/manager.py:175}}
Nov 27 15:46:06.667735 n-d-819494-4 neutron-server[110075]: DEBUG neutron.plugins.ml2.plugin [req-60c6b608-1591-4cbb-9090-578bf3e164bf req-1bdd4519-d352-4f64-8e53-caafa59ef640 tempest-AggregatesAdminTestJSON-1613058716 tempest-AggregatesAdminTestJSON-1613058716-project] Calling delete_port for 3af01c97-142b-487c-b2d4-e5010dc536e3 owned by compute:tempest-test_az-1524736357 {{(pid=110075) delete_port /opt/stack/neutron/neutron/plugins/ml2/plugin.py:2014}}
Nov 27 15:46:06.717071 n-d-819494-4 neutron-server[110076]: DEBUG neutron.plugins.ml2.db [req-c74ab827-a494-4588-80c4-4dccf8dc8107 req-bcdbdbda-6ea9-4544-9d93-dd35516ddcba service neutron] For port 718bd503-9584-4973-b53c-cb207991c7e0, host n-h1-819494-4, cleared binding levels {{(pid=110076) clear_binding_levels /opt/stack/neutron/neutron/plugins/ml2/db.py:87}}
Nov 27 15:46:06.751246 n-d-819494-4 neutron-server[110076]: DEBUG neutron.plugins.ml2.db [req-c74ab827-a494-4588-80c4-4dccf8dc8107 req-bcdbdbda-6ea9-4544-9d93-dd35516ddcba service neutron] For port 718bd503-9584-4973-b53c-cb207991c7e0, host n-h1-819494-4, set binding levels [PortBindingLevel(driver='hyperv',host='n-h1-819494-4',level=0,port_id=718bd503-9584-4973-b53c-cb207991c7e0,segment=NetworkSegment(23d9de8c-5351-4ff7-b9ca-34bcac8e4b29),segment_id=23d9de8c-5351-4ff7-b9ca-34bcac8e4b29)] {{(pid=110076) set_binding_levels /opt/stack/neutron/neutron/plugins/ml2/db.py:59}}
Nov 27 15:46:06.765930 n-d-819494-4 neutron-server[110076]: DEBUG neutron.pecan_wsgi.hooks.policy_enforcement [req-3f9d8353-2d26-4bc5-a555-0dfef35afd50 req-ae55d8c1-579b-4da6-899a-01d50713bb27 tempest-ServersWithSpecificFlavorTestJSON-2051925412 tempest-ServersWithSpecificFlavorTestJSON-2051925412-project] Attributes excluded by policy engine: ['standard_attr_id', 'binding:profile', 'binding:host_id', 'binding:vif_type', 'binding:vif_details'] {{(pid=110076) _exclude_attributes_by_policy /opt/stack/neutron/neutron/pecan_wsgi/hooks/policy_enforcement.py:255}}
Nov 27 15:46:06.767409 n-d-819494-4 neutron-server[110076]: INFO neutron.wsgi [req-3f9d8353-2d26-4bc5-a555-0dfef35afd50 req-ae55d8c1-579b-4da6-899a-01d50713bb27 tempest-ServersWithSpecificFlavorTestJSON-2051925412 tempest-ServersWithSpecificFlavorTestJSON-2051925412-project] 10.222.0.15 "GET /v2.0/ports?device_id=95c5329e-cb92-4085-ba6f-51580bad774f HTTP/1.1" status: 200 len: 946 time: 0.1948919
Nov 27 15:46:06.769439 n-d-819494-4 neutron-server[110076]: DEBUG neutron_lib.callbacks.manager [None req-956cfd45-db31-41c8-bc46-84d1f0218cd8 admin admin] Publish callbacks [] for security_group, precommit_create {{(pid=110076) _notify_loop /usr/local/lib/python3.8/dist-packages/neutron_lib/callbacks/manager.py:175}}
Nov 27 15:46:06.772197 n-d-819494-4 neutron-server[110076]: DEBUG neutron_lib.callbacks.manager [req-c74ab827-a494-4588-80c4-4dccf8dc8107 req-bcdbdbda-6ea9-4544-9d93-dd35516ddcba service neutron] Publish callbacks ['neutron.plugins.ml2.plugin.SecurityGroupServerNotifierRpcMixin._notify_sg_on_port_change-1442307', 'neutron.plugins.ml2.ovo_rpc._ObjectChangeHandler.handle_event-2065902', 'neutron.api.rpc.agentnotifiers.dhcp_rpc_agent_api.DhcpAgentNotifyAPI._native_event_send_dhcp_notification-1610975', 'neutron.db.l3_db.L3RpcNotifierMixin._notify_gateway_port_ip_changed-8779056838009', 'neutron.db.l3_dvrscheduler_db._notify_l3_agent_port_update-8779056335580', 'neutron.db.l3_hascheduler_db._notify_l3_agent_ha_port_update-8779056335598', 'neutron.services.segments.plugin.NovaSegmentNotifier._notify_port_updated-14297665'] for port, after_update {{(pid=110076) _notify_loop /usr/local/lib/python3.8/dist-packages/neutron_lib/callbacks/manager.py:175}}
Nov 27 15:46:06.806129 n-d-819494-4 neutron-server[110075]: DEBUG neutron_lib.callbacks.manager [req-d049495a-34f0-493c-9ce2-535b66bfe460 req-68c7b5d8-83ee-4498-b13d-176cc622ecfa tempest-ServerDiagnosticsNegativeTest-451689101 tempest-ServerDiagnosticsNegativeTest-451689101-project] Publish callbacks ['neutron.plugins.ml2.plugin.SecurityGroupServerNotifierRpcMixin._notify_sg_on_port_change-1442307', 'neutron.plugins.ml2.ovo_rpc._ObjectChangeHandler.handle_event-2065902', 'neutron.api.rpc.agentnotifiers.dhcp_rpc_agent_api.DhcpAgentNotifyAPI._native_event_send_dhcp_notification-1610975', 'neutron.db.l3_db.L3RpcNotifierMixin._notify_routers_callback-8779056837991', 'neutron.db.l3_dvrscheduler_db._notify_port_delete-8779056335571', 'neutron.services.segments.plugin.NovaSegmentNotifier._notify_port_created_or_deleted-14628184'] for port, after_delete {{(pid=110075) _notify_loop /usr/local/lib/python3.8/dist-packages/neutron_lib/callbacks/manager.py:175}}
Nov 27 15:46:06.806583 n-d-819494-4 neutron-server[110076]: DEBUG neutron_lib.callbacks.manager [None req-956cfd45-db31-41c8-bc46-84d1f0218cd8 admin admin] Publish callbacks ['neutron.plugins.ml2.ovo_rpc._ObjectChangeHandler.handle_event-1640993'] for security_group, after_create {{(pid=110076) _notify_loop /usr/local/lib/python3.8/dist-packages/neutron_lib/callbacks/manager.py:175}}
Nov 27 15:46:06.817170 n-d-819494-4 neutron-server[110077]: DEBUG neutron.plugins.ml2.db [None req-9e834367-69e2-4952-9716-491de43ae9bd None None] get_ports_and_sgs() called for port_ids ['efa9e2b7-5cce-4920-93ed-512a14ffd4cd'] {{(pid=110077) get_ports_and_sgs /opt/stack/neutron/neutron/plugins/ml2/db.py:156}}
Nov 27 15:46:06.844976 n-d-819494-4 neutron-server[110075]: DEBUG neutron.api.rpc.handlers.resources_rpc [None req-68c7b5d8-83ee-4498-b13d-176cc622ecfa tempest-ServerDiagnosticsNegativeTest-451689101 tempest-ServerDiagnosticsNegativeTest-451689101-project] Pushing event deleted for resources: {'Port': ['ID=efa9e2b7-5cce-4920-93ed-512a14ffd4cd,revision_number=None']} {{(pid=110075) push /opt/stack/neutron/neutron/api/rpc/handlers/resources_rpc.py:237}}
Nov 27 15:46:06.910919 n-d-819494-4 neutron-server[110076]: DEBUG neutron.pecan_wsgi.hooks.policy_enforcement [req-af7c3b47-bfb8-4311-8a86-ae345427b53d req-3060c165-9489-4de1-aa3c-539f10049fc5 tempest-AggregatesAdminTestJSON-1613058716 tempest-AggregatesAdminTestJSON-1613058716-project] Attributes excluded by policy engine: ['standard_attr_id', 'binding:profile', 'binding:host_id', 'binding:vif_type', 'binding:vif_details'] {{(pid=110076) _exclude_attributes_by_policy /opt/stack/neutron/neutron/pecan_wsgi/hooks/policy_enforcement.py:255}}
Nov 27 15:46:06.912512 n-d-819494-4 neutron-server[110076]: INFO neutron.wsgi [req-af7c3b47-bfb8-4311-8a86-ae345427b53d req-3060c165-9489-4de1-aa3c-539f10049fc5 tempest-AggregatesAdminTestJSON-1613058716 tempest-AggregatesAdminTestJSON-1613058716-project] 10.222.0.15 "GET /v2.0/ports?device_id=f6c87670-b5ba-4d78-8d51-8bb14690e41e HTTP/1.1" status: 200 len: 972 time: 0.2419748
Nov 27 15:46:06.917867 n-d-819494-4 neutron-server[110076]: INFO neutron.wsgi [None req-956cfd45-db31-41c8-bc46-84d1f0218cd8 admin admin] 10.222.0.15 "GET /v2.0/security-groups?tenant_id=019a0878f106415197285c326f17deb0&name=default HTTP/1.1" status: 200 len: 2996 time: 0.8019667
Nov 27 15:46:06.920421 n-d-819494-4 neutron-server[110075]: DEBUG neutron.wsgi [-] (110075) accepted ('10.222.0.15', 56904) {{(pid=110075) server /usr/local/lib/python3.8/dist-packages/eventlet/wsgi.py:1004}}
Nov 27 15:46:06.957071 n-d-819494-4 neutron-server[110075]: DEBUG neutron.db.l3_dvrscheduler_db [req-d049495a-34f0-493c-9ce2-535b66bfe460 req-68c7b5d8-83ee-4498-b13d-176cc622ecfa tempest-ServerDiagnosticsNegativeTest-451689101 tempest-ServerDiagnosticsNegativeTest-451689101-project] No DVR routers for this DVR port efa9e2b7-5cce-4920-93ed-512a14ffd4cd on host n-h2-819494-4 {{(pid=110075) get_dvr_routers_to_remove /opt/stack/neutron/neutron/db/l3_dvrscheduler_db.py:214}}
Nov 27 15:46:06.972345 n-d-819494-4 neutron-server[110075]: DEBUG neutron_lib.callbacks.manager [req-d049495a-34f0-493c-9ce2-535b66bfe460 req-68c7b5d8-83ee-4498-b13d-176cc622ecfa tempest-ServerDiagnosticsNegativeTest-451689101 tempest-ServerDiagnosticsNegativeTest-451689101-project] Publish callbacks ['neutron.notifiers.nova.Notifier._send_nova_notification-2006225'] for port, before_response {{(pid=110075) _notify_loop /usr/local/lib/python3.8/dist-packages/neutron_lib/callbacks/manager.py:175}}
Nov 27 15:46:06.975795 n-d-819494-4 neutron-server[110075]: INFO neutron.wsgi [req-d049495a-34f0-493c-9ce2-535b66bfe460 req-68c7b5d8-83ee-4498-b13d-176cc622ecfa tempest-ServerDiagnosticsNegativeTest-451689101 tempest-ServerDiagnosticsNegativeTest-451689101-project] 10.222.0.37 "DELETE /v2.0/ports/efa9e2b7-5cce-4920-93ed-512a14ffd4cd HTTP/1.1" status: 204 len: 173 time: 0.9588792
Nov 27 15:46:06.976540 n-d-819494-4 neutron-server[110075]: DEBUG neutron.notifiers.nova [-] Sending events: [{'server_uuid': '649e2c33-0fa7-432a-916a-800347c57f3c', 'name': 'network-vif-deleted', 'tag': 'efa9e2b7-5cce-4920-93ed-512a14ffd4cd'}] {{(pid=110075) send_events /opt/stack/neutron/neutron/notifiers/nova.py:262}}
Nov 27 15:46:06.987269 n-d-819494-4 neutron-server[110075]: DEBUG novaclient.v2.client [-] REQ: curl -g -i --cacert "/opt/stack/data/ca-bundle.pem" -X POST http://10.222.0.15/compute/v2.1/os-server-external-events -H "Accept: application/json" -H "Content-Type: application/json" -H "User-Agent: python-novaclient" -H "X-Auth-Token: {SHA256}6e7093e4202e1fa43247f62342bb07cb617d84f1f5553aad045197427fecbd6c" -H "X-OpenStack-Nova-API-Version: 2.1" -H "X-OpenStack-Request-ID: req-1c6401bb-81bc-4e54-ade6-b19022905b4e" -d '{"events": [{"server_uuid": "649e2c33-0fa7-432a-916a-800347c57f3c", "name": "network-vif-deleted", "tag": "efa9e2b7-5cce-4920-93ed-512a14ffd4cd"}]}' {{(pid=110075) _http_log_request /usr/local/lib/python3.8/dist-packages/keystoneauth1/session.py:519}}
Nov 27 15:46:07.030752 n-d-819494-4 neutron-server[110076]: DEBUG neutron.api.rpc.handlers.resources_rpc [None req-bcdbdbda-6ea9-4544-9d93-dd35516ddcba service neutron] Pushing event updated for resources: {'Port': ['ID=718bd503-9584-4973-b53c-cb207991c7e0,revision_number=8']} {{(pid=110076) push /opt/stack/neutron/neutron/api/rpc/handlers/resources_rpc.py:237}}
Nov 27 15:46:07.054778 n-d-819494-4 neutron-server[110075]: DEBUG neutron_lib.callbacks.manager [None req-a07a813a-89a6-4103-beab-d4f9742b24ec admin admin] Publish callbacks [] for security_group, before_delete {{(pid=110075) _notify_loop /usr/local/lib/python3.8/dist-packages/neutron_lib/callbacks/manager.py:175}}
Nov 27 15:46:07.057489 n-d-819494-4 neutron-server[110075]: DEBUG neutron_lib.callbacks.manager [req-60c6b608-1591-4cbb-9090-578bf3e164bf req-1bdd4519-d352-4f64-8e53-caafa59ef640 tempest-AggregatesAdminTestJSON-1613058716 tempest-AggregatesAdminTestJSON-1613058716-project] Publish callbacks ['neutron.plugins.ml2.plugin.SecurityGroupServerNotifierRpcMixin._notify_sg_on_port_change-1442307', 'neutron.plugins.ml2.ovo_rpc._ObjectChangeHandler.handle_event-2065902', 'neutron.api.rpc.agentnotifiers.dhcp_rpc_agent_api.DhcpAgentNotifyAPI._native_event_send_dhcp_notification-1610975', 'neutron.db.l3_db.L3RpcNotifierMixin._notify_routers_callback-8779056837991', 'neutron.db.l3_dvrscheduler_db._notify_port_delete-8779056335571', 'neutron.services.segments.plugin.NovaSegmentNotifier._notify_port_created_or_deleted-14628184'] for port, after_delete {{(pid=110075) _notify_loop /usr/local/lib/python3.8/dist-packages/neutron_lib/callbacks/manager.py:175}}
Nov 27 15:46:07.071507 n-d-819494-4 neutron-server[110077]: DEBUG neutron.plugins.ml2.db [None req-9e834367-69e2-4952-9716-491de43ae9bd None None] get_ports_and_sgs() called for port_ids ['3af01c97-142b-487c-b2d4-e5010dc536e3'] {{(pid=110077) get_ports_and_sgs /opt/stack/neutron/neutron/plugins/ml2/db.py:156}}
Nov 27 15:46:07.078924 n-d-819494-4 neutron-server[110076]: DEBUG neutron.api.rpc.handlers.resources_rpc [None req-956cfd45-db31-41c8-bc46-84d1f0218cd8 admin admin] Pushing event updated for resources: {'SecurityGroup': ['ID=cbb55a98-65a3-4879-a998-4a8b744a2557,revision_number=1']} {{(pid=110076) push /opt/stack/neutron/neutron/api/rpc/handlers/resources_rpc.py:237}}
Nov 27 15:46:07.094554 n-d-819494-4 neutron-server[110076]: DEBUG neutron.pecan_wsgi.hooks.policy_enforcement [req-c74ab827-a494-4588-80c4-4dccf8dc8107 req-bcdbdbda-6ea9-4544-9d93-dd35516ddcba service neutron] Attributes excluded by policy engine: ['standard_attr_id'] {{(pid=110076) _exclude_attributes_by_policy /opt/stack/neutron/neutron/pecan_wsgi/hooks/policy_enforcement.py:255}}
Nov 27 15:46:07.097079 n-d-819494-4 neutron-server[110076]: DEBUG neutron_lib.callbacks.manager [req-c74ab827-a494-4588-80c4-4dccf8dc8107 req-bcdbdbda-6ea9-4544-9d93-dd35516ddcba service neutron] Publish callbacks ['neutron.notifiers.nova.Notifier._send_nova_notification-2006225'] for port, before_response {{(pid=110076) _notify_loop /usr/local/lib/python3.8/dist-packages/neutron_lib/callbacks/manager.py:175}}
Nov 27 15:46:07.100303 n-d-819494-4 neutron-server[110076]: INFO neutron.wsgi [req-c74ab827-a494-4588-80c4-4dccf8dc8107 req-bcdbdbda-6ea9-4544-9d93-dd35516ddcba service neutron] 10.222.0.37 "PUT /v2.0/ports/718bd503-9584-4973-b53c-cb207991c7e0 HTTP/1.1" status: 200 len: 1122 time: 1.9956322
Nov 27 15:46:07.109034 n-d-819494-4 neutron-server[110076]: INFO neutron.wsgi [req-3f9d8353-2d26-4bc5-a555-0dfef35afd50 req-78cff99f-219e-4dc1-b245-6bf902d8847e tempest-ServersWithSpecificFlavorTestJSON-2051925412 tempest-ServersWithSpecificFlavorTestJSON-2051925412-project] 10.222.0.15 "GET /v2.0/security-groups?id=1049fd1c-20c1-4ca0-a5e3-2090c69b845f&fields=id&fields=name HTTP/1.1" status: 200 len: 312 time: 0.3179224
Nov 27 15:46:07.122180 n-d-819494-4 neutron-server[110075]: DEBUG neutron.api.rpc.handlers.resources_rpc [None req-1bdd4519-d352-4f64-8e53-caafa59ef640 tempest-AggregatesAdminTestJSON-1613058716 tempest-AggregatesAdminTestJSON-1613058716-project] Pushing event deleted for resources: {'Port': ['ID=3af01c97-142b-487c-b2d4-e5010dc536e3,revision_number=None']} {{(pid=110075) push /opt/stack/neutron/neutron/api/rpc/handlers/resources_rpc.py:237}}
Nov 27 15:46:07.130196 n-d-819494-4 neutron-server[110075]: DEBUG neutron_lib.callbacks.manager [None req-a07a813a-89a6-4103-beab-d4f9742b24ec admin admin] Publish callbacks [] for security_group, precommit_delete {{(pid=110075) _notify_loop /usr/local/lib/python3.8/dist-packages/neutron_lib/callbacks/manager.py:175}}
Nov 27 15:46:07.134658 n-d-819494-4 neutron-server[110076]: INFO neutron.wsgi [req-af7c3b47-bfb8-4311-8a86-ae345427b53d req-a40db319-1571-477f-8bf7-12b349bbe25e tempest-AggregatesAdminTestJSON-1613058716 tempest-AggregatesAdminTestJSON-1613058716-project] 10.222.0.15 "GET /v2.0/security-groups?id=543a9602-dfad-4424-a99d-4395218fbdce&fields=id&fields=name HTTP/1.1" status: 200 len: 286 time: 0.2086191
Nov 27 15:46:07.185557 n-d-819494-4 neutron-server[110077]: DEBUG neutron.plugins.ml2.db [None req-a671a668-c9df-4156-b0fe-592eb29c3048 None None] get_ports_and_sgs() called for port_ids ['718bd503-9584-4973-b53c-cb207991c7e0'] {{(pid=110077) get_ports_and_sgs /opt/stack/neutron/neutron/plugins/ml2/db.py:156}}
Nov 27 15:46:07.223501 n-d-819494-4 neutron-server[110075]: DEBUG neutron.db.l3_dvrscheduler_db [req-60c6b608-1591-4cbb-9090-578bf3e164bf req-1bdd4519-d352-4f64-8e53-caafa59ef640 tempest-AggregatesAdminTestJSON-1613058716 tempest-AggregatesAdminTestJSON-1613058716-project] No DVR routers for this DVR port 3af01c97-142b-487c-b2d4-e5010dc536e3 on host n-h2-819494-4 {{(pid=110075) get_dvr_routers_to_remove /opt/stack/neutron/neutron/db/l3_dvrscheduler_db.py:214}}
Nov 27 15:46:07.237846 n-d-819494-4 neutron-server[110075]: DEBUG neutron_lib.callbacks.manager [req-60c6b608-1591-4cbb-9090-578bf3e164bf req-1bdd4519-d352-4f64-8e53-caafa59ef640 tempest-AggregatesAdminTestJSON-1613058716 tempest-AggregatesAdminTestJSON-1613058716-project] Publish callbacks ['neutron.notifiers.nova.Notifier._send_nova_notification-2006225'] for port, before_response {{(pid=110075) _notify_loop /usr/local/lib/python3.8/dist-packages/neutron_lib/callbacks/manager.py:175}}
Nov 27 15:46:07.245734 n-d-819494-4 neutron-server[110075]: INFO neutron.wsgi [req-60c6b608-1591-4cbb-9090-578bf3e164bf req-1bdd4519-d352-4f64-8e53-caafa59ef640 tempest-AggregatesAdminTestJSON-1613058716 tempest-AggregatesAdminTestJSON-1613058716-project] 10.222.0.37 "DELETE /v2.0/ports/3af01c97-142b-487c-b2d4-e5010dc536e3 HTTP/1.1" status: 204 len: 173 time: 1.0238378
Nov 27 15:46:07.272621 n-d-819494-4 neutron-server[110077]: DEBUG novaclient.v2.client [-] RESP: [200] Connection: close Content-Length: 183 Content-Type: application/json Date: Sat, 27 Nov 2021 15:46:06 GMT OpenStack-API-Version: compute 2.1 Server: Apache/2.4.41 (Ubuntu) Vary: OpenStack-API-Version,X-OpenStack-Nova-API-Version X-OpenStack-Nova-API-Version: 2.1 x-compute-request-id: req-16be47e7-540e-42a5-961e-ee04d1144a1d x-openstack-request-id: req-16be47e7-540e-42a5-961e-ee04d1144a1d {{(pid=110077) _http_log_response /usr/local/lib/python3.8/dist-packages/keystoneauth1/session.py:550}}
Nov 27 15:46:07.273158 n-d-819494-4 neutron-server[110077]: DEBUG novaclient.v2.client [-] RESP BODY: {"events": [{"server_uuid": "97e48355-886a-43f4-b532-2c8c1a6c3f00", "name": "network-vif-plugged", "status": "completed", "tag": "5d8a51de-63dd-4e7e-8c6c-7a656417ca77", "code": 200}]} {{(pid=110077) _http_log_response /usr/local/lib/python3.8/dist-packages/keystoneauth1/session.py:582}}
Nov 27 15:46:07.273158 n-d-819494-4 neutron-server[110077]: DEBUG novaclient.v2.client [-] POST call to compute for http://10.222.0.15/compute/v2.1/os-server-external-events used request id req-16be47e7-540e-42a5-961e-ee04d1144a1d {{(pid=110077) request /usr/local/lib/python3.8/dist-packages/keystoneauth1/session.py:954}}
Nov 27 15:46:07.274486 n-d-819494-4 neutron-server[110077]: INFO neutron.notifiers.nova [-] Nova event response: {'server_uuid': '97e48355-886a-43f4-b532-2c8c1a6c3f00', 'name': 'network-vif-plugged', 'status': 'completed', 'tag': '5d8a51de-63dd-4e7e-8c6c-7a656417ca77', 'code': 200}
Nov 27 15:46:07.301107 n-d-819494-4 neutron-server[110075]: DEBUG neutron_lib.callbacks.manager [None req-a07a813a-89a6-4103-beab-d4f9742b24ec admin admin] Publish callbacks ['neutron.plugins.ml2.ovo_rpc._ObjectChangeHandler.handle_event-1640993'] for security_group, after_delete {{(pid=110075) _notify_loop /usr/local/lib/python3.8/dist-packages/neutron_lib/callbacks/manager.py:175}}
Nov 27 15:46:07.304429 n-d-819494-4 neutron-server[110075]: DEBUG neutron_lib.callbacks.manager [None req-a07a813a-89a6-4103-beab-d4f9742b24ec admin admin] Publish callbacks [] for security_group, before_response {{(pid=110075) _notify_loop /usr/local/lib/python3.8/dist-packages/neutron_lib/callbacks/manager.py:175}}
Nov 27 15:46:07.307486 n-d-819494-4 neutron-server[110075]: INFO neutron.wsgi [None req-a07a813a-89a6-4103-beab-d4f9742b24ec admin admin] 10.222.0.15 "DELETE /v2.0/security-groups/cbb55a98-65a3-4879-a998-4a8b744a2557 HTTP/1.1" status: 204 len: 168 time: 0.3715365
Nov 27 15:46:07.317144 n-d-819494-4 neutron-server[110075]: DEBUG neutron.api.rpc.handlers.resources_rpc [None req-a07a813a-89a6-4103-beab-d4f9742b24ec admin admin] Pushing event deleted for resources: {'SecurityGroup': ['ID=cbb55a98-65a3-4879-a998-4a8b744a2557,revision_number=None']} {{(pid=110075) push /opt/stack/neutron/neutron/api/rpc/handlers/resources_rpc.py:237}}
Nov 27 15:46:07.409092 n-d-819494-4 neutron-server[110076]: INFO neutron.wsgi [req-d43c26fa-09c3-41f1-9ad5-55550de2222f req-25eca954-1bbc-4d65-b1e0-2d4fc27ab6b3 tempest-DeleteServersAdminTestJSON-1224805519 tempest-DeleteServersAdminTestJSON-1224805519-project] 10.222.0.15 "GET /v2.0/ports?device_id=ab7ce979-2248-4460-aa68-cf74c5853080 HTTP/1.1" status: 200 len: 210 time: 0.0621541
Nov 27 15:46:07.488634 n-d-819494-4 neutron-server[110075]: DEBUG neutron.pecan_wsgi.hooks.policy_enforcement [req-a2155abe-cdd6-429d-b817-bafee9442964 req-f85bb55f-ea4e-4182-8e97-26d7566f958d service neutron] Attributes excluded by policy engine: ['standard_attr_id'] {{(pid=110075) _exclude_attributes_by_policy /opt/stack/neutron/neutron/pecan_wsgi/hooks/policy_enforcement.py:255}}
Nov 27 15:46:07.490321 n-d-819494-4 neutron-server[110075]: INFO neutron.wsgi [req-a2155abe-cdd6-429d-b817-bafee9442964 req-f85bb55f-ea4e-4182-8e97-26d7566f958d service neutron] 10.222.0.37 "GET /v2.0/ports?device_id=97e48355-886a-43f4-b532-2c8c1a6c3f00 HTTP/1.1" status: 200 len: 1122 time: 0.0434587
Nov 27 15:46:07.557258 n-d-819494-4 neutron-server[110077]: DEBUG neutron_lib.callbacks.manager [None req-0c364490-dd89-46c8-88fe-7e6d0ca58a61 None None] Publish callbacks ['neutron.services.segments.db._update_segment_host_mapping_for_agent-8779056730013', 'neutron.plugins.ml2.plugin.Ml2Plugin._retry_binding_revived_agents-1514650'] for agent, after_update {{(pid=110077) _notify_loop /usr/local/lib/python3.8/dist-packages/neutron_lib/callbacks/manager.py:175}}
Nov 27 15:46:07.596181 n-d-819494-4 neutron-server[110075]: INFO neutron.wsgi [req-a2155abe-cdd6-429d-b817-bafee9442964 req-48355caa-3c7f-41df-918d-797ef740fff3 service neutron] 10.222.0.37 "GET /v2.0/security-groups?id=04fd7e5d-0b32-49a6-a6b7-df17c5ea61a4&fields=id&fields=name HTTP/1.1" status: 200 len: 286 time: 0.0963218
Nov 27 15:46:07.623056 n-d-819494-4 neutron-server[110076]: DEBUG neutron.pecan_wsgi.hooks.policy_enforcement [req-1e351439-527b-4157-866d-0bfc66bca770 req-959a8a5c-9d61-4218-a67c-ce1778af2da0 tempest-LiveAutoBlockMigrationV225Test-414304659 tempest-LiveAutoBlockMigrationV225Test-414304659-project] Attributes excluded by policy engine: ['standard_attr_id', 'binding:profile', 'binding:host_id', 'binding:vif_type', 'binding:vif_details'] {{(pid=110076) _exclude_attributes_by_policy /opt/stack/neutron/neutron/pecan_wsgi/hooks/policy_enforcement.py:255}}
Nov 27 15:46:07.630232 n-d-819494-4 neutron-server[110076]: INFO neutron.wsgi [req-1e351439-527b-4157-866d-0bfc66bca770 req-959a8a5c-9d61-4218-a67c-ce1778af2da0 tempest-LiveAutoBlockMigrationV225Test-414304659 tempest-LiveAutoBlockMigrationV225Test-414304659-project] 10.222.0.15 "GET /v2.0/ports?device_id=e17019b3-54ba-44ed-b32b-a40d92e766c6 HTTP/1.1" status: 200 len: 944 time: 0.1248462
Nov 27 15:46:07.663117 n-d-819494-4 neutron-server[110076]: DEBUG neutron.pecan_wsgi.hooks.policy_enforcement [req-a45c88e1-9180-420c-975a-bbffba99e934 req-64cbef23-3f33-452d-a244-7f2ea668149b tempest-LiveMigrationNegativeTest-1051784926 tempest-LiveMigrationNegativeTest-1051784926-project] Attributes excluded by policy engine: ['standard_attr_id', 'binding:profile', 'binding:host_id', 'binding:vif_type', 'binding:vif_details'] {{(pid=110076) _exclude_attributes_by_policy /opt/stack/neutron/neutron/pecan_wsgi/hooks/policy_enforcement.py:255}}
Nov 27 15:46:07.664607 n-d-819494-4 neutron-server[110076]: INFO neutron.wsgi [req-a45c88e1-9180-420c-975a-bbffba99e934 req-64cbef23-3f33-452d-a244-7f2ea668149b tempest-LiveMigrationNegativeTest-1051784926 tempest-LiveMigrationNegativeTest-1051784926-project] 10.222.0.15 "GET /v2.0/ports?device_id=97e48355-886a-43f4-b532-2c8c1a6c3f00 HTTP/1.1" status: 200 len: 971 time: 0.1022415
Nov 27 15:46:07.701762 n-d-819494-4 neutron-server[110076]: INFO neutron.wsgi [req-1e351439-527b-4157-866d-0bfc66bca770 req-9344907f-2e38-4a4f-a3a1-1eb5a8732f6e tempest-LiveAutoBlockMigrationV225Test-414304659 tempest-LiveAutoBlockMigrationV225Test-414304659-project] 10.222.0.15 "GET /v2.0/security-groups?id=19ddb0f3-4dcf-4e9e-b48b-fe8eda205197&fields=id&fields=name HTTP/1.1" status: 200 len: 286 time: 0.0706503
Nov 27 15:46:07.740203 n-d-819494-4 neutron-server[110076]: INFO neutron.wsgi [req-a45c88e1-9180-420c-975a-bbffba99e934 req-bdc9601e-6714-4890-9d7a-18f634e836ec tempest-LiveMigrationNegativeTest-1051784926 tempest-LiveMigrationNegativeTest-1051784926-project] 10.222.0.15 "GET /v2.0/security-groups?id=04fd7e5d-0b32-49a6-a6b7-df17c5ea61a4&fields=id&fields=name HTTP/1.1" status: 200 len: 286 time: 0.0680830
Nov 27 15:46:07.755102 n-d-819494-4 neutron-server[110075]: DEBUG novaclient.v2.client [-] RESP: [200] Connection: close Content-Length: 183 Content-Type: application/json Date: Sat, 27 Nov 2021 15:46:06 GMT OpenStack-API-Version: compute 2.1 Server: Apache/2.4.41 (Ubuntu) Vary: OpenStack-API-Version,X-OpenStack-Nova-API-Version X-OpenStack-Nova-API-Version: 2.1 x-compute-request-id: req-a902289c-8030-48f1-a2be-e85259b3b84d x-openstack-request-id: req-a902289c-8030-48f1-a2be-e85259b3b84d {{(pid=110075) _http_log_response /usr/local/lib/python3.8/dist-packages/keystoneauth1/session.py:550}}
Nov 27 15:46:07.755418 n-d-819494-4 neutron-server[110075]: DEBUG novaclient.v2.client [-] RESP BODY: {"events": [{"server_uuid": "649e2c33-0fa7-432a-916a-800347c57f3c", "name": "network-vif-deleted", "tag": "efa9e2b7-5cce-4920-93ed-512a14ffd4cd", "status": "completed", "code": 200}]} {{(pid=110075) _http_log_response /usr/local/lib/python3.8/dist-packages/keystoneauth1/session.py:582}}
Nov 27 15:46:07.755679 n-d-819494-4 neutron-server[110075]: DEBUG novaclient.v2.client [-] POST call to compute for http://10.222.0.15/compute/v2.1/os-server-external-events used request id req-a902289c-8030-48f1-a2be-e85259b3b84d {{(pid=110075) request /usr/local/lib/python3.8/dist-packages/keystoneauth1/session.py:954}}
Nov 27 15:46:07.756595 n-d-819494-4 neutron-server[110075]: INFO neutron.notifiers.nova [-] Nova event response: {'server_uuid': '649e2c33-0fa7-432a-916a-800347c57f3c', 'name': 'network-vif-deleted', 'tag': 'efa9e2b7-5cce-4920-93ed-512a14ffd4cd', 'status': 'completed', 'code': 200}
Nov 27 15:46:07.864148 n-d-819494-4 neutron-server[110076]: INFO neutron.wsgi [req-f040020f-dfa3-42f6-aa38-c69971ac8df0 req-f0de8db7-7d83-47cb-8a5b-aeb250c428b2 tempest-ServerDiagnosticsNegativeTest-451689101 tempest-ServerDiagnosticsNegativeTest-451689101-project] 10.222.0.15 "GET /v2.0/ports?device_id=649e2c33-0fa7-432a-916a-800347c57f3c HTTP/1.1" status: 200 len: 210 time: 0.0344725
Nov 27 15:46:07.897705 n-d-819494-4 neutron-server[110076]: DEBUG neutron.pecan_wsgi.hooks.policy_enforcement [req-cfbe97e0-afc3-4766-b4e6-7fec89980511 req-7b0c3167-c276-4978-9f5b-c4a3cad38920 tempest-ServersWithSpecificFlavorTestJSON-2051925412 tempest-ServersWithSpecificFlavorTestJSON-2051925412-project] Attributes excluded by policy engine: ['standard_attr_id', 'binding:profile', 'binding:host_id', 'binding:vif_type', 'binding:vif_details'] {{(pid=110076) _exclude_attributes_by_policy /opt/stack/neutron/neutron/pecan_wsgi/hooks/policy_enforcement.py:255}}
Nov 27 15:46:07.899727 n-d-819494-4 neutron-server[110076]: INFO neutron.wsgi [req-cfbe97e0-afc3-4766-b4e6-7fec89980511 req-7b0c3167-c276-4978-9f5b-c4a3cad38920 tempest-ServersWithSpecificFlavorTestJSON-2051925412 tempest-ServersWithSpecificFlavorTestJSON-2051925412-project] 10.222.0.15 "GET /v2.0/ports?device_id=95c5329e-cb92-4085-ba6f-51580bad774f HTTP/1.1" status: 200 len: 946 time: 0.0997193
Nov 27 15:46:07.909285 n-d-819494-4 neutron-server[110075]: DEBUG neutron.wsgi [-] (110075) accepted ('10.222.0.15', 56936) {{(pid=110075) server /usr/local/lib/python3.8/dist-packages/eventlet/wsgi.py:1004}}
Nov 27 15:46:07.914912 n-d-819494-4 neutron-server[110075]: DEBUG neutron.api.v2.base [None req-2252628c-aeee-4632-85ac-900b2363000e tempest-ServersWithSpecificFlavorTestJSON-2051925412 tempest-ServersWithSpecificFlavorTestJSON-2051925412-project] Request body: {'floatingip': {'port_id': '4c5bf308-06f5-4b2e-ae1f-9ff6f16a9c3f'}} {{(pid=110075) prepare_request_body /opt/stack/neutron/neutron/api/v2/base.py:729}}
Nov 27 15:46:08.015428 n-d-819494-4 neutron-server[110075]: DEBUG neutron_lib.callbacks.manager [None req-2252628c-aeee-4632-85ac-900b2363000e tempest-ServersWithSpecificFlavorTestJSON-2051925412 tempest-ServersWithSpecificFlavorTestJSON-2051925412-project] Publish callbacks [] for floatingip, before_update {{(pid=110075) _notify_loop /usr/local/lib/python3.8/dist-packages/neutron_lib/callbacks/manager.py:175}}
Nov 27 15:46:08.105591 n-d-819494-4 neutron-server[110076]: INFO neutron.wsgi [req-6bb30fdb-ff61-4d61-9423-7ff53bc10d40 req-7d0a3603-9767-452e-b0c3-fafd51e462f8 tempest-DeleteServersAdminTestJSON-1224805519 tempest-DeleteServersAdminTestJSON-1224805519-project] 10.222.0.21 "GET /v2.0/networks?tenant_id=f2e4a76d93294c999bc9e73b17bba79e&shared=False HTTP/1.1" status: 200 len: 213 time: 0.0289590
Nov 27 15:46:08.332581 n-d-819494-4 neutron-server[110076]: INFO neutron.wsgi [req-9cc60b50-4258-4c9e-a4c4-58a8d6adbe6d req-27877bcd-1e96-4dc3-8d5c-c4bd02077608 tempest-AggregatesAdminTestJSON-1613058716 tempest-AggregatesAdminTestJSON-1613058716-project] 10.222.0.15 "GET /v2.0/ports?device_id=f6c87670-b5ba-4d78-8d51-8bb14690e41e HTTP/1.1" status: 200 len: 210 time: 0.0559912
Nov 27 15:46:08.341121 n-d-819494-4 neutron-server[110076]: DEBUG neutron.pecan_wsgi.hooks.policy_enforcement [req-6bb30fdb-ff61-4d61-9423-7ff53bc10d40 req-85dbffb7-3dc8-4a96-9d51-babbefeca0f1 tempest-DeleteServersAdminTestJSON-1224805519 tempest-DeleteServersAdminTestJSON-1224805519-project] Attributes excluded by policy engine: ['standard_attr_id', 'vlan_transparent', 'provider:network_type', 'provider:physical_network', 'provider:segmentation_id'] {{(pid=110076) _exclude_attributes_by_policy /opt/stack/neutron/neutron/pecan_wsgi/hooks/policy_enforcement.py:255}}
Nov 27 15:46:08.342772 n-d-819494-4 neutron-server[110076]: INFO neutron.wsgi [req-6bb30fdb-ff61-4d61-9423-7ff53bc10d40 req-85dbffb7-3dc8-4a96-9d51-babbefeca0f1 tempest-DeleteServersAdminTestJSON-1224805519 tempest-DeleteServersAdminTestJSON-1224805519-project] 10.222.0.21 "GET /v2.0/networks?shared=True HTTP/1.1" status: 200 len: 769 time: 0.2364159
Nov 27 15:46:08.361951 n-d-819494-4 neutron-server[110076]: DEBUG neutron.api.v2.base [req-6bb30fdb-ff61-4d61-9423-7ff53bc10d40 req-69dd1573-cb00-4929-a102-3637bd6a7bfd tempest-DeleteServersAdminTestJSON-1224805519 tempest-DeleteServersAdminTestJSON-1224805519-project] Request body: {'port': {'device_id': 'ab7ce979-2248-4460-aa68-cf74c5853080', 'network_id': '104926a1-0264-4a83-b10c-e3222a74802e', 'admin_state_up': True, 'tenant_id': 'f2e4a76d93294c999bc9e73b17bba79e'}} {{(pid=110076) prepare_request_body /opt/stack/neutron/neutron/api/v2/base.py:729}}
Nov 27 15:46:08.398745 n-d-819494-4 neutron-server[110077]: DEBUG neutron_lib.callbacks.manager [None req-88dc0233-c8dd-4298-8000-ca8a14d0c25b None None] Publish callbacks ['neutron.services.segments.db._update_segment_host_mapping_for_agent-8779056730013', 'neutron.plugins.ml2.plugin.Ml2Plugin._retry_binding_revived_agents-1514650'] for agent, after_update {{(pid=110077) _notify_loop /usr/local/lib/python3.8/dist-packages/neutron_lib/callbacks/manager.py:175}}
Nov 27 15:46:08.460798 n-d-819494-4 neutron-server[110076]: DEBUG neutron.wsgi [-] (110076) accepted ('10.222.0.15', 56964) {{(pid=110076) server /usr/local/lib/python3.8/dist-packages/eventlet/wsgi.py:1004}}
Nov 27 15:46:08.499093 n-d-819494-4 neutron-server[110076]: DEBUG neutron.notifiers.nova [-] Sending events: [{'name': 'network-changed', 'server_uuid': 'e17019b3-54ba-44ed-b32b-a40d92e766c6', 'tag': '718bd503-9584-4973-b53c-cb207991c7e0'}] {{(pid=110076) send_events /opt/stack/neutron/neutron/notifiers/nova.py:262}}
