Nov 27 03:43:05.721412 n-d-819494-3 devstack@placement-api.service[110501]: DEBUG placement.handlers.allocation [req-400af6c7-a51e-43c0-b90e-5b427d8a95da req-23eadfa3-c3f6-49d4-9816-d9076184e902 service placement] Successfully wrote allocations [, , ] {{(pid=110501) _update_consumers_and_create_allocations /opt/stack/placement/placement/handlers/allocation.py:462}}
Nov 27 03:43:05.726133 n-d-819494-3 devstack@placement-api.service[110501]: INFO placement.requestlog [req-400af6c7-a51e-43c0-b90e-5b427d8a95da req-23eadfa3-c3f6-49d4-9816-d9076184e902 service placement] 10.222.0.20 "PUT /placement/allocations/9b1fc4af-eec6-4bfc-83a5-e96d29180c7a" status: 204 len: 0 microversion: 1.28
Nov 27 03:43:05.727129 n-d-819494-3 devstack@placement-api.service[110501]: [pid: 110501|app: 0|req: 49/96] 10.222.0.20 () {64 vars in 1433 bytes} [Sat Nov 27 03:43:05 2021] PUT /placement/allocations/9b1fc4af-eec6-4bfc-83a5-e96d29180c7a => generated 0 bytes in 79 msecs (HTTP/1.1 204) 5 headers in 199 bytes (1 switches on core 0)
Nov 27 03:43:05.888852 n-d-819494-3 devstack@placement-api.service[110500]: INFO placement.requestlog [req-caa81c69-a5fa-498f-b6c5-89e29873a9a5 req-d55c2641-b225-4770-b6d1-29adbbef0d1a service placement] 10.222.0.20 "GET /placement/allocations/b9443a66-6495-4b72-af09-e210b5659963" status: 200 len: 258 microversion: 1.28
Nov 27 03:43:05.896854 n-d-819494-3 devstack@placement-api.service[110500]: [pid: 110500|app: 0|req: 48/97] 10.222.0.20 () {60 vars in 1380 bytes} [Sat Nov 27 03:43:05 2021] GET /placement/allocations/b9443a66-6495-4b72-af09-e210b5659963 => generated 258 bytes in 331 msecs (HTTP/1.1 200) 8 headers in 296 bytes (1 switches on core 0)
Nov 27 03:43:05.897691 n-d-819494-3 devstack@placement-api.service[110501]: DEBUG placement.requestlog [req-caa81c69-a5fa-498f-b6c5-89e29873a9a5 req-911151ef-4f12-469d-bf8d-b2a4d6c56c58 None None] Starting request: 10.222.0.20 "GET /placement/allocations/b9443a66-6495-4b72-af09-e210b5659963" {{(pid=110501) __call__ /opt/stack/placement/placement/requestlog.py:55}}
Nov 27 03:43:05.928257 n-d-819494-3 devstack@placement-api.service[110501]: INFO placement.requestlog [req-caa81c69-a5fa-498f-b6c5-89e29873a9a5 req-911151ef-4f12-469d-bf8d-b2a4d6c56c58 service placement] 10.222.0.20 "GET /placement/allocations/b9443a66-6495-4b72-af09-e210b5659963" status: 200 len: 258 microversion: 1.28
Nov 27 03:43:05.928909 n-d-819494-3 devstack@placement-api.service[110501]: [pid: 110501|app: 0|req: 50/98] 10.222.0.20 () {60 vars in 1380 bytes} [Sat Nov 27 03:43:05 2021] GET /placement/allocations/b9443a66-6495-4b72-af09-e210b5659963 => generated 258 bytes in 31 msecs (HTTP/1.1 200) 8 headers in 296 bytes (1 switches on core 0)
Nov 27 03:43:05.934530 n-d-819494-3 devstack@placement-api.service[110500]: DEBUG placement.requestlog [req-caa81c69-a5fa-498f-b6c5-89e29873a9a5 req-bf6a698f-311f-4746-886e-bc580566730b None None] Starting request: 10.222.0.20 "GET /placement/allocations/9f7b708e-7b72-483f-b89a-edaa2a2c728e" {{(pid=110500) __call__ /opt/stack/placement/placement/requestlog.py:55}}
Nov 27 03:43:05.946391 n-d-819494-3 devstack@placement-api.service[110501]: DEBUG placement.requestlog [req-400af6c7-a51e-43c0-b90e-5b427d8a95da req-4547016c-5e40-49cb-a3d2-3b6aac4684d8 None None] Starting request: 10.222.0.11 "GET /placement/allocations/9b1fc4af-eec6-4bfc-83a5-e96d29180c7a" {{(pid=110501) __call__ /opt/stack/placement/placement/requestlog.py:55}}
Nov 27 03:43:05.953666 n-d-819494-3 devstack@placement-api.service[110500]: INFO placement.requestlog [req-caa81c69-a5fa-498f-b6c5-89e29873a9a5 req-bf6a698f-311f-4746-886e-bc580566730b service placement] 10.222.0.20 "GET /placement/allocations/9f7b708e-7b72-483f-b89a-edaa2a2c728e" status: 200 len: 19 microversion: 1.28
Nov 27 03:43:05.961931 n-d-819494-3 devstack@placement-api.service[110500]: [pid: 110500|app: 0|req: 49/99] 10.222.0.20 () {60 vars in 1380 bytes} [Sat Nov 27 03:43:05 2021] GET /placement/allocations/9f7b708e-7b72-483f-b89a-edaa2a2c728e => generated 19 bytes in 27 msecs (HTTP/1.1 200) 8 headers in 295 bytes (1 switches on core 0)
Nov 27 03:43:05.963040 n-d-819494-3 devstack@placement-api.service[110500]: DEBUG placement.requestlog [req-caa81c69-a5fa-498f-b6c5-89e29873a9a5 req-e68f5458-ffd2-46e7-a840-54edd6aab4c3 None None] Starting request: 10.222.0.20 "POST /placement/allocations" {{(pid=110500) __call__ /opt/stack/placement/placement/requestlog.py:55}}
Nov 27 03:43:05.984528 n-d-819494-3 devstack@placement-api.service[110501]: INFO placement.requestlog [req-400af6c7-a51e-43c0-b90e-5b427d8a95da req-4547016c-5e40-49cb-a3d2-3b6aac4684d8 service placement] 10.222.0.11 "GET /placement/allocations/9b1fc4af-eec6-4bfc-83a5-e96d29180c7a" status: 200 len: 259 microversion: 1.28
Nov 27 03:43:05.985708 n-d-819494-3 devstack@placement-api.service[110501]: [pid: 110501|app: 0|req: 51/100] 10.222.0.11 () {60 vars in 1377 bytes} [Sat Nov 27 03:43:05 2021] GET /placement/allocations/9b1fc4af-eec6-4bfc-83a5-e96d29180c7a => generated 259 bytes in 39 msecs (HTTP/1.1 200) 8 headers in 296 bytes (1 switches on core 0)
Nov 27 03:43:06.100806 n-d-819494-3 devstack@placement-api.service[110500]: DEBUG placement.handlers.allocation [req-caa81c69-a5fa-498f-b6c5-89e29873a9a5 req-e68f5458-ffd2-46e7-a840-54edd6aab4c3 service placement] Successfully wrote allocations [, , , , , ] {{(pid=110500) _update_consumers_and_create_allocations /opt/stack/placement/placement/handlers/allocation.py:572}}
Nov 27 03:43:06.110193 n-d-819494-3 devstack@placement-api.service[110500]: INFO placement.requestlog [req-caa81c69-a5fa-498f-b6c5-89e29873a9a5 req-e68f5458-ffd2-46e7-a840-54edd6aab4c3 service placement] 10.222.0.20 "POST /placement/allocations" status: 204 len: 0 microversion: 1.28
Nov 27 03:43:06.110922 n-d-819494-3 devstack@placement-api.service[110500]: [pid: 110500|app: 0|req: 50/101] 10.222.0.20 () {64 vars in 1323 bytes} [Sat Nov 27 03:43:05 2021] POST /placement/allocations => generated 0 bytes in 148 msecs (HTTP/1.1 204) 5 headers in 199 bytes (1 switches on core 0)
Nov 27 03:43:06.145757 n-d-819494-3 devstack@placement-api.service[110501]: DEBUG placement.requestlog [req-caa81c69-a5fa-498f-b6c5-89e29873a9a5 req-068c9115-8379-45d4-96c6-7474d99cbd79 None None] Starting request: 10.222.0.20 "GET /placement/allocations/b9443a66-6495-4b72-af09-e210b5659963" {{(pid=110501) __call__ /opt/stack/placement/placement/requestlog.py:55}}
Nov 27 03:43:06.159375 n-d-819494-3 devstack@placement-api.service[110501]: INFO placement.requestlog [req-caa81c69-a5fa-498f-b6c5-89e29873a9a5 req-068c9115-8379-45d4-96c6-7474d99cbd79 service placement] 10.222.0.20 "GET /placement/allocations/b9443a66-6495-4b72-af09-e210b5659963" status: 200 len: 19 microversion: 1.28
Nov 27 03:43:06.165701 n-d-819494-3 devstack@placement-api.service[110501]: [pid: 110501|app: 0|req: 52/102] 10.222.0.20 () {60 vars in 1380 bytes} [Sat Nov 27 03:43:06 2021] GET /placement/allocations/b9443a66-6495-4b72-af09-e210b5659963 => generated 19 bytes in 20 msecs (HTTP/1.1 200) 8 headers in 295 bytes (1 switches on core 0)
Nov 27 03:43:06.168350 n-d-819494-3 devstack@placement-api.service[110500]: DEBUG placement.requestlog [req-caa81c69-a5fa-498f-b6c5-89e29873a9a5 req-11eb7437-742d-40eb-9660-c75e3f181c72 None None] Starting request: 10.222.0.20 "PUT /placement/allocations/b9443a66-6495-4b72-af09-e210b5659963" {{(pid=110500) __call__ /opt/stack/placement/placement/requestlog.py:55}}
Nov 27 03:43:06.241235 n-d-819494-3 devstack@placement-api.service[110500]: DEBUG placement.handlers.allocation [req-caa81c69-a5fa-498f-b6c5-89e29873a9a5 req-11eb7437-742d-40eb-9660-c75e3f181c72 service placement] Successfully wrote allocations [, , ] {{(pid=110500) _update_consumers_and_create_allocations /opt/stack/placement/placement/handlers/allocation.py:462}}
Nov 27 03:43:06.248704 n-d-819494-3 devstack@placement-api.service[110500]: INFO placement.requestlog [req-caa81c69-a5fa-498f-b6c5-89e29873a9a5 req-11eb7437-742d-40eb-9660-c75e3f181c72 service placement] 10.222.0.20 "PUT /placement/allocations/b9443a66-6495-4b72-af09-e210b5659963" status: 204 len: 0 microversion: 1.28
Nov 27 03:43:06.249533 n-d-819494-3 devstack@placement-api.service[110500]: [pid: 110500|app: 0|req: 51/103] 10.222.0.20 () {64 vars in 1433 bytes} [Sat Nov 27 03:43:06 2021] PUT /placement/allocations/b9443a66-6495-4b72-af09-e210b5659963 => generated 0 bytes in 81 msecs (HTTP/1.1 204) 5 headers in 199 bytes (1 switches on core 0)
Nov 27 03:43:06.419692 n-d-819494-3 devstack@placement-api.service[110501]: DEBUG placement.requestlog [req-caa81c69-a5fa-498f-b6c5-89e29873a9a5 req-91a14f17-9a65-49ab-b742-dabcd776a97b None None] Starting request: 10.222.0.11 "GET /placement/allocations/b9443a66-6495-4b72-af09-e210b5659963" {{(pid=110501) __call__ /opt/stack/placement/placement/requestlog.py:55}}
Nov 27 03:43:06.448329 n-d-819494-3 devstack@placement-api.service[110501]: INFO placement.requestlog [req-caa81c69-a5fa-498f-b6c5-89e29873a9a5 req-91a14f17-9a65-49ab-b742-dabcd776a97b service placement] 10.222.0.11 "GET /placement/allocations/b9443a66-6495-4b72-af09-e210b5659963" status: 200 len: 259 microversion: 1.28
Nov 27 03:43:06.450133 n-d-819494-3 devstack@placement-api.service[110501]: [pid: 110501|app: 0|req: 53/104] 10.222.0.11 () {60 vars in 1377 bytes} [Sat Nov 27 03:43:06 2021] GET /placement/allocations/b9443a66-6495-4b72-af09-e210b5659963 => generated 259 bytes in 30 msecs (HTTP/1.1 200) 8 headers in 296 bytes (1 switches on core 0)
Nov 27 03:43:17.630081 n-d-819494-3 devstack@placement-api.service[110500]: DEBUG placement.requestlog [req-de5d7101-ceab-40c8-8e72-7585d654ab98 req-b32df612-30ec-43a7-8398-c3dda1486abd None None] Starting request: 10.222.0.11 "DELETE /placement/allocations/b7a93d27-b59f-44e9-bfd9-7fbc69fda57b" {{(pid=110500) __call__ /opt/stack/placement/placement/requestlog.py:55}}
Nov 27 03:43:17.688543 n-d-819494-3 devstack@placement-api.service[110500]: DEBUG placement.handlers.allocation [req-de5d7101-ceab-40c8-8e72-7585d654ab98 req-b32df612-30ec-43a7-8398-c3dda1486abd service placement] Successfully deleted allocations [, , ] {{(pid=110500) delete_allocations /opt/stack/placement/placement/handlers/allocation.py:627}}
Nov 27 03:43:17.689037 n-d-819494-3 devstack@placement-api.service[110500]: INFO placement.requestlog [req-de5d7101-ceab-40c8-8e72-7585d654ab98 req-b32df612-30ec-43a7-8398-c3dda1486abd service placement] 10.222.0.11 "DELETE /placement/allocations/b7a93d27-b59f-44e9-bfd9-7fbc69fda57b" status: 204 len: 0 microversion: 1.0
Nov 27 03:43:17.689558 n-d-819494-3 devstack@placement-api.service[110500]: [pid: 110500|app: 0|req: 52/105] 10.222.0.11 () {60 vars in 1355 bytes} [Sat Nov 27 03:43:17 2021] DELETE /placement/allocations/b7a93d27-b59f-44e9-bfd9-7fbc69fda57b => generated 0 bytes in 60 msecs (HTTP/1.1 204) 5 headers in 198 bytes (1 switches on core 0)
Nov 27 03:43:18.456647 n-d-819494-3 devstack@placement-api.service[110501]: DEBUG placement.requestlog [req-8305cdd3-dde7-4016-b68b-57e0a1447292 req-a3dbf36e-bcdc-4310-b5fa-84e44fccf84c None None] Starting request: 10.222.0.11 "GET /placement/resource_providers/934ade41-e724-4067-98ce-70c5dbb72586/allocations" {{(pid=110501) __call__ /opt/stack/placement/placement/requestlog.py:55}}
Nov 27 03:43:18.506400 n-d-819494-3 devstack@placement-api.service[110501]: INFO placement.requestlog [req-8305cdd3-dde7-4016-b68b-57e0a1447292 req-a3dbf36e-bcdc-4310-b5fa-84e44fccf84c service placement] 10.222.0.11 "GET /placement/resource_providers/934ade41-e724-4067-98ce-70c5dbb72586/allocations" status: 200 len: 255 microversion: 1.0
Nov 27 03:43:18.507787 n-d-819494-3 devstack@placement-api.service[110501]: [pid: 110501|app: 0|req: 54/106] 10.222.0.11 () {58 vars in 1390 bytes} [Sat Nov 27 03:43:18 2021] GET /placement/resource_providers/934ade41-e724-4067-98ce-70c5dbb72586/allocations => generated 255 bytes in 52 msecs (HTTP/1.1 200) 6 headers in 224 bytes (1 switches on core 0)
Nov 27 03:43:22.070390 n-d-819494-3 devstack@placement-api.service[110500]: DEBUG placement.requestlog [req-5e00308f-9ed6-44a3-831d-d8b630599163 req-ff1f19f1-7d9a-404d-8477-965f1a351d16 None None] Starting request: 10.222.0.20 "GET /placement/allocation_candidates?limit=1000&resources=DISK_GB%3A1%2CMEMORY_MB%3A1024%2CVCPU%3A1&root_required=%21COMPUTE_STATUS_DISABLED" {{(pid=110500) __call__ /opt/stack/placement/placement/requestlog.py:55}}
Nov 27 03:43:22.125265 n-d-819494-3 devstack@placement-api.service[110500]: DEBUG placement.objects.research_context [req-5e00308f-9ed6-44a3-831d-d8b630599163 req-ff1f19f1-7d9a-404d-8477-965f1a351d16 service placement] getting providers with 1 DISK_GB {{(pid=110500) __init__ /opt/stack/placement/placement/objects/research_context.py:126}}
Nov 27 03:43:22.129134 n-d-819494-3 devstack@placement-api.service[110501]: DEBUG placement.requestlog [req-5ae0eca3-6347-4c99-9028-102c95b9d5be req-b126908e-7a15-4e1a-8683-621ae89850b6 None None] Starting request: 10.222.0.23 "GET /placement/resource_providers/a00b3cfe-c7d0-4d6f-88c3-8ee419ee144b/allocations" {{(pid=110501) __call__ /opt/stack/placement/placement/requestlog.py:55}}
Nov 27 03:43:22.149209 n-d-819494-3 devstack@placement-api.service[110500]: DEBUG placement.objects.research_context [req-5e00308f-9ed6-44a3-831d-d8b630599163 req-ff1f19f1-7d9a-404d-8477-965f1a351d16 service placement] getting providers with 1024 MEMORY_MB {{(pid=110500) __init__ /opt/stack/placement/placement/objects/research_context.py:126}}
Nov 27 03:43:22.161961 n-d-819494-3 devstack@placement-api.service[110501]: INFO placement.requestlog [req-5ae0eca3-6347-4c99-9028-102c95b9d5be req-b126908e-7a15-4e1a-8683-621ae89850b6 service placement] 10.222.0.23 "GET /placement/resource_providers/a00b3cfe-c7d0-4d6f-88c3-8ee419ee144b/allocations" status: 200 len: 254 microversion: 1.0
Nov 27 03:43:22.162976 n-d-819494-3 devstack@placement-api.service[110500]: DEBUG placement.objects.research_context [req-5e00308f-9ed6-44a3-831d-d8b630599163 req-ff1f19f1-7d9a-404d-8477-965f1a351d16 service placement] getting providers with 1 VCPU {{(pid=110500) __init__ /opt/stack/placement/placement/objects/research_context.py:126}}
Nov 27 03:43:22.167160 n-d-819494-3 devstack@placement-api.service[110501]: [pid: 110501|app: 0|req: 55/107] 10.222.0.23 () {58 vars in 1390 bytes} [Sat Nov 27 03:43:22 2021] GET /placement/resource_providers/a00b3cfe-c7d0-4d6f-88c3-8ee419ee144b/allocations => generated 254 bytes in 38 msecs (HTTP/1.1 200) 6 headers in 224 bytes (2 switches on core 0)
Nov 27 03:43:22.173636 n-d-819494-3 devstack@placement-api.service[110500]: DEBUG placement.objects.research_context [req-5e00308f-9ed6-44a3-831d-d8b630599163 req-ff1f19f1-7d9a-404d-8477-965f1a351d16 service placement] found 2 providers with available 1 DISK_GB {{(pid=110500) get_provider_ids_matching /opt/stack/placement/placement/objects/research_context.py:549}}
Nov 27 03:43:22.174754 n-d-819494-3 devstack@placement-api.service[110500]: DEBUG placement.objects.research_context [req-5e00308f-9ed6-44a3-831d-d8b630599163 req-ff1f19f1-7d9a-404d-8477-965f1a351d16 service placement] found 2 providers with available 1024 MEMORY_MB {{(pid=110500) get_provider_ids_matching /opt/stack/placement/placement/objects/research_context.py:549}}
Nov 27 03:43:22.175200 n-d-819494-3 devstack@placement-api.service[110500]: DEBUG placement.objects.research_context [req-5e00308f-9ed6-44a3-831d-d8b630599163 req-ff1f19f1-7d9a-404d-8477-965f1a351d16 service placement] found 2 providers after filtering by previous result {{(pid=110500) get_provider_ids_matching /opt/stack/placement/placement/objects/research_context.py:580}}
Nov 27 03:43:22.175594 n-d-819494-3 devstack@placement-api.service[110500]: DEBUG placement.objects.research_context [req-5e00308f-9ed6-44a3-831d-d8b630599163 req-ff1f19f1-7d9a-404d-8477-965f1a351d16 service placement] found 2 providers with available 1 VCPU {{(pid=110500) get_provider_ids_matching /opt/stack/placement/placement/objects/research_context.py:549}}
Nov 27 03:43:22.175984 n-d-819494-3 devstack@placement-api.service[110500]: DEBUG placement.objects.research_context [req-5e00308f-9ed6-44a3-831d-d8b630599163 req-ff1f19f1-7d9a-404d-8477-965f1a351d16 service placement] found 2 providers after filtering by previous result {{(pid=110500) get_provider_ids_matching /opt/stack/placement/placement/objects/research_context.py:580}}
Nov 27 03:43:22.192148 n-d-819494-3 devstack@placement-api.service[110500]: DEBUG placement.objects.allocation_candidate [req-5e00308f-9ed6-44a3-831d-d8b630599163 req-ff1f19f1-7d9a-404d-8477-965f1a351d16 service placement] RequestGroup(use_same_provider=False, resources={DISK_GB:1, MEMORY_MB:1024, VCPU:1}, traits=[], aggregates=[]) (suffix '') returned 2 matches {{(pid=110500) _get_by_requests /opt/stack/placement/placement/objects/allocation_candidate.py:145}}
Nov 27 03:43:22.192816 n-d-819494-3 devstack@placement-api.service[110500]: DEBUG placement.objects.allocation_candidate [req-5e00308f-9ed6-44a3-831d-d8b630599163 req-ff1f19f1-7d9a-404d-8477-965f1a351d16 service placement] Merging candidates yields 2 allocation requests and 2 provider summaries {{(pid=110500) _merge_candidates /opt/stack/placement/placement/objects/allocation_candidate.py:783}}
Nov 27 03:43:22.195466 n-d-819494-3 devstack@placement-api.service[110500]: INFO placement.requestlog [req-5e00308f-9ed6-44a3-831d-d8b630599163 req-ff1f19f1-7d9a-404d-8477-965f1a351d16 service placement] 10.222.0.20 "GET /placement/allocation_candidates?limit=1000&resources=DISK_GB%3A1%2CMEMORY_MB%3A1024%2CVCPU%3A1&root_required=%21COMPUTE_STATUS_DISABLED" status: 200 len: 1309 microversion: 1.36
Nov 27 03:43:22.195701 n-d-819494-3 devstack@placement-api.service[110500]: [pid: 110500|app: 0|req: 53/108] 10.222.0.20 () {60 vars in 1506 bytes} [Sat Nov 27 03:43:22 2021] GET /placement/allocation_candidates?limit=1000&resources=DISK_GB%3A1%2CMEMORY_MB%3A1024%2CVCPU%3A1&root_required=%21COMPUTE_STATUS_DISABLED => generated 1309 bytes in 126 msecs (HTTP/1.1 200) 8 headers in 297 bytes (2 switches on core 0)
Nov 27 03:43:22.249429 n-d-819494-3 devstack@placement-api.service[110501]: DEBUG placement.requestlog [req-5e00308f-9ed6-44a3-831d-d8b630599163 req-dd00fac0-7e73-46db-8628-197bf2b17af7 None None] Starting request: 10.222.0.20 "GET /placement/allocations/0cf09574-896a-4db0-9254-3e2acf88572e" {{(pid=110501) __call__ /opt/stack/placement/placement/requestlog.py:55}}
Nov 27 03:43:22.260593 n-d-819494-3 devstack@placement-api.service[110501]: INFO placement.requestlog [req-5e00308f-9ed6-44a3-831d-d8b630599163 req-dd00fac0-7e73-46db-8628-197bf2b17af7 service placement] 10.222.0.20 "GET /placement/allocations/0cf09574-896a-4db0-9254-3e2acf88572e" status: 200 len: 19 microversion: 1.28
Nov 27 03:43:22.275894 n-d-819494-3 devstack@placement-api.service[110501]: [pid: 110501|app: 0|req: 56/109] 10.222.0.20 () {60 vars in 1380 bytes} [Sat Nov 27 03:43:22 2021] GET /placement/allocations/0cf09574-896a-4db0-9254-3e2acf88572e => generated 19 bytes in 26 msecs (HTTP/1.1 200) 8 headers in 295 bytes (1 switches on core 0)
Nov 27 03:43:22.278281 n-d-819494-3 devstack@placement-api.service[110500]: DEBUG placement.requestlog [req-5e00308f-9ed6-44a3-831d-d8b630599163 req-f950d5a6-b201-4761-99e3-f5eda8d9d7e4 None None] Starting request: 10.222.0.20 "PUT /placement/allocations/0cf09574-896a-4db0-9254-3e2acf88572e" {{(pid=110500) __call__ /opt/stack/placement/placement/requestlog.py:55}}
Nov 27 03:43:22.363636 n-d-819494-3 devstack@placement-api.service[110500]: DEBUG placement.handlers.allocation [req-5e00308f-9ed6-44a3-831d-d8b630599163 req-f950d5a6-b201-4761-99e3-f5eda8d9d7e4 service placement] Successfully wrote allocations [, , ] {{(pid=110500) _update_consumers_and_create_allocations /opt/stack/placement/placement/handlers/allocation.py:462}}
Nov 27 03:43:22.369002 n-d-819494-3 devstack@placement-api.service[110500]: INFO placement.requestlog [req-5e00308f-9ed6-44a3-831d-d8b630599163 req-f950d5a6-b201-4761-99e3-f5eda8d9d7e4 service placement] 10.222.0.20 "PUT /placement/allocations/0cf09574-896a-4db0-9254-3e2acf88572e" status: 204 len: 0 microversion: 1.36
Nov 27 03:43:22.370638 n-d-819494-3 devstack@placement-api.service[110500]: [pid: 110500|app: 0|req: 54/110] 10.222.0.20 () {64 vars in 1433 bytes} [Sat Nov 27 03:43:22 2021] PUT /placement/allocations/0cf09574-896a-4db0-9254-3e2acf88572e => generated 0 bytes in 92 msecs (HTTP/1.1 204) 5 headers in 199 bytes (1 switches on core 0)
Nov 27 03:43:22.796174 n-d-819494-3 devstack@placement-api.service[110501]: DEBUG placement.requestlog [req-5e00308f-9ed6-44a3-831d-d8b630599163 req-6145988f-cbb4-4ba0-859e-e527600e60ce None None] Starting request: 10.222.0.11 "GET /placement/allocations/0cf09574-896a-4db0-9254-3e2acf88572e" {{(pid=110501) __call__ /opt/stack/placement/placement/requestlog.py:55}}
Nov 27 03:43:22.826284 n-d-819494-3 devstack@placement-api.service[110501]: INFO placement.requestlog [req-5e00308f-9ed6-44a3-831d-d8b630599163 req-6145988f-cbb4-4ba0-859e-e527600e60ce service placement] 10.222.0.11 "GET /placement/allocations/0cf09574-896a-4db0-9254-3e2acf88572e" status: 200 len: 259 microversion: 1.28
Nov 27 03:43:22.826818 n-d-819494-3 devstack@placement-api.service[110501]: [pid: 110501|app: 0|req: 57/111] 10.222.0.11 () {60 vars in 1377 bytes} [Sat Nov 27 03:43:22 2021] GET /placement/allocations/0cf09574-896a-4db0-9254-3e2acf88572e => generated 259 bytes in 31 msecs (HTTP/1.1 200) 8 headers in 296 bytes (1 switches on core 0)
Nov 27 03:43:25.395830 n-d-819494-3 devstack@placement-api.service[110500]: DEBUG placement.requestlog [req-400af6c7-a51e-43c0-b90e-5b427d8a95da req-4c5839d8-37f8-4808-8a8f-5fc99cc4a7fe None None] Starting request: 10.222.0.23 "GET /placement/resource_providers/a00b3cfe-c7d0-4d6f-88c3-8ee419ee144b/allocations" {{(pid=110500) __call__ /opt/stack/placement/placement/requestlog.py:55}}
Nov 27 03:43:25.432570 n-d-819494-3 devstack@placement-api.service[110500]: INFO placement.requestlog [req-400af6c7-a51e-43c0-b90e-5b427d8a95da req-4c5839d8-37f8-4808-8a8f-5fc99cc4a7fe service placement] 10.222.0.23 "GET /placement/resource_providers/a00b3cfe-c7d0-4d6f-88c3-8ee419ee144b/allocations" status: 200 len: 254 microversion: 1.0
Nov 27 03:43:25.432805 n-d-819494-3 devstack@placement-api.service[110500]: [pid: 110500|app: 0|req: 55/112] 10.222.0.23 () {58 vars in 1390 bytes} [Sat Nov 27 03:43:25 2021] GET /placement/resource_providers/a00b3cfe-c7d0-4d6f-88c3-8ee419ee144b/allocations => generated 254 bytes in 37 msecs (HTTP/1.1 200) 6 headers in 224 bytes (1 switches on core 0)
Nov 27 03:43:25.905270 n-d-819494-3 devstack@placement-api.service[110501]: DEBUG placement.requestlog [req-400af6c7-a51e-43c0-b90e-5b427d8a95da req-f3dfc1fb-0256-431c-9f7d-4ed5f70f00fb None None] Starting request: 10.222.0.23 "GET /placement/allocations/4fa75cba-b5b7-4f24-aee5-5b5583f07be1" {{(pid=110501) __call__ /opt/stack/placement/placement/requestlog.py:55}}
Nov 27 03:43:25.943816 n-d-819494-3 devstack@placement-api.service[110501]: INFO placement.requestlog [req-400af6c7-a51e-43c0-b90e-5b427d8a95da req-f3dfc1fb-0256-431c-9f7d-4ed5f70f00fb service placement] 10.222.0.23 "GET /placement/allocations/4fa75cba-b5b7-4f24-aee5-5b5583f07be1" status: 200 len: 258 microversion: 1.28
Nov 27 03:43:25.944281 n-d-819494-3 devstack@placement-api.service[110501]: [pid: 110501|app: 0|req: 58/113] 10.222.0.23 () {60 vars in 1377 bytes} [Sat Nov 27 03:43:25 2021] GET /placement/allocations/4fa75cba-b5b7-4f24-aee5-5b5583f07be1 => generated 258 bytes in 41 msecs (HTTP/1.1 200) 8 headers in 296 bytes (1 switches on core 0)
Nov 27 03:43:25.960120 n-d-819494-3 devstack@placement-api.service[110500]: DEBUG placement.requestlog [req-400af6c7-a51e-43c0-b90e-5b427d8a95da req-52bab4cd-5895-4504-b6d2-b7203d93fd3a None None] Starting request: 10.222.0.23 "PUT /placement/allocations/4fa75cba-b5b7-4f24-aee5-5b5583f07be1" {{(pid=110500) __call__ /opt/stack/placement/placement/requestlog.py:55}}
Nov 27 03:43:26.014201 n-d-819494-3 devstack@placement-api.service[110500]: DEBUG placement.handlers.allocation [req-400af6c7-a51e-43c0-b90e-5b427d8a95da req-52bab4cd-5895-4504-b6d2-b7203d93fd3a service placement] Successfully wrote allocations [, , ] {{(pid=110500) _update_consumers_and_create_allocations /opt/stack/placement/placement/handlers/allocation.py:462}}
Nov 27 03:43:26.022100 n-d-819494-3 devstack@placement-api.service[110500]: INFO placement.requestlog [req-400af6c7-a51e-43c0-b90e-5b427d8a95da req-52bab4cd-5895-4504-b6d2-b7203d93fd3a service placement] 10.222.0.23 "PUT /placement/allocations/4fa75cba-b5b7-4f24-aee5-5b5583f07be1" status: 204 len: 0 microversion: 1.28
Nov 27 03:43:26.022900 n-d-819494-3 devstack@placement-api.service[110500]: [pid: 110500|app: 0|req: 56/114] 10.222.0.23 () {64 vars in 1430 bytes} [Sat Nov 27 03:43:25 2021] PUT /placement/allocations/4fa75cba-b5b7-4f24-aee5-5b5583f07be1 => generated 0 bytes in 63 msecs (HTTP/1.1 204) 5 headers in 199 bytes (1 switches on core 0)
Nov 27 03:43:26.613059 n-d-819494-3 devstack@placement-api.service[110501]: DEBUG placement.requestlog [req-cbff3024-4dae-4d5b-ab3f-a3d3167cb5a2 req-5cb96492-2e9f-4895-9851-d109c41f811c None None] Starting request: 10.222.0.20 "GET /placement/allocation_candidates?limit=1000&resources=DISK_GB%3A1%2CMEMORY_MB%3A1024%2CVCPU%3A1&root_required=%21COMPUTE_STATUS_DISABLED" {{(pid=110501) __call__ /opt/stack/placement/placement/requestlog.py:55}}
Nov 27 03:43:26.666765 n-d-819494-3 devstack@placement-api.service[110501]: DEBUG placement.objects.research_context [req-cbff3024-4dae-4d5b-ab3f-a3d3167cb5a2 req-5cb96492-2e9f-4895-9851-d109c41f811c service placement] getting providers with 1 DISK_GB {{(pid=110501) __init__ /opt/stack/placement/placement/objects/research_context.py:126}}
Nov 27 03:43:26.674127 n-d-819494-3 devstack@placement-api.service[110501]: DEBUG placement.objects.research_context [req-cbff3024-4dae-4d5b-ab3f-a3d3167cb5a2 req-5cb96492-2e9f-4895-9851-d109c41f811c service placement] getting providers with 1024 MEMORY_MB {{(pid=110501) __init__ /opt/stack/placement/placement/objects/research_context.py:126}}
Nov 27 03:43:26.680986 n-d-819494-3 devstack@placement-api.service[110501]: DEBUG placement.objects.research_context [req-cbff3024-4dae-4d5b-ab3f-a3d3167cb5a2 req-5cb96492-2e9f-4895-9851-d109c41f811c service placement] getting providers with 1 VCPU {{(pid=110501) __init__ /opt/stack/placement/placement/objects/research_context.py:126}}
Nov 27 03:43:26.703634 n-d-819494-3 devstack@placement-api.service[110501]: DEBUG placement.objects.research_context [req-cbff3024-4dae-4d5b-ab3f-a3d3167cb5a2 req-5cb96492-2e9f-4895-9851-d109c41f811c service placement] found 2 providers with available 1 DISK_GB {{(pid=110501) get_provider_ids_matching /opt/stack/placement/placement/objects/research_context.py:549}}
Nov 27 03:43:26.703920 n-d-819494-3 devstack@placement-api.service[110501]: DEBUG placement.objects.research_context [req-cbff3024-4dae-4d5b-ab3f-a3d3167cb5a2 req-5cb96492-2e9f-4895-9851-d109c41f811c service placement] found 2 providers with available 1024 MEMORY_MB {{(pid=110501) get_provider_ids_matching /opt/stack/placement/placement/objects/research_context.py:549}}
Nov 27 03:43:26.704200 n-d-819494-3 devstack@placement-api.service[110501]: DEBUG placement.objects.research_context [req-cbff3024-4dae-4d5b-ab3f-a3d3167cb5a2 req-5cb96492-2e9f-4895-9851-d109c41f811c service placement] found 2 providers after filtering by previous result {{(pid=110501) get_provider_ids_matching /opt/stack/placement/placement/objects/research_context.py:580}}
Nov 27 03:43:26.704462 n-d-819494-3 devstack@placement-api.service[110501]: DEBUG placement.objects.research_context [req-cbff3024-4dae-4d5b-ab3f-a3d3167cb5a2 req-5cb96492-2e9f-4895-9851-d109c41f811c service placement] found 2 providers with available 1 VCPU {{(pid=110501) get_provider_ids_matching /opt/stack/placement/placement/objects/research_context.py:549}}
Nov 27 03:43:26.704790 n-d-819494-3 devstack@placement-api.service[110501]: DEBUG placement.objects.research_context [req-cbff3024-4dae-4d5b-ab3f-a3d3167cb5a2 req-5cb96492-2e9f-4895-9851-d109c41f811c service placement] found 2 providers after filtering by previous result {{(pid=110501) get_provider_ids_matching /opt/stack/placement/placement/objects/research_context.py:580}}
Nov 27 03:43:26.725268 n-d-819494-3 devstack@placement-api.service[110501]: DEBUG placement.objects.allocation_candidate [req-cbff3024-4dae-4d5b-ab3f-a3d3167cb5a2 req-5cb96492-2e9f-4895-9851-d109c41f811c service placement] RequestGroup(use_same_provider=False, resources={DISK_GB:1, MEMORY_MB:1024, VCPU:1}, traits=[], aggregates=[]) (suffix '') returned 2 matches {{(pid=110501) _get_by_requests /opt/stack/placement/placement/objects/allocation_candidate.py:145}}
Nov 27 03:43:26.726945 n-d-819494-3 devstack@placement-api.service[110501]: DEBUG placement.objects.allocation_candidate [req-cbff3024-4dae-4d5b-ab3f-a3d3167cb5a2 req-5cb96492-2e9f-4895-9851-d109c41f811c service placement] Merging candidates yields 2 allocation requests and 2 provider summaries {{(pid=110501) _merge_candidates /opt/stack/placement/placement/objects/allocation_candidate.py:783}}
Nov 27 03:43:26.733609 n-d-819494-3 devstack@placement-api.service[110501]: INFO placement.requestlog [req-cbff3024-4dae-4d5b-ab3f-a3d3167cb5a2 req-5cb96492-2e9f-4895-9851-d109c41f811c service placement] 10.222.0.20 "GET /placement/allocation_candidates?limit=1000&resources=DISK_GB%3A1%2CMEMORY_MB%3A1024%2CVCPU%3A1&root_required=%21COMPUTE_STATUS_DISABLED" status: 200 len: 1309 microversion: 1.36
Nov 27 03:43:26.734242 n-d-819494-3 devstack@placement-api.service[110501]: [pid: 110501|app: 0|req: 59/115] 10.222.0.20 () {60 vars in 1506 bytes} [Sat Nov 27 03:43:26 2021] GET /placement/allocation_candidates?limit=1000&resources=DISK_GB%3A1%2CMEMORY_MB%3A1024%2CVCPU%3A1&root_required=%21COMPUTE_STATUS_DISABLED => generated 1309 bytes in 121 msecs (HTTP/1.1 200) 8 headers in 297 bytes (1 switches on core 0)
Nov 27 03:43:26.859035 n-d-819494-3 devstack@placement-api.service[110500]: DEBUG placement.requestlog [req-cbff3024-4dae-4d5b-ab3f-a3d3167cb5a2 req-ffd2c91b-0ec3-4041-a59d-79ff82a137db None None] Starting request: 10.222.0.20 "GET /placement/allocations/3b0c6bfe-89fd-403a-941a-55854b03c5c5" {{(pid=110500) __call__ /opt/stack/placement/placement/requestlog.py:55}}
Nov 27 03:43:26.872274 n-d-819494-3 devstack@placement-api.service[110500]: INFO placement.requestlog [req-cbff3024-4dae-4d5b-ab3f-a3d3167cb5a2 req-ffd2c91b-0ec3-4041-a59d-79ff82a137db service placement] 10.222.0.20 "GET /placement/allocations/3b0c6bfe-89fd-403a-941a-55854b03c5c5" status: 200 len: 19 microversion: 1.28
Nov 27 03:43:26.872756 n-d-819494-3 devstack@placement-api.service[110500]: [pid: 110500|app: 0|req: 57/116] 10.222.0.20 () {60 vars in 1380 bytes} [Sat Nov 27 03:43:26 2021] GET /placement/allocations/3b0c6bfe-89fd-403a-941a-55854b03c5c5 => generated 19 bytes in 14 msecs (HTTP/1.1 200) 8 headers in 295 bytes (1 switches on core 0)
Nov 27 03:43:26.880742 n-d-819494-3 devstack@placement-api.service[110501]: DEBUG placement.requestlog [req-cbff3024-4dae-4d5b-ab3f-a3d3167cb5a2 req-4fbcd2e6-b743-47c0-a2ed-4efcf8e70919 None None] Starting request: 10.222.0.20 "PUT /placement/allocations/3b0c6bfe-89fd-403a-941a-55854b03c5c5" {{(pid=110501) __call__ /opt/stack/placement/placement/requestlog.py:55}}
Nov 27 03:43:26.980652 n-d-819494-3 devstack@placement-api.service[110501]: DEBUG placement.handlers.allocation [req-cbff3024-4dae-4d5b-ab3f-a3d3167cb5a2 req-4fbcd2e6-b743-47c0-a2ed-4efcf8e70919 service placement] Successfully wrote allocations [, , ] {{(pid=110501) _update_consumers_and_create_allocations /opt/stack/placement/placement/handlers/allocation.py:462}}
Nov 27 03:43:26.986459 n-d-819494-3 devstack@placement-api.service[110501]: INFO placement.requestlog [req-cbff3024-4dae-4d5b-ab3f-a3d3167cb5a2 req-4fbcd2e6-b743-47c0-a2ed-4efcf8e70919 service placement] 10.222.0.20 "PUT /placement/allocations/3b0c6bfe-89fd-403a-941a-55854b03c5c5" status: 204 len: 0 microversion: 1.36
Nov 27 03:43:26.987346 n-d-819494-3 devstack@placement-api.service[110501]: [pid: 110501|app: 0|req: 60/117] 10.222.0.20 () {64 vars in 1433 bytes} [Sat Nov 27 03:43:26 2021] PUT /placement/allocations/3b0c6bfe-89fd-403a-941a-55854b03c5c5 => generated 0 bytes in 107 msecs (HTTP/1.1 204) 5 headers in 199 bytes (2 switches on core 0)
Nov 27 03:43:27.435608 n-d-819494-3 devstack@placement-api.service[110500]: DEBUG placement.requestlog [req-cbff3024-4dae-4d5b-ab3f-a3d3167cb5a2 req-29a61967-876e-4ec0-8d06-e56a23aaf775 None None] Starting request: 10.222.0.23 "GET /placement/allocations/3b0c6bfe-89fd-403a-941a-55854b03c5c5" {{(pid=110500) __call__ /opt/stack/placement/placement/requestlog.py:55}}
Nov 27 03:43:27.465503 n-d-819494-3 devstack@placement-api.service[110500]: INFO placement.requestlog [req-cbff3024-4dae-4d5b-ab3f-a3d3167cb5a2 req-29a61967-876e-4ec0-8d06-e56a23aaf775 service placement] 10.222.0.23 "GET /placement/allocations/3b0c6bfe-89fd-403a-941a-55854b03c5c5" status: 200 len: 258 microversion: 1.28
Nov 27 03:43:27.465751 n-d-819494-3 devstack@placement-api.service[110500]: [pid: 110500|app: 0|req: 58/118] 10.222.0.23 () {60 vars in 1377 bytes} [Sat Nov 27 03:43:27 2021] GET /placement/allocations/3b0c6bfe-89fd-403a-941a-55854b03c5c5 => generated 258 bytes in 30 msecs (HTTP/1.1 200) 8 headers in 296 bytes (1 switches on core 0)
Nov 27 03:43:29.944193 n-d-819494-3 devstack@placement-api.service[110501]: DEBUG placement.requestlog [req-9fe87e82-6cd8-4cc1-84a7-00f72c726bba req-4dd6db40-4d82-4ca4-8ef3-feb07860b19c None None] Starting request: 10.222.0.20 "GET /placement/allocation_candidates?limit=1000&resources=DISK_GB%3A1%2CMEMORY_MB%3A1024%2CVCPU%3A1&root_required=%21COMPUTE_STATUS_DISABLED" {{(pid=110501) __call__ /opt/stack/placement/placement/requestlog.py:55}}
Nov 27 03:43:30.030336 n-d-819494-3 devstack@placement-api.service[110501]: DEBUG placement.objects.research_context [req-9fe87e82-6cd8-4cc1-84a7-00f72c726bba req-4dd6db40-4d82-4ca4-8ef3-feb07860b19c service placement] getting providers with 1 DISK_GB {{(pid=110501) __init__ /opt/stack/placement/placement/objects/research_context.py:126}}
Nov 27 03:43:30.046848 n-d-819494-3 devstack@placement-api.service[110501]: DEBUG placement.objects.research_context [req-9fe87e82-6cd8-4cc1-84a7-00f72c726bba req-4dd6db40-4d82-4ca4-8ef3-feb07860b19c service placement] getting providers with 1024 MEMORY_MB {{(pid=110501) __init__ /opt/stack/placement/placement/objects/research_context.py:126}}
Nov 27 03:43:30.059621 n-d-819494-3 devstack@placement-api.service[110501]: DEBUG placement.objects.research_context [req-9fe87e82-6cd8-4cc1-84a7-00f72c726bba req-4dd6db40-4d82-4ca4-8ef3-feb07860b19c service placement] getting providers with 1 VCPU {{(pid=110501) __init__ /opt/stack/placement/placement/objects/research_context.py:126}}
Nov 27 03:43:30.071905 n-d-819494-3 devstack@placement-api.service[110501]: DEBUG placement.objects.research_context [req-9fe87e82-6cd8-4cc1-84a7-00f72c726bba req-4dd6db40-4d82-4ca4-8ef3-feb07860b19c service placement] found 2 providers with available 1 DISK_GB {{(pid=110501) get_provider_ids_matching /opt/stack/placement/placement/objects/research_context.py:549}}
Nov 27 03:43:30.072407 n-d-819494-3 devstack@placement-api.service[110501]: DEBUG placement.objects.research_context [req-9fe87e82-6cd8-4cc1-84a7-00f72c726bba req-4dd6db40-4d82-4ca4-8ef3-feb07860b19c service placement] found 2 providers with available 1024 MEMORY_MB {{(pid=110501) get_provider_ids_matching /opt/stack/placement/placement/objects/research_context.py:549}}
Nov 27 03:43:30.072902 n-d-819494-3 devstack@placement-api.service[110501]: DEBUG placement.objects.research_context [req-9fe87e82-6cd8-4cc1-84a7-00f72c726bba req-4dd6db40-4d82-4ca4-8ef3-feb07860b19c service placement] found 2 providers after filtering by previous result {{(pid=110501) get_provider_ids_matching /opt/stack/placement/placement/objects/research_context.py:580}}
Nov 27 03:43:30.073364 n-d-819494-3 devstack@placement-api.service[110501]: DEBUG placement.objects.research_context [req-9fe87e82-6cd8-4cc1-84a7-00f72c726bba req-4dd6db40-4d82-4ca4-8ef3-feb07860b19c service placement] found 2 providers with available 1 VCPU {{(pid=110501) get_provider_ids_matching /opt/stack/placement/placement/objects/research_context.py:549}}
Nov 27 03:43:30.073777 n-d-819494-3 devstack@placement-api.service[110501]: DEBUG placement.objects.research_context [req-9fe87e82-6cd8-4cc1-84a7-00f72c726bba req-4dd6db40-4d82-4ca4-8ef3-feb07860b19c service placement] found 2 providers after filtering by previous result {{(pid=110501) get_provider_ids_matching /opt/stack/placement/placement/objects/research_context.py:580}}
Nov 27 03:43:30.097460 n-d-819494-3 devstack@placement-api.service[110501]: DEBUG placement.objects.allocation_candidate [req-9fe87e82-6cd8-4cc1-84a7-00f72c726bba req-4dd6db40-4d82-4ca4-8ef3-feb07860b19c service placement] RequestGroup(use_same_provider=False, resources={DISK_GB:1, MEMORY_MB:1024, VCPU:1}, traits=[], aggregates=[]) (suffix '') returned 2 matches {{(pid=110501) _get_by_requests /opt/stack/placement/placement/objects/allocation_candidate.py:145}}
Nov 27 03:43:30.097845 n-d-819494-3 devstack@placement-api.service[110501]: DEBUG placement.objects.allocation_candidate [req-9fe87e82-6cd8-4cc1-84a7-00f72c726bba req-4dd6db40-4d82-4ca4-8ef3-feb07860b19c service placement] Merging candidates yields 2 allocation requests and 2 provider summaries {{(pid=110501) _merge_candidates /opt/stack/placement/placement/objects/allocation_candidate.py:783}}
Nov 27 03:43:30.104223 n-d-819494-3 devstack@placement-api.service[110501]: INFO placement.requestlog [req-9fe87e82-6cd8-4cc1-84a7-00f72c726bba req-4dd6db40-4d82-4ca4-8ef3-feb07860b19c service placement] 10.222.0.20 "GET /placement/allocation_candidates?limit=1000&resources=DISK_GB%3A1%2CMEMORY_MB%3A1024%2CVCPU%3A1&root_required=%21COMPUTE_STATUS_DISABLED" status: 200 len: 1309 microversion: 1.36
Nov 27 03:43:30.117487 n-d-819494-3 devstack@placement-api.service[110501]: [pid: 110501|app: 0|req: 61/119] 10.222.0.20 () {60 vars in 1506 bytes} [Sat Nov 27 03:43:29 2021] GET /placement/allocation_candidates?limit=1000&resources=DISK_GB%3A1%2CMEMORY_MB%3A1024%2CVCPU%3A1&root_required=%21COMPUTE_STATUS_DISABLED => generated 1309 bytes in 172 msecs (HTTP/1.1 200) 8 headers in 297 bytes (1 switches on core 0)
Nov 27 03:43:30.201380 n-d-819494-3 devstack@placement-api.service[110500]: DEBUG placement.requestlog [req-9fe87e82-6cd8-4cc1-84a7-00f72c726bba req-f709c929-8748-474c-8155-1351eda20712 None None] Starting request: 10.222.0.20 "GET /placement/allocations/be6d323d-f6d7-4cdd-9567-f2c1727d8cee" {{(pid=110500) __call__ /opt/stack/placement/placement/requestlog.py:55}}
Nov 27 03:43:30.215894 n-d-819494-3 devstack@placement-api.service[110500]: INFO placement.requestlog [req-9fe87e82-6cd8-4cc1-84a7-00f72c726bba req-f709c929-8748-474c-8155-1351eda20712 service placement] 10.222.0.20 "GET /placement/allocations/be6d323d-f6d7-4cdd-9567-f2c1727d8cee" status: 200 len: 19 microversion: 1.28
Nov 27 03:43:30.219369 n-d-819494-3 devstack@placement-api.service[110500]: [pid: 110500|app: 0|req: 59/120] 10.222.0.20 () {60 vars in 1380 bytes} [Sat Nov 27 03:43:30 2021] GET /placement/allocations/be6d323d-f6d7-4cdd-9567-f2c1727d8cee => generated 19 bytes in 18 msecs (HTTP/1.1 200) 8 headers in 295 bytes (1 switches on core 0)
Nov 27 03:43:30.224147 n-d-819494-3 devstack@placement-api.service[110501]: DEBUG placement.requestlog [req-9fe87e82-6cd8-4cc1-84a7-00f72c726bba req-f99c014f-dc87-4e65-bcc3-b630478d6eba None None] Starting request: 10.222.0.20 "PUT /placement/allocations/be6d323d-f6d7-4cdd-9567-f2c1727d8cee" {{(pid=110501) __call__ /opt/stack/placement/placement/requestlog.py:55}}
Nov 27 03:43:30.329384 n-d-819494-3 devstack@placement-api.service[110501]: DEBUG placement.handlers.allocation [req-9fe87e82-6cd8-4cc1-84a7-00f72c726bba req-f99c014f-dc87-4e65-bcc3-b630478d6eba service placement] Successfully wrote allocations [, , ] {{(pid=110501) _update_consumers_and_create_allocations /opt/stack/placement/placement/handlers/allocation.py:462}}
Nov 27 03:43:30.338896 n-d-819494-3 devstack@placement-api.service[110501]: INFO placement.requestlog [req-9fe87e82-6cd8-4cc1-84a7-00f72c726bba req-f99c014f-dc87-4e65-bcc3-b630478d6eba service placement] 10.222.0.20 "PUT /placement/allocations/be6d323d-f6d7-4cdd-9567-f2c1727d8cee" status: 204 len: 0 microversion: 1.36
Nov 27 03:43:30.339861 n-d-819494-3 devstack@placement-api.service[110501]: [pid: 110501|app: 0|req: 62/121] 10.222.0.20 () {64 vars in 1433 bytes} [Sat Nov 27 03:43:30 2021] PUT /placement/allocations/be6d323d-f6d7-4cdd-9567-f2c1727d8cee => generated 0 bytes in 116 msecs (HTTP/1.1 204) 5 headers in 199 bytes (1 switches on core 0)
Nov 27 03:43:30.954350 n-d-819494-3 devstack@placement-api.service[110500]: DEBUG placement.requestlog [req-9fe87e82-6cd8-4cc1-84a7-00f72c726bba req-51c94c3e-89c5-4c54-a504-7d4f8d602467 None None] Starting request: 10.222.0.23 "GET /placement/allocations/be6d323d-f6d7-4cdd-9567-f2c1727d8cee" {{(pid=110500) __call__ /opt/stack/placement/placement/requestlog.py:55}}
Nov 27 03:43:30.979981 n-d-819494-3 devstack@placement-api.service[110500]: INFO placement.requestlog [req-9fe87e82-6cd8-4cc1-84a7-00f72c726bba req-51c94c3e-89c5-4c54-a504-7d4f8d602467 service placement] 10.222.0.23 "GET /placement/allocations/be6d323d-f6d7-4cdd-9567-f2c1727d8cee" status: 200 len: 258 microversion: 1.28
Nov 27 03:43:30.980664 n-d-819494-3 devstack@placement-api.service[110500]: [pid: 110500|app: 0|req: 60/122] 10.222.0.23 () {60 vars in 1377 bytes} [Sat Nov 27 03:43:30 2021] GET /placement/allocations/be6d323d-f6d7-4cdd-9567-f2c1727d8cee => generated 258 bytes in 26 msecs (HTTP/1.1 200) 8 headers in 296 bytes (1 switches on core 0)
Nov 27 03:43:39.915519 n-d-819494-3 devstack@placement-api.service[110501]: DEBUG placement.requestlog [req-9387d93f-a3ff-4f16-b95d-4ea33d62cd0b req-de5f3b18-c826-4170-8075-53231cdccc91 None None] Starting request: 10.222.0.20 "GET /placement/allocation_candidates?limit=1000&resources=DISK_GB%3A1%2CMEMORY_MB%3A1024%2CVCPU%3A1&root_required=%21COMPUTE_STATUS_DISABLED" {{(pid=110501) __call__ /opt/stack/placement/placement/requestlog.py:55}}
Nov 27 03:43:39.976147 n-d-819494-3 devstack@placement-api.service[110501]: DEBUG placement.objects.research_context [req-9387d93f-a3ff-4f16-b95d-4ea33d62cd0b req-de5f3b18-c826-4170-8075-53231cdccc91 service placement] getting providers with 1 DISK_GB {{(pid=110501) __init__ /opt/stack/placement/placement/objects/research_context.py:126}}
Nov 27 03:43:39.983504 n-d-819494-3 devstack@placement-api.service[110501]: DEBUG placement.objects.research_context [req-9387d93f-a3ff-4f16-b95d-4ea33d62cd0b req-de5f3b18-c826-4170-8075-53231cdccc91 service placement] getting providers with 1024 MEMORY_MB {{(pid=110501) __init__ /opt/stack/placement/placement/objects/research_context.py:126}}
Nov 27 03:43:39.999640 n-d-819494-3 devstack@placement-api.service[110501]: DEBUG placement.objects.research_context [req-9387d93f-a3ff-4f16-b95d-4ea33d62cd0b req-de5f3b18-c826-4170-8075-53231cdccc91 service placement] getting providers with 1 VCPU {{(pid=110501) __init__ /opt/stack/placement/placement/objects/research_context.py:126}}
Nov 27 03:43:40.029342 n-d-819494-3 devstack@placement-api.service[110501]: DEBUG placement.objects.research_context [req-9387d93f-a3ff-4f16-b95d-4ea33d62cd0b req-de5f3b18-c826-4170-8075-53231cdccc91 service placement] found 2 providers with available 1 DISK_GB {{(pid=110501) get_provider_ids_matching /opt/stack/placement/placement/objects/research_context.py:549}}
Nov 27 03:43:40.029616 n-d-819494-3 devstack@placement-api.service[110501]: DEBUG placement.objects.research_context [req-9387d93f-a3ff-4f16-b95d-4ea33d62cd0b req-de5f3b18-c826-4170-8075-53231cdccc91 service placement] found 2 providers with available 1024 MEMORY_MB {{(pid=110501) get_provider_ids_matching /opt/stack/placement/placement/objects/research_context.py:549}}
Nov 27 03:43:40.029891 n-d-819494-3 devstack@placement-api.service[110501]: DEBUG placement.objects.research_context [req-9387d93f-a3ff-4f16-b95d-4ea33d62cd0b req-de5f3b18-c826-4170-8075-53231cdccc91 service placement] found 2 providers after filtering by previous result {{(pid=110501) get_provider_ids_matching /opt/stack/placement/placement/objects/research_context.py:580}}
Nov 27 03:43:40.031896 n-d-819494-3 devstack@placement-api.service[110501]: DEBUG placement.objects.research_context [req-9387d93f-a3ff-4f16-b95d-4ea33d62cd0b req-de5f3b18-c826-4170-8075-53231cdccc91 service placement] found 2 providers with available 1 VCPU {{(pid=110501) get_provider_ids_matching /opt/stack/placement/placement/objects/research_context.py:549}}
Nov 27 03:43:40.032174 n-d-819494-3 devstack@placement-api.service[110501]: DEBUG placement.objects.research_context [req-9387d93f-a3ff-4f16-b95d-4ea33d62cd0b req-de5f3b18-c826-4170-8075-53231cdccc91 service placement] found 2 providers after filtering by previous result {{(pid=110501) get_provider_ids_matching /opt/stack/placement/placement/objects/research_context.py:580}}
Nov 27 03:43:40.054292 n-d-819494-3 devstack@placement-api.service[110501]: DEBUG placement.objects.allocation_candidate [req-9387d93f-a3ff-4f16-b95d-4ea33d62cd0b req-de5f3b18-c826-4170-8075-53231cdccc91 service placement] RequestGroup(use_same_provider=False, resources={DISK_GB:1, MEMORY_MB:1024, VCPU:1}, traits=[], aggregates=[]) (suffix '') returned 2 matches {{(pid=110501) _get_by_requests /opt/stack/placement/placement/objects/allocation_candidate.py:145}}
Nov 27 03:43:40.054895 n-d-819494-3 devstack@placement-api.service[110501]: DEBUG placement.objects.allocation_candidate [req-9387d93f-a3ff-4f16-b95d-4ea33d62cd0b req-de5f3b18-c826-4170-8075-53231cdccc91 service placement] Merging candidates yields 2 allocation requests and 2 provider summaries {{(pid=110501) _merge_candidates /opt/stack/placement/placement/objects/allocation_candidate.py:783}}
Nov 27 03:43:40.061804 n-d-819494-3 devstack@placement-api.service[110501]: INFO placement.requestlog [req-9387d93f-a3ff-4f16-b95d-4ea33d62cd0b req-de5f3b18-c826-4170-8075-53231cdccc91 service placement] 10.222.0.20 "GET /placement/allocation_candidates?limit=1000&resources=DISK_GB%3A1%2CMEMORY_MB%3A1024%2CVCPU%3A1&root_required=%21COMPUTE_STATUS_DISABLED" status: 200 len: 1309 microversion: 1.36
Nov 27 03:43:40.062302 n-d-819494-3 devstack@placement-api.service[110501]: [pid: 110501|app: 0|req: 63/123] 10.222.0.20 () {60 vars in 1506 bytes} [Sat Nov 27 03:43:39 2021] GET /placement/allocation_candidates?limit=1000&resources=DISK_GB%3A1%2CMEMORY_MB%3A1024%2CVCPU%3A1&root_required=%21COMPUTE_STATUS_DISABLED => generated 1309 bytes in 147 msecs (HTTP/1.1 200) 8 headers in 297 bytes (1 switches on core 0)
Nov 27 03:43:40.191783 n-d-819494-3 devstack@placement-api.service[110500]: DEBUG placement.requestlog [req-9387d93f-a3ff-4f16-b95d-4ea33d62cd0b req-ba3aa5aa-6480-4566-ba99-e8a1e5c03c5b None None] Starting request: 10.222.0.20 "GET /placement/allocations/67b456e1-0bb6-4439-951c-e6f6b76905a8" {{(pid=110500) __call__ /opt/stack/placement/placement/requestlog.py:55}}
Nov 27 03:43:40.207345 n-d-819494-3 devstack@placement-api.service[110500]: INFO placement.requestlog [req-9387d93f-a3ff-4f16-b95d-4ea33d62cd0b req-ba3aa5aa-6480-4566-ba99-e8a1e5c03c5b service placement] 10.222.0.20 "GET /placement/allocations/67b456e1-0bb6-4439-951c-e6f6b76905a8" status: 200 len: 19 microversion: 1.28
Nov 27 03:43:40.207593 n-d-819494-3 devstack@placement-api.service[110500]: [pid: 110500|app: 0|req: 61/124] 10.222.0.20 () {60 vars in 1380 bytes} [Sat Nov 27 03:43:40 2021] GET /placement/allocations/67b456e1-0bb6-4439-951c-e6f6b76905a8 => generated 19 bytes in 16 msecs (HTTP/1.1 200) 8 headers in 295 bytes (1 switches on core 0)
Nov 27 03:43:40.217606 n-d-819494-3 devstack@placement-api.service[110501]: DEBUG placement.requestlog [req-9387d93f-a3ff-4f16-b95d-4ea33d62cd0b req-634f0edb-36d7-4c0c-9d7e-8ccb23a6f268 None None] Starting request: 10.222.0.20 "PUT /placement/allocations/67b456e1-0bb6-4439-951c-e6f6b76905a8" {{(pid=110501) __call__ /opt/stack/placement/placement/requestlog.py:55}}
Nov 27 03:43:40.342778 n-d-819494-3 devstack@placement-api.service[110501]: DEBUG placement.handlers.allocation [req-9387d93f-a3ff-4f16-b95d-4ea33d62cd0b req-634f0edb-36d7-4c0c-9d7e-8ccb23a6f268 service placement] Successfully wrote allocations [, , ] {{(pid=110501) _update_consumers_and_create_allocations /opt/stack/placement/placement/handlers/allocation.py:462}}
Nov 27 03:43:40.356200 n-d-819494-3 devstack@placement-api.service[110501]: INFO placement.requestlog [req-9387d93f-a3ff-4f16-b95d-4ea33d62cd0b req-634f0edb-36d7-4c0c-9d7e-8ccb23a6f268 service placement] 10.222.0.20 "PUT /placement/allocations/67b456e1-0bb6-4439-951c-e6f6b76905a8" status: 204 len: 0 microversion: 1.36
Nov 27 03:43:40.364051 n-d-819494-3 devstack@placement-api.service[110501]: [pid: 110501|app: 0|req: 64/125] 10.222.0.20 () {64 vars in 1433 bytes} [Sat Nov 27 03:43:40 2021] PUT /placement/allocations/67b456e1-0bb6-4439-951c-e6f6b76905a8 => generated 0 bytes in 139 msecs (HTTP/1.1 204) 5 headers in 199 bytes (2 switches on core 0)
Nov 27 03:43:40.788263 n-d-819494-3 devstack@placement-api.service[110500]: DEBUG placement.requestlog [req-9387d93f-a3ff-4f16-b95d-4ea33d62cd0b req-2545056b-31be-459b-b12e-e699e561cf64 None None] Starting request: 10.222.0.11 "GET /placement/allocations/67b456e1-0bb6-4439-951c-e6f6b76905a8" {{(pid=110500) __call__ /opt/stack/placement/placement/requestlog.py:55}}
Nov 27 03:43:40.826194 n-d-819494-3 devstack@placement-api.service[110500]: INFO placement.requestlog [req-9387d93f-a3ff-4f16-b95d-4ea33d62cd0b req-2545056b-31be-459b-b12e-e699e561cf64 service placement] 10.222.0.11 "GET /placement/allocations/67b456e1-0bb6-4439-951c-e6f6b76905a8" status: 200 len: 259 microversion: 1.28
