Nov 26 22:01:53.398523 n-d-819494-1 devstack@placement-api.service[110482]: INFO placement.requestlog [req-9f4ac36c-879f-41e2-ad40-b2fe05cbcd68 req-c338f8d2-1c61-4391-81f6-0de94db441de service placement] 10.222.0.21 "GET /placement/allocation_candidates?limit=1000&resources=DISK_GB%3A1%2CMEMORY_MB%3A1024%2CVCPU%3A1&root_required=%21COMPUTE_STATUS_DISABLED" status: 200 len: 1309 microversion: 1.36
Nov 26 22:01:53.399416 n-d-819494-1 devstack@placement-api.service[110482]: [pid: 110482|app: 0|req: 416/835] 10.222.0.21 () {60 vars in 1506 bytes} [Fri Nov 26 22:01:53 2021] GET /placement/allocation_candidates?limit=1000&resources=DISK_GB%3A1%2CMEMORY_MB%3A1024%2CVCPU%3A1&root_required=%21COMPUTE_STATUS_DISABLED => generated 1309 bytes in 138 msecs (HTTP/1.1 200) 8 headers in 297 bytes (1 switches on core 0)
Nov 26 22:01:53.495568 n-d-819494-1 devstack@placement-api.service[110481]: DEBUG placement.requestlog [req-9f4ac36c-879f-41e2-ad40-b2fe05cbcd68 req-f19a58e2-c3e4-4931-8d7a-649c5adc0f06 None None] Starting request: 10.222.0.21 "GET /placement/allocations/f3372abc-b0ef-4a34-bee2-fe8b2f53d3c2" {{(pid=110481) __call__ /opt/stack/placement/placement/requestlog.py:55}}
Nov 26 22:01:53.509746 n-d-819494-1 devstack@placement-api.service[110481]: INFO placement.requestlog [req-9f4ac36c-879f-41e2-ad40-b2fe05cbcd68 req-f19a58e2-c3e4-4931-8d7a-649c5adc0f06 service placement] 10.222.0.21 "GET /placement/allocations/f3372abc-b0ef-4a34-bee2-fe8b2f53d3c2" status: 200 len: 19 microversion: 1.28
Nov 26 22:01:53.517992 n-d-819494-1 devstack@placement-api.service[110481]: [pid: 110481|app: 0|req: 420/836] 10.222.0.21 () {60 vars in 1380 bytes} [Fri Nov 26 22:01:53 2021] GET /placement/allocations/f3372abc-b0ef-4a34-bee2-fe8b2f53d3c2 => generated 19 bytes in 22 msecs (HTTP/1.1 200) 8 headers in 295 bytes (1 switches on core 0)
Nov 26 22:01:53.521930 n-d-819494-1 devstack@placement-api.service[110482]: DEBUG placement.requestlog [req-9f4ac36c-879f-41e2-ad40-b2fe05cbcd68 req-c7179637-2a1a-4c44-a073-5442a5125a91 None None] Starting request: 10.222.0.21 "PUT /placement/allocations/f3372abc-b0ef-4a34-bee2-fe8b2f53d3c2" {{(pid=110482) __call__ /opt/stack/placement/placement/requestlog.py:55}}
Nov 26 22:01:53.603527 n-d-819494-1 devstack@placement-api.service[110482]: DEBUG placement.handlers.allocation [req-9f4ac36c-879f-41e2-ad40-b2fe05cbcd68 req-c7179637-2a1a-4c44-a073-5442a5125a91 service placement] Successfully wrote allocations [, , ] {{(pid=110482) _update_consumers_and_create_allocations /opt/stack/placement/placement/handlers/allocation.py:462}}
Nov 26 22:01:53.614527 n-d-819494-1 devstack@placement-api.service[110482]: INFO placement.requestlog [req-9f4ac36c-879f-41e2-ad40-b2fe05cbcd68 req-c7179637-2a1a-4c44-a073-5442a5125a91 service placement] 10.222.0.21 "PUT /placement/allocations/f3372abc-b0ef-4a34-bee2-fe8b2f53d3c2" status: 204 len: 0 microversion: 1.36
Nov 26 22:01:53.615597 n-d-819494-1 devstack@placement-api.service[110482]: [pid: 110482|app: 0|req: 417/837] 10.222.0.21 () {64 vars in 1433 bytes} [Fri Nov 26 22:01:53 2021] PUT /placement/allocations/f3372abc-b0ef-4a34-bee2-fe8b2f53d3c2 => generated 0 bytes in 94 msecs (HTTP/1.1 204) 5 headers in 199 bytes (2 switches on core 0)
Nov 26 22:01:53.884698 n-d-819494-1 devstack@placement-api.service[110481]: DEBUG placement.requestlog [req-9f4ac36c-879f-41e2-ad40-b2fe05cbcd68 req-c6b6b959-8163-4eb0-af37-9bd90fd38b9c None None] Starting request: 10.222.0.13 "GET /placement/allocations/f3372abc-b0ef-4a34-bee2-fe8b2f53d3c2" {{(pid=110481) __call__ /opt/stack/placement/placement/requestlog.py:55}}
Nov 26 22:01:53.911390 n-d-819494-1 devstack@placement-api.service[110481]: INFO placement.requestlog [req-9f4ac36c-879f-41e2-ad40-b2fe05cbcd68 req-c6b6b959-8163-4eb0-af37-9bd90fd38b9c service placement] 10.222.0.13 "GET /placement/allocations/f3372abc-b0ef-4a34-bee2-fe8b2f53d3c2" status: 200 len: 259 microversion: 1.28
Nov 26 22:01:53.911779 n-d-819494-1 devstack@placement-api.service[110481]: [pid: 110481|app: 0|req: 421/838] 10.222.0.13 () {60 vars in 1377 bytes} [Fri Nov 26 22:01:53 2021] GET /placement/allocations/f3372abc-b0ef-4a34-bee2-fe8b2f53d3c2 => generated 259 bytes in 27 msecs (HTTP/1.1 200) 8 headers in 296 bytes (1 switches on core 0)
Nov 26 22:01:54.431339 n-d-819494-1 devstack@placement-api.service[110482]: DEBUG placement.requestlog [req-b35c8b81-aa34-4f96-b7ea-b010c4f708d3 req-7671b25e-c85f-4bef-a6c0-588a84e6789c None None] Starting request: 10.222.0.21 "GET /placement/allocation_candidates?limit=1000&resources=DISK_GB%3A1%2CMEMORY_MB%3A1024%2CVCPU%3A1&root_required=%21COMPUTE_STATUS_DISABLED" {{(pid=110482) __call__ /opt/stack/placement/placement/requestlog.py:55}}
Nov 26 22:01:54.485881 n-d-819494-1 devstack@placement-api.service[110482]: DEBUG placement.objects.research_context [req-b35c8b81-aa34-4f96-b7ea-b010c4f708d3 req-7671b25e-c85f-4bef-a6c0-588a84e6789c service placement] getting providers with 1 DISK_GB {{(pid=110482) __init__ /opt/stack/placement/placement/objects/research_context.py:126}}
Nov 26 22:01:54.491958 n-d-819494-1 devstack@placement-api.service[110482]: DEBUG placement.objects.research_context [req-b35c8b81-aa34-4f96-b7ea-b010c4f708d3 req-7671b25e-c85f-4bef-a6c0-588a84e6789c service placement] getting providers with 1024 MEMORY_MB {{(pid=110482) __init__ /opt/stack/placement/placement/objects/research_context.py:126}}
Nov 26 22:01:54.521893 n-d-819494-1 devstack@placement-api.service[110482]: DEBUG placement.objects.research_context [req-b35c8b81-aa34-4f96-b7ea-b010c4f708d3 req-7671b25e-c85f-4bef-a6c0-588a84e6789c service placement] getting providers with 1 VCPU {{(pid=110482) __init__ /opt/stack/placement/placement/objects/research_context.py:126}}
Nov 26 22:01:54.539113 n-d-819494-1 devstack@placement-api.service[110482]: DEBUG placement.objects.research_context [req-b35c8b81-aa34-4f96-b7ea-b010c4f708d3 req-7671b25e-c85f-4bef-a6c0-588a84e6789c service placement] found 2 providers with available 1 DISK_GB {{(pid=110482) get_provider_ids_matching /opt/stack/placement/placement/objects/research_context.py:549}}
Nov 26 22:01:54.539756 n-d-819494-1 devstack@placement-api.service[110482]: DEBUG placement.objects.research_context [req-b35c8b81-aa34-4f96-b7ea-b010c4f708d3 req-7671b25e-c85f-4bef-a6c0-588a84e6789c service placement] found 2 providers with available 1024 MEMORY_MB {{(pid=110482) get_provider_ids_matching /opt/stack/placement/placement/objects/research_context.py:549}}
Nov 26 22:01:54.540497 n-d-819494-1 devstack@placement-api.service[110482]: DEBUG placement.objects.research_context [req-b35c8b81-aa34-4f96-b7ea-b010c4f708d3 req-7671b25e-c85f-4bef-a6c0-588a84e6789c service placement] found 2 providers after filtering by previous result {{(pid=110482) get_provider_ids_matching /opt/stack/placement/placement/objects/research_context.py:580}}
Nov 26 22:01:54.547160 n-d-819494-1 devstack@placement-api.service[110482]: DEBUG placement.objects.research_context [req-b35c8b81-aa34-4f96-b7ea-b010c4f708d3 req-7671b25e-c85f-4bef-a6c0-588a84e6789c service placement] found 2 providers with available 1 VCPU {{(pid=110482) get_provider_ids_matching /opt/stack/placement/placement/objects/research_context.py:549}}
Nov 26 22:01:54.551312 n-d-819494-1 devstack@placement-api.service[110482]: DEBUG placement.objects.research_context [req-b35c8b81-aa34-4f96-b7ea-b010c4f708d3 req-7671b25e-c85f-4bef-a6c0-588a84e6789c service placement] found 2 providers after filtering by previous result {{(pid=110482) get_provider_ids_matching /opt/stack/placement/placement/objects/research_context.py:580}}
Nov 26 22:01:54.574769 n-d-819494-1 devstack@placement-api.service[110482]: DEBUG placement.objects.allocation_candidate [req-b35c8b81-aa34-4f96-b7ea-b010c4f708d3 req-7671b25e-c85f-4bef-a6c0-588a84e6789c service placement] RequestGroup(use_same_provider=False, resources={DISK_GB:1, MEMORY_MB:1024, VCPU:1}, traits=[], aggregates=[]) (suffix '') returned 2 matches {{(pid=110482) _get_by_requests /opt/stack/placement/placement/objects/allocation_candidate.py:145}}
Nov 26 22:01:54.575136 n-d-819494-1 devstack@placement-api.service[110482]: DEBUG placement.objects.allocation_candidate [req-b35c8b81-aa34-4f96-b7ea-b010c4f708d3 req-7671b25e-c85f-4bef-a6c0-588a84e6789c service placement] Merging candidates yields 2 allocation requests and 2 provider summaries {{(pid=110482) _merge_candidates /opt/stack/placement/placement/objects/allocation_candidate.py:783}}
Nov 26 22:01:54.577673 n-d-819494-1 devstack@placement-api.service[110482]: INFO placement.requestlog [req-b35c8b81-aa34-4f96-b7ea-b010c4f708d3 req-7671b25e-c85f-4bef-a6c0-588a84e6789c service placement] 10.222.0.21 "GET /placement/allocation_candidates?limit=1000&resources=DISK_GB%3A1%2CMEMORY_MB%3A1024%2CVCPU%3A1&root_required=%21COMPUTE_STATUS_DISABLED" status: 200 len: 1309 microversion: 1.36
Nov 26 22:01:54.578638 n-d-819494-1 devstack@placement-api.service[110482]: [pid: 110482|app: 0|req: 418/839] 10.222.0.21 () {60 vars in 1506 bytes} [Fri Nov 26 22:01:54 2021] GET /placement/allocation_candidates?limit=1000&resources=DISK_GB%3A1%2CMEMORY_MB%3A1024%2CVCPU%3A1&root_required=%21COMPUTE_STATUS_DISABLED => generated 1309 bytes in 147 msecs (HTTP/1.1 200) 8 headers in 297 bytes (1 switches on core 0)
Nov 26 22:01:54.666554 n-d-819494-1 devstack@placement-api.service[110481]: DEBUG placement.requestlog [req-b35c8b81-aa34-4f96-b7ea-b010c4f708d3 req-f354f849-69a7-473b-9c64-6e1973fdce41 None None] Starting request: 10.222.0.21 "GET /placement/allocations/ce73e1bd-3b32-42e5-a181-867479da95fe" {{(pid=110481) __call__ /opt/stack/placement/placement/requestlog.py:55}}
Nov 26 22:01:54.678159 n-d-819494-1 devstack@placement-api.service[110481]: INFO placement.requestlog [req-b35c8b81-aa34-4f96-b7ea-b010c4f708d3 req-f354f849-69a7-473b-9c64-6e1973fdce41 service placement] 10.222.0.21 "GET /placement/allocations/ce73e1bd-3b32-42e5-a181-867479da95fe" status: 200 len: 19 microversion: 1.28
Nov 26 22:01:54.679229 n-d-819494-1 devstack@placement-api.service[110481]: [pid: 110481|app: 0|req: 422/840] 10.222.0.21 () {60 vars in 1380 bytes} [Fri Nov 26 22:01:54 2021] GET /placement/allocations/ce73e1bd-3b32-42e5-a181-867479da95fe => generated 19 bytes in 13 msecs (HTTP/1.1 200) 8 headers in 295 bytes (1 switches on core 0)
Nov 26 22:01:54.686715 n-d-819494-1 devstack@placement-api.service[110482]: DEBUG placement.requestlog [req-b35c8b81-aa34-4f96-b7ea-b010c4f708d3 req-24295ce1-8cdd-45e8-9c77-f7215451866e None None] Starting request: 10.222.0.21 "PUT /placement/allocations/ce73e1bd-3b32-42e5-a181-867479da95fe" {{(pid=110482) __call__ /opt/stack/placement/placement/requestlog.py:55}}
Nov 26 22:01:54.757069 n-d-819494-1 devstack@placement-api.service[110482]: DEBUG placement.handlers.allocation [req-b35c8b81-aa34-4f96-b7ea-b010c4f708d3 req-24295ce1-8cdd-45e8-9c77-f7215451866e service placement] Successfully wrote allocations [, , ] {{(pid=110482) _update_consumers_and_create_allocations /opt/stack/placement/placement/handlers/allocation.py:462}}
Nov 26 22:01:54.762939 n-d-819494-1 devstack@placement-api.service[110482]: INFO placement.requestlog [req-b35c8b81-aa34-4f96-b7ea-b010c4f708d3 req-24295ce1-8cdd-45e8-9c77-f7215451866e service placement] 10.222.0.21 "PUT /placement/allocations/ce73e1bd-3b32-42e5-a181-867479da95fe" status: 204 len: 0 microversion: 1.36
Nov 26 22:01:54.763403 n-d-819494-1 devstack@placement-api.service[110482]: [pid: 110482|app: 0|req: 419/841] 10.222.0.21 () {64 vars in 1433 bytes} [Fri Nov 26 22:01:54 2021] PUT /placement/allocations/ce73e1bd-3b32-42e5-a181-867479da95fe => generated 0 bytes in 77 msecs (HTTP/1.1 204) 5 headers in 199 bytes (1 switches on core 0)
Nov 26 22:01:55.129329 n-d-819494-1 devstack@placement-api.service[110481]: DEBUG placement.requestlog [req-b35c8b81-aa34-4f96-b7ea-b010c4f708d3 req-982f92c4-77dd-4112-acd0-f0d2253aa560 None None] Starting request: 10.222.0.13 "GET /placement/allocations/ce73e1bd-3b32-42e5-a181-867479da95fe" {{(pid=110481) __call__ /opt/stack/placement/placement/requestlog.py:55}}
Nov 26 22:01:55.150332 n-d-819494-1 devstack@placement-api.service[110481]: INFO placement.requestlog [req-b35c8b81-aa34-4f96-b7ea-b010c4f708d3 req-982f92c4-77dd-4112-acd0-f0d2253aa560 service placement] 10.222.0.13 "GET /placement/allocations/ce73e1bd-3b32-42e5-a181-867479da95fe" status: 200 len: 259 microversion: 1.28
Nov 26 22:01:55.151295 n-d-819494-1 devstack@placement-api.service[110481]: [pid: 110481|app: 0|req: 423/842] 10.222.0.13 () {60 vars in 1377 bytes} [Fri Nov 26 22:01:55 2021] GET /placement/allocations/ce73e1bd-3b32-42e5-a181-867479da95fe => generated 259 bytes in 22 msecs (HTTP/1.1 200) 8 headers in 296 bytes (1 switches on core 0)
Nov 26 22:02:03.992585 n-d-819494-1 devstack@placement-api.service[110482]: DEBUG placement.requestlog [req-61638d7f-3849-41c2-acbf-25e18428103a req-a74a622d-829b-4919-822c-d86c06ccda1e None None] Starting request: 10.222.0.13 "DELETE /placement/allocations/df157f3f-ea27-4536-91d1-96fb3a8e813b" {{(pid=110482) __call__ /opt/stack/placement/placement/requestlog.py:55}}
Nov 26 22:02:04.047616 n-d-819494-1 devstack@placement-api.service[110482]: DEBUG placement.handlers.allocation [req-61638d7f-3849-41c2-acbf-25e18428103a req-a74a622d-829b-4919-822c-d86c06ccda1e service placement] Successfully deleted allocations [, , ] {{(pid=110482) delete_allocations /opt/stack/placement/placement/handlers/allocation.py:627}}
Nov 26 22:02:04.049095 n-d-819494-1 devstack@placement-api.service[110482]: INFO placement.requestlog [req-61638d7f-3849-41c2-acbf-25e18428103a req-a74a622d-829b-4919-822c-d86c06ccda1e service placement] 10.222.0.13 "DELETE /placement/allocations/df157f3f-ea27-4536-91d1-96fb3a8e813b" status: 204 len: 0 microversion: 1.0
Nov 26 22:02:04.049871 n-d-819494-1 devstack@placement-api.service[110482]: [pid: 110482|app: 0|req: 420/843] 10.222.0.13 () {60 vars in 1355 bytes} [Fri Nov 26 22:02:03 2021] DELETE /placement/allocations/df157f3f-ea27-4536-91d1-96fb3a8e813b => generated 0 bytes in 57 msecs (HTTP/1.1 204) 5 headers in 198 bytes (1 switches on core 0)
Nov 26 22:02:12.845006 n-d-819494-1 devstack@placement-api.service[110481]: DEBUG placement.requestlog [req-195f1add-e027-40a6-a25c-d438985ecca9 req-a2ac42d0-1437-42b6-bc59-2435a8bf63ae None None] Starting request: 10.222.0.21 "GET /placement/allocation_candidates?limit=1000&resources=DISK_GB%3A1%2CMEMORY_MB%3A1024%2CVCPU%3A1&root_required=%21COMPUTE_STATUS_DISABLED" {{(pid=110481) __call__ /opt/stack/placement/placement/requestlog.py:55}}
Nov 26 22:02:12.932806 n-d-819494-1 devstack@placement-api.service[110481]: DEBUG placement.objects.research_context [req-195f1add-e027-40a6-a25c-d438985ecca9 req-a2ac42d0-1437-42b6-bc59-2435a8bf63ae service placement] getting providers with 1 DISK_GB {{(pid=110481) __init__ /opt/stack/placement/placement/objects/research_context.py:126}}
Nov 26 22:02:12.950539 n-d-819494-1 devstack@placement-api.service[110481]: DEBUG placement.objects.research_context [req-195f1add-e027-40a6-a25c-d438985ecca9 req-a2ac42d0-1437-42b6-bc59-2435a8bf63ae service placement] getting providers with 1024 MEMORY_MB {{(pid=110481) __init__ /opt/stack/placement/placement/objects/research_context.py:126}}
Nov 26 22:02:12.981701 n-d-819494-1 devstack@placement-api.service[110481]: DEBUG placement.objects.research_context [req-195f1add-e027-40a6-a25c-d438985ecca9 req-a2ac42d0-1437-42b6-bc59-2435a8bf63ae service placement] getting providers with 1 VCPU {{(pid=110481) __init__ /opt/stack/placement/placement/objects/research_context.py:126}}
Nov 26 22:02:13.008383 n-d-819494-1 devstack@placement-api.service[110481]: DEBUG placement.objects.research_context [req-195f1add-e027-40a6-a25c-d438985ecca9 req-a2ac42d0-1437-42b6-bc59-2435a8bf63ae service placement] found 2 providers with available 1 DISK_GB {{(pid=110481) get_provider_ids_matching /opt/stack/placement/placement/objects/research_context.py:549}}
Nov 26 22:02:13.008652 n-d-819494-1 devstack@placement-api.service[110481]: DEBUG placement.objects.research_context [req-195f1add-e027-40a6-a25c-d438985ecca9 req-a2ac42d0-1437-42b6-bc59-2435a8bf63ae service placement] found 2 providers with available 1024 MEMORY_MB {{(pid=110481) get_provider_ids_matching /opt/stack/placement/placement/objects/research_context.py:549}}
Nov 26 22:02:13.008955 n-d-819494-1 devstack@placement-api.service[110481]: DEBUG placement.objects.research_context [req-195f1add-e027-40a6-a25c-d438985ecca9 req-a2ac42d0-1437-42b6-bc59-2435a8bf63ae service placement] found 2 providers after filtering by previous result {{(pid=110481) get_provider_ids_matching /opt/stack/placement/placement/objects/research_context.py:580}}
Nov 26 22:02:13.009339 n-d-819494-1 devstack@placement-api.service[110481]: DEBUG placement.objects.research_context [req-195f1add-e027-40a6-a25c-d438985ecca9 req-a2ac42d0-1437-42b6-bc59-2435a8bf63ae service placement] found 2 providers with available 1 VCPU {{(pid=110481) get_provider_ids_matching /opt/stack/placement/placement/objects/research_context.py:549}}
Nov 26 22:02:13.009526 n-d-819494-1 devstack@placement-api.service[110481]: DEBUG placement.objects.research_context [req-195f1add-e027-40a6-a25c-d438985ecca9 req-a2ac42d0-1437-42b6-bc59-2435a8bf63ae service placement] found 2 providers after filtering by previous result {{(pid=110481) get_provider_ids_matching /opt/stack/placement/placement/objects/research_context.py:580}}
Nov 26 22:02:13.045771 n-d-819494-1 devstack@placement-api.service[110481]: DEBUG placement.objects.allocation_candidate [req-195f1add-e027-40a6-a25c-d438985ecca9 req-a2ac42d0-1437-42b6-bc59-2435a8bf63ae service placement] RequestGroup(use_same_provider=False, resources={DISK_GB:1, MEMORY_MB:1024, VCPU:1}, traits=[], aggregates=[]) (suffix '') returned 2 matches {{(pid=110481) _get_by_requests /opt/stack/placement/placement/objects/allocation_candidate.py:145}}
Nov 26 22:02:13.046215 n-d-819494-1 devstack@placement-api.service[110481]: DEBUG placement.objects.allocation_candidate [req-195f1add-e027-40a6-a25c-d438985ecca9 req-a2ac42d0-1437-42b6-bc59-2435a8bf63ae service placement] Merging candidates yields 2 allocation requests and 2 provider summaries {{(pid=110481) _merge_candidates /opt/stack/placement/placement/objects/allocation_candidate.py:783}}
Nov 26 22:02:13.053947 n-d-819494-1 devstack@placement-api.service[110481]: INFO placement.requestlog [req-195f1add-e027-40a6-a25c-d438985ecca9 req-a2ac42d0-1437-42b6-bc59-2435a8bf63ae service placement] 10.222.0.21 "GET /placement/allocation_candidates?limit=1000&resources=DISK_GB%3A1%2CMEMORY_MB%3A1024%2CVCPU%3A1&root_required=%21COMPUTE_STATUS_DISABLED" status: 200 len: 1309 microversion: 1.36
Nov 26 22:02:13.054419 n-d-819494-1 devstack@placement-api.service[110481]: [pid: 110481|app: 0|req: 424/844] 10.222.0.21 () {60 vars in 1506 bytes} [Fri Nov 26 22:02:12 2021] GET /placement/allocation_candidates?limit=1000&resources=DISK_GB%3A1%2CMEMORY_MB%3A1024%2CVCPU%3A1&root_required=%21COMPUTE_STATUS_DISABLED => generated 1309 bytes in 210 msecs (HTTP/1.1 200) 8 headers in 297 bytes (1 switches on core 0)
Nov 26 22:02:13.160410 n-d-819494-1 devstack@placement-api.service[110482]: DEBUG placement.requestlog [req-195f1add-e027-40a6-a25c-d438985ecca9 req-534acac0-f8a2-4c47-b443-2d3f760b8265 None None] Starting request: 10.222.0.21 "GET /placement/allocations/c485b2dd-bffc-4f71-87e0-03f6f2d94da6" {{(pid=110482) __call__ /opt/stack/placement/placement/requestlog.py:55}}
Nov 26 22:02:13.176848 n-d-819494-1 devstack@placement-api.service[110482]: INFO placement.requestlog [req-195f1add-e027-40a6-a25c-d438985ecca9 req-534acac0-f8a2-4c47-b443-2d3f760b8265 service placement] 10.222.0.21 "GET /placement/allocations/c485b2dd-bffc-4f71-87e0-03f6f2d94da6" status: 200 len: 19 microversion: 1.28
Nov 26 22:02:13.179631 n-d-819494-1 devstack@placement-api.service[110482]: [pid: 110482|app: 0|req: 421/845] 10.222.0.21 () {60 vars in 1380 bytes} [Fri Nov 26 22:02:13 2021] GET /placement/allocations/c485b2dd-bffc-4f71-87e0-03f6f2d94da6 => generated 19 bytes in 20 msecs (HTTP/1.1 200) 8 headers in 295 bytes (1 switches on core 0)
Nov 26 22:02:13.186111 n-d-819494-1 devstack@placement-api.service[110481]: DEBUG placement.requestlog [req-195f1add-e027-40a6-a25c-d438985ecca9 req-37d245dd-9277-45ff-82dc-14ae7664029e None None] Starting request: 10.222.0.21 "PUT /placement/allocations/c485b2dd-bffc-4f71-87e0-03f6f2d94da6" {{(pid=110481) __call__ /opt/stack/placement/placement/requestlog.py:55}}
Nov 26 22:02:13.288789 n-d-819494-1 devstack@placement-api.service[110481]: DEBUG placement.handlers.allocation [req-195f1add-e027-40a6-a25c-d438985ecca9 req-37d245dd-9277-45ff-82dc-14ae7664029e service placement] Successfully wrote allocations [, , ] {{(pid=110481) _update_consumers_and_create_allocations /opt/stack/placement/placement/handlers/allocation.py:462}}
Nov 26 22:02:13.293727 n-d-819494-1 devstack@placement-api.service[110481]: INFO placement.requestlog [req-195f1add-e027-40a6-a25c-d438985ecca9 req-37d245dd-9277-45ff-82dc-14ae7664029e service placement] 10.222.0.21 "PUT /placement/allocations/c485b2dd-bffc-4f71-87e0-03f6f2d94da6" status: 204 len: 0 microversion: 1.36
Nov 26 22:02:13.308026 n-d-819494-1 devstack@placement-api.service[110481]: [pid: 110481|app: 0|req: 425/846] 10.222.0.21 () {64 vars in 1433 bytes} [Fri Nov 26 22:02:13 2021] PUT /placement/allocations/c485b2dd-bffc-4f71-87e0-03f6f2d94da6 => generated 0 bytes in 109 msecs (HTTP/1.1 204) 5 headers in 199 bytes (1 switches on core 0)
Nov 26 22:02:13.673405 n-d-819494-1 devstack@placement-api.service[110482]: DEBUG placement.requestlog [req-9f4ac36c-879f-41e2-ad40-b2fe05cbcd68 req-07d5900b-3d03-43c7-b6f4-1ba517e8e364 None None] Starting request: 10.222.0.13 "GET /placement/allocations/f3372abc-b0ef-4a34-bee2-fe8b2f53d3c2" {{(pid=110482) __call__ /opt/stack/placement/placement/requestlog.py:55}}
Nov 26 22:02:13.708030 n-d-819494-1 devstack@placement-api.service[110482]: INFO placement.requestlog [req-9f4ac36c-879f-41e2-ad40-b2fe05cbcd68 req-07d5900b-3d03-43c7-b6f4-1ba517e8e364 service placement] 10.222.0.13 "GET /placement/allocations/f3372abc-b0ef-4a34-bee2-fe8b2f53d3c2" status: 200 len: 259 microversion: 1.28
Nov 26 22:02:13.708278 n-d-819494-1 devstack@placement-api.service[110482]: [pid: 110482|app: 0|req: 422/847] 10.222.0.13 () {60 vars in 1377 bytes} [Fri Nov 26 22:02:13 2021] GET /placement/allocations/f3372abc-b0ef-4a34-bee2-fe8b2f53d3c2 => generated 259 bytes in 37 msecs (HTTP/1.1 200) 8 headers in 296 bytes (1 switches on core 0)
Nov 26 22:02:13.875030 n-d-819494-1 devstack@placement-api.service[110481]: DEBUG placement.requestlog [req-195f1add-e027-40a6-a25c-d438985ecca9 req-774a8f10-f6d6-4240-a99f-43adb03ee422 None None] Starting request: 10.222.0.41 "GET /placement/allocations/c485b2dd-bffc-4f71-87e0-03f6f2d94da6" {{(pid=110481) __call__ /opt/stack/placement/placement/requestlog.py:55}}
Nov 26 22:02:13.907864 n-d-819494-1 devstack@placement-api.service[110481]: INFO placement.requestlog [req-195f1add-e027-40a6-a25c-d438985ecca9 req-774a8f10-f6d6-4240-a99f-43adb03ee422 service placement] 10.222.0.41 "GET /placement/allocations/c485b2dd-bffc-4f71-87e0-03f6f2d94da6" status: 200 len: 260 microversion: 1.28
Nov 26 22:02:13.908522 n-d-819494-1 devstack@placement-api.service[110481]: [pid: 110481|app: 0|req: 426/848] 10.222.0.41 () {60 vars in 1377 bytes} [Fri Nov 26 22:02:13 2021] GET /placement/allocations/c485b2dd-bffc-4f71-87e0-03f6f2d94da6 => generated 260 bytes in 34 msecs (HTTP/1.1 200) 8 headers in 296 bytes (1 switches on core 0)
Nov 26 22:02:18.733853 n-d-819494-1 devstack@placement-api.service[110482]: DEBUG placement.requestlog [req-9d6be435-709a-41b8-b268-8f41a0289273 req-91b4f1b4-50c4-4b8c-ab37-0d5d82e6e743 None None] Starting request: 10.222.0.13 "DELETE /placement/allocations/ce73e1bd-3b32-42e5-a181-867479da95fe" {{(pid=110482) __call__ /opt/stack/placement/placement/requestlog.py:55}}
Nov 26 22:02:18.799770 n-d-819494-1 devstack@placement-api.service[110482]: DEBUG placement.handlers.allocation [req-9d6be435-709a-41b8-b268-8f41a0289273 req-91b4f1b4-50c4-4b8c-ab37-0d5d82e6e743 service placement] Successfully deleted allocations [, , ] {{(pid=110482) delete_allocations /opt/stack/placement/placement/handlers/allocation.py:627}}
Nov 26 22:02:18.800663 n-d-819494-1 devstack@placement-api.service[110482]: INFO placement.requestlog [req-9d6be435-709a-41b8-b268-8f41a0289273 req-91b4f1b4-50c4-4b8c-ab37-0d5d82e6e743 service placement] 10.222.0.13 "DELETE /placement/allocations/ce73e1bd-3b32-42e5-a181-867479da95fe" status: 204 len: 0 microversion: 1.0
Nov 26 22:02:18.801407 n-d-819494-1 devstack@placement-api.service[110482]: [pid: 110482|app: 0|req: 423/849] 10.222.0.13 () {60 vars in 1355 bytes} [Fri Nov 26 22:02:18 2021] DELETE /placement/allocations/ce73e1bd-3b32-42e5-a181-867479da95fe => generated 0 bytes in 68 msecs (HTTP/1.1 204) 5 headers in 198 bytes (1 switches on core 0)
Nov 26 22:02:24.337228 n-d-819494-1 devstack@placement-api.service[110481]: DEBUG placement.requestlog [req-66dfdf01-64b7-47a6-8909-b79156e7a033 req-1496f91f-73dc-41f4-ab5a-d0777540d900 None None] Starting request: 10.222.0.41 "GET /placement/allocations/ce9b0a31-60e9-455a-88a6-0a8a484f0a9e" {{(pid=110481) __call__ /opt/stack/placement/placement/requestlog.py:55}}
Nov 26 22:02:24.354102 n-d-819494-1 devstack@placement-api.service[110481]: INFO placement.requestlog [req-66dfdf01-64b7-47a6-8909-b79156e7a033 req-1496f91f-73dc-41f4-ab5a-d0777540d900 service placement] 10.222.0.41 "GET /placement/allocations/ce9b0a31-60e9-455a-88a6-0a8a484f0a9e" status: 200 len: 260 microversion: 1.28
Nov 26 22:02:24.354678 n-d-819494-1 devstack@placement-api.service[110481]: [pid: 110481|app: 0|req: 427/850] 10.222.0.41 () {60 vars in 1377 bytes} [Fri Nov 26 22:02:24 2021] GET /placement/allocations/ce9b0a31-60e9-455a-88a6-0a8a484f0a9e => generated 260 bytes in 18 msecs (HTTP/1.1 200) 8 headers in 296 bytes (1 switches on core 0)
Nov 26 22:02:24.370207 n-d-819494-1 devstack@placement-api.service[110482]: DEBUG placement.requestlog [req-66dfdf01-64b7-47a6-8909-b79156e7a033 req-cea76809-95c6-4b10-b7e8-4781bb6716e5 None None] Starting request: 10.222.0.41 "GET /placement/allocations/ce9b0a31-60e9-455a-88a6-0a8a484f0a9e" {{(pid=110482) __call__ /opt/stack/placement/placement/requestlog.py:55}}
Nov 26 22:02:24.387931 n-d-819494-1 devstack@placement-api.service[110482]: INFO placement.requestlog [req-66dfdf01-64b7-47a6-8909-b79156e7a033 req-cea76809-95c6-4b10-b7e8-4781bb6716e5 service placement] 10.222.0.41 "GET /placement/allocations/ce9b0a31-60e9-455a-88a6-0a8a484f0a9e" status: 200 len: 260 microversion: 1.28
Nov 26 22:02:24.388596 n-d-819494-1 devstack@placement-api.service[110482]: [pid: 110482|app: 0|req: 424/851] 10.222.0.41 () {60 vars in 1377 bytes} [Fri Nov 26 22:02:24 2021] GET /placement/allocations/ce9b0a31-60e9-455a-88a6-0a8a484f0a9e => generated 260 bytes in 18 msecs (HTTP/1.1 200) 8 headers in 296 bytes (1 switches on core 0)
Nov 26 22:02:24.396391 n-d-819494-1 devstack@placement-api.service[110481]: DEBUG placement.requestlog [req-66dfdf01-64b7-47a6-8909-b79156e7a033 req-2ca35aa4-5836-4602-a7a5-1a375d9525cf None None] Starting request: 10.222.0.41 "GET /placement/allocations/f3372abc-b0ef-4a34-bee2-fe8b2f53d3c2" {{(pid=110481) __call__ /opt/stack/placement/placement/requestlog.py:55}}
Nov 26 22:02:24.420794 n-d-819494-1 devstack@placement-api.service[110481]: INFO placement.requestlog [req-66dfdf01-64b7-47a6-8909-b79156e7a033 req-2ca35aa4-5836-4602-a7a5-1a375d9525cf service placement] 10.222.0.41 "GET /placement/allocations/f3372abc-b0ef-4a34-bee2-fe8b2f53d3c2" status: 200 len: 259 microversion: 1.28
Nov 26 22:02:24.421804 n-d-819494-1 devstack@placement-api.service[110481]: [pid: 110481|app: 0|req: 428/852] 10.222.0.41 () {60 vars in 1377 bytes} [Fri Nov 26 22:02:24 2021] GET /placement/allocations/f3372abc-b0ef-4a34-bee2-fe8b2f53d3c2 => generated 259 bytes in 26 msecs (HTTP/1.1 200) 8 headers in 296 bytes (1 switches on core 0)
Nov 26 22:02:24.437893 n-d-819494-1 devstack@placement-api.service[110482]: DEBUG placement.requestlog [req-66dfdf01-64b7-47a6-8909-b79156e7a033 req-7dbc6d0c-deb9-40d5-a7b2-74048bfefd72 None None] Starting request: 10.222.0.41 "POST /placement/allocations" {{(pid=110482) __call__ /opt/stack/placement/placement/requestlog.py:55}}
Nov 26 22:02:24.564657 n-d-819494-1 devstack@placement-api.service[110482]: DEBUG placement.handlers.allocation [req-66dfdf01-64b7-47a6-8909-b79156e7a033 req-7dbc6d0c-deb9-40d5-a7b2-74048bfefd72 service placement] Successfully wrote allocations [, , , , , ] {{(pid=110482) _update_consumers_and_create_allocations /opt/stack/placement/placement/handlers/allocation.py:572}}
Nov 26 22:02:24.571531 n-d-819494-1 devstack@placement-api.service[110482]: INFO placement.requestlog [req-66dfdf01-64b7-47a6-8909-b79156e7a033 req-7dbc6d0c-deb9-40d5-a7b2-74048bfefd72 service placement] 10.222.0.41 "POST /placement/allocations" status: 204 len: 0 microversion: 1.28
Nov 26 22:02:24.571731 n-d-819494-1 devstack@placement-api.service[110482]: [pid: 110482|app: 0|req: 425/853] 10.222.0.41 () {64 vars in 1320 bytes} [Fri Nov 26 22:02:24 2021] POST /placement/allocations => generated 0 bytes in 134 msecs (HTTP/1.1 204) 5 headers in 199 bytes (1 switches on core 0)
Nov 26 22:02:29.478142 n-d-819494-1 devstack@placement-api.service[110481]: DEBUG placement.requestlog [req-07ef4a8d-82dc-44d2-859f-725b03f2a408 req-9c875f4e-cb04-4df6-83bc-f26053dbb023 None None] Starting request: 10.222.0.13 "GET /placement/resource_providers/a1f8dfee-ec4a-4953-89f4-2e775c249beb/allocations" {{(pid=110481) __call__ /opt/stack/placement/placement/requestlog.py:55}}
Nov 26 22:02:29.515146 n-d-819494-1 devstack@placement-api.service[110481]: INFO placement.requestlog [req-07ef4a8d-82dc-44d2-859f-725b03f2a408 req-9c875f4e-cb04-4df6-83bc-f26053dbb023 service placement] 10.222.0.13 "GET /placement/resource_providers/a1f8dfee-ec4a-4953-89f4-2e775c249beb/allocations" status: 200 len: 241 microversion: 1.0
Nov 26 22:02:29.515362 n-d-819494-1 devstack@placement-api.service[110481]: [pid: 110481|app: 0|req: 429/854] 10.222.0.13 () {58 vars in 1390 bytes} [Fri Nov 26 22:02:29 2021] GET /placement/resource_providers/a1f8dfee-ec4a-4953-89f4-2e775c249beb/allocations => generated 241 bytes in 38 msecs (HTTP/1.1 200) 6 headers in 224 bytes (2 switches on core 0)
Nov 26 22:02:32.263511 n-d-819494-1 devstack@placement-api.service[110482]: DEBUG placement.requestlog [req-015f25ff-63f7-480a-ac17-5f2c4625db4f req-ccc93e6a-068c-43a9-a598-3db44e98b145 None None] Starting request: 10.222.0.41 "GET /placement/resource_providers/4e273db0-43b0-4f66-834d-576d8351ab7e/allocations" {{(pid=110482) __call__ /opt/stack/placement/placement/requestlog.py:55}}
Nov 26 22:02:32.327381 n-d-819494-1 devstack@placement-api.service[110482]: INFO placement.requestlog [req-015f25ff-63f7-480a-ac17-5f2c4625db4f req-ccc93e6a-068c-43a9-a598-3db44e98b145 service placement] 10.222.0.41 "GET /placement/resource_providers/4e273db0-43b0-4f66-834d-576d8351ab7e/allocations" status: 200 len: 458 microversion: 1.0
Nov 26 22:02:32.332473 n-d-819494-1 devstack@placement-api.service[110482]: [pid: 110482|app: 0|req: 426/855] 10.222.0.41 () {58 vars in 1390 bytes} [Fri Nov 26 22:02:32 2021] GET /placement/resource_providers/4e273db0-43b0-4f66-834d-576d8351ab7e/allocations => generated 458 bytes in 67 msecs (HTTP/1.1 200) 6 headers in 224 bytes (1 switches on core 0)
Nov 26 22:02:46.174569 n-d-819494-1 devstack@placement-api.service[110481]: DEBUG placement.requestlog [req-da59368f-e8a5-4052-81ef-414b76ef30a7 req-90d02432-b735-4247-97f5-3ad5f44c4977 None None] Starting request: 10.222.0.13 "DELETE /placement/allocations/0d0fe410-a1c2-46c3-a24c-87e6fbf8912f" {{(pid=110481) __call__ /opt/stack/placement/placement/requestlog.py:55}}
Nov 26 22:02:46.220362 n-d-819494-1 devstack@placement-api.service[110481]: DEBUG placement.handlers.allocation [req-da59368f-e8a5-4052-81ef-414b76ef30a7 req-90d02432-b735-4247-97f5-3ad5f44c4977 service placement] Successfully deleted allocations [, , ] {{(pid=110481) delete_allocations /opt/stack/placement/placement/handlers/allocation.py:627}}
Nov 26 22:02:46.220947 n-d-819494-1 devstack@placement-api.service[110481]: INFO placement.requestlog [req-da59368f-e8a5-4052-81ef-414b76ef30a7 req-90d02432-b735-4247-97f5-3ad5f44c4977 service placement] 10.222.0.13 "DELETE /placement/allocations/0d0fe410-a1c2-46c3-a24c-87e6fbf8912f" status: 204 len: 0 microversion: 1.0
Nov 26 22:02:46.221224 n-d-819494-1 devstack@placement-api.service[110481]: [pid: 110481|app: 0|req: 430/856] 10.222.0.13 () {60 vars in 1355 bytes} [Fri Nov 26 22:02:46 2021] DELETE /placement/allocations/0d0fe410-a1c2-46c3-a24c-87e6fbf8912f => generated 0 bytes in 47 msecs (HTTP/1.1 204) 5 headers in 198 bytes (1 switches on core 0)
Nov 26 22:03:32.289147 n-d-819494-1 devstack@placement-api.service[110482]: DEBUG placement.requestlog [req-fc1f7bbd-d8f6-47c6-b19b-f2ecaf3d5f92 req-e7e61a4d-b968-4f96-b62e-b8363297ba6f None None] Starting request: 10.222.0.41 "GET /placement/resource_providers/4e273db0-43b0-4f66-834d-576d8351ab7e/allocations" {{(pid=110482) __call__ /opt/stack/placement/placement/requestlog.py:55}}
Nov 26 22:03:32.352292 n-d-819494-1 devstack@placement-api.service[110482]: INFO placement.requestlog [req-fc1f7bbd-d8f6-47c6-b19b-f2ecaf3d5f92 req-e7e61a4d-b968-4f96-b62e-b8363297ba6f service placement] 10.222.0.41 "GET /placement/resource_providers/4e273db0-43b0-4f66-834d-576d8351ab7e/allocations" status: 200 len: 458 microversion: 1.0
Nov 26 22:03:32.353088 n-d-819494-1 devstack@placement-api.service[110482]: [pid: 110482|app: 0|req: 427/857] 10.222.0.41 () {58 vars in 1390 bytes} [Fri Nov 26 22:03:32 2021] GET /placement/resource_providers/4e273db0-43b0-4f66-834d-576d8351ab7e/allocations => generated 458 bytes in 64 msecs (HTTP/1.1 200) 6 headers in 224 bytes (1 switches on core 0)
Nov 26 22:03:32.621015 n-d-819494-1 devstack@placement-api.service[110481]: DEBUG placement.requestlog [req-ec80d1ee-cc54-4058-85d3-682c10c9088a req-b3eee3e5-99e8-4fea-8172-2c532766b5dc None None] Starting request: 10.222.0.13 "GET /placement/resource_providers/a1f8dfee-ec4a-4953-89f4-2e775c249beb/allocations" {{(pid=110481) __call__ /opt/stack/placement/placement/requestlog.py:55}}
Nov 26 22:03:32.696033 n-d-819494-1 devstack@placement-api.service[110481]: INFO placement.requestlog [req-ec80d1ee-cc54-4058-85d3-682c10c9088a req-b3eee3e5-99e8-4fea-8172-2c532766b5dc service placement] 10.222.0.13 "GET /placement/resource_providers/a1f8dfee-ec4a-4953-89f4-2e775c249beb/allocations" status: 200 len: 140 microversion: 1.0
Nov 26 22:03:32.696947 n-d-819494-1 devstack@placement-api.service[110481]: [pid: 110481|app: 0|req: 431/858] 10.222.0.13 () {58 vars in 1390 bytes} [Fri Nov 26 22:03:32 2021] GET /placement/resource_providers/a1f8dfee-ec4a-4953-89f4-2e775c249beb/allocations => generated 140 bytes in 76 msecs (HTTP/1.1 200) 6 headers in 224 bytes (1 switches on core 0)
Nov 26 22:03:40.209134 n-d-819494-1 devstack@placement-api.service[110482]: DEBUG placement.requestlog [req-cc9d70d0-d56d-4fc9-b80b-91e173424764 req-aa710a5d-6441-4785-9ab3-600b1aa38af7 None None] Starting request: 10.222.0.41 "DELETE /placement/allocations/52d4f1e0-7636-44e4-a3ec-26d5c3b05865" {{(pid=110482) __call__ /opt/stack/placement/placement/requestlog.py:55}}
Nov 26 22:03:40.266682 n-d-819494-1 devstack@placement-api.service[110482]: DEBUG placement.handlers.allocation [req-cc9d70d0-d56d-4fc9-b80b-91e173424764 req-aa710a5d-6441-4785-9ab3-600b1aa38af7 service placement] Successfully deleted allocations [, , ] {{(pid=110482) delete_allocations /opt/stack/placement/placement/handlers/allocation.py:627}}
Nov 26 22:03:40.267599 n-d-819494-1 devstack@placement-api.service[110482]: INFO placement.requestlog [req-cc9d70d0-d56d-4fc9-b80b-91e173424764 req-aa710a5d-6441-4785-9ab3-600b1aa38af7 service placement] 10.222.0.41 "DELETE /placement/allocations/52d4f1e0-7636-44e4-a3ec-26d5c3b05865" status: 204 len: 0 microversion: 1.0
Nov 26 22:03:40.267994 n-d-819494-1 devstack@placement-api.service[110482]: [pid: 110482|app: 0|req: 428/859] 10.222.0.41 () {60 vars in 1355 bytes} [Fri Nov 26 22:03:40 2021] DELETE /placement/allocations/52d4f1e0-7636-44e4-a3ec-26d5c3b05865 => generated 0 bytes in 59 msecs (HTTP/1.1 204) 5 headers in 198 bytes (1 switches on core 0)
Nov 26 22:03:40.487113 n-d-819494-1 devstack@placement-api.service[110481]: DEBUG placement.requestlog [req-19c010da-6a68-4880-8c4e-400b855581b7 req-36763f92-0072-44e4-add1-d39f386ac82b None None] Starting request: 10.222.0.41 "DELETE /placement/allocations/f3372abc-b0ef-4a34-bee2-fe8b2f53d3c2" {{(pid=110481) __call__ /opt/stack/placement/placement/requestlog.py:55}}
Nov 26 22:03:40.533358 n-d-819494-1 devstack@placement-api.service[110481]: DEBUG placement.handlers.allocation [req-19c010da-6a68-4880-8c4e-400b855581b7 req-36763f92-0072-44e4-add1-d39f386ac82b service placement] Successfully deleted allocations [, , ] {{(pid=110481) delete_allocations /opt/stack/placement/placement/handlers/allocation.py:627}}
Nov 26 22:03:40.533849 n-d-819494-1 devstack@placement-api.service[110481]: INFO placement.requestlog [req-19c010da-6a68-4880-8c4e-400b855581b7 req-36763f92-0072-44e4-add1-d39f386ac82b service placement] 10.222.0.41 "DELETE /placement/allocations/f3372abc-b0ef-4a34-bee2-fe8b2f53d3c2" status: 204 len: 0 microversion: 1.0
Nov 26 22:03:40.534412 n-d-819494-1 devstack@placement-api.service[110481]: [pid: 110481|app: 0|req: 432/860] 10.222.0.41 () {60 vars in 1355 bytes} [Fri Nov 26 22:03:40 2021] DELETE /placement/allocations/f3372abc-b0ef-4a34-bee2-fe8b2f53d3c2 => generated 0 bytes in 47 msecs (HTTP/1.1 204) 5 headers in 198 bytes (1 switches on core 0)
Nov 26 22:03:43.268761 n-d-819494-1 devstack@placement-api.service[110482]: DEBUG placement.requestlog [req-6f2621be-143b-46bf-874e-a37b2fccda78 req-1d377a61-9e50-490e-a109-84eea383f499 None None] Starting request: 10.222.0.21 "GET /placement/allocation_candidates?limit=1000&resources=DISK_GB%3A1%2CMEMORY_MB%3A1024%2CVCPU%3A1&root_required=%21COMPUTE_STATUS_DISABLED" {{(pid=110482) __call__ /opt/stack/placement/placement/requestlog.py:55}}
Nov 26 22:03:43.506881 n-d-819494-1 devstack@placement-api.service[110482]: DEBUG placement.objects.research_context [req-6f2621be-143b-46bf-874e-a37b2fccda78 req-1d377a61-9e50-490e-a109-84eea383f499 service placement] getting providers with 1 DISK_GB {{(pid=110482) __init__ /opt/stack/placement/placement/objects/research_context.py:126}}
Nov 26 22:03:43.519624 n-d-819494-1 devstack@placement-api.service[110482]: DEBUG placement.objects.research_context [req-6f2621be-143b-46bf-874e-a37b2fccda78 req-1d377a61-9e50-490e-a109-84eea383f499 service placement] getting providers with 1024 MEMORY_MB {{(pid=110482) __init__ /opt/stack/placement/placement/objects/research_context.py:126}}
Nov 26 22:03:43.527372 n-d-819494-1 devstack@placement-api.service[110482]: DEBUG placement.objects.research_context [req-6f2621be-143b-46bf-874e-a37b2fccda78 req-1d377a61-9e50-490e-a109-84eea383f499 service placement] getting providers with 1 VCPU {{(pid=110482) __init__ /opt/stack/placement/placement/objects/research_context.py:126}}
Nov 26 22:03:43.536652 n-d-819494-1 devstack@placement-api.service[110482]: DEBUG placement.objects.research_context [req-6f2621be-143b-46bf-874e-a37b2fccda78 req-1d377a61-9e50-490e-a109-84eea383f499 service placement] found 2 providers with available 1 DISK_GB {{(pid=110482) get_provider_ids_matching /opt/stack/placement/placement/objects/research_context.py:549}}
Nov 26 22:03:43.537178 n-d-819494-1 devstack@placement-api.service[110482]: DEBUG placement.objects.research_context [req-6f2621be-143b-46bf-874e-a37b2fccda78 req-1d377a61-9e50-490e-a109-84eea383f499 service placement] found 2 providers with available 1024 MEMORY_MB {{(pid=110482) get_provider_ids_matching /opt/stack/placement/placement/objects/research_context.py:549}}
Nov 26 22:03:43.537635 n-d-819494-1 devstack@placement-api.service[110482]: DEBUG placement.objects.research_context [req-6f2621be-143b-46bf-874e-a37b2fccda78 req-1d377a61-9e50-490e-a109-84eea383f499 service placement] found 2 providers after filtering by previous result {{(pid=110482) get_provider_ids_matching /opt/stack/placement/placement/objects/research_context.py:580}}
Nov 26 22:03:43.538108 n-d-819494-1 devstack@placement-api.service[110482]: DEBUG placement.objects.research_context [req-6f2621be-143b-46bf-874e-a37b2fccda78 req-1d377a61-9e50-490e-a109-84eea383f499 service placement] found 2 providers with available 1 VCPU {{(pid=110482) get_provider_ids_matching /opt/stack/placement/placement/objects/research_context.py:549}}
Nov 26 22:03:43.538534 n-d-819494-1 devstack@placement-api.service[110482]: DEBUG placement.objects.research_context [req-6f2621be-143b-46bf-874e-a37b2fccda78 req-1d377a61-9e50-490e-a109-84eea383f499 service placement] found 2 providers after filtering by previous result {{(pid=110482) get_provider_ids_matching /opt/stack/placement/placement/objects/research_context.py:580}}
Nov 26 22:03:43.555022 n-d-819494-1 devstack@placement-api.service[110482]: DEBUG placement.objects.allocation_candidate [req-6f2621be-143b-46bf-874e-a37b2fccda78 req-1d377a61-9e50-490e-a109-84eea383f499 service placement] RequestGroup(use_same_provider=False, resources={DISK_GB:1, MEMORY_MB:1024, VCPU:1}, traits=[], aggregates=[]) (suffix '') returned 2 matches {{(pid=110482) _get_by_requests /opt/stack/placement/placement/objects/allocation_candidate.py:145}}
Nov 26 22:03:43.555649 n-d-819494-1 devstack@placement-api.service[110482]: DEBUG placement.objects.allocation_candidate [req-6f2621be-143b-46bf-874e-a37b2fccda78 req-1d377a61-9e50-490e-a109-84eea383f499 service placement] Merging candidates yields 2 allocation requests and 2 provider summaries {{(pid=110482) _merge_candidates /opt/stack/placement/placement/objects/allocation_candidate.py:783}}
Nov 26 22:03:43.557555 n-d-819494-1 devstack@placement-api.service[110482]: INFO placement.requestlog [req-6f2621be-143b-46bf-874e-a37b2fccda78 req-1d377a61-9e50-490e-a109-84eea383f499 service placement] 10.222.0.21 "GET /placement/allocation_candidates?limit=1000&resources=DISK_GB%3A1%2CMEMORY_MB%3A1024%2CVCPU%3A1&root_required=%21COMPUTE_STATUS_DISABLED" status: 200 len: 1309 microversion: 1.36
Nov 26 22:03:43.558334 n-d-819494-1 devstack@placement-api.service[110482]: [pid: 110482|app: 0|req: 429/861] 10.222.0.21 () {60 vars in 1506 bytes} [Fri Nov 26 22:03:43 2021] GET /placement/allocation_candidates?limit=1000&resources=DISK_GB%3A1%2CMEMORY_MB%3A1024%2CVCPU%3A1&root_required=%21COMPUTE_STATUS_DISABLED => generated 1309 bytes in 291 msecs (HTTP/1.1 200) 8 headers in 297 bytes (1 switches on core 0)
Nov 26 22:03:43.622282 n-d-819494-1 devstack@placement-api.service[110481]: DEBUG placement.requestlog [req-6f2621be-143b-46bf-874e-a37b2fccda78 req-fe1537f5-cc93-45c6-aaa6-c86a301d5901 None None] Starting request: 10.222.0.21 "GET /placement/allocations/52d4f1e0-7636-44e4-a3ec-26d5c3b05865" {{(pid=110481) __call__ /opt/stack/placement/placement/requestlog.py:55}}
Nov 26 22:03:43.640510 n-d-819494-1 devstack@placement-api.service[110481]: INFO placement.requestlog [req-6f2621be-143b-46bf-874e-a37b2fccda78 req-fe1537f5-cc93-45c6-aaa6-c86a301d5901 service placement] 10.222.0.21 "GET /placement/allocations/52d4f1e0-7636-44e4-a3ec-26d5c3b05865" status: 200 len: 19 microversion: 1.28
Nov 26 22:03:43.643411 n-d-819494-1 devstack@placement-api.service[110481]: [pid: 110481|app: 0|req: 433/862] 10.222.0.21 () {60 vars in 1380 bytes} [Fri Nov 26 22:03:43 2021] GET /placement/allocations/52d4f1e0-7636-44e4-a3ec-26d5c3b05865 => generated 19 bytes in 21 msecs (HTTP/1.1 200) 8 headers in 295 bytes (1 switches on core 0)
Nov 26 22:03:43.649440 n-d-819494-1 devstack@placement-api.service[110482]: DEBUG placement.requestlog [req-6f2621be-143b-46bf-874e-a37b2fccda78 req-33cad6a8-e23f-4c40-baef-8d303bfa7e1a None None] Starting request: 10.222.0.21 "PUT /placement/allocations/52d4f1e0-7636-44e4-a3ec-26d5c3b05865" {{(pid=110482) __call__ /opt/stack/placement/placement/requestlog.py:55}}
Nov 26 22:03:43.755945 n-d-819494-1 devstack@placement-api.service[110482]: DEBUG placement.handlers.allocation [req-6f2621be-143b-46bf-874e-a37b2fccda78 req-33cad6a8-e23f-4c40-baef-8d303bfa7e1a service placement] Successfully wrote allocations [, , ] {{(pid=110482) _update_consumers_and_create_allocations /opt/stack/placement/placement/handlers/allocation.py:462}}
Nov 26 22:03:43.764645 n-d-819494-1 devstack@placement-api.service[110482]: INFO placement.requestlog [req-6f2621be-143b-46bf-874e-a37b2fccda78 req-33cad6a8-e23f-4c40-baef-8d303bfa7e1a service placement] 10.222.0.21 "PUT /placement/allocations/52d4f1e0-7636-44e4-a3ec-26d5c3b05865" status: 204 len: 0 microversion: 1.36
Nov 26 22:03:43.766246 n-d-819494-1 devstack@placement-api.service[110482]: [pid: 110482|app: 0|req: 430/863] 10.222.0.21 () {64 vars in 1433 bytes} [Fri Nov 26 22:03:43 2021] PUT /placement/allocations/52d4f1e0-7636-44e4-a3ec-26d5c3b05865 => generated 0 bytes in 117 msecs (HTTP/1.1 204) 5 headers in 199 bytes (1 switches on core 0)
Nov 26 22:03:44.131140 n-d-819494-1 devstack@placement-api.service[110481]: DEBUG placement.requestlog [req-6f2621be-143b-46bf-874e-a37b2fccda78 req-b30054e2-d638-4fcd-a029-0bd63b3500c5 None None] Starting request: 10.222.0.13 "GET /placement/allocations/52d4f1e0-7636-44e4-a3ec-26d5c3b05865" {{(pid=110481) __call__ /opt/stack/placement/placement/requestlog.py:55}}
Nov 26 22:03:44.159576 n-d-819494-1 devstack@placement-api.service[110481]: INFO placement.requestlog [req-6f2621be-143b-46bf-874e-a37b2fccda78 req-b30054e2-d638-4fcd-a029-0bd63b3500c5 service placement] 10.222.0.13 "GET /placement/allocations/52d4f1e0-7636-44e4-a3ec-26d5c3b05865" status: 200 len: 259 microversion: 1.28
Nov 26 22:03:44.160666 n-d-819494-1 devstack@placement-api.service[110481]: [pid: 110481|app: 0|req: 434/864] 10.222.0.13 () {60 vars in 1377 bytes} [Fri Nov 26 22:03:44 2021] GET /placement/allocations/52d4f1e0-7636-44e4-a3ec-26d5c3b05865 => generated 259 bytes in 29 msecs (HTTP/1.1 200) 8 headers in 296 bytes (2 switches on core 0)
Nov 26 22:03:52.164606 n-d-819494-1 devstack@placement-api.service[110482]: DEBUG placement.requestlog [req-407634f7-1f6e-4cd0-9b3e-eae2db7db384 req-72fb87e4-e24d-4598-ac86-cc438eb1cf09 None None] Starting request: 10.222.0.21 "GET /placement/allocation_candidates?limit=1000&resources=DISK_GB%3A1%2CMEMORY_MB%3A1024%2CVCPU%3A1&root_required=%21COMPUTE_STATUS_DISABLED" {{(pid=110482) __call__ /opt/stack/placement/placement/requestlog.py:55}}
Nov 26 22:03:52.235725 n-d-819494-1 devstack@placement-api.service[110482]: DEBUG placement.objects.research_context [req-407634f7-1f6e-4cd0-9b3e-eae2db7db384 req-72fb87e4-e24d-4598-ac86-cc438eb1cf09 service placement] getting providers with 1 DISK_GB {{(pid=110482) __init__ /opt/stack/placement/placement/objects/research_context.py:126}}
Nov 26 22:03:52.249040 n-d-819494-1 devstack@placement-api.service[110482]: DEBUG placement.objects.research_context [req-407634f7-1f6e-4cd0-9b3e-eae2db7db384 req-72fb87e4-e24d-4598-ac86-cc438eb1cf09 service placement] getting providers with 1024 MEMORY_MB {{(pid=110482) __init__ /opt/stack/placement/placement/objects/research_context.py:126}}
Nov 26 22:03:52.259704 n-d-819494-1 devstack@placement-api.service[110482]: DEBUG placement.objects.research_context [req-407634f7-1f6e-4cd0-9b3e-eae2db7db384 req-72fb87e4-e24d-4598-ac86-cc438eb1cf09 service placement] getting providers with 1 VCPU {{(pid=110482) __init__ /opt/stack/placement/placement/objects/research_context.py:126}}
Nov 26 22:03:52.273234 n-d-819494-1 devstack@placement-api.service[110482]: DEBUG placement.objects.research_context [req-407634f7-1f6e-4cd0-9b3e-eae2db7db384 req-72fb87e4-e24d-4598-ac86-cc438eb1cf09 service placement] found 2 providers with available 1 DISK_GB {{(pid=110482) get_provider_ids_matching /opt/stack/placement/placement/objects/research_context.py:549}}
Nov 26 22:03:52.273521 n-d-819494-1 devstack@placement-api.service[110482]: DEBUG placement.objects.research_context [req-407634f7-1f6e-4cd0-9b3e-eae2db7db384 req-72fb87e4-e24d-4598-ac86-cc438eb1cf09 service placement] found 2 providers with available 1024 MEMORY_MB {{(pid=110482) get_provider_ids_matching /opt/stack/placement/placement/objects/research_context.py:549}}
Nov 26 22:03:52.274443 n-d-819494-1 devstack@placement-api.service[110482]: DEBUG placement.objects.research_context [req-407634f7-1f6e-4cd0-9b3e-eae2db7db384 req-72fb87e4-e24d-4598-ac86-cc438eb1cf09 service placement] found 2 providers after filtering by previous result {{(pid=110482) get_provider_ids_matching /opt/stack/placement/placement/objects/research_context.py:580}}
Nov 26 22:03:52.274707 n-d-819494-1 devstack@placement-api.service[110482]: DEBUG placement.objects.research_context [req-407634f7-1f6e-4cd0-9b3e-eae2db7db384 req-72fb87e4-e24d-4598-ac86-cc438eb1cf09 service placement] found 2 providers with available 1 VCPU {{(pid=110482) get_provider_ids_matching /opt/stack/placement/placement/objects/research_context.py:549}}
Nov 26 22:03:52.274970 n-d-819494-1 devstack@placement-api.service[110482]: DEBUG placement.objects.research_context [req-407634f7-1f6e-4cd0-9b3e-eae2db7db384 req-72fb87e4-e24d-4598-ac86-cc438eb1cf09 service placement] found 2 providers after filtering by previous result {{(pid=110482) get_provider_ids_matching /opt/stack/placement/placement/objects/research_context.py:580}}
Nov 26 22:03:52.314325 n-d-819494-1 devstack@placement-api.service[110482]: DEBUG placement.objects.allocation_candidate [req-407634f7-1f6e-4cd0-9b3e-eae2db7db384 req-72fb87e4-e24d-4598-ac86-cc438eb1cf09 service placement] RequestGroup(use_same_provider=False, resources={DISK_GB:1, MEMORY_MB:1024, VCPU:1}, traits=[], aggregates=[]) (suffix '') returned 2 matches {{(pid=110482) _get_by_requests /opt/stack/placement/placement/objects/allocation_candidate.py:145}}
