Jan 17 03:39:14.696023 n-d-819390-7 devstack@placement-api.service[104298]: DEBUG placement.objects.allocation_candidate [req-4190db38-5f7e-452b-b042-5b30c9907ccc req-bf159179-42ef-4199-8362-5b94668626d9 service placement] RequestGroup(use_same_provider=False, resources={DISK_GB:1, MEMORY_MB:1024, VCPU:1}, traits=[], aggregates=[]) (suffix '') returned 2 matches {{(pid=104298) _get_by_requests /opt/stack/placement/placement/objects/allocation_candidate.py:145}}
Jan 17 03:39:14.696595 n-d-819390-7 devstack@placement-api.service[104298]: DEBUG placement.objects.allocation_candidate [req-4190db38-5f7e-452b-b042-5b30c9907ccc req-bf159179-42ef-4199-8362-5b94668626d9 service placement] Merging candidates yields 2 allocation requests and 2 provider summaries {{(pid=104298) _merge_candidates /opt/stack/placement/placement/objects/allocation_candidate.py:783}}
Jan 17 03:39:14.698532 n-d-819390-7 devstack@placement-api.service[104298]: INFO placement.requestlog [req-4190db38-5f7e-452b-b042-5b30c9907ccc req-bf159179-42ef-4199-8362-5b94668626d9 service placement] 10.222.0.20 "GET /placement/allocation_candidates?limit=1000&resources=DISK_GB%3A1%2CMEMORY_MB%3A1024%2CVCPU%3A1&root_required=%21COMPUTE_STATUS_DISABLED" status: 200 len: 1306 microversion: 1.36
Jan 17 03:39:14.699087 n-d-819390-7 devstack@placement-api.service[104298]: [pid: 104298|app: 0|req: 457/921] 10.222.0.20 () {60 vars in 1506 bytes} [Mon Jan 17 03:39:14 2022] GET /placement/allocation_candidates?limit=1000&resources=DISK_GB%3A1%2CMEMORY_MB%3A1024%2CVCPU%3A1&root_required=%21COMPUTE_STATUS_DISABLED => generated 1306 bytes in 83 msecs (HTTP/1.1 200) 8 headers in 297 bytes (1 switches on core 0)
Jan 17 03:39:14.762654 n-d-819390-7 devstack@placement-api.service[104297]: DEBUG placement.requestlog [req-4190db38-5f7e-452b-b042-5b30c9907ccc req-1ffe85f7-130d-4389-9fce-7510fc62bc7b None None] Starting request: 10.222.0.20 "GET /placement/allocations/e772e0c4-fa25-4bb5-b839-2cd8f744a61f" {{(pid=104297) __call__ /opt/stack/placement/placement/requestlog.py:55}}
Jan 17 03:39:14.782248 n-d-819390-7 devstack@placement-api.service[104297]: INFO placement.requestlog [req-4190db38-5f7e-452b-b042-5b30c9907ccc req-1ffe85f7-130d-4389-9fce-7510fc62bc7b service placement] 10.222.0.20 "GET /placement/allocations/e772e0c4-fa25-4bb5-b839-2cd8f744a61f" status: 200 len: 19 microversion: 1.28
Jan 17 03:39:14.783123 n-d-819390-7 devstack@placement-api.service[104297]: [pid: 104297|app: 0|req: 465/922] 10.222.0.20 () {60 vars in 1380 bytes} [Mon Jan 17 03:39:14 2022] GET /placement/allocations/e772e0c4-fa25-4bb5-b839-2cd8f744a61f => generated 19 bytes in 21 msecs (HTTP/1.1 200) 8 headers in 295 bytes (1 switches on core 0)
Jan 17 03:39:14.802721 n-d-819390-7 devstack@placement-api.service[104298]: DEBUG placement.requestlog [req-4190db38-5f7e-452b-b042-5b30c9907ccc req-d10492d8-87e2-4a4b-961a-46c6c7e2c52d None None] Starting request: 10.222.0.20 "PUT /placement/allocations/e772e0c4-fa25-4bb5-b839-2cd8f744a61f" {{(pid=104298) __call__ /opt/stack/placement/placement/requestlog.py:55}}
Jan 17 03:39:14.963480 n-d-819390-7 devstack@placement-api.service[104298]: DEBUG placement.handlers.allocation [req-4190db38-5f7e-452b-b042-5b30c9907ccc req-d10492d8-87e2-4a4b-961a-46c6c7e2c52d service placement] Successfully wrote allocations [, , ] {{(pid=104298) _update_consumers_and_create_allocations /opt/stack/placement/placement/handlers/allocation.py:462}}
Jan 17 03:39:15.047729 n-d-819390-7 devstack@placement-api.service[104298]: INFO placement.requestlog [req-4190db38-5f7e-452b-b042-5b30c9907ccc req-d10492d8-87e2-4a4b-961a-46c6c7e2c52d service placement] 10.222.0.20 "PUT /placement/allocations/e772e0c4-fa25-4bb5-b839-2cd8f744a61f" status: 204 len: 0 microversion: 1.36
Jan 17 03:39:15.048313 n-d-819390-7 devstack@placement-api.service[104298]: [pid: 104298|app: 0|req: 458/923] 10.222.0.20 () {64 vars in 1433 bytes} [Mon Jan 17 03:39:14 2022] PUT /placement/allocations/e772e0c4-fa25-4bb5-b839-2cd8f744a61f => generated 0 bytes in 246 msecs (HTTP/1.1 204) 5 headers in 199 bytes (1 switches on core 0)
Jan 17 03:39:15.520997 n-d-819390-7 devstack@placement-api.service[104297]: DEBUG placement.requestlog [req-4190db38-5f7e-452b-b042-5b30c9907ccc req-22a1d6f6-398d-4ecc-a3a5-ab04d72381e0 None None] Starting request: 10.222.0.72 "GET /placement/allocations/e772e0c4-fa25-4bb5-b839-2cd8f744a61f" {{(pid=104297) __call__ /opt/stack/placement/placement/requestlog.py:55}}
Jan 17 03:39:15.544332 n-d-819390-7 devstack@placement-api.service[104297]: INFO placement.requestlog [req-4190db38-5f7e-452b-b042-5b30c9907ccc req-22a1d6f6-398d-4ecc-a3a5-ab04d72381e0 service placement] 10.222.0.72 "GET /placement/allocations/e772e0c4-fa25-4bb5-b839-2cd8f744a61f" status: 200 len: 260 microversion: 1.28
Jan 17 03:39:15.544332 n-d-819390-7 devstack@placement-api.service[104297]: [pid: 104297|app: 0|req: 466/924] 10.222.0.72 () {60 vars in 1377 bytes} [Mon Jan 17 03:39:15 2022] GET /placement/allocations/e772e0c4-fa25-4bb5-b839-2cd8f744a61f => generated 260 bytes in 21 msecs (HTTP/1.1 200) 8 headers in 296 bytes (1 switches on core 0)
Jan 17 03:39:48.195418 n-d-819390-7 devstack@placement-api.service[104298]: DEBUG placement.requestlog [req-6743da0b-42c2-444c-b7c6-3ca3fd7a1462 req-4e0da8bc-85eb-4386-8d4d-e747546f57f3 None None] Starting request: 10.222.0.32 "DELETE /placement/allocations/7f08aacc-7dff-45f7-a8ca-691fc69c421e" {{(pid=104298) __call__ /opt/stack/placement/placement/requestlog.py:55}}
Jan 17 03:39:48.435107 n-d-819390-7 devstack@placement-api.service[104298]: DEBUG placement.handlers.allocation [req-6743da0b-42c2-444c-b7c6-3ca3fd7a1462 req-4e0da8bc-85eb-4386-8d4d-e747546f57f3 service placement] Successfully deleted allocations [, , ] {{(pid=104298) delete_allocations /opt/stack/placement/placement/handlers/allocation.py:627}}
Jan 17 03:39:48.435763 n-d-819390-7 devstack@placement-api.service[104298]: INFO placement.requestlog [req-6743da0b-42c2-444c-b7c6-3ca3fd7a1462 req-4e0da8bc-85eb-4386-8d4d-e747546f57f3 service placement] 10.222.0.32 "DELETE /placement/allocations/7f08aacc-7dff-45f7-a8ca-691fc69c421e" status: 204 len: 0 microversion: 1.0
Jan 17 03:39:48.436797 n-d-819390-7 devstack@placement-api.service[104298]: [pid: 104298|app: 0|req: 459/925] 10.222.0.32 () {60 vars in 1355 bytes} [Mon Jan 17 03:39:48 2022] DELETE /placement/allocations/7f08aacc-7dff-45f7-a8ca-691fc69c421e => generated 0 bytes in 242 msecs (HTTP/1.1 204) 5 headers in 198 bytes (1 switches on core 0)
Jan 17 03:40:00.431735 n-d-819390-7 devstack@placement-api.service[104297]: DEBUG placement.requestlog [req-a897c109-da94-463c-9d0f-882fa52dfc68 req-71412231-9610-4dad-a80f-5d270dacae37 None None] Starting request: 10.222.0.72 "GET /placement/resource_providers/c0be5e45-0b80-4e41-99d4-2f349fb18902/allocations" {{(pid=104297) __call__ /opt/stack/placement/placement/requestlog.py:55}}
Jan 17 03:40:00.482313 n-d-819390-7 devstack@placement-api.service[104297]: INFO placement.requestlog [req-a897c109-da94-463c-9d0f-882fa52dfc68 req-71412231-9610-4dad-a80f-5d270dacae37 service placement] 10.222.0.72 "GET /placement/resource_providers/c0be5e45-0b80-4e41-99d4-2f349fb18902/allocations" status: 200 len: 155 microversion: 1.0
Jan 17 03:40:00.490654 n-d-819390-7 devstack@placement-api.service[104297]: [pid: 104297|app: 0|req: 467/926] 10.222.0.72 () {58 vars in 1390 bytes} [Mon Jan 17 03:40:00 2022] GET /placement/resource_providers/c0be5e45-0b80-4e41-99d4-2f349fb18902/allocations => generated 155 bytes in 59 msecs (HTTP/1.1 200) 6 headers in 224 bytes (1 switches on core 0)
Jan 17 03:40:01.972394 n-d-819390-7 devstack@placement-api.service[104298]: DEBUG placement.requestlog [req-a00d0884-8359-424e-85d9-e154e8e95b79 req-488a5b8e-6668-4781-bd3f-52daf76a2edc None None] Starting request: 10.222.0.32 "GET /placement/resource_providers/83607e4b-c2ea-4f39-9632-bbbbc8e6b0e3/allocations" {{(pid=104298) __call__ /opt/stack/placement/placement/requestlog.py:55}}
Jan 17 03:40:02.003206 n-d-819390-7 devstack@placement-api.service[104298]: INFO placement.requestlog [req-a00d0884-8359-424e-85d9-e154e8e95b79 req-488a5b8e-6668-4781-bd3f-52daf76a2edc service placement] 10.222.0.32 "GET /placement/resource_providers/83607e4b-c2ea-4f39-9632-bbbbc8e6b0e3/allocations" status: 200 len: 55 microversion: 1.0
Jan 17 03:40:02.004419 n-d-819390-7 devstack@placement-api.service[104298]: [pid: 104298|app: 0|req: 460/927] 10.222.0.32 () {58 vars in 1390 bytes} [Mon Jan 17 03:40:01 2022] GET /placement/resource_providers/83607e4b-c2ea-4f39-9632-bbbbc8e6b0e3/allocations => generated 55 bytes in 33 msecs (HTTP/1.1 200) 6 headers in 223 bytes (1 switches on core 0)
Jan 17 03:40:19.826157 n-d-819390-7 devstack@placement-api.service[104297]: DEBUG placement.requestlog [req-6a027855-b3f4-4467-b8dd-e9700f53a5f6 req-75db5d6d-7e9f-477f-9191-3dec398d0f06 None None] Starting request: 10.222.0.20 "GET /placement/allocation_candidates?limit=1000&resources=DISK_GB%3A1%2CMEMORY_MB%3A1024%2CVCPU%3A1&root_required=%21COMPUTE_STATUS_DISABLED" {{(pid=104297) __call__ /opt/stack/placement/placement/requestlog.py:55}}
Jan 17 03:40:19.867940 n-d-819390-7 devstack@placement-api.service[104297]: DEBUG placement.objects.research_context [req-6a027855-b3f4-4467-b8dd-e9700f53a5f6 req-75db5d6d-7e9f-477f-9191-3dec398d0f06 service placement] getting providers with 1 DISK_GB {{(pid=104297) __init__ /opt/stack/placement/placement/objects/research_context.py:126}}
Jan 17 03:40:19.874334 n-d-819390-7 devstack@placement-api.service[104297]: DEBUG placement.objects.research_context [req-6a027855-b3f4-4467-b8dd-e9700f53a5f6 req-75db5d6d-7e9f-477f-9191-3dec398d0f06 service placement] getting providers with 1024 MEMORY_MB {{(pid=104297) __init__ /opt/stack/placement/placement/objects/research_context.py:126}}
Jan 17 03:40:19.882110 n-d-819390-7 devstack@placement-api.service[104297]: DEBUG placement.objects.research_context [req-6a027855-b3f4-4467-b8dd-e9700f53a5f6 req-75db5d6d-7e9f-477f-9191-3dec398d0f06 service placement] getting providers with 1 VCPU {{(pid=104297) __init__ /opt/stack/placement/placement/objects/research_context.py:126}}
Jan 17 03:40:19.887952 n-d-819390-7 devstack@placement-api.service[104297]: DEBUG placement.objects.research_context [req-6a027855-b3f4-4467-b8dd-e9700f53a5f6 req-75db5d6d-7e9f-477f-9191-3dec398d0f06 service placement] found 2 providers with available 1 DISK_GB {{(pid=104297) get_provider_ids_matching /opt/stack/placement/placement/objects/research_context.py:549}}
Jan 17 03:40:19.888228 n-d-819390-7 devstack@placement-api.service[104297]: DEBUG placement.objects.research_context [req-6a027855-b3f4-4467-b8dd-e9700f53a5f6 req-75db5d6d-7e9f-477f-9191-3dec398d0f06 service placement] found 2 providers with available 1024 MEMORY_MB {{(pid=104297) get_provider_ids_matching /opt/stack/placement/placement/objects/research_context.py:549}}
Jan 17 03:40:19.888552 n-d-819390-7 devstack@placement-api.service[104297]: DEBUG placement.objects.research_context [req-6a027855-b3f4-4467-b8dd-e9700f53a5f6 req-75db5d6d-7e9f-477f-9191-3dec398d0f06 service placement] found 2 providers after filtering by previous result {{(pid=104297) get_provider_ids_matching /opt/stack/placement/placement/objects/research_context.py:580}}
Jan 17 03:40:19.888813 n-d-819390-7 devstack@placement-api.service[104297]: DEBUG placement.objects.research_context [req-6a027855-b3f4-4467-b8dd-e9700f53a5f6 req-75db5d6d-7e9f-477f-9191-3dec398d0f06 service placement] found 2 providers with available 1 VCPU {{(pid=104297) get_provider_ids_matching /opt/stack/placement/placement/objects/research_context.py:549}}
Jan 17 03:40:19.889076 n-d-819390-7 devstack@placement-api.service[104297]: DEBUG placement.objects.research_context [req-6a027855-b3f4-4467-b8dd-e9700f53a5f6 req-75db5d6d-7e9f-477f-9191-3dec398d0f06 service placement] found 2 providers after filtering by previous result {{(pid=104297) get_provider_ids_matching /opt/stack/placement/placement/objects/research_context.py:580}}
Jan 17 03:40:19.905458 n-d-819390-7 devstack@placement-api.service[104297]: DEBUG placement.objects.allocation_candidate [req-6a027855-b3f4-4467-b8dd-e9700f53a5f6 req-75db5d6d-7e9f-477f-9191-3dec398d0f06 service placement] RequestGroup(use_same_provider=False, resources={DISK_GB:1, MEMORY_MB:1024, VCPU:1}, traits=[], aggregates=[]) (suffix '') returned 2 matches {{(pid=104297) _get_by_requests /opt/stack/placement/placement/objects/allocation_candidate.py:145}}
Jan 17 03:40:19.905831 n-d-819390-7 devstack@placement-api.service[104297]: DEBUG placement.objects.allocation_candidate [req-6a027855-b3f4-4467-b8dd-e9700f53a5f6 req-75db5d6d-7e9f-477f-9191-3dec398d0f06 service placement] Merging candidates yields 2 allocation requests and 2 provider summaries {{(pid=104297) _merge_candidates /opt/stack/placement/placement/objects/allocation_candidate.py:783}}
Jan 17 03:40:19.907658 n-d-819390-7 devstack@placement-api.service[104297]: INFO placement.requestlog [req-6a027855-b3f4-4467-b8dd-e9700f53a5f6 req-75db5d6d-7e9f-477f-9191-3dec398d0f06 service placement] 10.222.0.20 "GET /placement/allocation_candidates?limit=1000&resources=DISK_GB%3A1%2CMEMORY_MB%3A1024%2CVCPU%3A1&root_required=%21COMPUTE_STATUS_DISABLED" status: 200 len: 1306 microversion: 1.36
Jan 17 03:40:19.908882 n-d-819390-7 devstack@placement-api.service[104297]: [pid: 104297|app: 0|req: 468/928] 10.222.0.20 () {60 vars in 1506 bytes} [Mon Jan 17 03:40:19 2022] GET /placement/allocation_candidates?limit=1000&resources=DISK_GB%3A1%2CMEMORY_MB%3A1024%2CVCPU%3A1&root_required=%21COMPUTE_STATUS_DISABLED => generated 1306 bytes in 83 msecs (HTTP/1.1 200) 8 headers in 297 bytes (1 switches on core 0)
Jan 17 03:40:20.003623 n-d-819390-7 devstack@placement-api.service[104298]: DEBUG placement.requestlog [req-6a027855-b3f4-4467-b8dd-e9700f53a5f6 req-6816a4b9-5587-4648-8eff-8e6034a8f24e None None] Starting request: 10.222.0.20 "GET /placement/allocations/2b631af7-9fe2-414e-9aad-8121f6227bc8" {{(pid=104298) __call__ /opt/stack/placement/placement/requestlog.py:55}}
Jan 17 03:40:20.015813 n-d-819390-7 devstack@placement-api.service[104298]: INFO placement.requestlog [req-6a027855-b3f4-4467-b8dd-e9700f53a5f6 req-6816a4b9-5587-4648-8eff-8e6034a8f24e service placement] 10.222.0.20 "GET /placement/allocations/2b631af7-9fe2-414e-9aad-8121f6227bc8" status: 200 len: 19 microversion: 1.28
Jan 17 03:40:20.020600 n-d-819390-7 devstack@placement-api.service[104298]: [pid: 104298|app: 0|req: 461/929] 10.222.0.20 () {60 vars in 1380 bytes} [Mon Jan 17 03:40:20 2022] GET /placement/allocations/2b631af7-9fe2-414e-9aad-8121f6227bc8 => generated 19 bytes in 13 msecs (HTTP/1.1 200) 8 headers in 295 bytes (1 switches on core 0)
Jan 17 03:40:20.025522 n-d-819390-7 devstack@placement-api.service[104297]: DEBUG placement.requestlog [req-6a027855-b3f4-4467-b8dd-e9700f53a5f6 req-c72bad61-61f2-4977-bb01-693243454c2d None None] Starting request: 10.222.0.20 "PUT /placement/allocations/2b631af7-9fe2-414e-9aad-8121f6227bc8" {{(pid=104297) __call__ /opt/stack/placement/placement/requestlog.py:55}}
Jan 17 03:40:20.375903 n-d-819390-7 devstack@placement-api.service[104298]: DEBUG placement.requestlog [req-21c076e3-6f8e-4119-b9e5-c57371c7756b req-78ec29f9-f9cc-46fe-a2f2-34ffbd644db1 None None] Starting request: 10.222.0.72 "DELETE /placement/allocations/e772e0c4-fa25-4bb5-b839-2cd8f744a61f" {{(pid=104298) __call__ /opt/stack/placement/placement/requestlog.py:55}}
Jan 17 03:40:20.763689 n-d-819390-7 devstack@placement-api.service[104297]: DEBUG placement.handlers.allocation [req-6a027855-b3f4-4467-b8dd-e9700f53a5f6 req-c72bad61-61f2-4977-bb01-693243454c2d service placement] Successfully wrote allocations [, , ] {{(pid=104297) _update_consumers_and_create_allocations /opt/stack/placement/placement/handlers/allocation.py:462}}
Jan 17 03:40:20.771784 n-d-819390-7 devstack@placement-api.service[104298]: DEBUG placement.handlers.allocation [req-21c076e3-6f8e-4119-b9e5-c57371c7756b req-78ec29f9-f9cc-46fe-a2f2-34ffbd644db1 service placement] Successfully deleted allocations [, , ] {{(pid=104298) delete_allocations /opt/stack/placement/placement/handlers/allocation.py:627}}
Jan 17 03:40:20.772518 n-d-819390-7 devstack@placement-api.service[104298]: INFO placement.requestlog [req-21c076e3-6f8e-4119-b9e5-c57371c7756b req-78ec29f9-f9cc-46fe-a2f2-34ffbd644db1 service placement] 10.222.0.72 "DELETE /placement/allocations/e772e0c4-fa25-4bb5-b839-2cd8f744a61f" status: 204 len: 0 microversion: 1.0
Jan 17 03:40:20.772924 n-d-819390-7 devstack@placement-api.service[104298]: [pid: 104298|app: 0|req: 462/930] 10.222.0.72 () {60 vars in 1355 bytes} [Mon Jan 17 03:40:20 2022] DELETE /placement/allocations/e772e0c4-fa25-4bb5-b839-2cd8f744a61f => generated 0 bytes in 398 msecs (HTTP/1.1 204) 5 headers in 198 bytes (2 switches on core 0)
Jan 17 03:40:20.885922 n-d-819390-7 devstack@placement-api.service[104297]: INFO placement.requestlog [req-6a027855-b3f4-4467-b8dd-e9700f53a5f6 req-c72bad61-61f2-4977-bb01-693243454c2d service placement] 10.222.0.20 "PUT /placement/allocations/2b631af7-9fe2-414e-9aad-8121f6227bc8" status: 204 len: 0 microversion: 1.36
Jan 17 03:40:20.886846 n-d-819390-7 devstack@placement-api.service[104297]: [pid: 104297|app: 0|req: 469/931] 10.222.0.20 () {64 vars in 1433 bytes} [Mon Jan 17 03:40:20 2022] PUT /placement/allocations/2b631af7-9fe2-414e-9aad-8121f6227bc8 => generated 0 bytes in 861 msecs (HTTP/1.1 204) 5 headers in 199 bytes (1 switches on core 0)
Jan 17 03:40:22.596236 n-d-819390-7 devstack@placement-api.service[104298]: DEBUG placement.requestlog [req-6a027855-b3f4-4467-b8dd-e9700f53a5f6 req-28d56e19-3c83-483d-a79b-7472a61c15b1 None None] Starting request: 10.222.0.32 "GET /placement/allocations/2b631af7-9fe2-414e-9aad-8121f6227bc8" {{(pid=104298) __call__ /opt/stack/placement/placement/requestlog.py:55}}
Jan 17 03:40:22.626866 n-d-819390-7 devstack@placement-api.service[104298]: INFO placement.requestlog [req-6a027855-b3f4-4467-b8dd-e9700f53a5f6 req-28d56e19-3c83-483d-a79b-7472a61c15b1 service placement] 10.222.0.32 "GET /placement/allocations/2b631af7-9fe2-414e-9aad-8121f6227bc8" status: 200 len: 259 microversion: 1.28
Jan 17 03:40:22.629216 n-d-819390-7 devstack@placement-api.service[104298]: [pid: 104298|app: 0|req: 463/932] 10.222.0.32 () {60 vars in 1377 bytes} [Mon Jan 17 03:40:22 2022] GET /placement/allocations/2b631af7-9fe2-414e-9aad-8121f6227bc8 => generated 259 bytes in 34 msecs (HTTP/1.1 200) 8 headers in 296 bytes (1 switches on core 0)
Jan 17 03:40:42.564171 n-d-819390-7 devstack@placement-api.service[104297]: DEBUG placement.requestlog [req-2ef91a71-1ebf-4d22-9dbf-aca963646484 req-353bbcb7-5946-44ba-8e16-eb080a69c1d4 None None] Starting request: 10.222.0.32 "GET /placement/allocations/2b631af7-9fe2-414e-9aad-8121f6227bc8" {{(pid=104297) __call__ /opt/stack/placement/placement/requestlog.py:55}}
Jan 17 03:40:42.589643 n-d-819390-7 devstack@placement-api.service[104297]: INFO placement.requestlog [req-2ef91a71-1ebf-4d22-9dbf-aca963646484 req-353bbcb7-5946-44ba-8e16-eb080a69c1d4 service placement] 10.222.0.32 "GET /placement/allocations/2b631af7-9fe2-414e-9aad-8121f6227bc8" status: 200 len: 259 microversion: 1.28
Jan 17 03:40:42.592115 n-d-819390-7 devstack@placement-api.service[104297]: [pid: 104297|app: 0|req: 470/933] 10.222.0.32 () {60 vars in 1377 bytes} [Mon Jan 17 03:40:42 2022] GET /placement/allocations/2b631af7-9fe2-414e-9aad-8121f6227bc8 => generated 259 bytes in 28 msecs (HTTP/1.1 200) 8 headers in 296 bytes (1 switches on core 0)
Jan 17 03:40:55.089606 n-d-819390-7 devstack@placement-api.service[104298]: DEBUG placement.requestlog [req-4348b943-26c8-43c1-a09b-4f8c510956f4 req-0e30c745-b2f9-40cc-bb4e-db2ee49da0ee None None] Starting request: 10.222.0.20 "GET /placement/allocation_candidates?limit=1000&resources=DISK_GB%3A1%2CMEMORY_MB%3A1024%2CVCPU%3A1&root_required=%21COMPUTE_STATUS_DISABLED" {{(pid=104298) __call__ /opt/stack/placement/placement/requestlog.py:55}}
Jan 17 03:40:55.651594 n-d-819390-7 devstack@placement-api.service[104298]: DEBUG placement.objects.research_context [req-4348b943-26c8-43c1-a09b-4f8c510956f4 req-0e30c745-b2f9-40cc-bb4e-db2ee49da0ee service placement] getting providers with 1 DISK_GB {{(pid=104298) __init__ /opt/stack/placement/placement/objects/research_context.py:126}}
Jan 17 03:40:55.663481 n-d-819390-7 devstack@placement-api.service[104298]: DEBUG placement.objects.research_context [req-4348b943-26c8-43c1-a09b-4f8c510956f4 req-0e30c745-b2f9-40cc-bb4e-db2ee49da0ee service placement] getting providers with 1024 MEMORY_MB {{(pid=104298) __init__ /opt/stack/placement/placement/objects/research_context.py:126}}
Jan 17 03:40:55.672649 n-d-819390-7 devstack@placement-api.service[104298]: DEBUG placement.objects.research_context [req-4348b943-26c8-43c1-a09b-4f8c510956f4 req-0e30c745-b2f9-40cc-bb4e-db2ee49da0ee service placement] getting providers with 1 VCPU {{(pid=104298) __init__ /opt/stack/placement/placement/objects/research_context.py:126}}
Jan 17 03:40:55.703998 n-d-819390-7 devstack@placement-api.service[104298]: DEBUG placement.objects.research_context [req-4348b943-26c8-43c1-a09b-4f8c510956f4 req-0e30c745-b2f9-40cc-bb4e-db2ee49da0ee service placement] found 2 providers with available 1 DISK_GB {{(pid=104298) get_provider_ids_matching /opt/stack/placement/placement/objects/research_context.py:549}}
Jan 17 03:40:55.704552 n-d-819390-7 devstack@placement-api.service[104298]: DEBUG placement.objects.research_context [req-4348b943-26c8-43c1-a09b-4f8c510956f4 req-0e30c745-b2f9-40cc-bb4e-db2ee49da0ee service placement] found 2 providers with available 1024 MEMORY_MB {{(pid=104298) get_provider_ids_matching /opt/stack/placement/placement/objects/research_context.py:549}}
Jan 17 03:40:55.705071 n-d-819390-7 devstack@placement-api.service[104298]: DEBUG placement.objects.research_context [req-4348b943-26c8-43c1-a09b-4f8c510956f4 req-0e30c745-b2f9-40cc-bb4e-db2ee49da0ee service placement] found 2 providers after filtering by previous result {{(pid=104298) get_provider_ids_matching /opt/stack/placement/placement/objects/research_context.py:580}}
Jan 17 03:40:55.705573 n-d-819390-7 devstack@placement-api.service[104298]: DEBUG placement.objects.research_context [req-4348b943-26c8-43c1-a09b-4f8c510956f4 req-0e30c745-b2f9-40cc-bb4e-db2ee49da0ee service placement] found 2 providers with available 1 VCPU {{(pid=104298) get_provider_ids_matching /opt/stack/placement/placement/objects/research_context.py:549}}
Jan 17 03:40:55.706245 n-d-819390-7 devstack@placement-api.service[104298]: DEBUG placement.objects.research_context [req-4348b943-26c8-43c1-a09b-4f8c510956f4 req-0e30c745-b2f9-40cc-bb4e-db2ee49da0ee service placement] found 2 providers after filtering by previous result {{(pid=104298) get_provider_ids_matching /opt/stack/placement/placement/objects/research_context.py:580}}
Jan 17 03:40:55.723763 n-d-819390-7 devstack@placement-api.service[104298]: DEBUG placement.objects.allocation_candidate [req-4348b943-26c8-43c1-a09b-4f8c510956f4 req-0e30c745-b2f9-40cc-bb4e-db2ee49da0ee service placement] RequestGroup(use_same_provider=False, resources={DISK_GB:1, MEMORY_MB:1024, VCPU:1}, traits=[], aggregates=[]) (suffix '') returned 2 matches {{(pid=104298) _get_by_requests /opt/stack/placement/placement/objects/allocation_candidate.py:145}}
Jan 17 03:40:55.727401 n-d-819390-7 devstack@placement-api.service[104298]: DEBUG placement.objects.allocation_candidate [req-4348b943-26c8-43c1-a09b-4f8c510956f4 req-0e30c745-b2f9-40cc-bb4e-db2ee49da0ee service placement] Merging candidates yields 2 allocation requests and 2 provider summaries {{(pid=104298) _merge_candidates /opt/stack/placement/placement/objects/allocation_candidate.py:783}}
Jan 17 03:40:55.729913 n-d-819390-7 devstack@placement-api.service[104298]: INFO placement.requestlog [req-4348b943-26c8-43c1-a09b-4f8c510956f4 req-0e30c745-b2f9-40cc-bb4e-db2ee49da0ee service placement] 10.222.0.20 "GET /placement/allocation_candidates?limit=1000&resources=DISK_GB%3A1%2CMEMORY_MB%3A1024%2CVCPU%3A1&root_required=%21COMPUTE_STATUS_DISABLED" status: 200 len: 1306 microversion: 1.36
Jan 17 03:40:55.733930 n-d-819390-7 devstack@placement-api.service[104298]: [pid: 104298|app: 0|req: 464/934] 10.222.0.20 () {60 vars in 1506 bytes} [Mon Jan 17 03:40:55 2022] GET /placement/allocation_candidates?limit=1000&resources=DISK_GB%3A1%2CMEMORY_MB%3A1024%2CVCPU%3A1&root_required=%21COMPUTE_STATUS_DISABLED => generated 1306 bytes in 644 msecs (HTTP/1.1 200) 8 headers in 297 bytes (1 switches on core 0)
Jan 17 03:40:55.842825 n-d-819390-7 devstack@placement-api.service[104297]: DEBUG placement.requestlog [req-4348b943-26c8-43c1-a09b-4f8c510956f4 req-14e4da9f-25c0-4052-a323-ae2793063b43 None None] Starting request: 10.222.0.20 "GET /placement/allocations/5fa0984f-ab7f-4fd7-ada9-e5912480f145" {{(pid=104297) __call__ /opt/stack/placement/placement/requestlog.py:55}}
Jan 17 03:40:55.869526 n-d-819390-7 devstack@placement-api.service[104297]: INFO placement.requestlog [req-4348b943-26c8-43c1-a09b-4f8c510956f4 req-14e4da9f-25c0-4052-a323-ae2793063b43 service placement] 10.222.0.20 "GET /placement/allocations/5fa0984f-ab7f-4fd7-ada9-e5912480f145" status: 200 len: 19 microversion: 1.28
Jan 17 03:40:55.879049 n-d-819390-7 devstack@placement-api.service[104298]: DEBUG placement.requestlog [req-4348b943-26c8-43c1-a09b-4f8c510956f4 req-7f3a4b39-a0bb-47b4-98e2-3ae71aee6f9b None None] Starting request: 10.222.0.20 "PUT /placement/allocations/5fa0984f-ab7f-4fd7-ada9-e5912480f145" {{(pid=104298) __call__ /opt/stack/placement/placement/requestlog.py:55}}
Jan 17 03:40:55.891978 n-d-819390-7 devstack@placement-api.service[104297]: [pid: 104297|app: 0|req: 471/935] 10.222.0.20 () {60 vars in 1380 bytes} [Mon Jan 17 03:40:55 2022] GET /placement/allocations/5fa0984f-ab7f-4fd7-ada9-e5912480f145 => generated 19 bytes in 50 msecs (HTTP/1.1 200) 8 headers in 295 bytes (2 switches on core 0)
Jan 17 03:40:56.301759 n-d-819390-7 devstack@placement-api.service[104298]: DEBUG placement.handlers.allocation [req-4348b943-26c8-43c1-a09b-4f8c510956f4 req-7f3a4b39-a0bb-47b4-98e2-3ae71aee6f9b service placement] Successfully wrote allocations [, , ] {{(pid=104298) _update_consumers_and_create_allocations /opt/stack/placement/placement/handlers/allocation.py:462}}
Jan 17 03:40:56.385659 n-d-819390-7 devstack@placement-api.service[104298]: INFO placement.requestlog [req-4348b943-26c8-43c1-a09b-4f8c510956f4 req-7f3a4b39-a0bb-47b4-98e2-3ae71aee6f9b service placement] 10.222.0.20 "PUT /placement/allocations/5fa0984f-ab7f-4fd7-ada9-e5912480f145" status: 204 len: 0 microversion: 1.36
Jan 17 03:40:56.388474 n-d-819390-7 devstack@placement-api.service[104298]: [pid: 104298|app: 0|req: 465/936] 10.222.0.20 () {64 vars in 1433 bytes} [Mon Jan 17 03:40:55 2022] PUT /placement/allocations/5fa0984f-ab7f-4fd7-ada9-e5912480f145 => generated 0 bytes in 512 msecs (HTTP/1.1 204) 5 headers in 199 bytes (2 switches on core 0)
Jan 17 03:40:58.081212 n-d-819390-7 devstack@placement-api.service[104297]: DEBUG placement.requestlog [req-4348b943-26c8-43c1-a09b-4f8c510956f4 req-7a77251c-da62-427b-810c-a9c378cd8d8b None None] Starting request: 10.222.0.72 "GET /placement/allocations/5fa0984f-ab7f-4fd7-ada9-e5912480f145" {{(pid=104297) __call__ /opt/stack/placement/placement/requestlog.py:55}}
Jan 17 03:40:58.107442 n-d-819390-7 devstack@placement-api.service[104297]: INFO placement.requestlog [req-4348b943-26c8-43c1-a09b-4f8c510956f4 req-7a77251c-da62-427b-810c-a9c378cd8d8b service placement] 10.222.0.72 "GET /placement/allocations/5fa0984f-ab7f-4fd7-ada9-e5912480f145" status: 200 len: 260 microversion: 1.28
Jan 17 03:40:58.108272 n-d-819390-7 devstack@placement-api.service[104297]: [pid: 104297|app: 0|req: 472/937] 10.222.0.72 () {60 vars in 1377 bytes} [Mon Jan 17 03:40:58 2022] GET /placement/allocations/5fa0984f-ab7f-4fd7-ada9-e5912480f145 => generated 260 bytes in 27 msecs (HTTP/1.1 200) 8 headers in 296 bytes (1 switches on core 0)
Jan 17 03:41:02.412967 n-d-819390-7 devstack@placement-api.service[104298]: DEBUG placement.requestlog [req-f44b8482-ffa9-43a0-9f6c-c1136520da03 req-335bce64-3c48-408d-afab-540e729c4c32 None None] Starting request: 10.222.0.72 "GET /placement/resource_providers/c0be5e45-0b80-4e41-99d4-2f349fb18902/allocations" {{(pid=104298) __call__ /opt/stack/placement/placement/requestlog.py:55}}
Jan 17 03:41:02.446674 n-d-819390-7 devstack@placement-api.service[104298]: INFO placement.requestlog [req-f44b8482-ffa9-43a0-9f6c-c1136520da03 req-335bce64-3c48-408d-afab-540e729c4c32 service placement] 10.222.0.72 "GET /placement/resource_providers/c0be5e45-0b80-4e41-99d4-2f349fb18902/allocations" status: 200 len: 155 microversion: 1.0
Jan 17 03:41:02.447047 n-d-819390-7 devstack@placement-api.service[104298]: [pid: 104298|app: 0|req: 466/938] 10.222.0.72 () {58 vars in 1390 bytes} [Mon Jan 17 03:41:02 2022] GET /placement/resource_providers/c0be5e45-0b80-4e41-99d4-2f349fb18902/allocations => generated 155 bytes in 34 msecs (HTTP/1.1 200) 6 headers in 224 bytes (1 switches on core 0)
Jan 17 03:41:04.466991 n-d-819390-7 devstack@placement-api.service[104297]: DEBUG placement.requestlog [req-53261d64-6e91-42d2-814c-2d258b6ba749 req-bec60a48-3a57-421a-a33a-f167d066d4eb None None] Starting request: 10.222.0.32 "GET /placement/resource_providers/83607e4b-c2ea-4f39-9632-bbbbc8e6b0e3/allocations" {{(pid=104297) __call__ /opt/stack/placement/placement/requestlog.py:55}}
Jan 17 03:41:04.513675 n-d-819390-7 devstack@placement-api.service[104297]: INFO placement.requestlog [req-53261d64-6e91-42d2-814c-2d258b6ba749 req-bec60a48-3a57-421a-a33a-f167d066d4eb service placement] 10.222.0.32 "GET /placement/resource_providers/83607e4b-c2ea-4f39-9632-bbbbc8e6b0e3/allocations" status: 200 len: 154 microversion: 1.0
Jan 17 03:41:04.514374 n-d-819390-7 devstack@placement-api.service[104297]: [pid: 104297|app: 0|req: 473/939] 10.222.0.32 () {58 vars in 1390 bytes} [Mon Jan 17 03:41:04 2022] GET /placement/resource_providers/83607e4b-c2ea-4f39-9632-bbbbc8e6b0e3/allocations => generated 154 bytes in 48 msecs (HTTP/1.1 200) 6 headers in 224 bytes (1 switches on core 0)
Jan 17 03:41:22.907147 n-d-819390-7 devstack@placement-api.service[104298]: DEBUG placement.requestlog [req-30e66616-8669-48dc-8e2d-56a48f8cdde8 req-91603a1f-d934-4a2d-8018-b0420660188a None None] Starting request: 10.222.0.20 "GET /placement/allocation_candidates?limit=1000&resources=DISK_GB%3A1%2CMEMORY_MB%3A1024%2CVCPU%3A1&root_required=%21COMPUTE_STATUS_DISABLED" {{(pid=104298) __call__ /opt/stack/placement/placement/requestlog.py:55}}
Jan 17 03:41:23.003708 n-d-819390-7 devstack@placement-api.service[104298]: DEBUG placement.objects.research_context [req-30e66616-8669-48dc-8e2d-56a48f8cdde8 req-91603a1f-d934-4a2d-8018-b0420660188a service placement] getting providers with 1 DISK_GB {{(pid=104298) __init__ /opt/stack/placement/placement/objects/research_context.py:126}}
Jan 17 03:41:23.013255 n-d-819390-7 devstack@placement-api.service[104298]: DEBUG placement.objects.research_context [req-30e66616-8669-48dc-8e2d-56a48f8cdde8 req-91603a1f-d934-4a2d-8018-b0420660188a service placement] getting providers with 1024 MEMORY_MB {{(pid=104298) __init__ /opt/stack/placement/placement/objects/research_context.py:126}}
Jan 17 03:41:23.054128 n-d-819390-7 devstack@placement-api.service[104298]: DEBUG placement.objects.research_context [req-30e66616-8669-48dc-8e2d-56a48f8cdde8 req-91603a1f-d934-4a2d-8018-b0420660188a service placement] getting providers with 1 VCPU {{(pid=104298) __init__ /opt/stack/placement/placement/objects/research_context.py:126}}
Jan 17 03:41:23.068381 n-d-819390-7 devstack@placement-api.service[104298]: DEBUG placement.objects.research_context [req-30e66616-8669-48dc-8e2d-56a48f8cdde8 req-91603a1f-d934-4a2d-8018-b0420660188a service placement] found 2 providers with available 1 DISK_GB {{(pid=104298) get_provider_ids_matching /opt/stack/placement/placement/objects/research_context.py:549}}
Jan 17 03:41:23.069014 n-d-819390-7 devstack@placement-api.service[104298]: DEBUG placement.objects.research_context [req-30e66616-8669-48dc-8e2d-56a48f8cdde8 req-91603a1f-d934-4a2d-8018-b0420660188a service placement] found 2 providers with available 1024 MEMORY_MB {{(pid=104298) get_provider_ids_matching /opt/stack/placement/placement/objects/research_context.py:549}}
Jan 17 03:41:23.069481 n-d-819390-7 devstack@placement-api.service[104298]: DEBUG placement.objects.research_context [req-30e66616-8669-48dc-8e2d-56a48f8cdde8 req-91603a1f-d934-4a2d-8018-b0420660188a service placement] found 2 providers after filtering by previous result {{(pid=104298) get_provider_ids_matching /opt/stack/placement/placement/objects/research_context.py:580}}
Jan 17 03:41:23.069946 n-d-819390-7 devstack@placement-api.service[104298]: DEBUG placement.objects.research_context [req-30e66616-8669-48dc-8e2d-56a48f8cdde8 req-91603a1f-d934-4a2d-8018-b0420660188a service placement] found 2 providers with available 1 VCPU {{(pid=104298) get_provider_ids_matching /opt/stack/placement/placement/objects/research_context.py:549}}
Jan 17 03:41:23.071666 n-d-819390-7 devstack@placement-api.service[104298]: DEBUG placement.objects.research_context [req-30e66616-8669-48dc-8e2d-56a48f8cdde8 req-91603a1f-d934-4a2d-8018-b0420660188a service placement] found 2 providers after filtering by previous result {{(pid=104298) get_provider_ids_matching /opt/stack/placement/placement/objects/research_context.py:580}}
Jan 17 03:41:23.123446 n-d-819390-7 devstack@placement-api.service[104298]: DEBUG placement.objects.allocation_candidate [req-30e66616-8669-48dc-8e2d-56a48f8cdde8 req-91603a1f-d934-4a2d-8018-b0420660188a service placement] RequestGroup(use_same_provider=False, resources={DISK_GB:1, MEMORY_MB:1024, VCPU:1}, traits=[], aggregates=[]) (suffix '') returned 2 matches {{(pid=104298) _get_by_requests /opt/stack/placement/placement/objects/allocation_candidate.py:145}}
Jan 17 03:41:23.128592 n-d-819390-7 devstack@placement-api.service[104298]: DEBUG placement.objects.allocation_candidate [req-30e66616-8669-48dc-8e2d-56a48f8cdde8 req-91603a1f-d934-4a2d-8018-b0420660188a service placement] Merging candidates yields 2 allocation requests and 2 provider summaries {{(pid=104298) _merge_candidates /opt/stack/placement/placement/objects/allocation_candidate.py:783}}
Jan 17 03:41:23.130473 n-d-819390-7 devstack@placement-api.service[104298]: INFO placement.requestlog [req-30e66616-8669-48dc-8e2d-56a48f8cdde8 req-91603a1f-d934-4a2d-8018-b0420660188a service placement] 10.222.0.20 "GET /placement/allocation_candidates?limit=1000&resources=DISK_GB%3A1%2CMEMORY_MB%3A1024%2CVCPU%3A1&root_required=%21COMPUTE_STATUS_DISABLED" status: 200 len: 1309 microversion: 1.36
Jan 17 03:41:23.163927 n-d-819390-7 devstack@placement-api.service[104298]: [pid: 104298|app: 0|req: 467/940] 10.222.0.20 () {60 vars in 1506 bytes} [Mon Jan 17 03:41:22 2022] GET /placement/allocation_candidates?limit=1000&resources=DISK_GB%3A1%2CMEMORY_MB%3A1024%2CVCPU%3A1&root_required=%21COMPUTE_STATUS_DISABLED => generated 1309 bytes in 257 msecs (HTTP/1.1 200) 8 headers in 297 bytes (1 switches on core 0)
Jan 17 03:41:23.261839 n-d-819390-7 devstack@placement-api.service[104297]: DEBUG placement.requestlog [req-30e66616-8669-48dc-8e2d-56a48f8cdde8 req-e6f30bb6-1092-47bb-bb7e-ad53f4c8b7d0 None None] Starting request: 10.222.0.20 "GET /placement/allocations/a2a8d72d-a292-4ab7-83e6-0b29e933eb0a" {{(pid=104297) __call__ /opt/stack/placement/placement/requestlog.py:55}}
Jan 17 03:41:23.280535 n-d-819390-7 devstack@placement-api.service[104297]: INFO placement.requestlog [req-30e66616-8669-48dc-8e2d-56a48f8cdde8 req-e6f30bb6-1092-47bb-bb7e-ad53f4c8b7d0 service placement] 10.222.0.20 "GET /placement/allocations/a2a8d72d-a292-4ab7-83e6-0b29e933eb0a" status: 200 len: 19 microversion: 1.28
Jan 17 03:41:23.280920 n-d-819390-7 devstack@placement-api.service[104297]: [pid: 104297|app: 0|req: 474/941] 10.222.0.20 () {60 vars in 1380 bytes} [Mon Jan 17 03:41:23 2022] GET /placement/allocations/a2a8d72d-a292-4ab7-83e6-0b29e933eb0a => generated 19 bytes in 20 msecs (HTTP/1.1 200) 8 headers in 295 bytes (1 switches on core 0)
Jan 17 03:41:23.286952 n-d-819390-7 devstack@placement-api.service[104298]: DEBUG placement.requestlog [req-30e66616-8669-48dc-8e2d-56a48f8cdde8 req-dce03e2b-877d-4655-8341-3fc58a0e1ad2 None None] Starting request: 10.222.0.20 "PUT /placement/allocations/a2a8d72d-a292-4ab7-83e6-0b29e933eb0a" {{(pid=104298) __call__ /opt/stack/placement/placement/requestlog.py:55}}
Jan 17 03:41:23.492434 n-d-819390-7 devstack@placement-api.service[104298]: DEBUG placement.handlers.allocation [req-30e66616-8669-48dc-8e2d-56a48f8cdde8 req-dce03e2b-877d-4655-8341-3fc58a0e1ad2 service placement] Successfully wrote allocations [, , ] {{(pid=104298) _update_consumers_and_create_allocations /opt/stack/placement/placement/handlers/allocation.py:462}}
Jan 17 03:41:23.565825 n-d-819390-7 devstack@placement-api.service[104298]: INFO placement.requestlog [req-30e66616-8669-48dc-8e2d-56a48f8cdde8 req-dce03e2b-877d-4655-8341-3fc58a0e1ad2 service placement] 10.222.0.20 "PUT /placement/allocations/a2a8d72d-a292-4ab7-83e6-0b29e933eb0a" status: 204 len: 0 microversion: 1.36
Jan 17 03:41:23.567266 n-d-819390-7 devstack@placement-api.service[104298]: [pid: 104298|app: 0|req: 468/942] 10.222.0.20 () {64 vars in 1433 bytes} [Mon Jan 17 03:41:23 2022] PUT /placement/allocations/a2a8d72d-a292-4ab7-83e6-0b29e933eb0a => generated 0 bytes in 280 msecs (HTTP/1.1 204) 5 headers in 199 bytes (1 switches on core 0)
Jan 17 03:41:24.541337 n-d-819390-7 devstack@placement-api.service[104297]: DEBUG placement.requestlog [req-30e66616-8669-48dc-8e2d-56a48f8cdde8 req-fa3e7491-ea42-4ee7-b0d1-0f1c39b85774 None None] Starting request: 10.222.0.72 "GET /placement/allocations/a2a8d72d-a292-4ab7-83e6-0b29e933eb0a" {{(pid=104297) __call__ /opt/stack/placement/placement/requestlog.py:55}}
Jan 17 03:41:24.589649 n-d-819390-7 devstack@placement-api.service[104297]: INFO placement.requestlog [req-30e66616-8669-48dc-8e2d-56a48f8cdde8 req-fa3e7491-ea42-4ee7-b0d1-0f1c39b85774 service placement] 10.222.0.72 "GET /placement/allocations/a2a8d72d-a292-4ab7-83e6-0b29e933eb0a" status: 200 len: 260 microversion: 1.28
Jan 17 03:41:24.592753 n-d-819390-7 devstack@placement-api.service[104297]: [pid: 104297|app: 0|req: 475/943] 10.222.0.72 () {60 vars in 1377 bytes} [Mon Jan 17 03:41:24 2022] GET /placement/allocations/a2a8d72d-a292-4ab7-83e6-0b29e933eb0a => generated 260 bytes in 51 msecs (HTTP/1.1 200) 8 headers in 296 bytes (1 switches on core 0)
Jan 17 03:41:26.612550 n-d-819390-7 devstack@placement-api.service[104298]: DEBUG placement.requestlog [req-81135126-8566-43af-a368-0ca763bd612b req-c57ccd1d-a447-42a4-88f1-951aa7cdad98 None None] Starting request: 10.222.0.32 "DELETE /placement/allocations/2b631af7-9fe2-414e-9aad-8121f6227bc8" {{(pid=104298) __call__ /opt/stack/placement/placement/requestlog.py:55}}
Jan 17 03:41:26.815984 n-d-819390-7 devstack@placement-api.service[104298]: DEBUG placement.handlers.allocation [req-81135126-8566-43af-a368-0ca763bd612b req-c57ccd1d-a447-42a4-88f1-951aa7cdad98 service placement] Successfully deleted allocations [, , ] {{(pid=104298) delete_allocations /opt/stack/placement/placement/handlers/allocation.py:627}}
Jan 17 03:41:26.816484 n-d-819390-7 devstack@placement-api.service[104298]: INFO placement.requestlog [req-81135126-8566-43af-a368-0ca763bd612b req-c57ccd1d-a447-42a4-88f1-951aa7cdad98 service placement] 10.222.0.32 "DELETE /placement/allocations/2b631af7-9fe2-414e-9aad-8121f6227bc8" status: 204 len: 0 microversion: 1.0
Jan 17 03:41:26.816855 n-d-819390-7 devstack@placement-api.service[104298]: [pid: 104298|app: 0|req: 469/944] 10.222.0.32 () {60 vars in 1355 bytes} [Mon Jan 17 03:41:26 2022] DELETE /placement/allocations/2b631af7-9fe2-414e-9aad-8121f6227bc8 => generated 0 bytes in 205 msecs (HTTP/1.1 204) 5 headers in 198 bytes (1 switches on core 0)
Jan 17 03:41:43.308946 n-d-819390-7 devstack@placement-api.service[104297]: DEBUG placement.requestlog [req-d6e9c21d-c889-4092-842f-323a3351831e req-15b7b5cf-49ee-47cc-9177-6a5c16ae8537 None None] Starting request: 10.222.0.72 "GET /placement/allocations/a2a8d72d-a292-4ab7-83e6-0b29e933eb0a" {{(pid=104297) __call__ /opt/stack/placement/placement/requestlog.py:55}}
Jan 17 03:41:43.332740 n-d-819390-7 devstack@placement-api.service[104297]: INFO placement.requestlog [req-d6e9c21d-c889-4092-842f-323a3351831e req-15b7b5cf-49ee-47cc-9177-6a5c16ae8537 service placement] 10.222.0.72 "GET /placement/allocations/a2a8d72d-a292-4ab7-83e6-0b29e933eb0a" status: 200 len: 260 microversion: 1.28
Jan 17 03:41:43.333134 n-d-819390-7 devstack@placement-api.service[104297]: [pid: 104297|app: 0|req: 476/945] 10.222.0.72 () {60 vars in 1377 bytes} [Mon Jan 17 03:41:43 2022] GET /placement/allocations/a2a8d72d-a292-4ab7-83e6-0b29e933eb0a => generated 260 bytes in 25 msecs (HTTP/1.1 200) 8 headers in 296 bytes (1 switches on core 0)
Jan 17 03:42:02.942711 n-d-819390-7 devstack@placement-api.service[104298]: DEBUG placement.requestlog [req-8b13665c-49fa-442c-8c0e-09fe19e994d5 req-221e2689-fbae-4f19-8c43-07e40edff6bc None None] Starting request: 10.222.0.32 "GET /placement/resource_providers/83607e4b-c2ea-4f39-9632-bbbbc8e6b0e3/allocations" {{(pid=104298) __call__ /opt/stack/placement/placement/requestlog.py:55}}
Jan 17 03:42:02.977362 n-d-819390-7 devstack@placement-api.service[104298]: INFO placement.requestlog [req-8b13665c-49fa-442c-8c0e-09fe19e994d5 req-221e2689-fbae-4f19-8c43-07e40edff6bc service placement] 10.222.0.32 "GET /placement/resource_providers/83607e4b-c2ea-4f39-9632-bbbbc8e6b0e3/allocations" status: 200 len: 55 microversion: 1.0
Jan 17 03:42:02.978036 n-d-819390-7 devstack@placement-api.service[104298]: [pid: 104298|app: 0|req: 470/946] 10.222.0.32 () {58 vars in 1390 bytes} [Mon Jan 17 03:42:02 2022] GET /placement/resource_providers/83607e4b-c2ea-4f39-9632-bbbbc8e6b0e3/allocations => generated 55 bytes in 35 msecs (HTTP/1.1 200) 6 headers in 223 bytes (1 switches on core 0)
Jan 17 03:42:04.506290 n-d-819390-7 devstack@placement-api.service[104297]: DEBUG placement.requestlog [req-5ee83afd-5248-47e8-b709-fa5c3e871c82 req-6ed2b30f-e493-41b0-b34e-42c4f681b478 None None] Starting request: 10.222.0.72 "GET /placement/resource_providers/c0be5e45-0b80-4e41-99d4-2f349fb18902/allocations" {{(pid=104297) __call__ /opt/stack/placement/placement/requestlog.py:55}}
Jan 17 03:42:04.599263 n-d-819390-7 devstack@placement-api.service[104297]: INFO placement.requestlog [req-5ee83afd-5248-47e8-b709-fa5c3e871c82 req-6ed2b30f-e493-41b0-b34e-42c4f681b478 service placement] 10.222.0.72 "GET /placement/resource_providers/c0be5e45-0b80-4e41-99d4-2f349fb18902/allocations" status: 200 len: 256 microversion: 1.0
Jan 17 03:42:04.601921 n-d-819390-7 devstack@placement-api.service[104297]: [pid: 104297|app: 0|req: 477/947] 10.222.0.72 () {58 vars in 1390 bytes} [Mon Jan 17 03:42:04 2022] GET /placement/resource_providers/c0be5e45-0b80-4e41-99d4-2f349fb18902/allocations => generated 256 bytes in 96 msecs (HTTP/1.1 200) 6 headers in 224 bytes (1 switches on core 0)
Jan 17 03:42:22.750354 n-d-819390-7 devstack@placement-api.service[104298]: DEBUG placement.requestlog [req-882186c1-edf1-475b-abd2-32d976fa1eaf req-158e97a8-6334-46a2-a802-e884b3478225 None None] Starting request: 10.222.0.20 "GET /placement/allocation_candidates?limit=1000&resources=DISK_GB%3A1%2CMEMORY_MB%3A1024%2CVCPU%3A1&root_required=%21COMPUTE_STATUS_DISABLED" {{(pid=104298) __call__ /opt/stack/placement/placement/requestlog.py:55}}
Jan 17 03:42:22.813696 n-d-819390-7 devstack@placement-api.service[104298]: DEBUG placement.objects.research_context [req-882186c1-edf1-475b-abd2-32d976fa1eaf req-158e97a8-6334-46a2-a802-e884b3478225 service placement] getting providers with 1 DISK_GB {{(pid=104298) __init__ /opt/stack/placement/placement/objects/research_context.py:126}}
Jan 17 03:42:22.836580 n-d-819390-7 devstack@placement-api.service[104298]: DEBUG placement.objects.research_context [req-882186c1-edf1-475b-abd2-32d976fa1eaf req-158e97a8-6334-46a2-a802-e884b3478225 service placement] getting providers with 1024 MEMORY_MB {{(pid=104298) __init__ /opt/stack/placement/placement/objects/research_context.py:126}}
Jan 17 03:42:22.845671 n-d-819390-7 devstack@placement-api.service[104298]: DEBUG placement.objects.research_context [req-882186c1-edf1-475b-abd2-32d976fa1eaf req-158e97a8-6334-46a2-a802-e884b3478225 service placement] getting providers with 1 VCPU {{(pid=104298) __init__ /opt/stack/placement/placement/objects/research_context.py:126}}
Jan 17 03:42:22.855963 n-d-819390-7 devstack@placement-api.service[104298]: DEBUG placement.objects.research_context [req-882186c1-edf1-475b-abd2-32d976fa1eaf req-158e97a8-6334-46a2-a802-e884b3478225 service placement] found 2 providers with available 1 DISK_GB {{(pid=104298) get_provider_ids_matching /opt/stack/placement/placement/objects/research_context.py:549}}
Jan 17 03:42:22.856545 n-d-819390-7 devstack@placement-api.service[104298]: DEBUG placement.objects.research_context [req-882186c1-edf1-475b-abd2-32d976fa1eaf req-158e97a8-6334-46a2-a802-e884b3478225 service placement] found 2 providers with available 1024 MEMORY_MB {{(pid=104298) get_provider_ids_matching /opt/stack/placement/placement/objects/research_context.py:549}}
Jan 17 03:42:22.857016 n-d-819390-7 devstack@placement-api.service[104298]: DEBUG placement.objects.research_context [req-882186c1-edf1-475b-abd2-32d976fa1eaf req-158e97a8-6334-46a2-a802-e884b3478225 service placement] found 2 providers after filtering by previous result {{(pid=104298) get_provider_ids_matching /opt/stack/placement/placement/objects/research_context.py:580}}
Jan 17 03:42:22.857467 n-d-819390-7 devstack@placement-api.service[104298]: DEBUG placement.objects.research_context [req-882186c1-edf1-475b-abd2-32d976fa1eaf req-158e97a8-6334-46a2-a802-e884b3478225 service placement] found 2 providers with available 1 VCPU {{(pid=104298) get_provider_ids_matching /opt/stack/placement/placement/objects/research_context.py:549}}
Jan 17 03:42:22.858498 n-d-819390-7 devstack@placement-api.service[104298]: DEBUG placement.objects.research_context [req-882186c1-edf1-475b-abd2-32d976fa1eaf req-158e97a8-6334-46a2-a802-e884b3478225 service placement] found 2 providers after filtering by previous result {{(pid=104298) get_provider_ids_matching /opt/stack/placement/placement/objects/research_context.py:580}}
Jan 17 03:42:22.882072 n-d-819390-7 devstack@placement-api.service[104298]: DEBUG placement.objects.allocation_candidate [req-882186c1-edf1-475b-abd2-32d976fa1eaf req-158e97a8-6334-46a2-a802-e884b3478225 service placement] RequestGroup(use_same_provider=False, resources={DISK_GB:1, MEMORY_MB:1024, VCPU:1}, traits=[], aggregates=[]) (suffix '') returned 2 matches {{(pid=104298) _get_by_requests /opt/stack/placement/placement/objects/allocation_candidate.py:145}}
Jan 17 03:42:22.882651 n-d-819390-7 devstack@placement-api.service[104298]: DEBUG placement.objects.allocation_candidate [req-882186c1-edf1-475b-abd2-32d976fa1eaf req-158e97a8-6334-46a2-a802-e884b3478225 service placement] Merging candidates yields 2 allocation requests and 2 provider summaries {{(pid=104298) _merge_candidates /opt/stack/placement/placement/objects/allocation_candidate.py:783}}
Jan 17 03:42:22.884476 n-d-819390-7 devstack@placement-api.service[104298]: INFO placement.requestlog [req-882186c1-edf1-475b-abd2-32d976fa1eaf req-158e97a8-6334-46a2-a802-e884b3478225 service placement] 10.222.0.20 "GET /placement/allocation_candidates?limit=1000&resources=DISK_GB%3A1%2CMEMORY_MB%3A1024%2CVCPU%3A1&root_required=%21COMPUTE_STATUS_DISABLED" status: 200 len: 1306 microversion: 1.36
Jan 17 03:42:22.888447 n-d-819390-7 devstack@placement-api.service[104298]: [pid: 104298|app: 0|req: 471/948] 10.222.0.20 () {60 vars in 1506 bytes} [Mon Jan 17 03:42:22 2022] GET /placement/allocation_candidates?limit=1000&resources=DISK_GB%3A1%2CMEMORY_MB%3A1024%2CVCPU%3A1&root_required=%21COMPUTE_STATUS_DISABLED => generated 1306 bytes in 138 msecs (HTTP/1.1 200) 8 headers in 297 bytes (1 switches on core 0)
Jan 17 03:42:22.991670 n-d-819390-7 devstack@placement-api.service[104297]: DEBUG placement.requestlog [req-882186c1-edf1-475b-abd2-32d976fa1eaf req-4c451a2b-1261-461a-97f5-d71e1dd1bcf8 None None] Starting request: 10.222.0.20 "GET /placement/allocations/59f15d1c-4c90-49e2-9746-6f4595a85a45" {{(pid=104297) __call__ /opt/stack/placement/placement/requestlog.py:55}}
Jan 17 03:42:23.007776 n-d-819390-7 devstack@placement-api.service[104297]: INFO placement.requestlog [req-882186c1-edf1-475b-abd2-32d976fa1eaf req-4c451a2b-1261-461a-97f5-d71e1dd1bcf8 service placement] 10.222.0.20 "GET /placement/allocations/59f15d1c-4c90-49e2-9746-6f4595a85a45" status: 200 len: 19 microversion: 1.28
Jan 17 03:42:23.008374 n-d-819390-7 devstack@placement-api.service[104297]: [pid: 104297|app: 0|req: 478/949] 10.222.0.20 () {60 vars in 1380 bytes} [Mon Jan 17 03:42:22 2022] GET /placement/allocations/59f15d1c-4c90-49e2-9746-6f4595a85a45 => generated 19 bytes in 17 msecs (HTTP/1.1 200) 8 headers in 295 bytes (1 switches on core 0)
Jan 17 03:42:23.017125 n-d-819390-7 devstack@placement-api.service[104298]: DEBUG placement.requestlog [req-882186c1-edf1-475b-abd2-32d976fa1eaf req-15607da4-3b23-48fa-bbe9-66a6ec5c7518 None None] Starting request: 10.222.0.20 "PUT /placement/allocations/59f15d1c-4c90-49e2-9746-6f4595a85a45" {{(pid=104298) __call__ /opt/stack/placement/placement/requestlog.py:55}}
Jan 17 03:42:23.164093 n-d-819390-7 devstack@placement-api.service[104298]: DEBUG placement.handlers.allocation [req-882186c1-edf1-475b-abd2-32d976fa1eaf req-15607da4-3b23-48fa-bbe9-66a6ec5c7518 service placement] Successfully wrote allocations [, , ] {{(pid=104298) _update_consumers_and_create_allocations /opt/stack/placement/placement/handlers/allocation.py:462}}
