Jan 12 14:46:57.706396 n-d-819390-6 devstack@n-api.service[124763]: DEBUG nova.api.openstack.wsgi [None req-6d075799-9c8d-40fc-b9cf-4c6e216db838 tempest-FlavorsV2TestJSON-760862722 tempest-FlavorsV2TestJSON-760862722-project] Calling method '>' {{(pid=124763) _process_stack /opt/stack/nova/nova/api/openstack/wsgi.py:513}}
Jan 12 14:46:57.764743 n-d-819390-6 devstack@n-api.service[124763]: INFO nova.api.openstack.requestlog [None req-6d075799-9c8d-40fc-b9cf-4c6e216db838 tempest-FlavorsV2TestJSON-760862722 tempest-FlavorsV2TestJSON-760862722-project] 10.222.0.30 "GET /compute/v2.1/flavors/detail?marker=452" status: 200 len: 2500 microversion: 2.1 time: 0.064492
Jan 12 14:46:57.765349 n-d-819390-6 devstack@n-api.service[124763]: [pid: 124763|app: 0|req: 103/195] 10.222.0.30 () {58 vars in 1166 bytes} [Wed Jan 12 14:46:57 2022] GET /compute/v2.1/flavors/detail?marker=452 => generated 2500 bytes in 67 msecs (HTTP/1.1 200) 9 headers in 358 bytes (1 switches on core 0)
Jan 12 14:46:57.780800 n-d-819390-6 devstack@n-api.service[124763]: DEBUG nova.api.openstack.wsgi [None req-660c9091-ff8a-4103-95c7-a04f5d982eca tempest-FlavorsV2TestJSON-760862722 tempest-FlavorsV2TestJSON-760862722-project] Calling method '>' {{(pid=124763) _process_stack /opt/stack/nova/nova/api/openstack/wsgi.py:513}}
Jan 12 14:46:57.791041 n-d-819390-6 devstack@n-api.service[124763]: INFO nova.api.openstack.requestlog [None req-660c9091-ff8a-4103-95c7-a04f5d982eca tempest-FlavorsV2TestJSON-760862722 tempest-FlavorsV2TestJSON-760862722-project] 10.222.0.30 "GET /compute/v2.1/flavors/452" status: 200 len: 370 microversion: 2.1 time: 0.013734
Jan 12 14:46:57.792086 n-d-819390-6 devstack@n-api.service[124763]: [pid: 124763|app: 0|req: 104/196] 10.222.0.30 () {58 vars in 1136 bytes} [Wed Jan 12 14:46:57 2022] GET /compute/v2.1/flavors/452 => generated 370 bytes in 15 msecs (HTTP/1.1 200) 9 headers in 357 bytes (1 switches on core 0)
Jan 12 14:46:57.802800 n-d-819390-6 devstack@n-api.service[124763]: DEBUG nova.api.openstack.wsgi [None req-c02aaf88-477b-495d-855c-4920304d0652 tempest-FlavorsV2TestJSON-760862722 tempest-FlavorsV2TestJSON-760862722-project] Calling method '>' {{(pid=124763) _process_stack /opt/stack/nova/nova/api/openstack/wsgi.py:513}}
Jan 12 14:46:57.820337 n-d-819390-6 devstack@n-api.service[124763]: INFO nova.api.openstack.requestlog [None req-c02aaf88-477b-495d-855c-4920304d0652 tempest-FlavorsV2TestJSON-760862722 tempest-FlavorsV2TestJSON-760862722-project] 10.222.0.30 "GET /compute/v2.1/flavors?minDisk=2" status: 200 len: 1663 microversion: 2.1 time: 0.021852
Jan 12 14:46:57.821121 n-d-819390-6 devstack@n-api.service[124763]: [pid: 124763|app: 0|req: 105/197] 10.222.0.30 () {58 vars in 1143 bytes} [Wed Jan 12 14:46:57 2022] GET /compute/v2.1/flavors?minDisk=2 => generated 1663 bytes in 23 msecs (HTTP/1.1 200) 9 headers in 358 bytes (1 switches on core 0)
Jan 12 14:46:57.833560 n-d-819390-6 devstack@n-api.service[124763]: DEBUG nova.api.openstack.wsgi [None req-887d076b-4f2b-4a2f-9f26-bf2f14cb0cb9 tempest-FlavorsV2TestJSON-760862722 tempest-FlavorsV2TestJSON-760862722-project] Calling method '>' {{(pid=124763) _process_stack /opt/stack/nova/nova/api/openstack/wsgi.py:513}}
Jan 12 14:46:57.841831 n-d-819390-6 devstack@n-api.service[124763]: INFO nova.api.openstack.requestlog [None req-887d076b-4f2b-4a2f-9f26-bf2f14cb0cb9 tempest-FlavorsV2TestJSON-760862722 tempest-FlavorsV2TestJSON-760862722-project] 10.222.0.30 "GET /compute/v2.1/flavors/452" status: 200 len: 370 microversion: 2.1 time: 0.012526
Jan 12 14:46:57.853263 n-d-819390-6 devstack@n-api.service[124763]: [pid: 124763|app: 0|req: 106/198] 10.222.0.30 () {58 vars in 1136 bytes} [Wed Jan 12 14:46:57 2022] GET /compute/v2.1/flavors/452 => generated 370 bytes in 14 msecs (HTTP/1.1 200) 9 headers in 357 bytes (2 switches on core 0)
Jan 12 14:46:57.857004 n-d-819390-6 devstack@n-api.service[124763]: DEBUG nova.api.openstack.wsgi [None req-2a146dfa-2051-4461-86fb-fcbb433070be tempest-FlavorsV2TestJSON-760862722 tempest-FlavorsV2TestJSON-760862722-project] Calling method '>' {{(pid=124763) _process_stack /opt/stack/nova/nova/api/openstack/wsgi.py:513}}
Jan 12 14:46:57.871136 n-d-819390-6 devstack@n-api.service[124763]: INFO nova.api.openstack.requestlog [None req-2a146dfa-2051-4461-86fb-fcbb433070be tempest-FlavorsV2TestJSON-760862722 tempest-FlavorsV2TestJSON-760862722-project] 10.222.0.30 "GET /compute/v2.1/flavors?minRam=1025" status: 200 len: 1111 microversion: 2.1 time: 0.017513
Jan 12 14:46:57.885050 n-d-819390-6 devstack@n-api.service[124763]: [pid: 124763|app: 0|req: 107/199] 10.222.0.30 () {58 vars in 1147 bytes} [Wed Jan 12 14:46:57 2022] GET /compute/v2.1/flavors?minRam=1025 => generated 1111 bytes in 19 msecs (HTTP/1.1 200) 9 headers in 358 bytes (2 switches on core 0)
Jan 12 14:46:57.894566 n-d-819390-6 devstack@n-api.service[124763]: DEBUG nova.api.openstack.wsgi [None req-6d9161d3-8195-43a2-bdbb-2a7df48a5e7b tempest-FlavorsV2TestJSON-760862722 tempest-FlavorsV2TestJSON-760862722-project] Calling method '>' {{(pid=124763) _process_stack /opt/stack/nova/nova/api/openstack/wsgi.py:513}}
Jan 12 14:46:57.905682 n-d-819390-6 devstack@n-api.service[124763]: INFO nova.api.openstack.requestlog [None req-6d9161d3-8195-43a2-bdbb-2a7df48a5e7b tempest-FlavorsV2TestJSON-760862722 tempest-FlavorsV2TestJSON-760862722-project] 10.222.0.30 "GET /compute/v2.1/flavors?limit=1" status: 200 len: 299 microversion: 2.1 time: 0.015499
Jan 12 14:46:57.911583 n-d-819390-6 devstack@n-api.service[124763]: [pid: 124763|app: 0|req: 108/200] 10.222.0.30 () {58 vars in 1139 bytes} [Wed Jan 12 14:46:57 2022] GET /compute/v2.1/flavors?limit=1 => generated 299 bytes in 17 msecs (HTTP/1.1 200) 9 headers in 357 bytes (2 switches on core 0)
Jan 12 14:46:57.920588 n-d-819390-6 devstack@n-api.service[124763]: DEBUG nova.api.openstack.wsgi [None req-9197aa01-efe4-4681-8924-18691c6765b4 tempest-FlavorsV2TestJSON-760862722 tempest-FlavorsV2TestJSON-760862722-project] Calling method '>' {{(pid=124763) _process_stack /opt/stack/nova/nova/api/openstack/wsgi.py:513}}
Jan 12 14:46:57.928980 n-d-819390-6 devstack@n-api.service[124763]: INFO nova.api.openstack.requestlog [None req-9197aa01-efe4-4681-8924-18691c6765b4 tempest-FlavorsV2TestJSON-760862722 tempest-FlavorsV2TestJSON-760862722-project] 10.222.0.30 "GET /compute/v2.1/flavors/452" status: 200 len: 370 microversion: 2.1 time: 0.011916
Jan 12 14:46:57.934772 n-d-819390-6 devstack@n-api.service[124763]: [pid: 124763|app: 0|req: 109/201] 10.222.0.30 () {58 vars in 1136 bytes} [Wed Jan 12 14:46:57 2022] GET /compute/v2.1/flavors/452 => generated 370 bytes in 18 msecs (HTTP/1.1 200) 9 headers in 357 bytes (2 switches on core 0)
Jan 12 14:46:57.955574 n-d-819390-6 devstack@n-api.service[124763]: DEBUG nova.api.openstack.wsgi [None req-7c85ff8c-7ff8-4fe4-9383-ad9cd05762c0 tempest-FlavorsV2TestJSON-760862722 tempest-FlavorsV2TestJSON-760862722-project] Calling method '>' {{(pid=124763) _process_stack /opt/stack/nova/nova/api/openstack/wsgi.py:513}}
Jan 12 14:46:57.978819 n-d-819390-6 devstack@n-api.service[124763]: INFO nova.api.openstack.requestlog [None req-7c85ff8c-7ff8-4fe4-9383-ad9cd05762c0 tempest-FlavorsV2TestJSON-760862722 tempest-FlavorsV2TestJSON-760862722-project] 10.222.0.30 "GET /compute/v2.1/flavors?marker=452" status: 200 len: 1300 microversion: 2.1 time: 0.034260
Jan 12 14:46:57.989736 n-d-819390-6 devstack@n-api.service[124763]: [pid: 124763|app: 0|req: 110/202] 10.222.0.30 () {58 vars in 1145 bytes} [Wed Jan 12 14:46:57 2022] GET /compute/v2.1/flavors?marker=452 => generated 1300 bytes in 52 msecs (HTTP/1.1 200) 9 headers in 358 bytes (2 switches on core 0)
Jan 12 14:46:58.004694 n-d-819390-6 devstack@n-api.service[124763]: DEBUG nova.api.openstack.wsgi [None req-8b335834-19db-4a38-a16f-02fec2ff71b5 tempest-FlavorsV2TestJSON-760862722 tempest-FlavorsV2TestJSON-760862722-project] Calling method '>' {{(pid=124763) _process_stack /opt/stack/nova/nova/api/openstack/wsgi.py:513}}
Jan 12 14:46:58.028471 n-d-819390-6 devstack@n-api.service[124763]: INFO nova.api.openstack.requestlog [None req-8b335834-19db-4a38-a16f-02fec2ff71b5 tempest-FlavorsV2TestJSON-760862722 tempest-FlavorsV2TestJSON-760862722-project] 10.222.0.30 "GET /compute/v2.1/flavors/detail" status: 200 len: 5817 microversion: 2.1 time: 0.039831
Jan 12 14:46:58.029171 n-d-819390-6 devstack@n-api.service[124763]: [pid: 124763|app: 0|req: 111/203] 10.222.0.30 () {58 vars in 1145 bytes} [Wed Jan 12 14:46:57 2022] GET /compute/v2.1/flavors/detail => generated 5817 bytes in 41 msecs (HTTP/1.1 200) 9 headers in 358 bytes (1 switches on core 0)
Jan 12 14:46:58.044650 n-d-819390-6 devstack@n-api.service[124763]: DEBUG nova.api.openstack.wsgi [None req-c09b6df4-8586-492a-b261-5f9958c4d0d0 tempest-FlavorsV2TestJSON-760862722 tempest-FlavorsV2TestJSON-760862722-project] Calling method '>' {{(pid=124763) _process_stack /opt/stack/nova/nova/api/openstack/wsgi.py:513}}
Jan 12 14:46:58.053106 n-d-819390-6 devstack@n-api.service[124763]: INFO nova.api.openstack.requestlog [None req-c09b6df4-8586-492a-b261-5f9958c4d0d0 tempest-FlavorsV2TestJSON-760862722 tempest-FlavorsV2TestJSON-760862722-project] 10.222.0.30 "GET /compute/v2.1/flavors/452" status: 200 len: 370 microversion: 2.1 time: 0.012072
Jan 12 14:46:58.053772 n-d-819390-6 devstack@n-api.service[124763]: [pid: 124763|app: 0|req: 112/204] 10.222.0.30 () {58 vars in 1136 bytes} [Wed Jan 12 14:46:58 2022] GET /compute/v2.1/flavors/452 => generated 370 bytes in 13 msecs (HTTP/1.1 200) 9 headers in 357 bytes (2 switches on core 0)
Jan 12 14:46:58.142924 n-d-819390-6 devstack@n-api.service[124762]: INFO nova.api.openstack.requestlog [None req-d411287c-348b-4a66-a3f8-d3d6cd23ac11 tempest-AggregatesAdminTestJSON-775875919 tempest-AggregatesAdminTestJSON-775875919-project-admin] 10.222.0.30 "POST /compute/v2.1/os-aggregates/2/action" status: 200 len: 242 microversion: 2.1 time: 0.952490
Jan 12 14:46:58.142924 n-d-819390-6 devstack@n-api.service[124762]: [pid: 124762|app: 0|req: 93/205] 10.222.0.30 () {60 vars in 1190 bytes} [Wed Jan 12 14:46:57 2022] POST /compute/v2.1/os-aggregates/2/action => generated 242 bytes in 955 msecs (HTTP/1.1 200) 9 headers in 357 bytes (1 switches on core 0)
Jan 12 14:46:58.153804 n-d-819390-6 devstack@n-api.service[124763]: DEBUG nova.api.openstack.wsgi [None req-575f0da5-717d-488d-975a-5c90782b84f5 tempest-AggregatesAdminTestJSON-775875919 tempest-AggregatesAdminTestJSON-775875919-project-admin] Calling method '>' {{(pid=124763) _process_stack /opt/stack/nova/nova/api/openstack/wsgi.py:513}}
Jan 12 14:46:58.155720 n-d-819390-6 devstack@n-api.service[124763]: /usr/local/lib/python3.8/dist-packages/oslo_policy/policy.py:1119: UserWarning: Policy "os_compute_api:os-aggregates:show": "rule:system_reader_api" failed scope check. The token used to make the request was project scoped but the policy requires ['system'] scope. This behavior may change in the future where using the intended scope is required
Jan 12 14:46:58.155720 n-d-819390-6 devstack@n-api.service[124763]: warnings.warn(msg)
Jan 12 14:46:58.166536 n-d-819390-6 devstack@n-api.service[124763]: INFO nova.api.openstack.requestlog [None req-575f0da5-717d-488d-975a-5c90782b84f5 tempest-AggregatesAdminTestJSON-775875919 tempest-AggregatesAdminTestJSON-775875919-project-admin] 10.222.0.30 "GET /compute/v2.1/os-aggregates/2" status: 200 len: 242 microversion: 2.1 time: 0.019571
Jan 12 14:46:58.167382 n-d-819390-6 devstack@n-api.service[124763]: [pid: 124763|app: 0|req: 113/206] 10.222.0.30 () {58 vars in 1148 bytes} [Wed Jan 12 14:46:58 2022] GET /compute/v2.1/os-aggregates/2 => generated 242 bytes in 22 msecs (HTTP/1.1 200) 9 headers in 357 bytes (1 switches on core 0)
Jan 12 14:46:58.180407 n-d-819390-6 devstack@n-api.service[124762]: DEBUG nova.api.openstack.wsgi [None req-3415e541-e85a-41df-a5d0-15099e12284b tempest-AggregatesAdminTestJSON-775875919 tempest-AggregatesAdminTestJSON-775875919-project-admin] Action: 'action', calling method: >, body: {"remove_host": {"host": "n-h2-819390-6"}} {{(pid=124762) _process_stack /opt/stack/nova/nova/api/openstack/wsgi.py:511}}
Jan 12 14:46:58.182167 n-d-819390-6 devstack@n-api.service[124762]: /usr/local/lib/python3.8/dist-packages/oslo_policy/policy.py:1119: UserWarning: Policy "os_compute_api:os-aggregates:remove_host": "rule:system_admin_api" failed scope check. The token used to make the request was project scoped but the policy requires ['system'] scope. This behavior may change in the future where using the intended scope is required
Jan 12 14:46:58.182167 n-d-819390-6 devstack@n-api.service[124762]: warnings.warn(msg)
Jan 12 14:46:58.192355 n-d-819390-6 devstack@n-api.service[124762]: DEBUG oslo_concurrency.lockutils [None req-3415e541-e85a-41df-a5d0-15099e12284b tempest-AggregatesAdminTestJSON-775875919 tempest-AggregatesAdminTestJSON-775875919-project-admin] Lock "3b7d5467-2295-4a8a-915c-e95ca46df40f" acquired by "nova.context.set_target_cell..get_or_set_cached_cell_and_set_connections" :: waited 0.000s {{(pid=124762) inner /usr/local/lib/python3.8/dist-packages/oslo_concurrency/lockutils.py:386}}
Jan 12 14:46:58.192958 n-d-819390-6 devstack@n-api.service[124762]: DEBUG oslo_concurrency.lockutils [None req-3415e541-e85a-41df-a5d0-15099e12284b tempest-AggregatesAdminTestJSON-775875919 tempest-AggregatesAdminTestJSON-775875919-project-admin] Lock "3b7d5467-2295-4a8a-915c-e95ca46df40f" "released" by "nova.context.set_target_cell..get_or_set_cached_cell_and_set_connections" :: held 0.001s {{(pid=124762) inner /usr/local/lib/python3.8/dist-packages/oslo_concurrency/lockutils.py:400}}
Jan 12 14:46:58.203037 n-d-819390-6 devstack@n-api.service[124763]: DEBUG nova.api.openstack.wsgi [None req-795a7c7f-a6ee-4b10-a660-fb3fd8d4d80d tempest-LiveMigrationNegativeTest-801198352 tempest-LiveMigrationNegativeTest-801198352-project] Calling method '>' {{(pid=124763) _process_stack /opt/stack/nova/nova/api/openstack/wsgi.py:513}}
Jan 12 14:46:58.204202 n-d-819390-6 devstack@n-api.service[124763]: DEBUG nova.compute.api [None req-795a7c7f-a6ee-4b10-a660-fb3fd8d4d80d tempest-LiveMigrationNegativeTest-801198352 tempest-LiveMigrationNegativeTest-801198352-project] [instance: 08f2e218-8daa-49e4-83d0-28ee524d82df] Fetching instance by UUID {{(pid=124763) get /opt/stack/nova/nova/compute/api.py:2865}}
Jan 12 14:46:58.214295 n-d-819390-6 devstack@n-api.service[124763]: DEBUG oslo_concurrency.lockutils [None req-795a7c7f-a6ee-4b10-a660-fb3fd8d4d80d tempest-LiveMigrationNegativeTest-801198352 tempest-LiveMigrationNegativeTest-801198352-project] Lock "3b7d5467-2295-4a8a-915c-e95ca46df40f" acquired by "nova.context.set_target_cell..get_or_set_cached_cell_and_set_connections" :: waited 0.000s {{(pid=124763) inner /usr/local/lib/python3.8/dist-packages/oslo_concurrency/lockutils.py:386}}
Jan 12 14:46:58.214908 n-d-819390-6 devstack@n-api.service[124763]: DEBUG oslo_concurrency.lockutils [None req-795a7c7f-a6ee-4b10-a660-fb3fd8d4d80d tempest-LiveMigrationNegativeTest-801198352 tempest-LiveMigrationNegativeTest-801198352-project] Lock "3b7d5467-2295-4a8a-915c-e95ca46df40f" "released" by "nova.context.set_target_cell..get_or_set_cached_cell_and_set_connections" :: held 0.001s {{(pid=124763) inner /usr/local/lib/python3.8/dist-packages/oslo_concurrency/lockutils.py:400}}
Jan 12 14:46:58.215824 n-d-819390-6 devstack@n-api.service[124763]: DEBUG oslo_concurrency.lockutils [None req-795a7c7f-a6ee-4b10-a660-fb3fd8d4d80d tempest-LiveMigrationNegativeTest-801198352 tempest-LiveMigrationNegativeTest-801198352-project] Lock "3b7d5467-2295-4a8a-915c-e95ca46df40f" acquired by "nova.context.set_target_cell..get_or_set_cached_cell_and_set_connections" :: waited 0.000s {{(pid=124763) inner /usr/local/lib/python3.8/dist-packages/oslo_concurrency/lockutils.py:386}}
Jan 12 14:46:58.216428 n-d-819390-6 devstack@n-api.service[124763]: DEBUG oslo_concurrency.lockutils [None req-795a7c7f-a6ee-4b10-a660-fb3fd8d4d80d tempest-LiveMigrationNegativeTest-801198352 tempest-LiveMigrationNegativeTest-801198352-project] Lock "3b7d5467-2295-4a8a-915c-e95ca46df40f" "released" by "nova.context.set_target_cell..get_or_set_cached_cell_and_set_connections" :: held 0.001s {{(pid=124763) inner /usr/local/lib/python3.8/dist-packages/oslo_concurrency/lockutils.py:400}}
Jan 12 14:46:58.397895 n-d-819390-6 devstack@n-api.service[124763]: DEBUG nova.policy [None req-795a7c7f-a6ee-4b10-a660-fb3fd8d4d80d tempest-LiveMigrationNegativeTest-801198352 tempest-LiveMigrationNegativeTest-801198352-project] Policy check for os_compute_api:os-extended-server-attributes failed with credentials {'is_admin': False, 'user_id': 'e63ef80c687445c7a7696a7dac3dec74', 'user_domain_id': 'default', 'system_scope': None, 'domain_id': None, 'project_id': 'e62eb8ef96f7437ba821b2a3219921b1', 'project_domain_id': 'default', 'roles': ['member', 'reader'], 'is_admin_project': True, 'service_user_id': None, 'service_user_domain_id': None, 'service_project_id': None, 'service_project_domain_id': None, 'service_roles': []} {{(pid=124763) authorize /opt/stack/nova/nova/policy.py:199}}
Jan 12 14:46:58.405345 n-d-819390-6 devstack@n-api.service[124763]: INFO nova.api.openstack.requestlog [None req-795a7c7f-a6ee-4b10-a660-fb3fd8d4d80d tempest-LiveMigrationNegativeTest-801198352 tempest-LiveMigrationNegativeTest-801198352-project] 10.222.0.30 "GET /compute/v2.1/servers/08f2e218-8daa-49e4-83d0-28ee524d82df" status: 200 len: 1317 microversion: 2.1 time: 0.207407
Jan 12 14:46:58.406308 n-d-819390-6 devstack@n-api.service[124763]: [pid: 124763|app: 0|req: 114/207] 10.222.0.30 () {58 vars in 1235 bytes} [Wed Jan 12 14:46:58 2022] GET /compute/v2.1/servers/08f2e218-8daa-49e4-83d0-28ee524d82df => generated 1317 bytes in 209 msecs (HTTP/1.1 200) 9 headers in 358 bytes (2 switches on core 0)
Jan 12 14:46:58.413026 n-d-819390-6 devstack@n-api.service[124763]: DEBUG nova.api.openstack.wsgi [None req-35313819-21c2-4771-8fa6-6fabdd7951ef tempest-ServersWithSpecificFlavorTestJSON-1138624223 tempest-ServersWithSpecificFlavorTestJSON-1138624223-project] Calling method '>' {{(pid=124763) _process_stack /opt/stack/nova/nova/api/openstack/wsgi.py:513}}
Jan 12 14:46:58.413730 n-d-819390-6 devstack@n-api.service[124763]: DEBUG nova.compute.api [None req-35313819-21c2-4771-8fa6-6fabdd7951ef tempest-ServersWithSpecificFlavorTestJSON-1138624223 tempest-ServersWithSpecificFlavorTestJSON-1138624223-project] [instance: af39004b-c7bd-404d-8ff0-d9ef6ba899c8] Fetching instance by UUID {{(pid=124763) get /opt/stack/nova/nova/compute/api.py:2865}}
Jan 12 14:46:58.419712 n-d-819390-6 devstack@n-api.service[124763]: DEBUG oslo_concurrency.lockutils [None req-35313819-21c2-4771-8fa6-6fabdd7951ef tempest-ServersWithSpecificFlavorTestJSON-1138624223 tempest-ServersWithSpecificFlavorTestJSON-1138624223-project] Lock "3b7d5467-2295-4a8a-915c-e95ca46df40f" acquired by "nova.context.set_target_cell..get_or_set_cached_cell_and_set_connections" :: waited 0.000s {{(pid=124763) inner /usr/local/lib/python3.8/dist-packages/oslo_concurrency/lockutils.py:386}}
Jan 12 14:46:58.420149 n-d-819390-6 devstack@n-api.service[124763]: DEBUG oslo_concurrency.lockutils [None req-35313819-21c2-4771-8fa6-6fabdd7951ef tempest-ServersWithSpecificFlavorTestJSON-1138624223 tempest-ServersWithSpecificFlavorTestJSON-1138624223-project] Lock "3b7d5467-2295-4a8a-915c-e95ca46df40f" "released" by "nova.context.set_target_cell..get_or_set_cached_cell_and_set_connections" :: held 0.001s {{(pid=124763) inner /usr/local/lib/python3.8/dist-packages/oslo_concurrency/lockutils.py:400}}
Jan 12 14:46:58.420917 n-d-819390-6 devstack@n-api.service[124763]: DEBUG oslo_concurrency.lockutils [None req-35313819-21c2-4771-8fa6-6fabdd7951ef tempest-ServersWithSpecificFlavorTestJSON-1138624223 tempest-ServersWithSpecificFlavorTestJSON-1138624223-project] Lock "3b7d5467-2295-4a8a-915c-e95ca46df40f" acquired by "nova.context.set_target_cell..get_or_set_cached_cell_and_set_connections" :: waited 0.000s {{(pid=124763) inner /usr/local/lib/python3.8/dist-packages/oslo_concurrency/lockutils.py:386}}
Jan 12 14:46:58.421340 n-d-819390-6 devstack@n-api.service[124763]: DEBUG oslo_concurrency.lockutils [None req-35313819-21c2-4771-8fa6-6fabdd7951ef tempest-ServersWithSpecificFlavorTestJSON-1138624223 tempest-ServersWithSpecificFlavorTestJSON-1138624223-project] Lock "3b7d5467-2295-4a8a-915c-e95ca46df40f" "released" by "nova.context.set_target_cell..get_or_set_cached_cell_and_set_connections" :: held 0.000s {{(pid=124763) inner /usr/local/lib/python3.8/dist-packages/oslo_concurrency/lockutils.py:400}}
Jan 12 14:46:58.494447 n-d-819390-6 devstack@n-api.service[124762]: INFO nova.api.openstack.requestlog [None req-3415e541-e85a-41df-a5d0-15099e12284b tempest-AggregatesAdminTestJSON-775875919 tempest-AggregatesAdminTestJSON-775875919-project-admin] 10.222.0.30 "POST /compute/v2.1/os-aggregates/2/action" status: 200 len: 227 microversion: 2.1 time: 0.318456
Jan 12 14:46:58.495159 n-d-819390-6 devstack@n-api.service[124762]: [pid: 124762|app: 0|req: 94/208] 10.222.0.30 () {60 vars in 1190 bytes} [Wed Jan 12 14:46:58 2022] POST /compute/v2.1/os-aggregates/2/action => generated 227 bytes in 322 msecs (HTTP/1.1 200) 9 headers in 357 bytes (1 switches on core 0)
Jan 12 14:46:58.496486 n-d-819390-6 devstack@n-api.service[124763]: DEBUG nova.policy [None req-35313819-21c2-4771-8fa6-6fabdd7951ef tempest-ServersWithSpecificFlavorTestJSON-1138624223 tempest-ServersWithSpecificFlavorTestJSON-1138624223-project] Policy check for os_compute_api:os-extended-server-attributes failed with credentials {'is_admin': False, 'user_id': 'd59596f0b99d4c35bfd463329ed9643a', 'user_domain_id': 'default', 'system_scope': None, 'domain_id': None, 'project_id': 'faad23f1f9be47ddb43d4b79b445cdee', 'project_domain_id': 'default', 'roles': ['member', 'reader'], 'is_admin_project': True, 'service_user_id': None, 'service_user_domain_id': None, 'service_project_id': None, 'service_project_domain_id': None, 'service_roles': []} {{(pid=124763) authorize /opt/stack/nova/nova/policy.py:199}}
Jan 12 14:46:58.505994 n-d-819390-6 devstack@n-api.service[124762]: DEBUG nova.api.openstack.wsgi [None req-3fe7eb54-9f6c-4a16-a6e7-ab28a408da0c tempest-AggregatesAdminTestJSON-775875919 tempest-AggregatesAdminTestJSON-775875919-project-admin] Calling method '>' {{(pid=124762) _process_stack /opt/stack/nova/nova/api/openstack/wsgi.py:513}}
Jan 12 14:46:58.507748 n-d-819390-6 devstack@n-api.service[124762]: /usr/local/lib/python3.8/dist-packages/oslo_policy/policy.py:1119: UserWarning: Policy "os_compute_api:os-aggregates:delete": "rule:system_admin_api" failed scope check. The token used to make the request was project scoped but the policy requires ['system'] scope. This behavior may change in the future where using the intended scope is required
Jan 12 14:46:58.507748 n-d-819390-6 devstack@n-api.service[124762]: warnings.warn(msg)
Jan 12 14:46:58.509095 n-d-819390-6 devstack@n-api.service[124763]: INFO nova.api.openstack.requestlog [None req-35313819-21c2-4771-8fa6-6fabdd7951ef tempest-ServersWithSpecificFlavorTestJSON-1138624223 tempest-ServersWithSpecificFlavorTestJSON-1138624223-project] 10.222.0.30 "GET /compute/v2.1/servers/af39004b-c7bd-404d-8ff0-d9ef6ba899c8" status: 200 len: 1322 microversion: 2.1 time: 0.101612
Jan 12 14:46:58.510730 n-d-819390-6 devstack@n-api.service[124763]: [pid: 124763|app: 0|req: 115/209] 10.222.0.30 () {58 vars in 1235 bytes} [Wed Jan 12 14:46:58 2022] GET /compute/v2.1/servers/af39004b-c7bd-404d-8ff0-d9ef6ba899c8 => generated 1322 bytes in 103 msecs (HTTP/1.1 200) 9 headers in 358 bytes (1 switches on core 0)
Jan 12 14:46:58.555567 n-d-819390-6 devstack@n-api.service[124763]: DEBUG nova.api.openstack.wsgi [None req-5de53e7b-0442-450a-8aaf-e5220f258715 tempest-DeleteServersAdminTestJSON-218108448 tempest-DeleteServersAdminTestJSON-218108448-project] Calling method '>' {{(pid=124763) _process_stack /opt/stack/nova/nova/api/openstack/wsgi.py:513}}
Jan 12 14:46:58.556171 n-d-819390-6 devstack@n-api.service[124763]: DEBUG nova.compute.api [None req-5de53e7b-0442-450a-8aaf-e5220f258715 tempest-DeleteServersAdminTestJSON-218108448 tempest-DeleteServersAdminTestJSON-218108448-project] [instance: 64ece0b6-d8e6-43f7-9c25-96d53c9d041e] Fetching instance by UUID {{(pid=124763) get /opt/stack/nova/nova/compute/api.py:2865}}
Jan 12 14:46:58.561912 n-d-819390-6 devstack@n-api.service[124763]: DEBUG oslo_concurrency.lockutils [None req-5de53e7b-0442-450a-8aaf-e5220f258715 tempest-DeleteServersAdminTestJSON-218108448 tempest-DeleteServersAdminTestJSON-218108448-project] Lock "3b7d5467-2295-4a8a-915c-e95ca46df40f" acquired by "nova.context.set_target_cell..get_or_set_cached_cell_and_set_connections" :: waited 0.000s {{(pid=124763) inner /usr/local/lib/python3.8/dist-packages/oslo_concurrency/lockutils.py:386}}
Jan 12 14:46:58.562545 n-d-819390-6 devstack@n-api.service[124763]: DEBUG oslo_concurrency.lockutils [None req-5de53e7b-0442-450a-8aaf-e5220f258715 tempest-DeleteServersAdminTestJSON-218108448 tempest-DeleteServersAdminTestJSON-218108448-project] Lock "3b7d5467-2295-4a8a-915c-e95ca46df40f" "released" by "nova.context.set_target_cell..get_or_set_cached_cell_and_set_connections" :: held 0.001s {{(pid=124763) inner /usr/local/lib/python3.8/dist-packages/oslo_concurrency/lockutils.py:400}}
Jan 12 14:46:58.563498 n-d-819390-6 devstack@n-api.service[124763]: DEBUG oslo_concurrency.lockutils [None req-5de53e7b-0442-450a-8aaf-e5220f258715 tempest-DeleteServersAdminTestJSON-218108448 tempest-DeleteServersAdminTestJSON-218108448-project] Lock "3b7d5467-2295-4a8a-915c-e95ca46df40f" acquired by "nova.context.set_target_cell..get_or_set_cached_cell_and_set_connections" :: waited 0.000s {{(pid=124763) inner /usr/local/lib/python3.8/dist-packages/oslo_concurrency/lockutils.py:386}}
Jan 12 14:46:58.564189 n-d-819390-6 devstack@n-api.service[124763]: DEBUG oslo_concurrency.lockutils [None req-5de53e7b-0442-450a-8aaf-e5220f258715 tempest-DeleteServersAdminTestJSON-218108448 tempest-DeleteServersAdminTestJSON-218108448-project] Lock "3b7d5467-2295-4a8a-915c-e95ca46df40f" "released" by "nova.context.set_target_cell..get_or_set_cached_cell_and_set_connections" :: held 0.001s {{(pid=124763) inner /usr/local/lib/python3.8/dist-packages/oslo_concurrency/lockutils.py:400}}
Jan 12 14:46:58.579712 n-d-819390-6 devstack@n-api.service[124763]: INFO nova.api.openstack.wsgi [None req-5de53e7b-0442-450a-8aaf-e5220f258715 tempest-DeleteServersAdminTestJSON-218108448 tempest-DeleteServersAdminTestJSON-218108448-project] HTTP exception thrown: Instance 64ece0b6-d8e6-43f7-9c25-96d53c9d041e could not be found.
Jan 12 14:46:58.580956 n-d-819390-6 devstack@n-api.service[124762]: INFO nova.api.openstack.requestlog [None req-3fe7eb54-9f6c-4a16-a6e7-ab28a408da0c tempest-AggregatesAdminTestJSON-775875919 tempest-AggregatesAdminTestJSON-775875919-project-admin] 10.222.0.30 "DELETE /compute/v2.1/os-aggregates/2" status: 200 len: 0 microversion: 2.1 time: 0.079718
Jan 12 14:46:58.581742 n-d-819390-6 devstack@n-api.service[124763]: DEBUG nova.api.openstack.wsgi [None req-5de53e7b-0442-450a-8aaf-e5220f258715 tempest-DeleteServersAdminTestJSON-218108448 tempest-DeleteServersAdminTestJSON-218108448-project] Returning 404 to user: Instance 64ece0b6-d8e6-43f7-9c25-96d53c9d041e could not be found. {{(pid=124763) __call__ /opt/stack/nova/nova/api/openstack/wsgi.py:936}}
Jan 12 14:46:58.588995 n-d-819390-6 devstack@n-api.service[124762]: [pid: 124762|app: 0|req: 95/210] 10.222.0.30 () {58 vars in 1151 bytes} [Wed Jan 12 14:46:58 2022] DELETE /compute/v2.1/os-aggregates/2 => generated 0 bytes in 88 msecs (HTTP/1.1 200) 9 headers in 355 bytes (1 switches on core 0)
Jan 12 14:46:58.591545 n-d-819390-6 devstack@n-api.service[124763]: INFO nova.api.openstack.requestlog [None req-5de53e7b-0442-450a-8aaf-e5220f258715 tempest-DeleteServersAdminTestJSON-218108448 tempest-DeleteServersAdminTestJSON-218108448-project] 10.222.0.30 "GET /compute/v2.1/servers/64ece0b6-d8e6-43f7-9c25-96d53c9d041e" status: 404 len: 111 microversion: 2.1 time: 0.036816
Jan 12 14:46:58.592424 n-d-819390-6 devstack@n-api.service[124763]: [pid: 124763|app: 0|req: 116/211] 10.222.0.30 () {58 vars in 1235 bytes} [Wed Jan 12 14:46:58 2022] GET /compute/v2.1/servers/64ece0b6-d8e6-43f7-9c25-96d53c9d041e => generated 111 bytes in 41 msecs (HTTP/1.1 404) 9 headers in 379 bytes (1 switches on core 0)
Jan 12 14:46:58.595183 n-d-819390-6 devstack@n-api.service[124762]: DEBUG nova.api.openstack.wsgi [None req-cf0031a1-d229-4376-929a-fc43d9a63313 tempest-AggregatesAdminTestJSON-775875919 tempest-AggregatesAdminTestJSON-775875919-project-admin] Action: 'create', calling method: >, body: {"aggregate": {"name": "tempest-test_aggregate-1976825929"}} {{(pid=124762) _process_stack /opt/stack/nova/nova/api/openstack/wsgi.py:511}}
Jan 12 14:46:58.597420 n-d-819390-6 devstack@n-api.service[124762]: /usr/local/lib/python3.8/dist-packages/oslo_policy/policy.py:1119: UserWarning: Policy "os_compute_api:os-aggregates:create": "rule:system_admin_api" failed scope check. The token used to make the request was project scoped but the policy requires ['system'] scope. This behavior may change in the future where using the intended scope is required
Jan 12 14:46:58.597420 n-d-819390-6 devstack@n-api.service[124762]: warnings.warn(msg)
Jan 12 14:46:58.598928 n-d-819390-6 devstack@n-api.service[124762]: DEBUG nova.objects.aggregate [None req-cf0031a1-d229-4376-929a-fc43d9a63313 tempest-AggregatesAdminTestJSON-775875919 tempest-AggregatesAdminTestJSON-775875919-project-admin] Generated uuid c39b6d05-d076-42a5-b7a9-419162ceb666 for aggregate {{(pid=124762) create /opt/stack/nova/nova/objects/aggregate.py:298}}
Jan 12 14:46:58.700576 n-d-819390-6 devstack@n-api.service[124762]: INFO nova.api.openstack.requestlog [None req-cf0031a1-d229-4376-929a-fc43d9a63313 tempest-AggregatesAdminTestJSON-775875919 tempest-AggregatesAdminTestJSON-775875919-project-admin] 10.222.0.30 "POST /compute/v2.1/os-aggregates" status: 200 len: 198 microversion: 2.1 time: 0.109193
Jan 12 14:46:58.701856 n-d-819390-6 devstack@n-api.service[124762]: [pid: 124762|app: 0|req: 96/212] 10.222.0.30 () {60 vars in 1163 bytes} [Wed Jan 12 14:46:58 2022] POST /compute/v2.1/os-aggregates => generated 198 bytes in 112 msecs (HTTP/1.1 200) 9 headers in 357 bytes (1 switches on core 0)
Jan 12 14:46:58.713174 n-d-819390-6 devstack@n-api.service[124762]: DEBUG nova.api.openstack.wsgi [None req-c52017dd-c970-4a6e-b85f-a1d8a44e0d7b tempest-AggregatesAdminTestJSON-775875919 tempest-AggregatesAdminTestJSON-775875919-project-admin] Action: 'action', calling method: >, body: {"add_host": {"host": "n-h2-819390-6"}} {{(pid=124762) _process_stack /opt/stack/nova/nova/api/openstack/wsgi.py:511}}
Jan 12 14:46:58.716516 n-d-819390-6 devstack@n-api.service[124762]: /usr/local/lib/python3.8/dist-packages/oslo_policy/policy.py:1119: UserWarning: Policy "os_compute_api:os-aggregates:add_host": "rule:system_admin_api" failed scope check. The token used to make the request was project scoped but the policy requires ['system'] scope. This behavior may change in the future where using the intended scope is required
Jan 12 14:46:58.716516 n-d-819390-6 devstack@n-api.service[124762]: warnings.warn(msg)
Jan 12 14:46:58.730481 n-d-819390-6 devstack@n-api.service[124762]: DEBUG oslo_concurrency.lockutils [None req-c52017dd-c970-4a6e-b85f-a1d8a44e0d7b tempest-AggregatesAdminTestJSON-775875919 tempest-AggregatesAdminTestJSON-775875919-project-admin] Lock "3b7d5467-2295-4a8a-915c-e95ca46df40f" acquired by "nova.context.set_target_cell..get_or_set_cached_cell_and_set_connections" :: waited 0.000s {{(pid=124762) inner /usr/local/lib/python3.8/dist-packages/oslo_concurrency/lockutils.py:386}}
Jan 12 14:46:58.731551 n-d-819390-6 devstack@n-api.service[124762]: DEBUG oslo_concurrency.lockutils [None req-c52017dd-c970-4a6e-b85f-a1d8a44e0d7b tempest-AggregatesAdminTestJSON-775875919 tempest-AggregatesAdminTestJSON-775875919-project-admin] Lock "3b7d5467-2295-4a8a-915c-e95ca46df40f" "released" by "nova.context.set_target_cell..get_or_set_cached_cell_and_set_connections" :: held 0.001s {{(pid=124762) inner /usr/local/lib/python3.8/dist-packages/oslo_concurrency/lockutils.py:400}}
Jan 12 14:46:59.010761 n-d-819390-6 devstack@n-api.service[124762]: INFO nova.api.openstack.requestlog [None req-c52017dd-c970-4a6e-b85f-a1d8a44e0d7b tempest-AggregatesAdminTestJSON-775875919 tempest-AggregatesAdminTestJSON-775875919-project-admin] 10.222.0.30 "POST /compute/v2.1/os-aggregates/3/action" status: 200 len: 242 microversion: 2.1 time: 0.302090
Jan 12 14:46:59.014511 n-d-819390-6 devstack@n-api.service[124762]: [pid: 124762|app: 0|req: 97/213] 10.222.0.30 () {60 vars in 1190 bytes} [Wed Jan 12 14:46:58 2022] POST /compute/v2.1/os-aggregates/3/action => generated 242 bytes in 306 msecs (HTTP/1.1 200) 9 headers in 357 bytes (2 switches on core 0)
Jan 12 14:46:59.016135 n-d-819390-6 devstack@n-api.service[124763]: DEBUG nova.api.openstack.wsgi [None req-4435d3cd-264e-46e1-8b5c-1d951a5bc938 tempest-HostsAdminTestJSON-1736921969 tempest-HostsAdminTestJSON-1736921969-project-admin] Calling method '.version_select at 0x7fdbb763c310>' {{(pid=124763) _process_stack /opt/stack/nova/nova/api/openstack/wsgi.py:513}}
Jan 12 14:46:59.020419 n-d-819390-6 devstack@n-api.service[124763]: /usr/local/lib/python3.8/dist-packages/oslo_policy/policy.py:1119: UserWarning: Policy "os_compute_api:os-hosts:list": "rule:system_reader_api" failed scope check. The token used to make the request was project scoped but the policy requires ['system'] scope. This behavior may change in the future where using the intended scope is required
Jan 12 14:46:59.020419 n-d-819390-6 devstack@n-api.service[124763]: warnings.warn(msg)
Jan 12 14:46:59.023567 n-d-819390-6 devstack@n-api.service[124763]: DEBUG oslo_concurrency.lockutils [None req-4435d3cd-264e-46e1-8b5c-1d951a5bc938 tempest-HostsAdminTestJSON-1736921969 tempest-HostsAdminTestJSON-1736921969-project-admin] Lock "00000000-0000-0000-0000-000000000000" acquired by "nova.context.set_target_cell..get_or_set_cached_cell_and_set_connections" :: waited 0.000s {{(pid=124763) inner /usr/local/lib/python3.8/dist-packages/oslo_concurrency/lockutils.py:386}}
Jan 12 14:46:59.025484 n-d-819390-6 devstack@n-api.service[124762]: DEBUG nova.api.openstack.wsgi [None req-3881435f-423c-43b7-8e94-54f501f7a91e tempest-DeleteServersAdminTestJSON-218108448 tempest-DeleteServersAdminTestJSON-218108448-project] Action: 'create', calling method: >, body: {"server": {"name": "tempest-DeleteServersAdminTestJSON-server-938308667", "imageRef": "85d73a29-89b2-4ec5-a34f-fd8232715418", "flavorRef": "452"}} {{(pid=124762) _process_stack /opt/stack/nova/nova/api/openstack/wsgi.py:511}}
Jan 12 14:46:59.026104 n-d-819390-6 devstack@n-api.service[124763]: DEBUG oslo_concurrency.lockutils [None req-4435d3cd-264e-46e1-8b5c-1d951a5bc938 tempest-HostsAdminTestJSON-1736921969 tempest-HostsAdminTestJSON-1736921969-project-admin] Lock "00000000-0000-0000-0000-000000000000" "released" by "nova.context.set_target_cell..get_or_set_cached_cell_and_set_connections" :: held 0.003s {{(pid=124763) inner /usr/local/lib/python3.8/dist-packages/oslo_concurrency/lockutils.py:400}}
Jan 12 14:46:59.027149 n-d-819390-6 devstack@n-api.service[124763]: DEBUG oslo_concurrency.lockutils [None req-4435d3cd-264e-46e1-8b5c-1d951a5bc938 tempest-HostsAdminTestJSON-1736921969 tempest-HostsAdminTestJSON-1736921969-project-admin] Lock "3b7d5467-2295-4a8a-915c-e95ca46df40f" acquired by "nova.context.set_target_cell..get_or_set_cached_cell_and_set_connections" :: waited 0.000s {{(pid=124763) inner /usr/local/lib/python3.8/dist-packages/oslo_concurrency/lockutils.py:386}}
Jan 12 14:46:59.030008 n-d-819390-6 devstack@n-api.service[124763]: DEBUG oslo_concurrency.lockutils [None req-4435d3cd-264e-46e1-8b5c-1d951a5bc938 tempest-HostsAdminTestJSON-1736921969 tempest-HostsAdminTestJSON-1736921969-project-admin] Lock "3b7d5467-2295-4a8a-915c-e95ca46df40f" "released" by "nova.context.set_target_cell..get_or_set_cached_cell_and_set_connections" :: held 0.003s {{(pid=124763) inner /usr/local/lib/python3.8/dist-packages/oslo_concurrency/lockutils.py:400}}
Jan 12 14:46:59.125680 n-d-819390-6 devstack@n-api.service[124762]: DEBUG nova.network.neutron [None req-3881435f-423c-43b7-8e94-54f501f7a91e tempest-DeleteServersAdminTestJSON-218108448 tempest-DeleteServersAdminTestJSON-218108448-project] validate_networks() for None {{(pid=124762) validate_networks /opt/stack/nova/nova/network/neutron.py:2482}}
Jan 12 14:46:59.127270 n-d-819390-6 devstack@n-api.service[124763]: INFO nova.api.openstack.requestlog [None req-4435d3cd-264e-46e1-8b5c-1d951a5bc938 tempest-HostsAdminTestJSON-1736921969 tempest-HostsAdminTestJSON-1736921969-project-admin] 10.222.0.30 "GET /compute/v2.1/os-hosts" status: 200 len: 376 microversion: 2.1 time: 0.400565
Jan 12 14:46:59.130534 n-d-819390-6 devstack@n-api.service[124763]: [pid: 124763|app: 0|req: 117/214] 10.222.0.30 () {58 vars in 1127 bytes} [Wed Jan 12 14:46:58 2022] GET /compute/v2.1/os-hosts => generated 376 bytes in 435 msecs (HTTP/1.1 200) 9 headers in 357 bytes (1 switches on core 0)
Jan 12 14:46:59.140557 n-d-819390-6 devstack@n-api.service[124763]: DEBUG nova.api.openstack.wsgi [None req-52ee498b-021b-4498-b551-ec0b5a1a29dc tempest-AggregatesAdminTestJSON-775875919 tempest-AggregatesAdminTestJSON-775875919-project-admin] Calling method '>' {{(pid=124763) _process_stack /opt/stack/nova/nova/api/openstack/wsgi.py:513}}
Jan 12 14:46:59.141503 n-d-819390-6 devstack@n-api.service[124763]: /usr/local/lib/python3.8/dist-packages/oslo_policy/policy.py:1119: UserWarning: Policy "os_compute_api:os-aggregates:index": "rule:system_reader_api" failed scope check. The token used to make the request was project scoped but the policy requires ['system'] scope. This behavior may change in the future where using the intended scope is required
Jan 12 14:46:59.141503 n-d-819390-6 devstack@n-api.service[124763]: warnings.warn(msg)
Jan 12 14:46:59.150358 n-d-819390-6 devstack@n-api.service[124763]: INFO nova.api.openstack.requestlog [None req-52ee498b-021b-4498-b551-ec0b5a1a29dc tempest-AggregatesAdminTestJSON-775875919 tempest-AggregatesAdminTestJSON-775875919-project-admin] 10.222.0.30 "GET /compute/v2.1/os-aggregates" status: 200 len: 245 microversion: 2.1 time: 0.018435
Jan 12 14:46:59.151753 n-d-819390-6 devstack@n-api.service[124763]: [pid: 124763|app: 0|req: 118/215] 10.222.0.30 () {58 vars in 1142 bytes} [Wed Jan 12 14:46:59 2022] GET /compute/v2.1/os-aggregates => generated 245 bytes in 20 msecs (HTTP/1.1 200) 9 headers in 357 bytes (1 switches on core 0)
Jan 12 14:46:59.157841 n-d-819390-6 devstack@n-api.service[124763]: DEBUG nova.api.openstack.wsgi [None req-b1818bed-0878-4e39-8e88-f142c7165c3e tempest-HostsAdminTestJSON-1736921969 tempest-HostsAdminTestJSON-1736921969-project-admin] Calling method '.version_select at 0x7fdbb763c5e0>' {{(pid=124763) _process_stack /opt/stack/nova/nova/api/openstack/wsgi.py:513}}
Jan 12 14:46:59.159377 n-d-819390-6 devstack@n-api.service[124763]: /usr/local/lib/python3.8/dist-packages/oslo_policy/policy.py:1119: UserWarning: Policy "os_compute_api:os-hosts:list": "rule:system_reader_api" failed scope check. The token used to make the request was project scoped but the policy requires ['system'] scope. This behavior may change in the future where using the intended scope is required
Jan 12 14:46:59.159377 n-d-819390-6 devstack@n-api.service[124763]: warnings.warn(msg)
Jan 12 14:46:59.162109 n-d-819390-6 devstack@n-api.service[124763]: DEBUG oslo_concurrency.lockutils [None req-b1818bed-0878-4e39-8e88-f142c7165c3e tempest-HostsAdminTestJSON-1736921969 tempest-HostsAdminTestJSON-1736921969-project-admin] Lock "00000000-0000-0000-0000-000000000000" acquired by "nova.context.set_target_cell..get_or_set_cached_cell_and_set_connections" :: waited 0.000s {{(pid=124763) inner /usr/local/lib/python3.8/dist-packages/oslo_concurrency/lockutils.py:386}}
Jan 12 14:46:59.162622 n-d-819390-6 devstack@n-api.service[124763]: DEBUG oslo_concurrency.lockutils [None req-b1818bed-0878-4e39-8e88-f142c7165c3e tempest-HostsAdminTestJSON-1736921969 tempest-HostsAdminTestJSON-1736921969-project-admin] Lock "00000000-0000-0000-0000-000000000000" "released" by "nova.context.set_target_cell..get_or_set_cached_cell_and_set_connections" :: held 0.001s {{(pid=124763) inner /usr/local/lib/python3.8/dist-packages/oslo_concurrency/lockutils.py:400}}
Jan 12 14:46:59.163499 n-d-819390-6 devstack@n-api.service[124763]: DEBUG oslo_concurrency.lockutils [None req-b1818bed-0878-4e39-8e88-f142c7165c3e tempest-HostsAdminTestJSON-1736921969 tempest-HostsAdminTestJSON-1736921969-project-admin] Lock "3b7d5467-2295-4a8a-915c-e95ca46df40f" acquired by "nova.context.set_target_cell..get_or_set_cached_cell_and_set_connections" :: waited 0.000s {{(pid=124763) inner /usr/local/lib/python3.8/dist-packages/oslo_concurrency/lockutils.py:386}}
Jan 12 14:46:59.164018 n-d-819390-6 devstack@n-api.service[124763]: DEBUG oslo_concurrency.lockutils [None req-b1818bed-0878-4e39-8e88-f142c7165c3e tempest-HostsAdminTestJSON-1736921969 tempest-HostsAdminTestJSON-1736921969-project-admin] Lock "3b7d5467-2295-4a8a-915c-e95ca46df40f" "released" by "nova.context.set_target_cell..get_or_set_cached_cell_and_set_connections" :: held 0.001s {{(pid=124763) inner /usr/local/lib/python3.8/dist-packages/oslo_concurrency/lockutils.py:400}}
Jan 12 14:46:59.187961 n-d-819390-6 devstack@n-api.service[124763]: INFO nova.api.openstack.requestlog [None req-b1818bed-0878-4e39-8e88-f142c7165c3e tempest-HostsAdminTestJSON-1736921969 tempest-HostsAdminTestJSON-1736921969-project-admin] 10.222.0.30 "GET /compute/v2.1/os-hosts?zone=" status: 200 len: 376 microversion: 2.1 time: 0.034929
Jan 12 14:46:59.192660 n-d-819390-6 devstack@n-api.service[124763]: [pid: 124763|app: 0|req: 119/216] 10.222.0.30 () {58 vars in 1138 bytes} [Wed Jan 12 14:46:59 2022] GET /compute/v2.1/os-hosts?zone= => generated 376 bytes in 36 msecs (HTTP/1.1 200) 9 headers in 357 bytes (1 switches on core 0)
Jan 12 14:46:59.194418 n-d-819390-6 devstack@n-api.service[124763]: DEBUG nova.api.openstack.wsgi [None req-42803f6f-463e-4452-9d57-2e91694c1218 tempest-AggregatesAdminTestJSON-775875919 tempest-AggregatesAdminTestJSON-775875919-project-admin] Action: 'action', calling method: >, body: {"remove_host": {"host": "n-h2-819390-6"}} {{(pid=124763) _process_stack /opt/stack/nova/nova/api/openstack/wsgi.py:511}}
Jan 12 14:46:59.195776 n-d-819390-6 devstack@n-api.service[124763]: /usr/local/lib/python3.8/dist-packages/oslo_policy/policy.py:1119: UserWarning: Policy "os_compute_api:os-aggregates:remove_host": "rule:system_admin_api" failed scope check. The token used to make the request was project scoped but the policy requires ['system'] scope. This behavior may change in the future where using the intended scope is required
Jan 12 14:46:59.195776 n-d-819390-6 devstack@n-api.service[124763]: warnings.warn(msg)
Jan 12 14:46:59.204601 n-d-819390-6 devstack@n-api.service[124763]: DEBUG oslo_concurrency.lockutils [None req-42803f6f-463e-4452-9d57-2e91694c1218 tempest-AggregatesAdminTestJSON-775875919 tempest-AggregatesAdminTestJSON-775875919-project-admin] Lock "3b7d5467-2295-4a8a-915c-e95ca46df40f" acquired by "nova.context.set_target_cell..get_or_set_cached_cell_and_set_connections" :: waited 0.000s {{(pid=124763) inner /usr/local/lib/python3.8/dist-packages/oslo_concurrency/lockutils.py:386}}
Jan 12 14:46:59.205857 n-d-819390-6 devstack@n-api.service[124763]: DEBUG oslo_concurrency.lockutils [None req-42803f6f-463e-4452-9d57-2e91694c1218 tempest-AggregatesAdminTestJSON-775875919 tempest-AggregatesAdminTestJSON-775875919-project-admin] Lock "3b7d5467-2295-4a8a-915c-e95ca46df40f" "released" by "nova.context.set_target_cell..get_or_set_cached_cell_and_set_connections" :: held 0.001s {{(pid=124763) inner /usr/local/lib/python3.8/dist-packages/oslo_concurrency/lockutils.py:400}}
Jan 12 14:46:59.470369 n-d-819390-6 devstack@n-api.service[124762]: DEBUG nova.virt.hardware [None req-3881435f-423c-43b7-8e94-54f501f7a91e tempest-DeleteServersAdminTestJSON-218108448 tempest-DeleteServersAdminTestJSON-218108448-project] Flavor limits 0:0:0 {{(pid=124762) get_cpu_topology_constraints /opt/stack/nova/nova/virt/hardware.py:343}}
Jan 12 14:46:59.470369 n-d-819390-6 devstack@n-api.service[124762]: DEBUG nova.virt.hardware [None req-3881435f-423c-43b7-8e94-54f501f7a91e tempest-DeleteServersAdminTestJSON-218108448 tempest-DeleteServersAdminTestJSON-218108448-project] Image limits 0:0:0 {{(pid=124762) get_cpu_topology_constraints /opt/stack/nova/nova/virt/hardware.py:347}}
Jan 12 14:46:59.470369 n-d-819390-6 devstack@n-api.service[124762]: DEBUG nova.virt.hardware [None req-3881435f-423c-43b7-8e94-54f501f7a91e tempest-DeleteServersAdminTestJSON-218108448 tempest-DeleteServersAdminTestJSON-218108448-project] Flavor pref 0:0:0 {{(pid=124762) get_cpu_topology_constraints /opt/stack/nova/nova/virt/hardware.py:383}}
Jan 12 14:46:59.470369 n-d-819390-6 devstack@n-api.service[124762]: DEBUG nova.virt.hardware [None req-3881435f-423c-43b7-8e94-54f501f7a91e tempest-DeleteServersAdminTestJSON-218108448 tempest-DeleteServersAdminTestJSON-218108448-project] Image pref 0:0:0 {{(pid=124762) get_cpu_topology_constraints /opt/stack/nova/nova/virt/hardware.py:387}}
Jan 12 14:46:59.470369 n-d-819390-6 devstack@n-api.service[124762]: DEBUG nova.virt.hardware [None req-3881435f-423c-43b7-8e94-54f501f7a91e tempest-DeleteServersAdminTestJSON-218108448 tempest-DeleteServersAdminTestJSON-218108448-project] Chose sockets=0, cores=0, threads=0; limits were sockets=65536, cores=65536, threads=65536 {{(pid=124762) get_cpu_topology_constraints /opt/stack/nova/nova/virt/hardware.py:425}}
Jan 12 14:46:59.471782 n-d-819390-6 devstack@n-api.service[124762]: DEBUG oslo_concurrency.lockutils [None req-3881435f-423c-43b7-8e94-54f501f7a91e tempest-DeleteServersAdminTestJSON-218108448 tempest-DeleteServersAdminTestJSON-218108448-project] Lock "00000000-0000-0000-0000-000000000000" acquired by "nova.context.set_target_cell..get_or_set_cached_cell_and_set_connections" :: waited 0.000s {{(pid=124762) inner /usr/local/lib/python3.8/dist-packages/oslo_concurrency/lockutils.py:386}}
Jan 12 14:46:59.472236 n-d-819390-6 devstack@n-api.service[124762]: DEBUG oslo_concurrency.lockutils [None req-3881435f-423c-43b7-8e94-54f501f7a91e tempest-DeleteServersAdminTestJSON-218108448 tempest-DeleteServersAdminTestJSON-218108448-project] Lock "00000000-0000-0000-0000-000000000000" "released" by "nova.context.set_target_cell..get_or_set_cached_cell_and_set_connections" :: held 0.002s {{(pid=124762) inner /usr/local/lib/python3.8/dist-packages/oslo_concurrency/lockutils.py:400}}
Jan 12 14:46:59.473056 n-d-819390-6 devstack@n-api.service[124762]: DEBUG oslo_concurrency.lockutils [None req-3881435f-423c-43b7-8e94-54f501f7a91e tempest-DeleteServersAdminTestJSON-218108448 tempest-DeleteServersAdminTestJSON-218108448-project] Lock "3b7d5467-2295-4a8a-915c-e95ca46df40f" acquired by "nova.context.set_target_cell..get_or_set_cached_cell_and_set_connections" :: waited 0.000s {{(pid=124762) inner /usr/local/lib/python3.8/dist-packages/oslo_concurrency/lockutils.py:386}}
Jan 12 14:46:59.473542 n-d-819390-6 devstack@n-api.service[124762]: DEBUG oslo_concurrency.lockutils [None req-3881435f-423c-43b7-8e94-54f501f7a91e tempest-DeleteServersAdminTestJSON-218108448 tempest-DeleteServersAdminTestJSON-218108448-project] Lock "3b7d5467-2295-4a8a-915c-e95ca46df40f" "released" by "nova.context.set_target_cell..get_or_set_cached_cell_and_set_connections" :: held 0.000s {{(pid=124762) inner /usr/local/lib/python3.8/dist-packages/oslo_concurrency/lockutils.py:400}}
Jan 12 14:46:59.490845 n-d-819390-6 devstack@n-api.service[124763]: INFO nova.api.openstack.requestlog [None req-42803f6f-463e-4452-9d57-2e91694c1218 tempest-AggregatesAdminTestJSON-775875919 tempest-AggregatesAdminTestJSON-775875919-project-admin] 10.222.0.30 "POST /compute/v2.1/os-aggregates/3/action" status: 200 len: 227 microversion: 2.1 time: 0.300405
Jan 12 14:46:59.497667 n-d-819390-6 devstack@n-api.service[124763]: [pid: 124763|app: 0|req: 120/217] 10.222.0.30 () {60 vars in 1190 bytes} [Wed Jan 12 14:46:59 2022] POST /compute/v2.1/os-aggregates/3/action => generated 227 bytes in 308 msecs (HTTP/1.1 200) 9 headers in 357 bytes (1 switches on core 0)
Jan 12 14:46:59.503311 n-d-819390-6 devstack@n-api.service[124763]: DEBUG nova.api.openstack.wsgi [None req-77f2178a-ce5e-4c9f-afbd-148b4a1e1f96 tempest-HostsAdminTestJSON-1736921969 tempest-HostsAdminTestJSON-1736921969-project-admin] Calling method '.version_select at 0x7fdbb763cee0>' {{(pid=124763) _process_stack /opt/stack/nova/nova/api/openstack/wsgi.py:513}}
Jan 12 14:46:59.503635 n-d-819390-6 devstack@n-api.service[124762]: DEBUG nova.quota [None req-3881435f-423c-43b7-8e94-54f501f7a91e tempest-DeleteServersAdminTestJSON-218108448 tempest-DeleteServersAdminTestJSON-218108448-project] Getting quotas for project 22b858b41d804ea89625ea09fe31b96d. Resources: {'ram', 'instances', 'cores'} {{(pid=124762) _get_quotas /opt/stack/nova/nova/quota.py:387}}
Jan 12 14:46:59.504557 n-d-819390-6 devstack@n-api.service[124763]: /usr/local/lib/python3.8/dist-packages/oslo_policy/policy.py:1119: UserWarning: Policy "os_compute_api:os-hosts:list": "rule:system_reader_api" failed scope check. The token used to make the request was project scoped but the policy requires ['system'] scope. This behavior may change in the future where using the intended scope is required
Jan 12 14:46:59.504557 n-d-819390-6 devstack@n-api.service[124763]: warnings.warn(msg)
