Nov 24 23:37:32.827559 n-d-819194-1 neutron-server[103526]: DEBUG neutron.pecan_wsgi.hooks.policy_enforcement [req-ba6d3a1d-46e5-4ed5-912a-3822693309dc req-f120389f-21f4-4952-bf71-18cbc77240c0 service neutron] Attributes excluded by policy engine: ['standard_attr_id'] {{(pid=103526) _exclude_attributes_by_policy /opt/stack/neutron/neutron/pecan_wsgi/hooks/policy_enforcement.py:255}}
Nov 24 23:37:32.828765 n-d-819194-1 neutron-server[103526]: DEBUG neutron_lib.callbacks.manager [req-ba6d3a1d-46e5-4ed5-912a-3822693309dc req-f120389f-21f4-4952-bf71-18cbc77240c0 service neutron] Publish callbacks ['neutron.notifiers.nova.Notifier._send_nova_notification-41884', 'neutron.api.rpc.agentnotifiers.dhcp_rpc_agent_api.DhcpAgentNotifyAPI._send_dhcp_notification-66618522'] for port, before_response {{(pid=103526) _notify_loop /usr/local/lib/python3.8/dist-packages/neutron_lib/callbacks/manager.py:175}}
Nov 24 23:37:32.830573 n-d-819194-1 neutron-server[103526]: INFO neutron.wsgi [req-ba6d3a1d-46e5-4ed5-912a-3822693309dc req-f120389f-21f4-4952-bf71-18cbc77240c0 service neutron] 10.222.0.54 "PUT /v2.0/ports/75086222-7f7b-41b4-9641-dc8ee200270f HTTP/1.1" status: 200 len: 1096 time: 1.4856563
Nov 24 23:37:32.837120 n-d-819194-1 neutron-server[103526]: DEBUG neutron.notifiers.nova [-] Sending events: [{'name': 'network-changed', 'server_uuid': 'cb931dfe-c08d-47c2-a348-44483896b339', 'tag': '75086222-7f7b-41b4-9641-dc8ee200270f'}] {{(pid=103526) send_events /opt/stack/neutron/neutron/notifiers/nova.py:262}}
Nov 24 23:37:32.839687 n-d-819194-1 neutron-server[103526]: DEBUG novaclient.v2.client [-] REQ: curl -g -i --cacert "/opt/stack/data/ca-bundle.pem" -X POST http://10.222.0.46/compute/v2.1/os-server-external-events -H "Accept: application/json" -H "Content-Type: application/json" -H "User-Agent: python-novaclient" -H "X-Auth-Token: {SHA256}e5ac0ab400ee8de1aca6a7176a09395f5007e01943a95d8c43ea76671e967fc9" -H "X-OpenStack-Nova-API-Version: 2.1" -H "X-OpenStack-Request-ID: req-abbe3b52-37b1-4b38-9fc6-a0cf5d973920" -d '{"events": [{"name": "network-changed", "server_uuid": "cb931dfe-c08d-47c2-a348-44483896b339", "tag": "75086222-7f7b-41b4-9641-dc8ee200270f"}]}' {{(pid=103526) _http_log_request /usr/local/lib/python3.8/dist-packages/keystoneauth1/session.py:519}}
Nov 24 23:37:32.887577 n-d-819194-1 neutron-server[103526]: DEBUG neutron.api.rpc.handlers.resources_rpc [None req-f120389f-21f4-4952-bf71-18cbc77240c0 service neutron] Pushing event updated for resources: {'Port': ['ID=75086222-7f7b-41b4-9641-dc8ee200270f,revision_number=3']} {{(pid=103526) push /opt/stack/neutron/neutron/api/rpc/handlers/resources_rpc.py:237}}
Nov 24 23:37:32.918219 n-d-819194-1 neutron-server[103527]: DEBUG neutron.plugins.ml2.rpc [None req-f12e3bdc-1f98-4341-921f-81b03d15099e None None] Device 4ccd454a-b572-4fb7-8c69-b209af39f17b up at agent ovs-agent-n-d-819194-1 {{(pid=103527) update_device_up /opt/stack/neutron/neutron/plugins/ml2/rpc.py:296}}
Nov 24 23:37:33.005567 n-d-819194-1 neutron-server[103525]: DEBUG neutron.pecan_wsgi.hooks.policy_enforcement [req-536d35ad-2ed8-4a0c-8d3b-f07eec207703 req-4b90c9bf-ac0a-445c-a476-8b75a8b24553 tempest-LiveMigrationNegativeTest-395447935 tempest-LiveMigrationNegativeTest-395447935-project] Attributes excluded by policy engine: ['standard_attr_id', 'vlan_transparent', 'provider:network_type', 'provider:physical_network', 'provider:segmentation_id'] {{(pid=103525) _exclude_attributes_by_policy /opt/stack/neutron/neutron/pecan_wsgi/hooks/policy_enforcement.py:255}}
Nov 24 23:37:33.006507 n-d-819194-1 neutron-server[103526]: DEBUG neutron.pecan_wsgi.hooks.policy_enforcement [req-ba6d3a1d-46e5-4ed5-912a-3822693309dc req-2d97298a-3253-400d-bf3b-3116a21ae83a service neutron] Attributes excluded by policy engine: ['standard_attr_id'] {{(pid=103526) _exclude_attributes_by_policy /opt/stack/neutron/neutron/pecan_wsgi/hooks/policy_enforcement.py:255}}
Nov 24 23:37:33.010652 n-d-819194-1 neutron-server[103526]: INFO neutron.wsgi [req-ba6d3a1d-46e5-4ed5-912a-3822693309dc req-2d97298a-3253-400d-bf3b-3116a21ae83a service neutron] 10.222.0.54 "GET /v2.0/ports?tenant_id=59108585cea54d99a8ac06d16b3aa009&device_id=cb931dfe-c08d-47c2-a348-44483896b339 HTTP/1.1" status: 200 len: 1099 time: 0.0869224
Nov 24 23:37:33.016837 n-d-819194-1 neutron-server[103525]: INFO neutron.wsgi [req-536d35ad-2ed8-4a0c-8d3b-f07eec207703 req-4b90c9bf-ac0a-445c-a476-8b75a8b24553 tempest-LiveMigrationNegativeTest-395447935 tempest-LiveMigrationNegativeTest-395447935-project] 10.222.0.46 "GET /v2.0/networks?shared=True HTTP/1.1" status: 200 len: 769 time: 0.3272691
Nov 24 23:37:33.027263 n-d-819194-1 neutron-server[103525]: DEBUG neutron.api.rpc.handlers.resources_rpc [None req-3ede3562-498e-441f-a575-fa80add40fb5 tempest-SecurityGroupsTestAdminJSON-1581977612 tempest-SecurityGroupsTestAdminJSON-1581977612-project] Pushing event updated for resources: {'SecurityGroup': ['ID=cd1240f6-ebc6-4fd9-82cc-84a66a66932f,revision_number=1']} {{(pid=103525) push /opt/stack/neutron/neutron/api/rpc/handlers/resources_rpc.py:237}}
Nov 24 23:37:33.031154 n-d-819194-1 neutron-server[103527]: DEBUG neutron.db.provisioning_blocks [None req-f12e3bdc-1f98-4341-921f-81b03d15099e None None] Provisioning complete for port 4ccd454a-b572-4fb7-8c69-b209af39f17b triggered by entity L2. {{(pid=103527) provisioning_complete /opt/stack/neutron/neutron/db/provisioning_blocks.py:139}}
Nov 24 23:37:33.031564 n-d-819194-1 neutron-server[103527]: DEBUG neutron_lib.callbacks.manager [None req-f12e3bdc-1f98-4341-921f-81b03d15099e None None] Publish callbacks ['neutron.plugins.ml2.plugin.Ml2Plugin._port_provisioned-539894'] for port, provisioning_complete {{(pid=103527) _notify_loop /usr/local/lib/python3.8/dist-packages/neutron_lib/callbacks/manager.py:175}}
Nov 24 23:37:33.057230 n-d-819194-1 neutron-server[103526]: DEBUG neutron.wsgi [-] (103526) accepted ('10.222.0.46', 41354) {{(pid=103526) server /usr/local/lib/python3.8/dist-packages/eventlet/wsgi.py:1004}}
Nov 24 23:37:33.127776 n-d-819194-1 neutron-server[103527]: DEBUG neutron.plugins.ml2.db [None req-18e6099b-1785-41be-be78-dd5b12061c09 None None] get_ports_and_sgs() called for port_ids ['219f70df-481f-4470-9c2a-295fdd3b88d7'] {{(pid=103527) get_ports_and_sgs /opt/stack/neutron/neutron/plugins/ml2/db.py:156}}
Nov 24 23:37:33.143688 n-d-819194-1 neutron-server[103526]: INFO neutron.wsgi [req-ba6d3a1d-46e5-4ed5-912a-3822693309dc req-db042b2e-938e-4a6b-804f-cd323a412ccf service neutron] 10.222.0.54 "GET /v2.0/floatingips?fixed_ip_address=192.168.233.110&port_id=75086222-7f7b-41b4-9641-dc8ee200270f HTTP/1.1" status: 200 len: 217 time: 0.1101816
Nov 24 23:37:33.239131 n-d-819194-1 neutron-server[103526]: INFO neutron.wsgi [None req-8511a743-c4ab-48fc-a606-34436631b987 admin admin] 10.222.0.46 "GET /v2.0/security-groups?tenant_id=3afc80d6ad9a4d1090d2243cf92454c2&name=default HTTP/1.1" status: 200 len: 2996 time: 0.1653526
Nov 24 23:37:33.239961 n-d-819194-1 neutron-server[103526]: DEBUG neutron.wsgi [-] (103526) accepted ('10.222.0.46', 41356) {{(pid=103526) server /usr/local/lib/python3.8/dist-packages/eventlet/wsgi.py:1004}}
Nov 24 23:37:33.258874 n-d-819194-1 neutron-server[103526]: DEBUG neutron.pecan_wsgi.hooks.policy_enforcement [req-ba6d3a1d-46e5-4ed5-912a-3822693309dc req-04490e72-fb65-4b68-8638-5d9cf9177f58 service neutron] Attributes excluded by policy engine: ['standard_attr_id', 'shared', 'segment_id'] {{(pid=103526) _exclude_attributes_by_policy /opt/stack/neutron/neutron/pecan_wsgi/hooks/policy_enforcement.py:255}}
Nov 24 23:37:33.260612 n-d-819194-1 neutron-server[103526]: INFO neutron.wsgi [req-ba6d3a1d-46e5-4ed5-912a-3822693309dc req-04490e72-fb65-4b68-8638-5d9cf9177f58 service neutron] 10.222.0.54 "GET /v2.0/subnets?id=cde6f5e6-402b-4e0e-9965-17ca21133e35 HTTP/1.1" status: 200 len: 843 time: 0.1056094
Nov 24 23:37:33.276492 n-d-819194-1 neutron-server[103526]: DEBUG neutron.api.v2.base [None req-b29a9bd7-bf1e-4f1f-9eb4-82b4ec0e8c44 admin admin] Request body: {'network': {'name': 'tempest-LiveAutoBlockMigrationV225Test-1817872148-network', 'tenant_id': '27e98f7b500a42ec9bc961de24a94398'}} {{(pid=103526) prepare_request_body /opt/stack/neutron/neutron/api/v2/base.py:729}}
Nov 24 23:37:33.351971 n-d-819194-1 neutron-server[103526]: DEBUG neutron.pecan_wsgi.hooks.quota_enforcement [None req-b29a9bd7-bf1e-4f1f-9eb4-82b4ec0e8c44 admin admin] Made reservation on behalf of 27e98f7b500a42ec9bc961de24a94398 for: {'network': 1} {{(pid=103526) before /opt/stack/neutron/neutron/pecan_wsgi/hooks/quota_enforcement.py:53}}
Nov 24 23:37:33.354316 n-d-819194-1 neutron-server[103526]: DEBUG neutron_lib.callbacks.manager [None req-b29a9bd7-bf1e-4f1f-9eb4-82b4ec0e8c44 admin admin] Publish callbacks ['neutron.plugins.ml2.plugin.SecurityGroupDbMixin._ensure_default_security_group_handler-722581'] for network, before_create {{(pid=103526) _notify_loop /usr/local/lib/python3.8/dist-packages/neutron_lib/callbacks/manager.py:175}}
Nov 24 23:37:33.370015 n-d-819194-1 neutron-server[103526]: DEBUG neutron_lib.callbacks.manager [None req-b29a9bd7-bf1e-4f1f-9eb4-82b4ec0e8c44 admin admin] Publish callbacks [] for security_group, before_create {{(pid=103526) _notify_loop /usr/local/lib/python3.8/dist-packages/neutron_lib/callbacks/manager.py:175}}
Nov 24 23:37:33.371640 n-d-819194-1 neutron-server[103527]: DEBUG neutron_lib.callbacks.manager [None req-f12e3bdc-1f98-4341-921f-81b03d15099e None None] Publish callbacks ['neutron.plugins.ml2.plugin.SecurityGroupDbMixin._ensure_default_security_group_handler-722581'] for port, before_update {{(pid=103527) _notify_loop /usr/local/lib/python3.8/dist-packages/neutron_lib/callbacks/manager.py:175}}
Nov 24 23:37:33.380749 n-d-819194-1 neutron-server[103525]: INFO neutron.wsgi [req-536d35ad-2ed8-4a0c-8d3b-f07eec207703 req-66033dd5-e2c6-46a0-919d-3a085de34cbe tempest-LiveMigrationNegativeTest-395447935 tempest-LiveMigrationNegativeTest-395447935-project] 10.222.0.46 "GET /v2.0/quotas/b4c71d1c24b44930b4e2027b2e69db2e HTTP/1.1" status: 200 len: 375 time: 0.3614810
Nov 24 23:37:33.414270 n-d-819194-1 neutron-server[103526]: DEBUG neutron.pecan_wsgi.hooks.policy_enforcement [req-ba6d3a1d-46e5-4ed5-912a-3822693309dc req-4c37ecad-0227-4456-b616-2d92c388b764 service neutron] Attributes excluded by policy engine: ['standard_attr_id'] {{(pid=103526) _exclude_attributes_by_policy /opt/stack/neutron/neutron/pecan_wsgi/hooks/policy_enforcement.py:255}}
Nov 24 23:37:33.415814 n-d-819194-1 neutron-server[103526]: INFO neutron.wsgi [req-ba6d3a1d-46e5-4ed5-912a-3822693309dc req-4c37ecad-0227-4456-b616-2d92c388b764 service neutron] 10.222.0.54 "GET /v2.0/ports?network_id=319967ec-3d51-4f65-af5f-36350595a4b3&device_owner=network%3Adhcp HTTP/1.1" status: 200 len: 1166 time: 0.1212175
Nov 24 23:37:33.454656 n-d-819194-1 neutron-server[103527]: DEBUG neutron.plugins.ml2.db [None req-f12e3bdc-1f98-4341-921f-81b03d15099e None None] For port 4ccd454a-b572-4fb7-8c69-b209af39f17b, host n-d-819194-1, got binding levels [PortBindingLevel(driver='openvswitch',host='n-d-819194-1',level=0,port_id=4ccd454a-b572-4fb7-8c69-b209af39f17b,segment=NetworkSegment(9ad6dea0-2946-4157-a8be-69bfd27eedb6),segment_id=9ad6dea0-2946-4157-a8be-69bfd27eedb6)] {{(pid=103527) get_binding_level_objs /opt/stack/neutron/neutron/plugins/ml2/db.py:74}}
Nov 24 23:37:33.467581 n-d-819194-1 neutron-server[103525]: INFO neutron.wsgi [req-536d35ad-2ed8-4a0c-8d3b-f07eec207703 req-aff0211b-d349-4254-9def-b8661cfe711b tempest-LiveMigrationNegativeTest-395447935 tempest-LiveMigrationNegativeTest-395447935-project] 10.222.0.46 "GET /v2.0/ports?tenant_id=b4c71d1c24b44930b4e2027b2e69db2e&fields=id HTTP/1.1" status: 200 len: 210 time: 0.0845916
Nov 24 23:37:33.495073 n-d-819194-1 neutron-server[103526]: DEBUG neutron_lib.callbacks.manager [None req-b29a9bd7-bf1e-4f1f-9eb4-82b4ec0e8c44 admin admin] Publish callbacks [] for security_group, precommit_create {{(pid=103526) _notify_loop /usr/local/lib/python3.8/dist-packages/neutron_lib/callbacks/manager.py:175}}
Nov 24 23:37:33.516939 n-d-819194-1 neutron-server[103527]: DEBUG neutron.api.rpc.handlers.dhcp_rpc [None req-2a4ae59a-5ae0-4e19-8582-df263c980df0 None None] Network 873166f0-7e21-4e0a-b067-d4605e5271c7 requested from n-d-819194-1 {{(pid=103527) get_network_info /opt/stack/neutron/neutron/api/rpc/handlers/dhcp_rpc.py:218}}
Nov 24 23:37:33.592965 n-d-819194-1 neutron-server[103526]: INFO neutron.wsgi [req-ba6d3a1d-46e5-4ed5-912a-3822693309dc req-e1b7e2be-d29e-43c6-9fba-d9341c325b06 service neutron] 10.222.0.54 "GET /v2.0/networks/319967ec-3d51-4f65-af5f-36350595a4b3?fields=segments HTTP/1.1" status: 200 len: 212 time: 0.0960793
Nov 24 23:37:33.593569 n-d-819194-1 neutron-server[103526]: DEBUG neutron.wsgi [-] (103526) accepted ('10.222.0.46', 41364) {{(pid=103526) server /usr/local/lib/python3.8/dist-packages/eventlet/wsgi.py:1004}}
Nov 24 23:37:33.600641 n-d-819194-1 neutron-server[103526]: DEBUG neutron_lib.callbacks.manager [None req-b29a9bd7-bf1e-4f1f-9eb4-82b4ec0e8c44 admin admin] Publish callbacks ['neutron.plugins.ml2.ovo_rpc._ObjectChangeHandler.handle_event-66776283'] for security_group, after_create {{(pid=103526) _notify_loop /usr/local/lib/python3.8/dist-packages/neutron_lib/callbacks/manager.py:175}}
Nov 24 23:37:33.612343 n-d-819194-1 neutron-server[103526]: DEBUG neutron.plugins.ml2.drivers.helpers [None req-b29a9bd7-bf1e-4f1f-9eb4-82b4ec0e8c44 admin admin] vlan segment allocate from pool success with {'physical_network': 'physnet1', 'vlan_id': 150} {{(pid=103526) allocate_partially_specified_segment /opt/stack/neutron/neutron/plugins/ml2/drivers/helpers.py:153}}
Nov 24 23:37:33.618952 n-d-819194-1 neutron-server[103527]: DEBUG neutron_lib.callbacks.manager [None req-f12e3bdc-1f98-4341-921f-81b03d15099e None None] Publish callbacks ['neutron.plugins.ml2.plugin.SecurityGroupServerNotifierRpcMixin._notify_sg_on_port_change-722642', 'neutron.plugins.ml2.ovo_rpc._ObjectChangeHandler.handle_event-24660', 'neutron.api.rpc.agentnotifiers.dhcp_rpc_agent_api.DhcpAgentNotifyAPI._native_event_send_dhcp_notification-66618500', 'neutron.db.l3_db.L3RpcNotifierMixin._notify_gateway_port_ip_changed-8784248300584', 'neutron.db.l3_dvrscheduler_db._notify_l3_agent_port_update-8784247892893', 'neutron.db.l3_hascheduler_db._notify_l3_agent_ha_port_update-8784247892911'] for port, after_update {{(pid=103527) _notify_loop /usr/local/lib/python3.8/dist-packages/neutron_lib/callbacks/manager.py:175}}
Nov 24 23:37:33.623024 n-d-819194-1 neutron-server[103526]: DEBUG neutron_lib.callbacks.manager [None req-b29a9bd7-bf1e-4f1f-9eb4-82b4ec0e8c44 admin admin] Publish callbacks ['neutron.plugins.ml2.plugin.Ml2Plugin._handle_segment_change-677781'] for segment, precommit_create {{(pid=103526) _notify_loop /usr/local/lib/python3.8/dist-packages/neutron_lib/callbacks/manager.py:175}}
Nov 24 23:37:33.623383 n-d-819194-1 neutron-server[103526]: INFO neutron.db.segments_db [None req-b29a9bd7-bf1e-4f1f-9eb4-82b4ec0e8c44 admin admin] Added segment daeef129-a069-407f-8a4d-4dcbfd479f58 of type vlan for network 7f0f62bc-8145-480c-9cde-1cc34249355c
Nov 24 23:37:33.661002 n-d-819194-1 neutron-server[103525]: DEBUG neutron_lib.callbacks.manager [req-22690e0b-5d99-46b2-a247-5e3d718ba225 req-3ede3562-498e-441f-a575-fa80add40fb5 tempest-SecurityGroupsTestAdminJSON-1581977612 tempest-SecurityGroupsTestAdminJSON-1581977612-project] Publish callbacks [] for security_group, precommit_create {{(pid=103525) _notify_loop /usr/local/lib/python3.8/dist-packages/neutron_lib/callbacks/manager.py:175}}
Nov 24 23:37:33.662447 n-d-819194-1 neutron-server[103525]: DEBUG neutron_lib.callbacks.manager [None req-1d545b96-3c98-4dac-ac45-f5e855468b97 admin admin] Publish callbacks ['neutron.services.l3_router.l3_router_plugin.L3_HA_NAT_db_mixin._after_router_create-382098', 'neutron.services.l3_router.l3_router_plugin.DVRResourceOperationHandler._create_snat_interfaces_after_change-66845483'] for router, after_create {{(pid=103525) _notify_loop /usr/local/lib/python3.8/dist-packages/neutron_lib/callbacks/manager.py:175}}
Nov 24 23:37:33.667431 n-d-819194-1 neutron-server[103526]: DEBUG neutron_lib.callbacks.manager [None req-b29a9bd7-bf1e-4f1f-9eb4-82b4ec0e8c44 admin admin] Publish callbacks ['neutron.services.auto_allocate.db._ensure_external_network_default_value_callback-8784247856110'] for network, precommit_create {{(pid=103526) _notify_loop /usr/local/lib/python3.8/dist-packages/neutron_lib/callbacks/manager.py:175}}
Nov 24 23:37:33.702194 n-d-819194-1 neutron-server[103527]: DEBUG neutron.db.provisioning_blocks [None req-d5bb1d99-59b5-4380-9037-d9306ab39a76 None None] Provisioning complete for port 4ccd454a-b572-4fb7-8c69-b209af39f17b triggered by entity DHCP. {{(pid=103527) provisioning_complete /opt/stack/neutron/neutron/db/provisioning_blocks.py:139}}
Nov 24 23:37:33.702589 n-d-819194-1 neutron-server[103527]: DEBUG neutron_lib.callbacks.manager [None req-d5bb1d99-59b5-4380-9037-d9306ab39a76 None None] Publish callbacks ['neutron.plugins.ml2.plugin.Ml2Plugin._port_provisioned-539894'] for port, provisioning_complete {{(pid=103527) _notify_loop /usr/local/lib/python3.8/dist-packages/neutron_lib/callbacks/manager.py:175}}
Nov 24 23:37:33.716682 n-d-819194-1 neutron-server[103526]: DEBUG neutron.api.rpc.handlers.resources_rpc [None req-b29a9bd7-bf1e-4f1f-9eb4-82b4ec0e8c44 admin admin] Pushing event updated for resources: {'SecurityGroup': ['ID=379e80b7-65ea-4e55-9444-0951f87bc012,revision_number=1']} {{(pid=103526) push /opt/stack/neutron/neutron/api/rpc/handlers/resources_rpc.py:237}}
Nov 24 23:37:33.791091 n-d-819194-1 neutron-server[103526]: DEBUG neutron_lib.callbacks.manager [None req-d673df4e-7ff2-455c-8fa0-cb2c17e750bb admin admin] Publish callbacks [] for security_group, before_delete {{(pid=103526) _notify_loop /usr/local/lib/python3.8/dist-packages/neutron_lib/callbacks/manager.py:175}}
Nov 24 23:37:33.808668 n-d-819194-1 neutron-server[103526]: DEBUG neutron.api.v2.base [None req-ff9d8201-2359-4f23-9598-48e8bac32774 admin admin] Request body: {'network': {'name': 'tempest-ServersWithSpecificFlavorTestJSON-429553511-network', 'tenant_id': 'afd6c31857ff438fa1d9f9d5e7a2fe74'}} {{(pid=103526) prepare_request_body /opt/stack/neutron/neutron/api/v2/base.py:729}}
Nov 24 23:37:33.834065 n-d-819194-1 neutron-server[103526]: DEBUG neutron_lib.callbacks.manager [None req-b29a9bd7-bf1e-4f1f-9eb4-82b4ec0e8c44 admin admin] Publish callbacks ['neutron.plugins.ml2.ovo_rpc._ObjectChangeHandler.handle_event-66779241', 'neutron.api.rpc.agentnotifiers.dhcp_rpc_agent_api.DhcpAgentNotifyAPI._native_event_send_dhcp_notification-66618500'] for network, after_create {{(pid=103526) _notify_loop /usr/local/lib/python3.8/dist-packages/neutron_lib/callbacks/manager.py:175}}
Nov 24 23:37:33.835613 n-d-819194-1 neutron-server[103526]: DEBUG neutron.pecan_wsgi.hooks.policy_enforcement [None req-b29a9bd7-bf1e-4f1f-9eb4-82b4ec0e8c44 admin admin] Attributes excluded by policy engine: ['standard_attr_id', 'vlan_transparent'] {{(pid=103526) _exclude_attributes_by_policy /opt/stack/neutron/neutron/pecan_wsgi/hooks/policy_enforcement.py:255}}
Nov 24 23:37:33.836300 n-d-819194-1 neutron-server[103526]: DEBUG neutron_lib.callbacks.manager [None req-b29a9bd7-bf1e-4f1f-9eb4-82b4ec0e8c44 admin admin] Publish callbacks ['neutron.api.rpc.agentnotifiers.dhcp_rpc_agent_api.DhcpAgentNotifyAPI._send_dhcp_notification-66618522'] for network, before_response {{(pid=103526) _notify_loop /usr/local/lib/python3.8/dist-packages/neutron_lib/callbacks/manager.py:175}}
Nov 24 23:37:33.838084 n-d-819194-1 neutron-server[103525]: DEBUG neutron_lib.callbacks.manager [req-22690e0b-5d99-46b2-a247-5e3d718ba225 req-3ede3562-498e-441f-a575-fa80add40fb5 tempest-SecurityGroupsTestAdminJSON-1581977612 tempest-SecurityGroupsTestAdminJSON-1581977612-project] Publish callbacks ['neutron.plugins.ml2.ovo_rpc._ObjectChangeHandler.handle_event-66776283'] for security_group, after_create {{(pid=103525) _notify_loop /usr/local/lib/python3.8/dist-packages/neutron_lib/callbacks/manager.py:175}}
Nov 24 23:37:33.846798 n-d-819194-1 neutron-server[103526]: DEBUG neutron_lib.callbacks.manager [None req-d673df4e-7ff2-455c-8fa0-cb2c17e750bb admin admin] Publish callbacks [] for security_group, precommit_delete {{(pid=103526) _notify_loop /usr/local/lib/python3.8/dist-packages/neutron_lib/callbacks/manager.py:175}}
Nov 24 23:37:33.895435 n-d-819194-1 neutron-server[103526]: DEBUG neutron.pecan_wsgi.hooks.quota_enforcement [None req-ff9d8201-2359-4f23-9598-48e8bac32774 admin admin] Made reservation on behalf of afd6c31857ff438fa1d9f9d5e7a2fe74 for: {'network': 1} {{(pid=103526) before /opt/stack/neutron/neutron/pecan_wsgi/hooks/quota_enforcement.py:53}}
Nov 24 23:37:33.898267 n-d-819194-1 neutron-server[103526]: DEBUG neutron_lib.callbacks.manager [None req-ff9d8201-2359-4f23-9598-48e8bac32774 admin admin] Publish callbacks ['neutron.plugins.ml2.plugin.SecurityGroupDbMixin._ensure_default_security_group_handler-722581'] for network, before_create {{(pid=103526) _notify_loop /usr/local/lib/python3.8/dist-packages/neutron_lib/callbacks/manager.py:175}}
Nov 24 23:37:33.931157 n-d-819194-1 neutron-server[103525]: DEBUG neutron_lib.callbacks.manager [req-22690e0b-5d99-46b2-a247-5e3d718ba225 req-3ede3562-498e-441f-a575-fa80add40fb5 tempest-SecurityGroupsTestAdminJSON-1581977612 tempest-SecurityGroupsTestAdminJSON-1581977612-project] Publish callbacks [] for security_group, before_response {{(pid=103525) _notify_loop /usr/local/lib/python3.8/dist-packages/neutron_lib/callbacks/manager.py:175}}
Nov 24 23:37:33.932839 n-d-819194-1 neutron-server[103525]: INFO neutron.wsgi [req-22690e0b-5d99-46b2-a247-5e3d718ba225 req-3ede3562-498e-441f-a575-fa80add40fb5 tempest-SecurityGroupsTestAdminJSON-1581977612 tempest-SecurityGroupsTestAdminJSON-1581977612-project] 10.222.0.46 "POST /v2.0/security-groups HTTP/1.1" status: 201 len: 1800 time: 1.8221729
Nov 24 23:37:33.936141 n-d-819194-1 neutron-server[103525]: DEBUG neutron.api.rpc.handlers.resources_rpc [None req-3ede3562-498e-441f-a575-fa80add40fb5 tempest-SecurityGroupsTestAdminJSON-1581977612 tempest-SecurityGroupsTestAdminJSON-1581977612-project] Pushing event updated for resources: {'SecurityGroup': ['ID=46cb41bc-d0c9-4b95-958a-9cdf2438a13e,revision_number=1']} {{(pid=103525) push /opt/stack/neutron/neutron/api/rpc/handlers/resources_rpc.py:237}}
Nov 24 23:37:33.956483 n-d-819194-1 neutron-server[103526]: INFO neutron.wsgi [None req-b29a9bd7-bf1e-4f1f-9eb4-82b4ec0e8c44 admin admin] 10.222.0.46 "POST /v2.0/networks HTTP/1.1" status: 201 len: 894 time: 1.1435611
Nov 24 23:37:33.958738 n-d-819194-1 neutron-server[103525]: DEBUG neutron.wsgi [-] (103525) accepted ('10.222.0.46', 41380) {{(pid=103525) server /usr/local/lib/python3.8/dist-packages/eventlet/wsgi.py:1004}}
Nov 24 23:37:33.968159 n-d-819194-1 neutron-server[103525]: DEBUG neutron.pecan_wsgi.hooks.policy_enforcement [req-8d63ee22-3968-41ef-a1cc-52599ddabd58 req-080726c7-5293-47b4-b6e6-f1b033f89fe0 tempest-DeleteServersAdminTestJSON-1321124099 tempest-DeleteServersAdminTestJSON-1321124099-project] Attributes excluded by policy engine: ['standard_attr_id', 'binding:profile', 'binding:host_id', 'binding:vif_type', 'binding:vif_details'] {{(pid=103525) _exclude_attributes_by_policy /opt/stack/neutron/neutron/pecan_wsgi/hooks/policy_enforcement.py:255}}
Nov 24 23:37:33.978180 n-d-819194-1 neutron-server[103525]: INFO neutron.wsgi [req-8d63ee22-3968-41ef-a1cc-52599ddabd58 req-080726c7-5293-47b4-b6e6-f1b033f89fe0 tempest-DeleteServersAdminTestJSON-1321124099 tempest-DeleteServersAdminTestJSON-1321124099-project] 10.222.0.46 "GET /v2.0/ports?device_id=cb931dfe-c08d-47c2-a348-44483896b339 HTTP/1.1" status: 200 len: 948 time: 0.1568491
Nov 24 23:37:33.986387 n-d-819194-1 neutron-server[103525]: DEBUG neutron.api.v2.base [None req-113486f2-11da-413e-a427-9ef088bce808 admin admin] Request body: {'subnet': {'network_id': '7f0f62bc-8145-480c-9cde-1cc34249355c', 'cidr': '172.20.0.0/28', 'name': 'tempest-LiveAutoBlockMigrationV225Test-1817872148-subnet', 'tenant_id': '27e98f7b500a42ec9bc961de24a94398', 'enable_dhcp': False, 'ip_version': 4}} {{(pid=103525) prepare_request_body /opt/stack/neutron/neutron/api/v2/base.py:729}}
Nov 24 23:37:33.986557 n-d-819194-1 neutron-server[103526]: DEBUG neutron_lib.callbacks.manager [None req-ff9d8201-2359-4f23-9598-48e8bac32774 admin admin] Publish callbacks [] for security_group, before_create {{(pid=103526) _notify_loop /usr/local/lib/python3.8/dist-packages/neutron_lib/callbacks/manager.py:175}}
Nov 24 23:37:34.001988 n-d-819194-1 neutron-server[103526]: INFO neutron.wsgi [req-ba6d3a1d-46e5-4ed5-912a-3822693309dc req-6f4ee3bf-dbae-47d2-8124-db417dd30b2f service neutron] 10.222.0.54 "GET /v2.0/networks/319967ec-3d51-4f65-af5f-36350595a4b3?fields=provider%3Aphysical_network&fields=provider%3Anetwork_type HTTP/1.1" status: 200 len: 281 time: 0.3293729
Nov 24 23:37:34.003410 n-d-819194-1 neutron-server[103526]: DEBUG neutron.api.rpc.handlers.resources_rpc [None req-b29a9bd7-bf1e-4f1f-9eb4-82b4ec0e8c44 admin admin] Pushing event updated for resources: {'Network': ['ID=7f0f62bc-8145-480c-9cde-1cc34249355c,revision_number=1']} {{(pid=103526) push /opt/stack/neutron/neutron/api/rpc/handlers/resources_rpc.py:237}}
Nov 24 23:37:34.013223 n-d-819194-1 neutron-server[103527]: DEBUG neutron.api.rpc.handlers.resources_rpc [None req-f12e3bdc-1f98-4341-921f-81b03d15099e None None] Pushing event updated for resources: {'Port': ['ID=4ccd454a-b572-4fb7-8c69-b209af39f17b,revision_number=3']} {{(pid=103527) push /opt/stack/neutron/neutron/api/rpc/handlers/resources_rpc.py:237}}
Nov 24 23:37:34.039326 n-d-819194-1 neutron-server[103527]: DEBUG neutron.plugins.ml2.rpc [None req-f12e3bdc-1f98-4341-921f-81b03d15099e None None] Network 7f0f62bc-8145-480c-9cde-1cc34249355c details requested by agent ovs-agent-n-d-819194-1 with host n-d-819194-1 {{(pid=103527) get_network_details /opt/stack/neutron/neutron/plugins/ml2/rpc.py:248}}
Nov 24 23:37:34.084852 n-d-819194-1 neutron-server[103526]: DEBUG neutron_lib.callbacks.manager [None req-d673df4e-7ff2-455c-8fa0-cb2c17e750bb admin admin] Publish callbacks ['neutron.plugins.ml2.ovo_rpc._ObjectChangeHandler.handle_event-66776283'] for security_group, after_delete {{(pid=103526) _notify_loop /usr/local/lib/python3.8/dist-packages/neutron_lib/callbacks/manager.py:175}}
Nov 24 23:37:34.085860 n-d-819194-1 neutron-server[103525]: DEBUG neutron.pecan_wsgi.hooks.quota_enforcement [None req-113486f2-11da-413e-a427-9ef088bce808 admin admin] Made reservation on behalf of 27e98f7b500a42ec9bc961de24a94398 for: {'subnet': 1} {{(pid=103525) before /opt/stack/neutron/neutron/pecan_wsgi/hooks/quota_enforcement.py:53}}
Nov 24 23:37:34.087658 n-d-819194-1 neutron-server[103526]: DEBUG neutron_lib.callbacks.manager [None req-d673df4e-7ff2-455c-8fa0-cb2c17e750bb admin admin] Publish callbacks [] for security_group, before_response {{(pid=103526) _notify_loop /usr/local/lib/python3.8/dist-packages/neutron_lib/callbacks/manager.py:175}}
Nov 24 23:37:34.088836 n-d-819194-1 neutron-server[103526]: INFO neutron.wsgi [None req-d673df4e-7ff2-455c-8fa0-cb2c17e750bb admin admin] 10.222.0.46 "DELETE /v2.0/security-groups/8c6983ea-5171-44dd-9189-6d248164e447 HTTP/1.1" status: 204 len: 168 time: 0.8442602
Nov 24 23:37:34.091880 n-d-819194-1 neutron-server[103525]: DEBUG neutron_lib.callbacks.manager [None req-113486f2-11da-413e-a427-9ef088bce808 admin admin] Publish callbacks [] for subnet, before_create {{(pid=103525) _notify_loop /usr/local/lib/python3.8/dist-packages/neutron_lib/callbacks/manager.py:175}}
Nov 24 23:37:34.093977 n-d-819194-1 neutron-server[103525]: DEBUG neutron.scheduler.l3_agent_scheduler [None req-1d545b96-3c98-4dac-ac45-f5e855468b97 admin admin] Router 437d9ef9-46fe-44a9-b20d-49b1924d83a0 is scheduled to L3 agent a24efd0d-45f2-4b0c-87c2-d35986924e50 with binding_index 1 {{(pid=103525) bind_router /opt/stack/neutron/neutron/scheduler/l3_agent_scheduler.py:209}}
Nov 24 23:37:34.127083 n-d-819194-1 neutron-server[103526]: DEBUG neutron.api.rpc.handlers.resources_rpc [None req-d673df4e-7ff2-455c-8fa0-cb2c17e750bb admin admin] Pushing event deleted for resources: {'SecurityGroup': ['ID=8c6983ea-5171-44dd-9189-6d248164e447,revision_number=None']} {{(pid=103526) push /opt/stack/neutron/neutron/api/rpc/handlers/resources_rpc.py:237}}
Nov 24 23:37:34.187072 n-d-819194-1 neutron-server[103526]: DEBUG neutron_lib.callbacks.manager [None req-ff9d8201-2359-4f23-9598-48e8bac32774 admin admin] Publish callbacks [] for security_group, precommit_create {{(pid=103526) _notify_loop /usr/local/lib/python3.8/dist-packages/neutron_lib/callbacks/manager.py:175}}
Nov 24 23:37:34.205699 n-d-819194-1 neutron-server[103526]: DEBUG neutron_lib.callbacks.manager [None req-ff9d8201-2359-4f23-9598-48e8bac32774 admin admin] Publish callbacks ['neutron.plugins.ml2.ovo_rpc._ObjectChangeHandler.handle_event-66776283'] for security_group, after_create {{(pid=103526) _notify_loop /usr/local/lib/python3.8/dist-packages/neutron_lib/callbacks/manager.py:175}}
Nov 24 23:37:34.214403 n-d-819194-1 neutron-server[103525]: INFO neutron.wsgi [req-8d63ee22-3968-41ef-a1cc-52599ddabd58 req-ba576127-140f-4880-a30d-bed1a5d778ce tempest-DeleteServersAdminTestJSON-1321124099 tempest-DeleteServersAdminTestJSON-1321124099-project] 10.222.0.46 "GET /v2.0/security-groups?id=067744c1-c0cf-4a1e-8f1a-909b9dbcdd7b&fields=id&fields=name HTTP/1.1" status: 200 len: 286 time: 0.2319860
Nov 24 23:37:34.246790 n-d-819194-1 neutron-server[103526]: DEBUG neutron.plugins.ml2.drivers.helpers [None req-ff9d8201-2359-4f23-9598-48e8bac32774 admin admin] vlan segment allocate from pool success with {'physical_network': 'physnet1', 'vlan_id': 151} {{(pid=103526) allocate_partially_specified_segment /opt/stack/neutron/neutron/plugins/ml2/drivers/helpers.py:153}}
Nov 24 23:37:34.264052 n-d-819194-1 neutron-server[103526]: DEBUG neutron.api.rpc.handlers.resources_rpc [None req-ff9d8201-2359-4f23-9598-48e8bac32774 admin admin] Pushing event updated for resources: {'SecurityGroup': ['ID=9046d20b-94a3-4d7e-b36c-8c79fe599e77,revision_number=1']} {{(pid=103526) push /opt/stack/neutron/neutron/api/rpc/handlers/resources_rpc.py:237}}
Nov 24 23:37:34.267115 n-d-819194-1 neutron-server[103526]: DEBUG neutron_lib.callbacks.manager [None req-ff9d8201-2359-4f23-9598-48e8bac32774 admin admin] Publish callbacks ['neutron.plugins.ml2.plugin.Ml2Plugin._handle_segment_change-677781'] for segment, precommit_create {{(pid=103526) _notify_loop /usr/local/lib/python3.8/dist-packages/neutron_lib/callbacks/manager.py:175}}
Nov 24 23:37:34.267740 n-d-819194-1 neutron-server[103526]: INFO neutron.db.segments_db [None req-ff9d8201-2359-4f23-9598-48e8bac32774 admin admin] Added segment 07a1f02a-d50d-433c-8dad-06060d17c31b of type vlan for network 775e732f-5713-4a59-bb7d-ad1de300366b
Nov 24 23:37:34.299770 n-d-819194-1 neutron-server[103526]: DEBUG novaclient.v2.client [-] RESP: [200] Connection: close Content-Length: 179 Content-Type: application/json Date: Wed, 24 Nov 2021 23:37:32 GMT OpenStack-API-Version: compute 2.1 Server: Apache/2.4.41 (Ubuntu) Vary: OpenStack-API-Version,X-OpenStack-Nova-API-Version X-OpenStack-Nova-API-Version: 2.1 x-compute-request-id: req-fe7b46c8-4af1-4fee-bb18-6232d5cd3708 x-openstack-request-id: req-fe7b46c8-4af1-4fee-bb18-6232d5cd3708 {{(pid=103526) _http_log_response /usr/local/lib/python3.8/dist-packages/keystoneauth1/session.py:550}}
Nov 24 23:37:34.300215 n-d-819194-1 neutron-server[103526]: DEBUG novaclient.v2.client [-] RESP BODY: {"events": [{"name": "network-changed", "server_uuid": "cb931dfe-c08d-47c2-a348-44483896b339", "tag": "75086222-7f7b-41b4-9641-dc8ee200270f", "status": "completed", "code": 200}]} {{(pid=103526) _http_log_response /usr/local/lib/python3.8/dist-packages/keystoneauth1/session.py:582}}
Nov 24 23:37:34.300323 n-d-819194-1 neutron-server[103526]: DEBUG novaclient.v2.client [-] POST call to compute for http://10.222.0.46/compute/v2.1/os-server-external-events used request id req-fe7b46c8-4af1-4fee-bb18-6232d5cd3708 {{(pid=103526) request /usr/local/lib/python3.8/dist-packages/keystoneauth1/session.py:954}}
Nov 24 23:37:34.300718 n-d-819194-1 neutron-server[103526]: INFO neutron.notifiers.nova [-] Nova event response: {'name': 'network-changed', 'server_uuid': 'cb931dfe-c08d-47c2-a348-44483896b339', 'tag': '75086222-7f7b-41b4-9641-dc8ee200270f', 'status': 'completed', 'code': 200}
Nov 24 23:37:34.321620 n-d-819194-1 neutron-server[103526]: DEBUG neutron_lib.callbacks.manager [None req-ff9d8201-2359-4f23-9598-48e8bac32774 admin admin] Publish callbacks ['neutron.services.auto_allocate.db._ensure_external_network_default_value_callback-8784247856110'] for network, precommit_create {{(pid=103526) _notify_loop /usr/local/lib/python3.8/dist-packages/neutron_lib/callbacks/manager.py:175}}
Nov 24 23:37:34.368837 n-d-819194-1 neutron-server[103526]: DEBUG neutron_lib.callbacks.manager [None req-ff9d8201-2359-4f23-9598-48e8bac32774 admin admin] Publish callbacks ['neutron.plugins.ml2.ovo_rpc._ObjectChangeHandler.handle_event-66779241', 'neutron.api.rpc.agentnotifiers.dhcp_rpc_agent_api.DhcpAgentNotifyAPI._native_event_send_dhcp_notification-66618500'] for network, after_create {{(pid=103526) _notify_loop /usr/local/lib/python3.8/dist-packages/neutron_lib/callbacks/manager.py:175}}
Nov 24 23:37:34.369742 n-d-819194-1 neutron-server[103526]: DEBUG neutron.pecan_wsgi.hooks.policy_enforcement [None req-ff9d8201-2359-4f23-9598-48e8bac32774 admin admin] Attributes excluded by policy engine: ['standard_attr_id', 'vlan_transparent'] {{(pid=103526) _exclude_attributes_by_policy /opt/stack/neutron/neutron/pecan_wsgi/hooks/policy_enforcement.py:255}}
Nov 24 23:37:34.371351 n-d-819194-1 neutron-server[103526]: DEBUG neutron_lib.callbacks.manager [None req-ff9d8201-2359-4f23-9598-48e8bac32774 admin admin] Publish callbacks ['neutron.api.rpc.agentnotifiers.dhcp_rpc_agent_api.DhcpAgentNotifyAPI._send_dhcp_notification-66618522'] for network, before_response {{(pid=103526) _notify_loop /usr/local/lib/python3.8/dist-packages/neutron_lib/callbacks/manager.py:175}}
Nov 24 23:37:34.431851 n-d-819194-1 neutron-server[103525]: DEBUG neutron.pecan_wsgi.hooks.policy_enforcement [req-da37dc7d-a647-48ed-8a18-9669e364343d req-cdfafb5e-503b-4f27-8081-192d419d9da9 tempest-ServersOnMultiNodesTest-476996877 tempest-ServersOnMultiNodesTest-476996877-project] Attributes excluded by policy engine: ['standard_attr_id', 'binding:profile', 'binding:host_id', 'binding:vif_type', 'binding:vif_details'] {{(pid=103525) _exclude_attributes_by_policy /opt/stack/neutron/neutron/pecan_wsgi/hooks/policy_enforcement.py:255}}
Nov 24 23:37:34.433965 n-d-819194-1 neutron-server[103525]: INFO neutron.wsgi [req-da37dc7d-a647-48ed-8a18-9669e364343d req-cdfafb5e-503b-4f27-8081-192d419d9da9 tempest-ServersOnMultiNodesTest-476996877 tempest-ServersOnMultiNodesTest-476996877-project] 10.222.0.46 "GET /v2.0/ports?device_id=86ab9671-1ff9-4a80-99d5-0e9a9aa3bb9c HTTP/1.1" status: 200 len: 948 time: 0.3122914
Nov 24 23:37:34.492892 n-d-819194-1 neutron-server[103525]: INFO neutron.wsgi [req-29d44138-9208-4165-9914-40beb6ad780f req-b06a8f60-9f35-4be1-8fdd-2dfe077b037c tempest-LiveMigrationNegativeTest-395447935 tempest-LiveMigrationNegativeTest-395447935-project] 10.222.0.46 "GET /v2.0/ports?device_id=c080ae1f-36f1-4340-9951-c8ef7a01944c HTTP/1.1" status: 200 len: 210 time: 0.1195974
Nov 24 23:37:34.494604 n-d-819194-1 neutron-server[103526]: INFO neutron.wsgi [None req-ff9d8201-2359-4f23-9598-48e8bac32774 admin admin] 10.222.0.46 "POST /v2.0/networks HTTP/1.1" status: 201 len: 896 time: 0.8977940
Nov 24 23:37:34.504073 n-d-819194-1 neutron-server[103526]: DEBUG neutron.wsgi [-] (103526) accepted ('10.222.0.46', 41390) {{(pid=103526) server /usr/local/lib/python3.8/dist-packages/eventlet/wsgi.py:1004}}
Nov 24 23:37:34.510448 n-d-819194-1 neutron-server[103526]: DEBUG neutron.api.v2.base [None req-6ae63395-cbfa-4a4b-8f2f-6ed4ef506c55 admin admin] Request body: {'subnet': {'network_id': '775e732f-5713-4a59-bb7d-ad1de300366b', 'cidr': '172.20.0.0/28', 'name': 'tempest-ServersWithSpecificFlavorTestJSON-429553511-subnet', 'tenant_id': 'afd6c31857ff438fa1d9f9d5e7a2fe74', 'enable_dhcp': True, 'ip_version': 4}} {{(pid=103526) prepare_request_body /opt/stack/neutron/neutron/api/v2/base.py:729}}
Nov 24 23:37:34.526930 n-d-819194-1 neutron-server[103526]: DEBUG neutron.api.rpc.handlers.resources_rpc [None req-ff9d8201-2359-4f23-9598-48e8bac32774 admin admin] Pushing event updated for resources: {'Network': ['ID=775e732f-5713-4a59-bb7d-ad1de300366b,revision_number=1']} {{(pid=103526) push /opt/stack/neutron/neutron/api/rpc/handlers/resources_rpc.py:237}}
Nov 24 23:37:34.538181 n-d-819194-1 neutron-server[103525]: INFO neutron.wsgi [req-da37dc7d-a647-48ed-8a18-9669e364343d req-5fceb50c-3d5f-473c-ada4-9a16ee55c112 tempest-ServersOnMultiNodesTest-476996877 tempest-ServersOnMultiNodesTest-476996877-project] 10.222.0.46 "GET /v2.0/security-groups?id=4f512d79-7b12-4bbe-ad8c-70ddf37552a4&fields=id&fields=name HTTP/1.1" status: 200 len: 286 time: 0.0702376
Nov 24 23:37:34.544001 n-d-819194-1 neutron-server[103526]: DEBUG neutron.pecan_wsgi.hooks.policy_enforcement [req-abbe3b52-37b1-4b38-9fc6-a0cf5d973920 req-0a04533e-5ea4-4e31-a1ea-3cd48bfd9440 service neutron] Attributes excluded by policy engine: ['standard_attr_id'] {{(pid=103526) _exclude_attributes_by_policy /opt/stack/neutron/neutron/pecan_wsgi/hooks/policy_enforcement.py:255}}
Nov 24 23:37:34.545851 n-d-819194-1 neutron-server[103526]: INFO neutron.wsgi [req-abbe3b52-37b1-4b38-9fc6-a0cf5d973920 req-0a04533e-5ea4-4e31-a1ea-3cd48bfd9440 service neutron] 10.222.0.54 "GET /v2.0/ports?tenant_id=59108585cea54d99a8ac06d16b3aa009&device_id=cb931dfe-c08d-47c2-a348-44483896b339 HTTP/1.1" status: 200 len: 1099 time: 0.1716390
Nov 24 23:37:34.556321 n-d-819194-1 neutron-server[103526]: DEBUG neutron.pecan_wsgi.hooks.quota_enforcement [None req-6ae63395-cbfa-4a4b-8f2f-6ed4ef506c55 admin admin] Made reservation on behalf of afd6c31857ff438fa1d9f9d5e7a2fe74 for: {'subnet': 1} {{(pid=103526) before /opt/stack/neutron/neutron/pecan_wsgi/hooks/quota_enforcement.py:53}}
Nov 24 23:37:34.558967 n-d-819194-1 neutron-server[103526]: DEBUG neutron_lib.callbacks.manager [None req-6ae63395-cbfa-4a4b-8f2f-6ed4ef506c55 admin admin] Publish callbacks ['neutron.services.segments.plugin.SegmentHostRoutes.host_routes_before_create-63720671'] for subnet, before_create {{(pid=103526) _notify_loop /usr/local/lib/python3.8/dist-packages/neutron_lib/callbacks/manager.py:175}}
Nov 24 23:37:34.571599 n-d-819194-1 neutron-server[103527]: DEBUG neutron.db.provisioning_blocks [None req-62453ca9-2650-46b6-b090-a0ceecf0a427 None None] Provisioning complete for port 4ccd454a-b572-4fb7-8c69-b209af39f17b triggered by entity DHCP. {{(pid=103527) provisioning_complete /opt/stack/neutron/neutron/db/provisioning_blocks.py:139}}
Nov 24 23:37:34.572096 n-d-819194-1 neutron-server[103527]: DEBUG neutron_lib.callbacks.manager [None req-62453ca9-2650-46b6-b090-a0ceecf0a427 None None] Publish callbacks ['neutron.plugins.ml2.plugin.Ml2Plugin._port_provisioned-539894'] for port, provisioning_complete {{(pid=103527) _notify_loop /usr/local/lib/python3.8/dist-packages/neutron_lib/callbacks/manager.py:175}}
Nov 24 23:37:34.573737 n-d-819194-1 neutron-server[103527]: DEBUG neutron.plugins.ml2.rpc [None req-f12e3bdc-1f98-4341-921f-81b03d15099e None None] Network 775e732f-5713-4a59-bb7d-ad1de300366b details requested by agent ovs-agent-n-d-819194-1 with host n-d-819194-1 {{(pid=103527) get_network_details /opt/stack/neutron/neutron/plugins/ml2/rpc.py:248}}
Nov 24 23:37:34.594201 n-d-819194-1 neutron-server[103525]: DEBUG neutron.api.rpc.agentnotifiers.l3_rpc_agent_api [None req-1d545b96-3c98-4dac-ac45-f5e855468b97 admin admin] Notify agent at l3_agent.n-d-819194-1 the message routers_updated {{(pid=103525) _agent_notification /opt/stack/neutron/neutron/api/rpc/agentnotifiers/l3_rpc_agent_api.py:65}}
Nov 24 23:37:34.608292 n-d-819194-1 neutron-server[103528]: DEBUG neutron.api.rpc.handlers.l3_rpc [None req-6d7949a7-74ce-4dc5-9810-62fa6e96a646 None None] Sync routers for ids ['437d9ef9-46fe-44a9-b20d-49b1924d83a0'] in n-d-819194-1 {{(pid=103528) sync_routers /opt/stack/neutron/neutron/api/rpc/handlers/l3_rpc.py:125}}
Nov 24 23:37:34.624195 n-d-819194-1 neutron-server[103528]: DEBUG neutron.db.l3_dvrscheduler_db [None req-6d7949a7-74ce-4dc5-9810-62fa6e96a646 None None] Routers {'437d9ef9-46fe-44a9-b20d-49b1924d83a0'} bound to L3 agent in host n-d-819194-1 {{(pid=103528) _get_router_ids_for_agent /opt/stack/neutron/neutron/db/l3_dvrscheduler_db.py:420}}
Nov 24 23:37:34.624833 n-d-819194-1 neutron-server[103528]: DEBUG neutron.db.l3_hamode_db [None req-6d7949a7-74ce-4dc5-9810-62fa6e96a646 None None] neutron.services.l3_router.l3_router_plugin.L3RouterPlugin method get_ha_sync_data_for_host called with arguments (, 'n-d-819194-1', Agent(admin_state_up=True,agent_type='L3 agent',availability_zone='nova',binary='neutron-l3-agent',configurations={"agent_mode": "legacy", "ex_gw_ports": 1, "extensions": [], "floating_ips": 0, "handle_internal_only_routers": true, "interface_driver": "openvswitch", "interfaces": 1, "log_agent_heartbeats": false, "routers": 1},created_at=2021-11-24T23:27:11Z,description=,heartbeat_timestamp=2021-11-24T23:37:11Z,host='n-d-819194-1',id=a24efd0d-45f2-4b0c-87c2-d35986924e50,load=0,resource_versions=,resources_synced=,started_at=2021-11-24T23:27:11Z,topic='l3_agent')) {'router_ids': ['437d9ef9-46fe-44a9-b20d-49b1924d83a0'], 'active': True} {{(pid=103528) wrapper /usr/local/lib/python3.8/dist-packages/oslo_log/helpers.py:65}}
Nov 24 23:37:34.708751 n-d-819194-1 neutron-server[103525]: DEBUG neutron.api.v2.base [req-0a0de7a6-8193-4f76-a4ab-c40759fb3500 req-e71215c9-d596-46fe-9de9-80f2eb2ec047 tempest-SecurityGroupsTestAdminJSON-1581977612 tempest-SecurityGroupsTestAdminJSON-1581977612-project] Request body: {'security_group': {'name': 'tempest-securitygroup-452762272', 'description': 'tempest-description-1102888651'}} {{(pid=103525) prepare_request_body /opt/stack/neutron/neutron/api/v2/base.py:729}}
Nov 24 23:37:34.728102 n-d-819194-1 neutron-server[103525]: DEBUG neutron_lib.callbacks.manager [None req-113486f2-11da-413e-a427-9ef088bce808 admin admin] Publish callbacks ['neutron.plugins.ml2.ovo_rpc._ObjectChangeHandler.handle_event-66768609', 'neutron.api.rpc.agentnotifiers.dhcp_rpc_agent_api.DhcpAgentNotifyAPI._native_event_send_dhcp_notification-66618500'] for subnet, after_create {{(pid=103525) _notify_loop /usr/local/lib/python3.8/dist-packages/neutron_lib/callbacks/manager.py:175}}
Nov 24 23:37:34.743006 n-d-819194-1 neutron-server[103525]: DEBUG neutron_lib.callbacks.manager [None req-1d545b96-3c98-4dac-ac45-f5e855468b97 admin admin] Publish callbacks [] for router, before_response {{(pid=103525) _notify_loop /usr/local/lib/python3.8/dist-packages/neutron_lib/callbacks/manager.py:175}}
Nov 24 23:37:34.748086 n-d-819194-1 neutron-server[103526]: DEBUG neutron.pecan_wsgi.hooks.policy_enforcement [req-abbe3b52-37b1-4b38-9fc6-a0cf5d973920 req-dbbe0b98-2565-435b-ab84-627aa37d1f92 service neutron] Attributes excluded by policy engine: ['standard_attr_id', 'vlan_transparent'] {{(pid=103526) _exclude_attributes_by_policy /opt/stack/neutron/neutron/pecan_wsgi/hooks/policy_enforcement.py:255}}
Nov 24 23:37:34.748698 n-d-819194-1 neutron-server[103525]: INFO neutron.wsgi [None req-1d545b96-3c98-4dac-ac45-f5e855468b97 admin admin] 10.222.0.46 "POST /v2.0/routers HTTP/1.1" status: 201 len: 932 time: 4.3964357
Nov 24 23:37:34.749893 n-d-819194-1 neutron-server[103526]: INFO neutron.wsgi [req-abbe3b52-37b1-4b38-9fc6-a0cf5d973920 req-dbbe0b98-2565-435b-ab84-627aa37d1f92 service neutron] 10.222.0.54 "GET /v2.0/networks?id=319967ec-3d51-4f65-af5f-36350595a4b3 HTTP/1.1" status: 200 len: 870 time: 0.1963830
Nov 24 23:37:34.752444 n-d-819194-1 neutron-server[103525]: DEBUG neutron.wsgi [-] (103525) accepted ('10.222.0.46', 41396) {{(pid=103525) server /usr/local/lib/python3.8/dist-packages/eventlet/wsgi.py:1004}}
Nov 24 23:37:34.829405 n-d-819194-1 neutron-server[103526]: INFO neutron.wsgi [req-abbe3b52-37b1-4b38-9fc6-a0cf5d973920 req-91f1f781-edd5-4224-96a3-7b8c335df3fd service neutron] 10.222.0.54 "GET /v2.0/floatingips?fixed_ip_address=192.168.233.110&port_id=75086222-7f7b-41b4-9641-dc8ee200270f HTTP/1.1" status: 200 len: 217 time: 0.0704076
Nov 24 23:37:34.916622 n-d-819194-1 neutron-server[103528]: DEBUG neutron.db.l3_dvr_db [None req-6d7949a7-74ce-4dc5-9810-62fa6e96a646 None None] Set router 437d9ef9-46fe-44a9-b20d-49b1924d83a0 gateway port host: n-d-819194-1 {{(pid=103528) _build_routers_list /opt/stack/neutron/neutron/db/l3_dvr_db.py:906}}
Nov 24 23:37:34.943114 n-d-819194-1 neutron-server[103526]: DEBUG neutron.pecan_wsgi.hooks.policy_enforcement [req-abbe3b52-37b1-4b38-9fc6-a0cf5d973920 req-7d6faa05-c57c-4ac1-85aa-4229c4a9d107 service neutron] Attributes excluded by policy engine: ['standard_attr_id', 'shared', 'segment_id'] {{(pid=103526) _exclude_attributes_by_policy /opt/stack/neutron/neutron/pecan_wsgi/hooks/policy_enforcement.py:255}}
Nov 24 23:37:34.945157 n-d-819194-1 neutron-server[103526]: INFO neutron.wsgi [req-abbe3b52-37b1-4b38-9fc6-a0cf5d973920 req-7d6faa05-c57c-4ac1-85aa-4229c4a9d107 service neutron] 10.222.0.54 "GET /v2.0/subnets?id=cde6f5e6-402b-4e0e-9965-17ca21133e35 HTTP/1.1" status: 200 len: 843 time: 0.1032102
Nov 24 23:37:34.946685 n-d-819194-1 neutron-server[103526]: DEBUG neutron_lib.callbacks.manager [None req-6ae63395-cbfa-4a4b-8f2f-6ed4ef506c55 admin admin] Publish callbacks ['neutron.plugins.ml2.ovo_rpc._ObjectChangeHandler.handle_event-66768609', 'neutron.api.rpc.agentnotifiers.dhcp_rpc_agent_api.DhcpAgentNotifyAPI._native_event_send_dhcp_notification-66618500', 'neutron.services.segments.plugin.NovaSegmentNotifier._notify_subnet_created-63794932', 'neutron.services.segments.plugin.SegmentHostRoutes.host_routes_after_create-63723061'] for subnet, after_create {{(pid=103526) _notify_loop /usr/local/lib/python3.8/dist-packages/neutron_lib/callbacks/manager.py:175}}
Nov 24 23:37:34.998336 n-d-819194-1 neutron-server[103525]: DEBUG neutron_lib.callbacks.manager [req-0a0de7a6-8193-4f76-a4ab-c40759fb3500 req-e71215c9-d596-46fe-9de9-80f2eb2ec047 tempest-SecurityGroupsTestAdminJSON-1581977612 tempest-SecurityGroupsTestAdminJSON-1581977612-project] Publish callbacks [] for security_group, before_create {{(pid=103525) _notify_loop /usr/local/lib/python3.8/dist-packages/neutron_lib/callbacks/manager.py:175}}
Nov 24 23:37:35.005665 n-d-819194-1 neutron-server[103526]: DEBUG neutron.api.rpc.handlers.resources_rpc [None req-6ae63395-cbfa-4a4b-8f2f-6ed4ef506c55 admin admin] Pushing event updated for resources: {'Subnet': ['ID=ad3699a1-8618-40fb-8159-28da39d8243e,revision_number=0']} {{(pid=103526) push /opt/stack/neutron/neutron/api/rpc/handlers/resources_rpc.py:237}}
Nov 24 23:37:35.040025 n-d-819194-1 neutron-server[103525]: DEBUG neutron.api.rpc.handlers.resources_rpc [None req-113486f2-11da-413e-a427-9ef088bce808 admin admin] Pushing event updated for resources: {'Subnet': ['ID=d1d53c2b-d2e0-49c4-8674-5050cab2efa2,revision_number=0']} {{(pid=103525) push /opt/stack/neutron/neutron/api/rpc/handlers/resources_rpc.py:237}}
Nov 24 23:37:35.050783 n-d-819194-1 neutron-server[103525]: DEBUG neutron.plugins.ml2.drivers.mech_agent [None req-113486f2-11da-413e-a427-9ef088bce808 admin admin] Checking segment: {'id': 'daeef129-a069-407f-8a4d-4dcbfd479f58', 'network_type': 'vlan', 'physical_network': 'physnet1', 'segmentation_id': 150, 'network_id': '7f0f62bc-8145-480c-9cde-1cc34249355c'} for mappings: {'physnet1': 'br-data'} with network types: ['local', 'flat', 'vlan'] {{(pid=103525) check_segment_for_agent /opt/stack/neutron/neutron/plugins/ml2/drivers/mech_agent.py:371}}
Nov 24 23:37:35.051150 n-d-819194-1 neutron-server[103525]: DEBUG neutron.scheduler.dhcp_agent_scheduler [None req-113486f2-11da-413e-a427-9ef088bce808 admin admin] Network hostable DHCP agents. Network: 7f0f62bc-8145-480c-9cde-1cc34249355c, hostable agents: ['7dfabb93-3fb9-4f6b-83aa-9b47b6a457ad'], hosted agents: [] {{(pid=103525) _get_network_hostable_dhcp_agents /opt/stack/neutron/neutron/scheduler/dhcp_agent_scheduler.py:329}}
Nov 24 23:37:35.060744 n-d-819194-1 neutron-server[103527]: DEBUG neutron.plugins.ml2.rpc [None req-f12e3bdc-1f98-4341-921f-81b03d15099e None None] Device 4ccd454a-b572-4fb7-8c69-b209af39f17b up at agent ovs-agent-n-d-819194-1 {{(pid=103527) update_device_up /opt/stack/neutron/neutron/plugins/ml2/rpc.py:296}}
Nov 24 23:37:35.077638 n-d-819194-1 neutron-server[103526]: DEBUG neutron.pecan_wsgi.hooks.policy_enforcement [req-abbe3b52-37b1-4b38-9fc6-a0cf5d973920 req-b8e47561-1151-429a-b989-8cccd29a86ae service neutron] Attributes excluded by policy engine: ['standard_attr_id'] {{(pid=103526) _exclude_attributes_by_policy /opt/stack/neutron/neutron/pecan_wsgi/hooks/policy_enforcement.py:255}}
Nov 24 23:37:35.079274 n-d-819194-1 neutron-server[103526]: INFO neutron.wsgi [req-abbe3b52-37b1-4b38-9fc6-a0cf5d973920 req-b8e47561-1151-429a-b989-8cccd29a86ae service neutron] 10.222.0.54 "GET /v2.0/ports?network_id=319967ec-3d51-4f65-af5f-36350595a4b3&device_owner=network%3Adhcp HTTP/1.1" status: 200 len: 1166 time: 0.0747261
Nov 24 23:37:35.083560 n-d-819194-1 neutron-server[103526]: DEBUG neutron.plugins.ml2.drivers.mech_agent [None req-6ae63395-cbfa-4a4b-8f2f-6ed4ef506c55 admin admin] Checking segment: {'id': '07a1f02a-d50d-433c-8dad-06060d17c31b', 'network_type': 'vlan', 'physical_network': 'physnet1', 'segmentation_id': 151, 'network_id': '775e732f-5713-4a59-bb7d-ad1de300366b'} for mappings: {'physnet1': 'br-data'} with network types: ['local', 'flat', 'vlan'] {{(pid=103526) check_segment_for_agent /opt/stack/neutron/neutron/plugins/ml2/drivers/mech_agent.py:371}}
