Nov 25 14:53:47.336913 n-d-819181-1 devstack@placement-api.service[84022]: DEBUG placement.requestlog [req-28a8f442-57be-4823-8a8d-1f7fbd45d951 req-b3412dc3-92f7-4ea5-b3c7-a91df3155f26 None None] Starting request: 10.222.0.65 "PUT /placement/allocations/d73b65e1-0e57-49d2-bc9e-fe2e2232b9ba" {{(pid=84022) __call__ /opt/stack/placement/placement/requestlog.py:55}}
Nov 25 14:53:47.346560 n-d-819181-1 devstack@placement-api.service[84021]: [pid: 84021|app: 0|req: 162/324] 10.222.0.65 () {60 vars in 1380 bytes} [Thu Nov 25 14:53:47 2021] GET /placement/allocations/d73b65e1-0e57-49d2-bc9e-fe2e2232b9ba => generated 19 bytes in 43 msecs (HTTP/1.1 200) 8 headers in 295 bytes (1 switches on core 0)
Nov 25 14:53:47.423994 n-d-819181-1 devstack@placement-api.service[84022]: DEBUG placement.handlers.allocation [req-28a8f442-57be-4823-8a8d-1f7fbd45d951 req-b3412dc3-92f7-4ea5-b3c7-a91df3155f26 service placement] Successfully wrote allocations [, , ] {{(pid=84022) _create_allocations /opt/stack/placement/placement/handlers/allocation.py:435}}
Nov 25 14:53:47.425007 n-d-819181-1 devstack@placement-api.service[84022]: INFO placement.requestlog [req-28a8f442-57be-4823-8a8d-1f7fbd45d951 req-b3412dc3-92f7-4ea5-b3c7-a91df3155f26 service placement] 10.222.0.65 "PUT /placement/allocations/d73b65e1-0e57-49d2-bc9e-fe2e2232b9ba" status: 204 len: 0 microversion: 1.35
Nov 25 14:53:47.440343 n-d-819181-1 devstack@placement-api.service[84022]: [pid: 84022|app: 0|req: 163/325] 10.222.0.65 () {64 vars in 1433 bytes} [Thu Nov 25 14:53:47 2021] PUT /placement/allocations/d73b65e1-0e57-49d2-bc9e-fe2e2232b9ba => generated 0 bytes in 89 msecs (HTTP/1.1 204) 5 headers in 199 bytes (1 switches on core 0)
Nov 25 14:53:47.943799 n-d-819181-1 devstack@placement-api.service[84021]: DEBUG placement.requestlog [req-28a8f442-57be-4823-8a8d-1f7fbd45d951 req-727a624c-5c7e-4e3d-8963-416e2ab7c129 None None] Starting request: 10.222.0.36 "GET /placement/allocations/d73b65e1-0e57-49d2-bc9e-fe2e2232b9ba" {{(pid=84021) __call__ /opt/stack/placement/placement/requestlog.py:55}}
Nov 25 14:53:47.978588 n-d-819181-1 devstack@placement-api.service[84021]: INFO placement.requestlog [req-28a8f442-57be-4823-8a8d-1f7fbd45d951 req-727a624c-5c7e-4e3d-8963-416e2ab7c129 service placement] 10.222.0.36 "GET /placement/allocations/d73b65e1-0e57-49d2-bc9e-fe2e2232b9ba" status: 200 len: 259 microversion: 1.28
Nov 25 14:53:47.979139 n-d-819181-1 devstack@placement-api.service[84021]: [pid: 84021|app: 0|req: 163/326] 10.222.0.36 () {60 vars in 1377 bytes} [Thu Nov 25 14:53:47 2021] GET /placement/allocations/d73b65e1-0e57-49d2-bc9e-fe2e2232b9ba => generated 259 bytes in 35 msecs (HTTP/1.1 200) 8 headers in 296 bytes (1 switches on core 0)
Nov 25 14:53:59.627457 n-d-819181-1 devstack@placement-api.service[84022]: DEBUG placement.requestlog [req-1313d975-84eb-4d6d-b508-936b44feb7ae req-aee4f590-5898-4135-b311-2a66abf750ee None None] Starting request: 10.222.0.65 "GET /placement/allocation_candidates?limit=1000&resources=MEMORY_MB%3A1024%2CVCPU%3A1&root_required=%21COMPUTE_STATUS_DISABLED" {{(pid=84022) __call__ /opt/stack/placement/placement/requestlog.py:55}}
Nov 25 14:53:59.665805 n-d-819181-1 devstack@placement-api.service[84022]: DEBUG placement.objects.research_context [req-1313d975-84eb-4d6d-b508-936b44feb7ae req-aee4f590-5898-4135-b311-2a66abf750ee service placement] getting providers with 1024 MEMORY_MB {{(pid=84022) __init__ /opt/stack/placement/placement/objects/research_context.py:126}}
Nov 25 14:53:59.681450 n-d-819181-1 devstack@placement-api.service[84022]: DEBUG placement.objects.research_context [req-1313d975-84eb-4d6d-b508-936b44feb7ae req-aee4f590-5898-4135-b311-2a66abf750ee service placement] getting providers with 1 VCPU {{(pid=84022) __init__ /opt/stack/placement/placement/objects/research_context.py:126}}
Nov 25 14:53:59.691771 n-d-819181-1 devstack@placement-api.service[84022]: DEBUG placement.objects.research_context [req-1313d975-84eb-4d6d-b508-936b44feb7ae req-aee4f590-5898-4135-b311-2a66abf750ee service placement] found 2 providers with available 1024 MEMORY_MB {{(pid=84022) get_provider_ids_matching /opt/stack/placement/placement/objects/research_context.py:549}}
Nov 25 14:53:59.692525 n-d-819181-1 devstack@placement-api.service[84022]: DEBUG placement.objects.research_context [req-1313d975-84eb-4d6d-b508-936b44feb7ae req-aee4f590-5898-4135-b311-2a66abf750ee service placement] found 2 providers with available 1 VCPU {{(pid=84022) get_provider_ids_matching /opt/stack/placement/placement/objects/research_context.py:549}}
Nov 25 14:53:59.692999 n-d-819181-1 devstack@placement-api.service[84022]: DEBUG placement.objects.research_context [req-1313d975-84eb-4d6d-b508-936b44feb7ae req-aee4f590-5898-4135-b311-2a66abf750ee service placement] found 2 providers after filtering by previous result {{(pid=84022) get_provider_ids_matching /opt/stack/placement/placement/objects/research_context.py:580}}
Nov 25 14:53:59.718253 n-d-819181-1 devstack@placement-api.service[84022]: DEBUG placement.objects.allocation_candidate [req-1313d975-84eb-4d6d-b508-936b44feb7ae req-aee4f590-5898-4135-b311-2a66abf750ee service placement] RequestGroup(use_same_provider=False, resources={MEMORY_MB:1024, VCPU:1}, traits=[], aggregates=[]) (suffix '') returned 2 matches {{(pid=84022) _get_by_requests /opt/stack/placement/placement/objects/allocation_candidate.py:145}}
Nov 25 14:53:59.718604 n-d-819181-1 devstack@placement-api.service[84022]: DEBUG placement.objects.allocation_candidate [req-1313d975-84eb-4d6d-b508-936b44feb7ae req-aee4f590-5898-4135-b311-2a66abf750ee service placement] Merging candidates yields 2 allocation requests and 2 provider summaries {{(pid=84022) _merge_candidates /opt/stack/placement/placement/objects/allocation_candidate.py:783}}
Nov 25 14:53:59.721772 n-d-819181-1 devstack@placement-api.service[84022]: INFO placement.requestlog [req-1313d975-84eb-4d6d-b508-936b44feb7ae req-aee4f590-5898-4135-b311-2a66abf750ee service placement] 10.222.0.65 "GET /placement/allocation_candidates?limit=1000&resources=MEMORY_MB%3A1024%2CVCPU%3A1&root_required=%21COMPUTE_STATUS_DISABLED" status: 200 len: 1207 microversion: 1.35
Nov 25 14:53:59.728528 n-d-819181-1 devstack@placement-api.service[84022]: [pid: 84022|app: 0|req: 164/327] 10.222.0.65 () {60 vars in 1478 bytes} [Thu Nov 25 14:53:59 2021] GET /placement/allocation_candidates?limit=1000&resources=MEMORY_MB%3A1024%2CVCPU%3A1&root_required=%21COMPUTE_STATUS_DISABLED => generated 1207 bytes in 102 msecs (HTTP/1.1 200) 8 headers in 297 bytes (1 switches on core 0)
Nov 25 14:53:59.804660 n-d-819181-1 devstack@placement-api.service[84021]: DEBUG placement.requestlog [req-1313d975-84eb-4d6d-b508-936b44feb7ae req-78312b4a-cb2f-4df9-96a3-462c2ade42c0 None None] Starting request: 10.222.0.65 "GET /placement/allocations/cd57a425-7b2e-40cf-9087-3349f05df07d" {{(pid=84021) __call__ /opt/stack/placement/placement/requestlog.py:55}}
Nov 25 14:53:59.826631 n-d-819181-1 devstack@placement-api.service[84021]: INFO placement.requestlog [req-1313d975-84eb-4d6d-b508-936b44feb7ae req-78312b4a-cb2f-4df9-96a3-462c2ade42c0 service placement] 10.222.0.65 "GET /placement/allocations/cd57a425-7b2e-40cf-9087-3349f05df07d" status: 200 len: 19 microversion: 1.28
Nov 25 14:53:59.827274 n-d-819181-1 devstack@placement-api.service[84021]: [pid: 84021|app: 0|req: 164/328] 10.222.0.65 () {60 vars in 1380 bytes} [Thu Nov 25 14:53:59 2021] GET /placement/allocations/cd57a425-7b2e-40cf-9087-3349f05df07d => generated 19 bytes in 23 msecs (HTTP/1.1 200) 8 headers in 295 bytes (2 switches on core 0)
Nov 25 14:53:59.834684 n-d-819181-1 devstack@placement-api.service[84022]: DEBUG placement.requestlog [req-1313d975-84eb-4d6d-b508-936b44feb7ae req-2a75f967-6a79-48e5-8b8d-e9f5370cf6dc None None] Starting request: 10.222.0.65 "PUT /placement/allocations/cd57a425-7b2e-40cf-9087-3349f05df07d" {{(pid=84022) __call__ /opt/stack/placement/placement/requestlog.py:55}}
Nov 25 14:53:59.952318 n-d-819181-1 devstack@placement-api.service[84022]: DEBUG placement.handlers.allocation [req-1313d975-84eb-4d6d-b508-936b44feb7ae req-2a75f967-6a79-48e5-8b8d-e9f5370cf6dc service placement] Successfully wrote allocations [, ] {{(pid=84022) _create_allocations /opt/stack/placement/placement/handlers/allocation.py:435}}
Nov 25 14:53:59.953651 n-d-819181-1 devstack@placement-api.service[84022]: INFO placement.requestlog [req-1313d975-84eb-4d6d-b508-936b44feb7ae req-2a75f967-6a79-48e5-8b8d-e9f5370cf6dc service placement] 10.222.0.65 "PUT /placement/allocations/cd57a425-7b2e-40cf-9087-3349f05df07d" status: 204 len: 0 microversion: 1.35
Nov 25 14:53:59.957163 n-d-819181-1 devstack@placement-api.service[84022]: [pid: 84022|app: 0|req: 165/329] 10.222.0.65 () {64 vars in 1433 bytes} [Thu Nov 25 14:53:59 2021] PUT /placement/allocations/cd57a425-7b2e-40cf-9087-3349f05df07d => generated 0 bytes in 120 msecs (HTTP/1.1 204) 5 headers in 199 bytes (2 switches on core 0)
Nov 25 14:54:00.406719 n-d-819181-1 devstack@placement-api.service[84021]: DEBUG placement.requestlog [req-1313d975-84eb-4d6d-b508-936b44feb7ae req-ab491117-6086-4275-9cdf-4a60f9bc0e35 None None] Starting request: 10.222.0.83 "GET /placement/allocations/cd57a425-7b2e-40cf-9087-3349f05df07d" {{(pid=84021) __call__ /opt/stack/placement/placement/requestlog.py:55}}
Nov 25 14:54:00.429755 n-d-819181-1 devstack@placement-api.service[84021]: INFO placement.requestlog [req-1313d975-84eb-4d6d-b508-936b44feb7ae req-ab491117-6086-4275-9cdf-4a60f9bc0e35 service placement] 10.222.0.83 "GET /placement/allocations/cd57a425-7b2e-40cf-9087-3349f05df07d" status: 200 len: 245 microversion: 1.28
Nov 25 14:54:00.430280 n-d-819181-1 devstack@placement-api.service[84021]: [pid: 84021|app: 0|req: 165/330] 10.222.0.83 () {60 vars in 1377 bytes} [Thu Nov 25 14:54:00 2021] GET /placement/allocations/cd57a425-7b2e-40cf-9087-3349f05df07d => generated 245 bytes in 24 msecs (HTTP/1.1 200) 8 headers in 296 bytes (1 switches on core 0)
Nov 25 14:54:05.334435 n-d-819181-1 devstack@placement-api.service[84022]: DEBUG placement.requestlog [req-3d231443-09d4-45fa-81a0-171218501afe req-f39f0ede-6831-4a6b-9c98-0d009cd1e72e None None] Starting request: 10.222.0.65 "GET /placement/allocation_candidates?limit=1000&resources=DISK_GB%3A1%2CMEMORY_MB%3A1024%2CVCPU%3A1&root_required=%21COMPUTE_STATUS_DISABLED" {{(pid=84022) __call__ /opt/stack/placement/placement/requestlog.py:55}}
Nov 25 14:54:05.397393 n-d-819181-1 devstack@placement-api.service[84022]: DEBUG placement.objects.research_context [req-3d231443-09d4-45fa-81a0-171218501afe req-f39f0ede-6831-4a6b-9c98-0d009cd1e72e service placement] getting providers with 1 DISK_GB {{(pid=84022) __init__ /opt/stack/placement/placement/objects/research_context.py:126}}
Nov 25 14:54:05.405539 n-d-819181-1 devstack@placement-api.service[84022]: DEBUG placement.objects.research_context [req-3d231443-09d4-45fa-81a0-171218501afe req-f39f0ede-6831-4a6b-9c98-0d009cd1e72e service placement] getting providers with 1024 MEMORY_MB {{(pid=84022) __init__ /opt/stack/placement/placement/objects/research_context.py:126}}
Nov 25 14:54:05.414676 n-d-819181-1 devstack@placement-api.service[84022]: DEBUG placement.objects.research_context [req-3d231443-09d4-45fa-81a0-171218501afe req-f39f0ede-6831-4a6b-9c98-0d009cd1e72e service placement] getting providers with 1 VCPU {{(pid=84022) __init__ /opt/stack/placement/placement/objects/research_context.py:126}}
Nov 25 14:54:05.423211 n-d-819181-1 devstack@placement-api.service[84022]: DEBUG placement.objects.research_context [req-3d231443-09d4-45fa-81a0-171218501afe req-f39f0ede-6831-4a6b-9c98-0d009cd1e72e service placement] found 2 providers with available 1 DISK_GB {{(pid=84022) get_provider_ids_matching /opt/stack/placement/placement/objects/research_context.py:549}}
Nov 25 14:54:05.423416 n-d-819181-1 devstack@placement-api.service[84022]: DEBUG placement.objects.research_context [req-3d231443-09d4-45fa-81a0-171218501afe req-f39f0ede-6831-4a6b-9c98-0d009cd1e72e service placement] found 2 providers with available 1024 MEMORY_MB {{(pid=84022) get_provider_ids_matching /opt/stack/placement/placement/objects/research_context.py:549}}
Nov 25 14:54:05.423729 n-d-819181-1 devstack@placement-api.service[84022]: DEBUG placement.objects.research_context [req-3d231443-09d4-45fa-81a0-171218501afe req-f39f0ede-6831-4a6b-9c98-0d009cd1e72e service placement] found 2 providers after filtering by previous result {{(pid=84022) get_provider_ids_matching /opt/stack/placement/placement/objects/research_context.py:580}}
Nov 25 14:54:05.423982 n-d-819181-1 devstack@placement-api.service[84022]: DEBUG placement.objects.research_context [req-3d231443-09d4-45fa-81a0-171218501afe req-f39f0ede-6831-4a6b-9c98-0d009cd1e72e service placement] found 2 providers with available 1 VCPU {{(pid=84022) get_provider_ids_matching /opt/stack/placement/placement/objects/research_context.py:549}}
Nov 25 14:54:05.424445 n-d-819181-1 devstack@placement-api.service[84022]: DEBUG placement.objects.research_context [req-3d231443-09d4-45fa-81a0-171218501afe req-f39f0ede-6831-4a6b-9c98-0d009cd1e72e service placement] found 2 providers after filtering by previous result {{(pid=84022) get_provider_ids_matching /opt/stack/placement/placement/objects/research_context.py:580}}
Nov 25 14:54:05.439622 n-d-819181-1 devstack@placement-api.service[84022]: DEBUG placement.objects.allocation_candidate [req-3d231443-09d4-45fa-81a0-171218501afe req-f39f0ede-6831-4a6b-9c98-0d009cd1e72e service placement] RequestGroup(use_same_provider=False, resources={DISK_GB:1, MEMORY_MB:1024, VCPU:1}, traits=[], aggregates=[]) (suffix '') returned 2 matches {{(pid=84022) _get_by_requests /opt/stack/placement/placement/objects/allocation_candidate.py:145}}
Nov 25 14:54:05.440479 n-d-819181-1 devstack@placement-api.service[84022]: DEBUG placement.objects.allocation_candidate [req-3d231443-09d4-45fa-81a0-171218501afe req-f39f0ede-6831-4a6b-9c98-0d009cd1e72e service placement] Merging candidates yields 2 allocation requests and 2 provider summaries {{(pid=84022) _merge_candidates /opt/stack/placement/placement/objects/allocation_candidate.py:783}}
Nov 25 14:54:05.442061 n-d-819181-1 devstack@placement-api.service[84022]: INFO placement.requestlog [req-3d231443-09d4-45fa-81a0-171218501afe req-f39f0ede-6831-4a6b-9c98-0d009cd1e72e service placement] 10.222.0.65 "GET /placement/allocation_candidates?limit=1000&resources=DISK_GB%3A1%2CMEMORY_MB%3A1024%2CVCPU%3A1&root_required=%21COMPUTE_STATUS_DISABLED" status: 200 len: 1235 microversion: 1.35
Nov 25 14:54:05.442455 n-d-819181-1 devstack@placement-api.service[84022]: [pid: 84022|app: 0|req: 166/331] 10.222.0.65 () {60 vars in 1506 bytes} [Thu Nov 25 14:54:05 2021] GET /placement/allocation_candidates?limit=1000&resources=DISK_GB%3A1%2CMEMORY_MB%3A1024%2CVCPU%3A1&root_required=%21COMPUTE_STATUS_DISABLED => generated 1235 bytes in 108 msecs (HTTP/1.1 200) 8 headers in 297 bytes (1 switches on core 0)
Nov 25 14:54:05.501318 n-d-819181-1 devstack@placement-api.service[84021]: DEBUG placement.requestlog [req-3d231443-09d4-45fa-81a0-171218501afe req-6059b99a-3a44-4c9b-a49a-b761bd679353 None None] Starting request: 10.222.0.65 "GET /placement/allocations/5078f84c-fca5-4d7e-91be-42533de5d2cb" {{(pid=84021) __call__ /opt/stack/placement/placement/requestlog.py:55}}
Nov 25 14:54:05.514737 n-d-819181-1 devstack@placement-api.service[84021]: INFO placement.requestlog [req-3d231443-09d4-45fa-81a0-171218501afe req-6059b99a-3a44-4c9b-a49a-b761bd679353 service placement] 10.222.0.65 "GET /placement/allocations/5078f84c-fca5-4d7e-91be-42533de5d2cb" status: 200 len: 19 microversion: 1.28
Nov 25 14:54:05.519312 n-d-819181-1 devstack@placement-api.service[84021]: [pid: 84021|app: 0|req: 166/332] 10.222.0.65 () {60 vars in 1380 bytes} [Thu Nov 25 14:54:05 2021] GET /placement/allocations/5078f84c-fca5-4d7e-91be-42533de5d2cb => generated 19 bytes in 19 msecs (HTTP/1.1 200) 8 headers in 295 bytes (1 switches on core 0)
Nov 25 14:54:05.521936 n-d-819181-1 devstack@placement-api.service[84022]: DEBUG placement.requestlog [req-3d231443-09d4-45fa-81a0-171218501afe req-38aa483a-2441-4c5b-9a52-d02fbc58beb4 None None] Starting request: 10.222.0.65 "PUT /placement/allocations/5078f84c-fca5-4d7e-91be-42533de5d2cb" {{(pid=84022) __call__ /opt/stack/placement/placement/requestlog.py:55}}
Nov 25 14:54:05.585027 n-d-819181-1 devstack@placement-api.service[84021]: DEBUG placement.requestlog [req-119b33c3-012d-40a0-97b6-c537867c63f4 req-bb073281-c891-406e-97f6-de9aecd46f3a None None] Starting request: 10.222.0.65 "GET /placement/allocation_candidates?limit=1000&resources=MEMORY_MB%3A1024%2CVCPU%3A1&root_required=%21COMPUTE_STATUS_DISABLED" {{(pid=84021) __call__ /opt/stack/placement/placement/requestlog.py:55}}
Nov 25 14:54:05.664109 n-d-819181-1 devstack@placement-api.service[84021]: DEBUG placement.objects.research_context [req-119b33c3-012d-40a0-97b6-c537867c63f4 req-bb073281-c891-406e-97f6-de9aecd46f3a service placement] getting providers with 1024 MEMORY_MB {{(pid=84021) __init__ /opt/stack/placement/placement/objects/research_context.py:126}}
Nov 25 14:54:05.670570 n-d-819181-1 devstack@placement-api.service[84022]: DEBUG placement.handlers.allocation [req-3d231443-09d4-45fa-81a0-171218501afe req-38aa483a-2441-4c5b-9a52-d02fbc58beb4 service placement] Successfully wrote allocations [, , ] {{(pid=84022) _create_allocations /opt/stack/placement/placement/handlers/allocation.py:435}}
Nov 25 14:54:05.671594 n-d-819181-1 devstack@placement-api.service[84022]: INFO placement.requestlog [req-3d231443-09d4-45fa-81a0-171218501afe req-38aa483a-2441-4c5b-9a52-d02fbc58beb4 service placement] 10.222.0.65 "PUT /placement/allocations/5078f84c-fca5-4d7e-91be-42533de5d2cb" status: 204 len: 0 microversion: 1.35
Nov 25 14:54:05.672422 n-d-819181-1 devstack@placement-api.service[84022]: [pid: 84022|app: 0|req: 167/333] 10.222.0.65 () {64 vars in 1433 bytes} [Thu Nov 25 14:54:05 2021] PUT /placement/allocations/5078f84c-fca5-4d7e-91be-42533de5d2cb => generated 0 bytes in 150 msecs (HTTP/1.1 204) 5 headers in 199 bytes (1 switches on core 0)
Nov 25 14:54:05.694219 n-d-819181-1 devstack@placement-api.service[84021]: DEBUG placement.objects.research_context [req-119b33c3-012d-40a0-97b6-c537867c63f4 req-bb073281-c891-406e-97f6-de9aecd46f3a service placement] getting providers with 1 VCPU {{(pid=84021) __init__ /opt/stack/placement/placement/objects/research_context.py:126}}
Nov 25 14:54:05.706147 n-d-819181-1 devstack@placement-api.service[84021]: DEBUG placement.objects.research_context [req-119b33c3-012d-40a0-97b6-c537867c63f4 req-bb073281-c891-406e-97f6-de9aecd46f3a service placement] found 2 providers with available 1024 MEMORY_MB {{(pid=84021) get_provider_ids_matching /opt/stack/placement/placement/objects/research_context.py:549}}
Nov 25 14:54:05.706931 n-d-819181-1 devstack@placement-api.service[84021]: DEBUG placement.objects.research_context [req-119b33c3-012d-40a0-97b6-c537867c63f4 req-bb073281-c891-406e-97f6-de9aecd46f3a service placement] found 2 providers with available 1 VCPU {{(pid=84021) get_provider_ids_matching /opt/stack/placement/placement/objects/research_context.py:549}}
Nov 25 14:54:05.707873 n-d-819181-1 devstack@placement-api.service[84021]: DEBUG placement.objects.research_context [req-119b33c3-012d-40a0-97b6-c537867c63f4 req-bb073281-c891-406e-97f6-de9aecd46f3a service placement] found 2 providers after filtering by previous result {{(pid=84021) get_provider_ids_matching /opt/stack/placement/placement/objects/research_context.py:580}}
Nov 25 14:54:05.735045 n-d-819181-1 devstack@placement-api.service[84021]: DEBUG placement.objects.allocation_candidate [req-119b33c3-012d-40a0-97b6-c537867c63f4 req-bb073281-c891-406e-97f6-de9aecd46f3a service placement] RequestGroup(use_same_provider=False, resources={MEMORY_MB:1024, VCPU:1}, traits=[], aggregates=[]) (suffix '') returned 2 matches {{(pid=84021) _get_by_requests /opt/stack/placement/placement/objects/allocation_candidate.py:145}}
Nov 25 14:54:05.735616 n-d-819181-1 devstack@placement-api.service[84021]: DEBUG placement.objects.allocation_candidate [req-119b33c3-012d-40a0-97b6-c537867c63f4 req-bb073281-c891-406e-97f6-de9aecd46f3a service placement] Merging candidates yields 2 allocation requests and 2 provider summaries {{(pid=84021) _merge_candidates /opt/stack/placement/placement/objects/allocation_candidate.py:783}}
Nov 25 14:54:05.737483 n-d-819181-1 devstack@placement-api.service[84021]: INFO placement.requestlog [req-119b33c3-012d-40a0-97b6-c537867c63f4 req-bb073281-c891-406e-97f6-de9aecd46f3a service placement] 10.222.0.65 "GET /placement/allocation_candidates?limit=1000&resources=MEMORY_MB%3A1024%2CVCPU%3A1&root_required=%21COMPUTE_STATUS_DISABLED" status: 200 len: 1207 microversion: 1.35
Nov 25 14:54:05.738242 n-d-819181-1 devstack@placement-api.service[84021]: [pid: 84021|app: 0|req: 167/334] 10.222.0.65 () {60 vars in 1478 bytes} [Thu Nov 25 14:54:05 2021] GET /placement/allocation_candidates?limit=1000&resources=MEMORY_MB%3A1024%2CVCPU%3A1&root_required=%21COMPUTE_STATUS_DISABLED => generated 1207 bytes in 153 msecs (HTTP/1.1 200) 8 headers in 297 bytes (2 switches on core 0)
Nov 25 14:54:05.816188 n-d-819181-1 devstack@placement-api.service[84022]: DEBUG placement.requestlog [req-119b33c3-012d-40a0-97b6-c537867c63f4 req-7e6b91b1-3bd5-4db8-bd33-24c86e81db7d None None] Starting request: 10.222.0.65 "GET /placement/allocations/ca807a27-c2cc-4cc8-be12-0f29e327b4ae" {{(pid=84022) __call__ /opt/stack/placement/placement/requestlog.py:55}}
Nov 25 14:54:05.837166 n-d-819181-1 devstack@placement-api.service[84022]: INFO placement.requestlog [req-119b33c3-012d-40a0-97b6-c537867c63f4 req-7e6b91b1-3bd5-4db8-bd33-24c86e81db7d service placement] 10.222.0.65 "GET /placement/allocations/ca807a27-c2cc-4cc8-be12-0f29e327b4ae" status: 200 len: 19 microversion: 1.28
Nov 25 14:54:05.838440 n-d-819181-1 devstack@placement-api.service[84022]: [pid: 84022|app: 0|req: 168/335] 10.222.0.65 () {60 vars in 1380 bytes} [Thu Nov 25 14:54:05 2021] GET /placement/allocations/ca807a27-c2cc-4cc8-be12-0f29e327b4ae => generated 19 bytes in 23 msecs (HTTP/1.1 200) 8 headers in 295 bytes (1 switches on core 0)
Nov 25 14:54:05.847216 n-d-819181-1 devstack@placement-api.service[84021]: DEBUG placement.requestlog [req-119b33c3-012d-40a0-97b6-c537867c63f4 req-f3fbb6c8-0c9a-43c7-8aa6-20e59e25c07c None None] Starting request: 10.222.0.65 "PUT /placement/allocations/ca807a27-c2cc-4cc8-be12-0f29e327b4ae" {{(pid=84021) __call__ /opt/stack/placement/placement/requestlog.py:55}}
Nov 25 14:54:05.929492 n-d-819181-1 devstack@placement-api.service[84021]: DEBUG placement.handlers.allocation [req-119b33c3-012d-40a0-97b6-c537867c63f4 req-f3fbb6c8-0c9a-43c7-8aa6-20e59e25c07c service placement] Successfully wrote allocations [, ] {{(pid=84021) _create_allocations /opt/stack/placement/placement/handlers/allocation.py:435}}
Nov 25 14:54:05.930965 n-d-819181-1 devstack@placement-api.service[84021]: INFO placement.requestlog [req-119b33c3-012d-40a0-97b6-c537867c63f4 req-f3fbb6c8-0c9a-43c7-8aa6-20e59e25c07c service placement] 10.222.0.65 "PUT /placement/allocations/ca807a27-c2cc-4cc8-be12-0f29e327b4ae" status: 204 len: 0 microversion: 1.35
Nov 25 14:54:05.932864 n-d-819181-1 devstack@placement-api.service[84021]: [pid: 84021|app: 0|req: 168/336] 10.222.0.65 () {64 vars in 1433 bytes} [Thu Nov 25 14:54:05 2021] PUT /placement/allocations/ca807a27-c2cc-4cc8-be12-0f29e327b4ae => generated 0 bytes in 86 msecs (HTTP/1.1 204) 5 headers in 199 bytes (1 switches on core 0)
Nov 25 14:54:06.256333 n-d-819181-1 devstack@placement-api.service[84022]: DEBUG placement.requestlog [req-3d231443-09d4-45fa-81a0-171218501afe req-6f21375f-1430-4d46-b5a8-05c1bb2dc7ee None None] Starting request: 10.222.0.83 "GET /placement/allocations/5078f84c-fca5-4d7e-91be-42533de5d2cb" {{(pid=84022) __call__ /opt/stack/placement/placement/requestlog.py:55}}
Nov 25 14:54:06.292089 n-d-819181-1 devstack@placement-api.service[84022]: INFO placement.requestlog [req-3d231443-09d4-45fa-81a0-171218501afe req-6f21375f-1430-4d46-b5a8-05c1bb2dc7ee service placement] 10.222.0.83 "GET /placement/allocations/5078f84c-fca5-4d7e-91be-42533de5d2cb" status: 200 len: 259 microversion: 1.28
Nov 25 14:54:06.294327 n-d-819181-1 devstack@placement-api.service[84022]: [pid: 84022|app: 0|req: 169/337] 10.222.0.83 () {60 vars in 1377 bytes} [Thu Nov 25 14:54:06 2021] GET /placement/allocations/5078f84c-fca5-4d7e-91be-42533de5d2cb => generated 259 bytes in 38 msecs (HTTP/1.1 200) 8 headers in 296 bytes (1 switches on core 0)
Nov 25 14:54:06.497459 n-d-819181-1 devstack@placement-api.service[84021]: DEBUG placement.requestlog [req-119b33c3-012d-40a0-97b6-c537867c63f4 req-a1eee8e5-5d84-4e0c-8292-41fbddf609e1 None None] Starting request: 10.222.0.83 "GET /placement/allocations/ca807a27-c2cc-4cc8-be12-0f29e327b4ae" {{(pid=84021) __call__ /opt/stack/placement/placement/requestlog.py:55}}
Nov 25 14:54:06.521192 n-d-819181-1 devstack@placement-api.service[84021]: INFO placement.requestlog [req-119b33c3-012d-40a0-97b6-c537867c63f4 req-a1eee8e5-5d84-4e0c-8292-41fbddf609e1 service placement] 10.222.0.83 "GET /placement/allocations/ca807a27-c2cc-4cc8-be12-0f29e327b4ae" status: 200 len: 245 microversion: 1.28
Nov 25 14:54:06.522224 n-d-819181-1 devstack@placement-api.service[84021]: [pid: 84021|app: 0|req: 169/338] 10.222.0.83 () {60 vars in 1377 bytes} [Thu Nov 25 14:54:06 2021] GET /placement/allocations/ca807a27-c2cc-4cc8-be12-0f29e327b4ae => generated 245 bytes in 25 msecs (HTTP/1.1 200) 8 headers in 296 bytes (2 switches on core 0)
Nov 25 14:54:06.829344 n-d-819181-1 devstack@placement-api.service[84022]: DEBUG placement.requestlog [req-b32e29a8-3021-4a20-85a8-f614b44c262e req-11348001-640d-4fa1-8049-19b389763a15 None None] Starting request: 10.222.0.36 "GET /placement/resource_providers/c70a3c4d-08ee-470c-b8da-baacf1e5a82b/allocations" {{(pid=84022) __call__ /opt/stack/placement/placement/requestlog.py:55}}
Nov 25 14:54:06.869415 n-d-819181-1 devstack@placement-api.service[84022]: INFO placement.requestlog [req-b32e29a8-3021-4a20-85a8-f614b44c262e req-11348001-640d-4fa1-8049-19b389763a15 service placement] 10.222.0.36 "GET /placement/resource_providers/c70a3c4d-08ee-470c-b8da-baacf1e5a82b/allocations" status: 200 len: 961 microversion: 1.0
Nov 25 14:54:06.869990 n-d-819181-1 devstack@placement-api.service[84022]: [pid: 84022|app: 0|req: 170/339] 10.222.0.36 () {58 vars in 1390 bytes} [Thu Nov 25 14:54:06 2021] GET /placement/resource_providers/c70a3c4d-08ee-470c-b8da-baacf1e5a82b/allocations => generated 961 bytes in 41 msecs (HTTP/1.1 200) 6 headers in 224 bytes (1 switches on core 0)
Nov 25 14:54:07.803148 n-d-819181-1 devstack@placement-api.service[84021]: DEBUG placement.requestlog [req-32b4a314-72bd-4c8b-bf30-23e3daf61b33 req-36e16438-29f1-49ac-adfa-73302443ab88 None None] Starting request: 10.222.0.83 "GET /placement/resource_providers/8cc92976-9961-443c-adea-bbeeebbf35b2/allocations" {{(pid=84021) __call__ /opt/stack/placement/placement/requestlog.py:55}}
Nov 25 14:54:07.853408 n-d-819181-1 devstack@placement-api.service[84021]: INFO placement.requestlog [req-32b4a314-72bd-4c8b-bf30-23e3daf61b33 req-36e16438-29f1-49ac-adfa-73302443ab88 service placement] 10.222.0.83 "GET /placement/resource_providers/8cc92976-9961-443c-adea-bbeeebbf35b2/allocations" status: 200 len: 631 microversion: 1.0
Nov 25 14:54:07.854042 n-d-819181-1 devstack@placement-api.service[84021]: [pid: 84021|app: 0|req: 170/340] 10.222.0.83 () {58 vars in 1390 bytes} [Thu Nov 25 14:54:07 2021] GET /placement/resource_providers/8cc92976-9961-443c-adea-bbeeebbf35b2/allocations => generated 631 bytes in 52 msecs (HTTP/1.1 200) 6 headers in 224 bytes (1 switches on core 0)
Nov 25 14:54:08.554974 n-d-819181-1 devstack@placement-api.service[84022]: DEBUG placement.requestlog [req-40486964-370e-4a8c-ae53-98f3dcec1c5c req-e22be7de-3c1a-4caa-9753-5fc2571729c0 None None] Starting request: 10.222.0.65 "GET /placement/allocation_candidates?limit=1000&resources=DISK_GB%3A1%2CMEMORY_MB%3A1024%2CVCPU%3A1&root_required=%21COMPUTE_STATUS_DISABLED" {{(pid=84022) __call__ /opt/stack/placement/placement/requestlog.py:55}}
Nov 25 14:54:08.598600 n-d-819181-1 devstack@placement-api.service[84022]: DEBUG placement.objects.research_context [req-40486964-370e-4a8c-ae53-98f3dcec1c5c req-e22be7de-3c1a-4caa-9753-5fc2571729c0 service placement] getting providers with 1 DISK_GB {{(pid=84022) __init__ /opt/stack/placement/placement/objects/research_context.py:126}}
Nov 25 14:54:08.610608 n-d-819181-1 devstack@placement-api.service[84022]: DEBUG placement.objects.research_context [req-40486964-370e-4a8c-ae53-98f3dcec1c5c req-e22be7de-3c1a-4caa-9753-5fc2571729c0 service placement] getting providers with 1024 MEMORY_MB {{(pid=84022) __init__ /opt/stack/placement/placement/objects/research_context.py:126}}
Nov 25 14:54:08.633987 n-d-819181-1 devstack@placement-api.service[84022]: DEBUG placement.objects.research_context [req-40486964-370e-4a8c-ae53-98f3dcec1c5c req-e22be7de-3c1a-4caa-9753-5fc2571729c0 service placement] getting providers with 1 VCPU {{(pid=84022) __init__ /opt/stack/placement/placement/objects/research_context.py:126}}
Nov 25 14:54:08.653139 n-d-819181-1 devstack@placement-api.service[84022]: DEBUG placement.objects.research_context [req-40486964-370e-4a8c-ae53-98f3dcec1c5c req-e22be7de-3c1a-4caa-9753-5fc2571729c0 service placement] found 2 providers with available 1 DISK_GB {{(pid=84022) get_provider_ids_matching /opt/stack/placement/placement/objects/research_context.py:549}}
Nov 25 14:54:08.653890 n-d-819181-1 devstack@placement-api.service[84022]: DEBUG placement.objects.research_context [req-40486964-370e-4a8c-ae53-98f3dcec1c5c req-e22be7de-3c1a-4caa-9753-5fc2571729c0 service placement] found 2 providers with available 1024 MEMORY_MB {{(pid=84022) get_provider_ids_matching /opt/stack/placement/placement/objects/research_context.py:549}}
Nov 25 14:54:08.654593 n-d-819181-1 devstack@placement-api.service[84022]: DEBUG placement.objects.research_context [req-40486964-370e-4a8c-ae53-98f3dcec1c5c req-e22be7de-3c1a-4caa-9753-5fc2571729c0 service placement] found 2 providers after filtering by previous result {{(pid=84022) get_provider_ids_matching /opt/stack/placement/placement/objects/research_context.py:580}}
Nov 25 14:54:08.655260 n-d-819181-1 devstack@placement-api.service[84022]: DEBUG placement.objects.research_context [req-40486964-370e-4a8c-ae53-98f3dcec1c5c req-e22be7de-3c1a-4caa-9753-5fc2571729c0 service placement] found 2 providers with available 1 VCPU {{(pid=84022) get_provider_ids_matching /opt/stack/placement/placement/objects/research_context.py:549}}
Nov 25 14:54:08.655803 n-d-819181-1 devstack@placement-api.service[84022]: DEBUG placement.objects.research_context [req-40486964-370e-4a8c-ae53-98f3dcec1c5c req-e22be7de-3c1a-4caa-9753-5fc2571729c0 service placement] found 2 providers after filtering by previous result {{(pid=84022) get_provider_ids_matching /opt/stack/placement/placement/objects/research_context.py:580}}
Nov 25 14:54:08.669573 n-d-819181-1 devstack@placement-api.service[84022]: DEBUG placement.objects.allocation_candidate [req-40486964-370e-4a8c-ae53-98f3dcec1c5c req-e22be7de-3c1a-4caa-9753-5fc2571729c0 service placement] RequestGroup(use_same_provider=False, resources={DISK_GB:1, MEMORY_MB:1024, VCPU:1}, traits=[], aggregates=[]) (suffix '') returned 2 matches {{(pid=84022) _get_by_requests /opt/stack/placement/placement/objects/allocation_candidate.py:145}}
Nov 25 14:54:08.670224 n-d-819181-1 devstack@placement-api.service[84022]: DEBUG placement.objects.allocation_candidate [req-40486964-370e-4a8c-ae53-98f3dcec1c5c req-e22be7de-3c1a-4caa-9753-5fc2571729c0 service placement] Merging candidates yields 2 allocation requests and 2 provider summaries {{(pid=84022) _merge_candidates /opt/stack/placement/placement/objects/allocation_candidate.py:783}}
Nov 25 14:54:08.672017 n-d-819181-1 devstack@placement-api.service[84022]: INFO placement.requestlog [req-40486964-370e-4a8c-ae53-98f3dcec1c5c req-e22be7de-3c1a-4caa-9753-5fc2571729c0 service placement] 10.222.0.65 "GET /placement/allocation_candidates?limit=1000&resources=DISK_GB%3A1%2CMEMORY_MB%3A1024%2CVCPU%3A1&root_required=%21COMPUTE_STATUS_DISABLED" status: 200 len: 1235 microversion: 1.35
Nov 25 14:54:08.672431 n-d-819181-1 devstack@placement-api.service[84022]: [pid: 84022|app: 0|req: 171/341] 10.222.0.65 () {60 vars in 1506 bytes} [Thu Nov 25 14:54:08 2021] GET /placement/allocation_candidates?limit=1000&resources=DISK_GB%3A1%2CMEMORY_MB%3A1024%2CVCPU%3A1&root_required=%21COMPUTE_STATUS_DISABLED => generated 1235 bytes in 118 msecs (HTTP/1.1 200) 8 headers in 297 bytes (1 switches on core 0)
Nov 25 14:54:08.792351 n-d-819181-1 devstack@placement-api.service[84021]: DEBUG placement.requestlog [req-40486964-370e-4a8c-ae53-98f3dcec1c5c req-4e232efc-c453-42fb-bbe2-613204a05a55 None None] Starting request: 10.222.0.65 "GET /placement/allocations/79164d71-6d47-48a5-87d5-68693d679649" {{(pid=84021) __call__ /opt/stack/placement/placement/requestlog.py:55}}
Nov 25 14:54:08.805463 n-d-819181-1 devstack@placement-api.service[84021]: INFO placement.requestlog [req-40486964-370e-4a8c-ae53-98f3dcec1c5c req-4e232efc-c453-42fb-bbe2-613204a05a55 service placement] 10.222.0.65 "GET /placement/allocations/79164d71-6d47-48a5-87d5-68693d679649" status: 200 len: 19 microversion: 1.28
Nov 25 14:54:08.811760 n-d-819181-1 devstack@placement-api.service[84021]: [pid: 84021|app: 0|req: 171/342] 10.222.0.65 () {60 vars in 1380 bytes} [Thu Nov 25 14:54:08 2021] GET /placement/allocations/79164d71-6d47-48a5-87d5-68693d679649 => generated 19 bytes in 18 msecs (HTTP/1.1 200) 8 headers in 295 bytes (1 switches on core 0)
Nov 25 14:54:08.813454 n-d-819181-1 devstack@placement-api.service[84022]: DEBUG placement.requestlog [req-40486964-370e-4a8c-ae53-98f3dcec1c5c req-f0477bb8-b15e-4ec6-bcf3-592400a1638f None None] Starting request: 10.222.0.65 "PUT /placement/allocations/79164d71-6d47-48a5-87d5-68693d679649" {{(pid=84022) __call__ /opt/stack/placement/placement/requestlog.py:55}}
Nov 25 14:54:08.913925 n-d-819181-1 devstack@placement-api.service[84022]: DEBUG placement.handlers.allocation [req-40486964-370e-4a8c-ae53-98f3dcec1c5c req-f0477bb8-b15e-4ec6-bcf3-592400a1638f service placement] Successfully wrote allocations [, , ] {{(pid=84022) _create_allocations /opt/stack/placement/placement/handlers/allocation.py:435}}
Nov 25 14:54:08.914791 n-d-819181-1 devstack@placement-api.service[84022]: INFO placement.requestlog [req-40486964-370e-4a8c-ae53-98f3dcec1c5c req-f0477bb8-b15e-4ec6-bcf3-592400a1638f service placement] 10.222.0.65 "PUT /placement/allocations/79164d71-6d47-48a5-87d5-68693d679649" status: 204 len: 0 microversion: 1.35
Nov 25 14:54:08.915179 n-d-819181-1 devstack@placement-api.service[84022]: [pid: 84022|app: 0|req: 172/343] 10.222.0.65 () {64 vars in 1433 bytes} [Thu Nov 25 14:54:08 2021] PUT /placement/allocations/79164d71-6d47-48a5-87d5-68693d679649 => generated 0 bytes in 102 msecs (HTTP/1.1 204) 5 headers in 199 bytes (1 switches on core 0)
Nov 25 14:54:09.480164 n-d-819181-1 devstack@placement-api.service[84021]: DEBUG placement.requestlog [req-40486964-370e-4a8c-ae53-98f3dcec1c5c req-bddd5864-40cc-4118-9874-4caefaa9aaad None None] Starting request: 10.222.0.36 "GET /placement/allocations/79164d71-6d47-48a5-87d5-68693d679649" {{(pid=84021) __call__ /opt/stack/placement/placement/requestlog.py:55}}
Nov 25 14:54:09.505165 n-d-819181-1 devstack@placement-api.service[84021]: INFO placement.requestlog [req-40486964-370e-4a8c-ae53-98f3dcec1c5c req-bddd5864-40cc-4118-9874-4caefaa9aaad service placement] 10.222.0.36 "GET /placement/allocations/79164d71-6d47-48a5-87d5-68693d679649" status: 200 len: 259 microversion: 1.28
Nov 25 14:54:09.505980 n-d-819181-1 devstack@placement-api.service[84021]: [pid: 84021|app: 0|req: 172/344] 10.222.0.36 () {60 vars in 1377 bytes} [Thu Nov 25 14:54:09 2021] GET /placement/allocations/79164d71-6d47-48a5-87d5-68693d679649 => generated 259 bytes in 26 msecs (HTTP/1.1 200) 8 headers in 296 bytes (2 switches on core 0)
Nov 25 14:54:24.325887 n-d-819181-1 devstack@placement-api.service[84022]: DEBUG placement.requestlog [req-92babdf5-96d5-4c03-b2b8-b6954482f1aa req-f96bc4c3-98ed-4990-9d78-2775f6a63d1e None None] Starting request: 10.222.0.83 "GET /placement/allocations/3f1a8701-4159-4fc4-81b9-ae2502ea730e" {{(pid=84022) __call__ /opt/stack/placement/placement/requestlog.py:55}}
Nov 25 14:54:24.342608 n-d-819181-1 devstack@placement-api.service[84022]: INFO placement.requestlog [req-92babdf5-96d5-4c03-b2b8-b6954482f1aa req-f96bc4c3-98ed-4990-9d78-2775f6a63d1e service placement] 10.222.0.83 "GET /placement/allocations/3f1a8701-4159-4fc4-81b9-ae2502ea730e" status: 200 len: 259 microversion: 1.28
Nov 25 14:54:24.343363 n-d-819181-1 devstack@placement-api.service[84022]: [pid: 84022|app: 0|req: 173/345] 10.222.0.83 () {60 vars in 1377 bytes} [Thu Nov 25 14:54:24 2021] GET /placement/allocations/3f1a8701-4159-4fc4-81b9-ae2502ea730e => generated 259 bytes in 18 msecs (HTTP/1.1 200) 8 headers in 296 bytes (1 switches on core 0)
Nov 25 14:54:24.352078 n-d-819181-1 devstack@placement-api.service[84021]: DEBUG placement.requestlog [req-92babdf5-96d5-4c03-b2b8-b6954482f1aa req-829e1da7-d50c-4f48-ba17-79254e028b60 None None] Starting request: 10.222.0.83 "PUT /placement/allocations/3f1a8701-4159-4fc4-81b9-ae2502ea730e" {{(pid=84021) __call__ /opt/stack/placement/placement/requestlog.py:55}}
Nov 25 14:54:24.412014 n-d-819181-1 devstack@placement-api.service[84021]: DEBUG placement.handlers.allocation [req-92babdf5-96d5-4c03-b2b8-b6954482f1aa req-829e1da7-d50c-4f48-ba17-79254e028b60 service placement] Successfully wrote allocations [, , ] {{(pid=84021) _create_allocations /opt/stack/placement/placement/handlers/allocation.py:435}}
Nov 25 14:54:24.412960 n-d-819181-1 devstack@placement-api.service[84021]: INFO placement.requestlog [req-92babdf5-96d5-4c03-b2b8-b6954482f1aa req-829e1da7-d50c-4f48-ba17-79254e028b60 service placement] 10.222.0.83 "PUT /placement/allocations/3f1a8701-4159-4fc4-81b9-ae2502ea730e" status: 204 len: 0 microversion: 1.28
Nov 25 14:54:24.413562 n-d-819181-1 devstack@placement-api.service[84021]: [pid: 84021|app: 0|req: 173/346] 10.222.0.83 () {64 vars in 1430 bytes} [Thu Nov 25 14:54:24 2021] PUT /placement/allocations/3f1a8701-4159-4fc4-81b9-ae2502ea730e => generated 0 bytes in 62 msecs (HTTP/1.1 204) 5 headers in 199 bytes (2 switches on core 0)
Nov 25 14:54:25.729443 n-d-819181-1 devstack@placement-api.service[84022]: DEBUG placement.requestlog [req-1eaa2572-25cf-4599-a9b2-e1fa9a5e4af6 req-b22d4fd3-c222-4494-b911-adaea2858bca None None] Starting request: 10.222.0.83 "GET /placement/allocations/5078f84c-fca5-4d7e-91be-42533de5d2cb" {{(pid=84022) __call__ /opt/stack/placement/placement/requestlog.py:55}}
Nov 25 14:54:25.745477 n-d-819181-1 devstack@placement-api.service[84022]: INFO placement.requestlog [req-1eaa2572-25cf-4599-a9b2-e1fa9a5e4af6 req-b22d4fd3-c222-4494-b911-adaea2858bca service placement] 10.222.0.83 "GET /placement/allocations/5078f84c-fca5-4d7e-91be-42533de5d2cb" status: 200 len: 259 microversion: 1.28
Nov 25 14:54:25.746620 n-d-819181-1 devstack@placement-api.service[84022]: [pid: 84022|app: 0|req: 174/347] 10.222.0.83 () {60 vars in 1377 bytes} [Thu Nov 25 14:54:25 2021] GET /placement/allocations/5078f84c-fca5-4d7e-91be-42533de5d2cb => generated 259 bytes in 17 msecs (HTTP/1.1 200) 8 headers in 296 bytes (1 switches on core 0)
Nov 25 14:54:25.758478 n-d-819181-1 devstack@placement-api.service[84021]: DEBUG placement.requestlog [req-1eaa2572-25cf-4599-a9b2-e1fa9a5e4af6 req-7e86e48a-6fc7-4ccc-9cb3-b83c58e1e0d4 None None] Starting request: 10.222.0.83 "PUT /placement/allocations/5078f84c-fca5-4d7e-91be-42533de5d2cb" {{(pid=84021) __call__ /opt/stack/placement/placement/requestlog.py:55}}
Nov 25 14:54:25.806234 n-d-819181-1 devstack@placement-api.service[84021]: DEBUG placement.handlers.allocation [req-1eaa2572-25cf-4599-a9b2-e1fa9a5e4af6 req-7e86e48a-6fc7-4ccc-9cb3-b83c58e1e0d4 service placement] Successfully wrote allocations [, , ] {{(pid=84021) _create_allocations /opt/stack/placement/placement/handlers/allocation.py:435}}
Nov 25 14:54:25.806846 n-d-819181-1 devstack@placement-api.service[84021]: INFO placement.requestlog [req-1eaa2572-25cf-4599-a9b2-e1fa9a5e4af6 req-7e86e48a-6fc7-4ccc-9cb3-b83c58e1e0d4 service placement] 10.222.0.83 "PUT /placement/allocations/5078f84c-fca5-4d7e-91be-42533de5d2cb" status: 204 len: 0 microversion: 1.28
Nov 25 14:54:25.807142 n-d-819181-1 devstack@placement-api.service[84021]: [pid: 84021|app: 0|req: 174/348] 10.222.0.83 () {64 vars in 1430 bytes} [Thu Nov 25 14:54:25 2021] PUT /placement/allocations/5078f84c-fca5-4d7e-91be-42533de5d2cb => generated 0 bytes in 49 msecs (HTTP/1.1 204) 5 headers in 199 bytes (1 switches on core 0)
Nov 25 14:54:27.984995 n-d-819181-1 devstack@placement-api.service[84022]: DEBUG placement.requestlog [req-ae0352b3-3eec-4550-8c94-d9cb3758af6f req-7c2eb1d9-25cf-487b-8001-bcfd61308b26 None None] Starting request: 10.222.0.65 "GET /placement/allocation_candidates?limit=1000&resources=DISK_GB%3A1%2CMEMORY_MB%3A1024%2CVCPU%3A1&root_required=%21COMPUTE_STATUS_DISABLED" {{(pid=84022) __call__ /opt/stack/placement/placement/requestlog.py:55}}
Nov 25 14:54:28.018901 n-d-819181-1 devstack@placement-api.service[84022]: DEBUG placement.objects.research_context [req-ae0352b3-3eec-4550-8c94-d9cb3758af6f req-7c2eb1d9-25cf-487b-8001-bcfd61308b26 service placement] getting providers with 1 DISK_GB {{(pid=84022) __init__ /opt/stack/placement/placement/objects/research_context.py:126}}
Nov 25 14:54:28.026075 n-d-819181-1 devstack@placement-api.service[84022]: DEBUG placement.objects.research_context [req-ae0352b3-3eec-4550-8c94-d9cb3758af6f req-7c2eb1d9-25cf-487b-8001-bcfd61308b26 service placement] getting providers with 1024 MEMORY_MB {{(pid=84022) __init__ /opt/stack/placement/placement/objects/research_context.py:126}}
Nov 25 14:54:28.034401 n-d-819181-1 devstack@placement-api.service[84022]: DEBUG placement.objects.research_context [req-ae0352b3-3eec-4550-8c94-d9cb3758af6f req-7c2eb1d9-25cf-487b-8001-bcfd61308b26 service placement] getting providers with 1 VCPU {{(pid=84022) __init__ /opt/stack/placement/placement/objects/research_context.py:126}}
Nov 25 14:54:28.041124 n-d-819181-1 devstack@placement-api.service[84022]: DEBUG placement.objects.research_context [req-ae0352b3-3eec-4550-8c94-d9cb3758af6f req-7c2eb1d9-25cf-487b-8001-bcfd61308b26 service placement] found 2 providers with available 1 DISK_GB {{(pid=84022) get_provider_ids_matching /opt/stack/placement/placement/objects/research_context.py:549}}
Nov 25 14:54:28.041770 n-d-819181-1 devstack@placement-api.service[84022]: DEBUG placement.objects.research_context [req-ae0352b3-3eec-4550-8c94-d9cb3758af6f req-7c2eb1d9-25cf-487b-8001-bcfd61308b26 service placement] found 2 providers with available 1024 MEMORY_MB {{(pid=84022) get_provider_ids_matching /opt/stack/placement/placement/objects/research_context.py:549}}
Nov 25 14:54:28.042254 n-d-819181-1 devstack@placement-api.service[84022]: DEBUG placement.objects.research_context [req-ae0352b3-3eec-4550-8c94-d9cb3758af6f req-7c2eb1d9-25cf-487b-8001-bcfd61308b26 service placement] found 2 providers after filtering by previous result {{(pid=84022) get_provider_ids_matching /opt/stack/placement/placement/objects/research_context.py:580}}
Nov 25 14:54:28.043388 n-d-819181-1 devstack@placement-api.service[84022]: DEBUG placement.objects.research_context [req-ae0352b3-3eec-4550-8c94-d9cb3758af6f req-7c2eb1d9-25cf-487b-8001-bcfd61308b26 service placement] found 2 providers with available 1 VCPU {{(pid=84022) get_provider_ids_matching /opt/stack/placement/placement/objects/research_context.py:549}}
Nov 25 14:54:28.044861 n-d-819181-1 devstack@placement-api.service[84022]: DEBUG placement.objects.research_context [req-ae0352b3-3eec-4550-8c94-d9cb3758af6f req-7c2eb1d9-25cf-487b-8001-bcfd61308b26 service placement] found 2 providers after filtering by previous result {{(pid=84022) get_provider_ids_matching /opt/stack/placement/placement/objects/research_context.py:580}}
Nov 25 14:54:28.058369 n-d-819181-1 devstack@placement-api.service[84022]: DEBUG placement.objects.allocation_candidate [req-ae0352b3-3eec-4550-8c94-d9cb3758af6f req-7c2eb1d9-25cf-487b-8001-bcfd61308b26 service placement] RequestGroup(use_same_provider=False, resources={DISK_GB:1, MEMORY_MB:1024, VCPU:1}, traits=[], aggregates=[]) (suffix '') returned 2 matches {{(pid=84022) _get_by_requests /opt/stack/placement/placement/objects/allocation_candidate.py:145}}
Nov 25 14:54:28.059420 n-d-819181-1 devstack@placement-api.service[84022]: DEBUG placement.objects.allocation_candidate [req-ae0352b3-3eec-4550-8c94-d9cb3758af6f req-7c2eb1d9-25cf-487b-8001-bcfd61308b26 service placement] Merging candidates yields 2 allocation requests and 2 provider summaries {{(pid=84022) _merge_candidates /opt/stack/placement/placement/objects/allocation_candidate.py:783}}
Nov 25 14:54:28.063760 n-d-819181-1 devstack@placement-api.service[84022]: INFO placement.requestlog [req-ae0352b3-3eec-4550-8c94-d9cb3758af6f req-7c2eb1d9-25cf-487b-8001-bcfd61308b26 service placement] 10.222.0.65 "GET /placement/allocation_candidates?limit=1000&resources=DISK_GB%3A1%2CMEMORY_MB%3A1024%2CVCPU%3A1&root_required=%21COMPUTE_STATUS_DISABLED" status: 200 len: 1237 microversion: 1.35
Nov 25 14:54:28.064235 n-d-819181-1 devstack@placement-api.service[84022]: [pid: 84022|app: 0|req: 175/349] 10.222.0.65 () {60 vars in 1506 bytes} [Thu Nov 25 14:54:27 2021] GET /placement/allocation_candidates?limit=1000&resources=DISK_GB%3A1%2CMEMORY_MB%3A1024%2CVCPU%3A1&root_required=%21COMPUTE_STATUS_DISABLED => generated 1237 bytes in 80 msecs (HTTP/1.1 200) 8 headers in 297 bytes (2 switches on core 0)
Nov 25 14:54:28.210629 n-d-819181-1 devstack@placement-api.service[84021]: DEBUG placement.requestlog [req-ae0352b3-3eec-4550-8c94-d9cb3758af6f req-29ed65a2-2477-45d5-932d-37948419cd84 None None] Starting request: 10.222.0.65 "GET /placement/allocations/6c4205dd-35c1-4a14-b03a-6cbd70b83c58" {{(pid=84021) __call__ /opt/stack/placement/placement/requestlog.py:55}}
Nov 25 14:54:28.231686 n-d-819181-1 devstack@placement-api.service[84021]: INFO placement.requestlog [req-ae0352b3-3eec-4550-8c94-d9cb3758af6f req-29ed65a2-2477-45d5-932d-37948419cd84 service placement] 10.222.0.65 "GET /placement/allocations/6c4205dd-35c1-4a14-b03a-6cbd70b83c58" status: 200 len: 19 microversion: 1.28
Nov 25 14:54:28.231686 n-d-819181-1 devstack@placement-api.service[84021]: [pid: 84021|app: 0|req: 175/350] 10.222.0.65 () {60 vars in 1380 bytes} [Thu Nov 25 14:54:28 2021] GET /placement/allocations/6c4205dd-35c1-4a14-b03a-6cbd70b83c58 => generated 19 bytes in 19 msecs (HTTP/1.1 200) 8 headers in 295 bytes (1 switches on core 0)
Nov 25 14:54:28.248245 n-d-819181-1 devstack@placement-api.service[84022]: DEBUG placement.requestlog [req-ae0352b3-3eec-4550-8c94-d9cb3758af6f req-3b996918-2fa6-4f4a-b235-95d93e4db6f0 None None] Starting request: 10.222.0.65 "PUT /placement/allocations/6c4205dd-35c1-4a14-b03a-6cbd70b83c58" {{(pid=84022) __call__ /opt/stack/placement/placement/requestlog.py:55}}
Nov 25 14:54:28.314177 n-d-819181-1 devstack@placement-api.service[84022]: DEBUG placement.handlers.allocation [req-ae0352b3-3eec-4550-8c94-d9cb3758af6f req-3b996918-2fa6-4f4a-b235-95d93e4db6f0 service placement] Successfully wrote allocations [, , ] {{(pid=84022) _create_allocations /opt/stack/placement/placement/handlers/allocation.py:435}}
Nov 25 14:54:28.315085 n-d-819181-1 devstack@placement-api.service[84022]: INFO placement.requestlog [req-ae0352b3-3eec-4550-8c94-d9cb3758af6f req-3b996918-2fa6-4f4a-b235-95d93e4db6f0 service placement] 10.222.0.65 "PUT /placement/allocations/6c4205dd-35c1-4a14-b03a-6cbd70b83c58" status: 204 len: 0 microversion: 1.35
Nov 25 14:54:28.315838 n-d-819181-1 devstack@placement-api.service[84022]: [pid: 84022|app: 0|req: 176/351] 10.222.0.65 () {64 vars in 1433 bytes} [Thu Nov 25 14:54:28 2021] PUT /placement/allocations/6c4205dd-35c1-4a14-b03a-6cbd70b83c58 => generated 0 bytes in 68 msecs (HTTP/1.1 204) 5 headers in 199 bytes (1 switches on core 0)
Nov 25 14:54:28.943862 n-d-819181-1 devstack@placement-api.service[84021]: DEBUG placement.requestlog [req-ae0352b3-3eec-4550-8c94-d9cb3758af6f req-fca29b4c-9f7f-4552-8751-87eca9a87907 None None] Starting request: 10.222.0.83 "GET /placement/allocations/6c4205dd-35c1-4a14-b03a-6cbd70b83c58" {{(pid=84021) __call__ /opt/stack/placement/placement/requestlog.py:55}}
Nov 25 14:54:28.974835 n-d-819181-1 devstack@placement-api.service[84021]: INFO placement.requestlog [req-ae0352b3-3eec-4550-8c94-d9cb3758af6f req-fca29b4c-9f7f-4552-8751-87eca9a87907 service placement] 10.222.0.83 "GET /placement/allocations/6c4205dd-35c1-4a14-b03a-6cbd70b83c58" status: 200 len: 259 microversion: 1.28
Nov 25 14:54:28.975368 n-d-819181-1 devstack@placement-api.service[84021]: [pid: 84021|app: 0|req: 176/352] 10.222.0.83 () {60 vars in 1377 bytes} [Thu Nov 25 14:54:28 2021] GET /placement/allocations/6c4205dd-35c1-4a14-b03a-6cbd70b83c58 => generated 259 bytes in 32 msecs (HTTP/1.1 200) 8 headers in 296 bytes (1 switches on core 0)
Nov 25 14:54:31.813162 n-d-819181-1 devstack@placement-api.service[84022]: DEBUG placement.requestlog [None req-447a95c4-312a-4021-8243-0253e2f19414 None None] Starting request: 10.222.0.65 "GET /placement/" {{(pid=84022) __call__ /opt/stack/placement/placement/requestlog.py:55}}
Nov 25 14:54:31.814283 n-d-819181-1 devstack@placement-api.service[84022]: INFO placement.requestlog [None req-447a95c4-312a-4021-8243-0253e2f19414 None None] 10.222.0.65 "GET /placement/" status: 200 len: 136 microversion: 1.0
