Nov 25 14:48:55.190301 n-d-819181-1 devstack@n-api.service[98137]: DEBUG nova.policy [None req-9603a122-1b46-4637-b6f1-20f1810da979 tempest-ServerDiagnosticsNegativeTest-1000643308 tempest-ServerDiagnosticsNegativeTest-1000643308-project] Policy check for os_compute_api:os-extended-server-attributes failed with credentials {'is_admin': False, 'user_id': 'c9e61281c8844e78bda0f71e9237bac6', 'user_domain_id': 'default', 'system_scope': None, 'domain_id': None, 'project_id': '2140cc2a5eb64bd5859b2563baeab03d', 'project_domain_id': 'default', 'roles': ['member', 'reader'], 'is_admin_project': True, 'service_user_id': None, 'service_user_domain_id': None, 'service_project_id': None, 'service_project_domain_id': None, 'service_roles': []} {{(pid=98137) authorize /opt/stack/nova/nova/policy.py:222}}
Nov 25 14:48:55.204126 n-d-819181-1 devstack@n-api.service[98137]: INFO nova.api.openstack.requestlog [None req-9603a122-1b46-4637-b6f1-20f1810da979 tempest-ServerDiagnosticsNegativeTest-1000643308 tempest-ServerDiagnosticsNegativeTest-1000643308-project] 10.222.0.65 "GET /compute/v2.1/servers/cd70303e-48e0-4004-b4e3-a70a59012aef" status: 200 len: 1323 microversion: 2.1 time: 0.358024
Nov 25 14:48:55.205227 n-d-819181-1 devstack@n-api.service[98137]: [pid: 98137|app: 0|req: 78/173] 10.222.0.65 () {58 vars in 1235 bytes} [Thu Nov 25 14:48:54 2021] GET /compute/v2.1/servers/cd70303e-48e0-4004-b4e3-a70a59012aef => generated 1323 bytes in 360 msecs (HTTP/1.1 200) 9 headers in 358 bytes (1 switches on core 0)
Nov 25 14:48:55.219552 n-d-819181-1 devstack@n-api.service[98137]: DEBUG nova.api.openstack.wsgi [None req-8bcaf686-2dd8-428f-8391-e5c51d271d86 tempest-FlavorsV261TestJSON-1162115701 tempest-FlavorsV261TestJSON-1162115701-project-admin] Action: 'update', calling method: .version_select at 0x7fbaf439b5e0>, body: {"flavor": {"description": "new"}} {{(pid=98137) _process_stack /opt/stack/nova/nova/api/openstack/wsgi.py:511}}
Nov 25 14:48:55.234401 n-d-819181-1 devstack@n-api.service[98138]: DEBUG nova.api.openstack.wsgi [None req-5bed57fc-40e7-401d-97fc-1711812479c2 tempest-ServersWithSpecificFlavorTestJSON-1457691232 tempest-ServersWithSpecificFlavorTestJSON-1457691232-project] Calling method '>' {{(pid=98138) _process_stack /opt/stack/nova/nova/api/openstack/wsgi.py:513}}
Nov 25 14:48:55.239835 n-d-819181-1 devstack@n-api.service[98137]: /usr/local/lib/python3.8/dist-packages/oslo_policy/policy.py:1022: UserWarning: Policy os_compute_api:os-flavor-manage:update failed scope check. The token used to make the request was project scoped but the policy requires ['system'] scope. This behavior may change in the future where using the intended scope is required
Nov 25 14:48:55.239835 n-d-819181-1 devstack@n-api.service[98137]: warnings.warn(msg)
Nov 25 14:48:55.254000 n-d-819181-1 devstack@n-api.service[98138]: INFO nova.api.openstack.requestlog [None req-5bed57fc-40e7-401d-97fc-1711812479c2 tempest-ServersWithSpecificFlavorTestJSON-1457691232 tempest-ServersWithSpecificFlavorTestJSON-1457691232-project] 10.222.0.65 "GET /compute/v2.1/flavors/452" status: 200 len: 370 microversion: 2.1 time: 0.197965
Nov 25 14:48:55.254698 n-d-819181-1 devstack@n-api.service[98138]: [pid: 98138|app: 0|req: 96/174] 10.222.0.65 () {58 vars in 1136 bytes} [Thu Nov 25 14:48:55 2021] GET /compute/v2.1/flavors/452 => generated 370 bytes in 200 msecs (HTTP/1.1 200) 9 headers in 357 bytes (1 switches on core 0)
Nov 25 14:48:55.267253 n-d-819181-1 devstack@n-api.service[98138]: DEBUG nova.api.openstack.wsgi [None req-9b9da03b-7ab1-4910-a652-bf3af3700340 tempest-LiveMigrationNegativeTest-452466485 tempest-LiveMigrationNegativeTest-452466485-project] Calling method '>' {{(pid=98138) _process_stack /opt/stack/nova/nova/api/openstack/wsgi.py:513}}
Nov 25 14:48:55.268692 n-d-819181-1 devstack@n-api.service[98138]: DEBUG nova.compute.api [None req-9b9da03b-7ab1-4910-a652-bf3af3700340 tempest-LiveMigrationNegativeTest-452466485 tempest-LiveMigrationNegativeTest-452466485-project] [instance: b520b81d-d855-46bb-ae57-6abe0a15f4c4] Fetching instance by UUID {{(pid=98138) get /opt/stack/nova/nova/compute/api.py:2810}}
Nov 25 14:48:55.278077 n-d-819181-1 devstack@n-api.service[98138]: DEBUG oslo_concurrency.lockutils [None req-9b9da03b-7ab1-4910-a652-bf3af3700340 tempest-LiveMigrationNegativeTest-452466485 tempest-LiveMigrationNegativeTest-452466485-project] Lock "ce0c8c10-e039-42df-9196-4e8db3440bd7" acquired by "nova.context.set_target_cell..get_or_set_cached_cell_and_set_connections" :: waited 0.000s {{(pid=98138) inner /usr/local/lib/python3.8/dist-packages/oslo_concurrency/lockutils.py:355}}
Nov 25 14:48:55.279358 n-d-819181-1 devstack@n-api.service[98138]: DEBUG oslo_concurrency.lockutils [None req-9b9da03b-7ab1-4910-a652-bf3af3700340 tempest-LiveMigrationNegativeTest-452466485 tempest-LiveMigrationNegativeTest-452466485-project] Lock "ce0c8c10-e039-42df-9196-4e8db3440bd7" released by "nova.context.set_target_cell..get_or_set_cached_cell_and_set_connections" :: held 0.002s {{(pid=98138) inner /usr/local/lib/python3.8/dist-packages/oslo_concurrency/lockutils.py:367}}
Nov 25 14:48:55.280313 n-d-819181-1 devstack@n-api.service[98138]: DEBUG oslo_concurrency.lockutils [None req-9b9da03b-7ab1-4910-a652-bf3af3700340 tempest-LiveMigrationNegativeTest-452466485 tempest-LiveMigrationNegativeTest-452466485-project] Lock "ce0c8c10-e039-42df-9196-4e8db3440bd7" acquired by "nova.context.set_target_cell..get_or_set_cached_cell_and_set_connections" :: waited 0.000s {{(pid=98138) inner /usr/local/lib/python3.8/dist-packages/oslo_concurrency/lockutils.py:355}}
Nov 25 14:48:55.281014 n-d-819181-1 devstack@n-api.service[98138]: DEBUG oslo_concurrency.lockutils [None req-9b9da03b-7ab1-4910-a652-bf3af3700340 tempest-LiveMigrationNegativeTest-452466485 tempest-LiveMigrationNegativeTest-452466485-project] Lock "ce0c8c10-e039-42df-9196-4e8db3440bd7" released by "nova.context.set_target_cell..get_or_set_cached_cell_and_set_connections" :: held 0.001s {{(pid=98138) inner /usr/local/lib/python3.8/dist-packages/oslo_concurrency/lockutils.py:367}}
Nov 25 14:48:55.297190 n-d-819181-1 devstack@n-api.service[98137]: INFO nova.api.openstack.requestlog [None req-8bcaf686-2dd8-428f-8391-e5c51d271d86 tempest-FlavorsV261TestJSON-1162115701 tempest-FlavorsV261TestJSON-1162115701-project-admin] 10.222.0.65 "PUT /compute/v2.1/flavors/1851168517" status: 200 len: 468 microversion: 2.61 time: 0.090642
Nov 25 14:48:55.303684 n-d-819181-1 devstack@n-api.service[98137]: [pid: 98137|app: 0|req: 79/175] 10.222.0.65 () {62 vars in 1218 bytes} [Thu Nov 25 14:48:55 2021] PUT /compute/v2.1/flavors/1851168517 => generated 468 bytes in 92 msecs (HTTP/1.1 200) 9 headers in 359 bytes (1 switches on core 0)
Nov 25 14:48:55.309829 n-d-819181-1 devstack@n-api.service[98137]: DEBUG nova.api.openstack.wsgi [None req-0f3a8250-d820-4e3f-83b2-5991f2cceb92 tempest-FlavorsV255TestJSON-1671366376 tempest-FlavorsV255TestJSON-1671366376-project-admin] Action: 'update', calling method: , body: {"flavor": {"description": "new"}} {{(pid=98137) _process_stack /opt/stack/nova/nova/api/openstack/wsgi.py:511}}
Nov 25 14:48:55.363398 n-d-819181-1 devstack@n-api.service[98137]: INFO nova.api.openstack.requestlog [None req-0f3a8250-d820-4e3f-83b2-5991f2cceb92 tempest-FlavorsV255TestJSON-1671366376 tempest-FlavorsV255TestJSON-1671366376-project-admin] 10.222.0.65 "PUT /compute/v2.1/flavors/89710670" status: 200 len: 444 microversion: 2.55 time: 0.064083
Nov 25 14:48:55.365039 n-d-819181-1 devstack@n-api.service[98137]: [pid: 98137|app: 0|req: 80/176] 10.222.0.65 () {62 vars in 1212 bytes} [Thu Nov 25 14:48:55 2021] PUT /compute/v2.1/flavors/89710670 => generated 444 bytes in 67 msecs (HTTP/1.1 200) 9 headers in 359 bytes (1 switches on core 0)
Nov 25 14:48:55.449110 n-d-819181-1 devstack@n-api.service[98137]: DEBUG nova.api.openstack.wsgi [req-b89ea53f-ffe8-4482-97e8-8d5fc582b300 req-cc46ae0c-3333-4a09-a86b-57e36e8725cc service nova] Action: 'create', calling method: >, body: {"events": [{"server_uuid": "2b396163-02c2-4aa7-b852-1caab0fb48b8", "name": "network-vif-plugged", "status": "completed", "tag": "6cbe92e2-eca9-40bd-9e3b-cf85df8eafe5"}]} {{(pid=98137) _process_stack /opt/stack/nova/nova/api/openstack/wsgi.py:511}}
Nov 25 14:48:55.455153 n-d-819181-1 devstack@n-api.service[98137]: /usr/local/lib/python3.8/dist-packages/oslo_policy/policy.py:1022: UserWarning: Policy os_compute_api:os-server-external-events:create failed scope check. The token used to make the request was project scoped but the policy requires ['system'] scope. This behavior may change in the future where using the intended scope is required
Nov 25 14:48:55.455153 n-d-819181-1 devstack@n-api.service[98137]: warnings.warn(msg)
Nov 25 14:48:55.465047 n-d-819181-1 devstack@n-api.service[98137]: DEBUG oslo_concurrency.lockutils [req-b89ea53f-ffe8-4482-97e8-8d5fc582b300 req-cc46ae0c-3333-4a09-a86b-57e36e8725cc service nova] Lock "ce0c8c10-e039-42df-9196-4e8db3440bd7" acquired by "nova.context.set_target_cell..get_or_set_cached_cell_and_set_connections" :: waited 0.000s {{(pid=98137) inner /usr/local/lib/python3.8/dist-packages/oslo_concurrency/lockutils.py:355}}
Nov 25 14:48:55.465513 n-d-819181-1 devstack@n-api.service[98137]: DEBUG oslo_concurrency.lockutils [req-b89ea53f-ffe8-4482-97e8-8d5fc582b300 req-cc46ae0c-3333-4a09-a86b-57e36e8725cc service nova] Lock "ce0c8c10-e039-42df-9196-4e8db3440bd7" released by "nova.context.set_target_cell..get_or_set_cached_cell_and_set_connections" :: held 0.001s {{(pid=98137) inner /usr/local/lib/python3.8/dist-packages/oslo_concurrency/lockutils.py:367}}
Nov 25 14:48:55.484349 n-d-819181-1 devstack@n-api.service[98137]: INFO nova.api.openstack.compute.server_external_events [req-b89ea53f-ffe8-4482-97e8-8d5fc582b300 req-cc46ae0c-3333-4a09-a86b-57e36e8725cc service nova] Creating event network-vif-plugged:6cbe92e2-eca9-40bd-9e3b-cf85df8eafe5 for instance 2b396163-02c2-4aa7-b852-1caab0fb48b8 on n-h2-819181-1
Nov 25 14:48:55.490760 n-d-819181-1 devstack@n-api.service[98137]: INFO nova.api.openstack.requestlog [req-b89ea53f-ffe8-4482-97e8-8d5fc582b300 req-cc46ae0c-3333-4a09-a86b-57e36e8725cc service nova] 10.222.0.65 "POST /compute/v2.1/os-server-external-events" status: 200 len: 183 microversion: 2.1 time: 0.123330
Nov 25 14:48:55.491646 n-d-819181-1 devstack@n-api.service[98137]: [pid: 98137|app: 0|req: 81/177] 10.222.0.65 () {64 vars in 1317 bytes} [Thu Nov 25 14:48:55 2021] POST /compute/v2.1/os-server-external-events => generated 183 bytes in 125 msecs (HTTP/1.1 200) 9 headers in 357 bytes (1 switches on core 0)
Nov 25 14:48:55.524381 n-d-819181-1 devstack@n-api.service[98138]: DEBUG nova.policy [None req-9b9da03b-7ab1-4910-a652-bf3af3700340 tempest-LiveMigrationNegativeTest-452466485 tempest-LiveMigrationNegativeTest-452466485-project] Policy check for os_compute_api:os-extended-server-attributes failed with credentials {'is_admin': False, 'user_id': '419f542f80b84416a7adb800bf24a7f0', 'user_domain_id': 'default', 'system_scope': None, 'domain_id': None, 'project_id': '3270bc371c3f4caf9093b5da2996b5be', 'project_domain_id': 'default', 'roles': ['member', 'reader'], 'is_admin_project': True, 'service_user_id': None, 'service_user_domain_id': None, 'service_project_id': None, 'service_project_domain_id': None, 'service_roles': []} {{(pid=98138) authorize /opt/stack/nova/nova/policy.py:222}}
Nov 25 14:48:55.534133 n-d-819181-1 devstack@n-api.service[98138]: INFO nova.api.openstack.requestlog [None req-9b9da03b-7ab1-4910-a652-bf3af3700340 tempest-LiveMigrationNegativeTest-452466485 tempest-LiveMigrationNegativeTest-452466485-project] 10.222.0.65 "GET /compute/v2.1/servers/b520b81d-d855-46bb-ae57-6abe0a15f4c4" status: 200 len: 1318 microversion: 2.1 time: 0.278262
Nov 25 14:48:55.534685 n-d-819181-1 devstack@n-api.service[98138]: [pid: 98138|app: 0|req: 97/178] 10.222.0.65 () {58 vars in 1235 bytes} [Thu Nov 25 14:48:55 2021] GET /compute/v2.1/servers/b520b81d-d855-46bb-ae57-6abe0a15f4c4 => generated 1318 bytes in 279 msecs (HTTP/1.1 200) 9 headers in 358 bytes (1 switches on core 0)
Nov 25 14:48:55.550513 n-d-819181-1 devstack@n-api.service[98138]: DEBUG nova.api.openstack.wsgi [None req-a7558d1d-c896-40f3-acda-ddb3c0f1146f tempest-FlavorsV261TestJSON-1989683510 tempest-FlavorsV261TestJSON-1989683510-project] Calling method '>' {{(pid=98138) _process_stack /opt/stack/nova/nova/api/openstack/wsgi.py:513}}
Nov 25 14:48:55.578469 n-d-819181-1 devstack@n-api.service[98137]: DEBUG nova.api.openstack.wsgi [None req-b82f2d0e-72a3-4103-b39c-1740b1465aa7 tempest-ServersWithSpecificFlavorTestJSON-545874879 tempest-ServersWithSpecificFlavorTestJSON-545874879-project-admin] Action: 'create', calling method: >, body: {"flavor": {"ram": 1024, "vcpus": 1, "disk": 1, "name": "tempest-flavor_with_ephemeral_1-255393264", "id": 1606840615, "OS-FLV-EXT-DATA:ephemeral": 1, "os-flavor-access:is_public": "True"}} {{(pid=98137) _process_stack /opt/stack/nova/nova/api/openstack/wsgi.py:511}}
Nov 25 14:48:55.585281 n-d-819181-1 devstack@n-api.service[98137]: /usr/local/lib/python3.8/dist-packages/oslo_policy/policy.py:1022: UserWarning: Policy os_compute_api:os-flavor-manage:create failed scope check. The token used to make the request was project scoped but the policy requires ['system'] scope. This behavior may change in the future where using the intended scope is required
Nov 25 14:48:55.585281 n-d-819181-1 devstack@n-api.service[98137]: warnings.warn(msg)
Nov 25 14:48:55.594770 n-d-819181-1 devstack@n-api.service[98138]: INFO nova.api.openstack.requestlog [None req-a7558d1d-c896-40f3-acda-ddb3c0f1146f tempest-FlavorsV261TestJSON-1989683510 tempest-FlavorsV261TestJSON-1989683510-project] 10.222.0.65 "GET /compute/v2.1/flavors/detail" status: 200 len: 6702 microversion: 2.61 time: 0.058507
Nov 25 14:48:55.606377 n-d-819181-1 devstack@n-api.service[98138]: [pid: 98138|app: 0|req: 98/179] 10.222.0.65 () {60 vars in 1186 bytes} [Thu Nov 25 14:48:55 2021] GET /compute/v2.1/flavors/detail => generated 6702 bytes in 60 msecs (HTTP/1.1 200) 9 headers in 360 bytes (1 switches on core 0)
Nov 25 14:48:55.609062 n-d-819181-1 devstack@n-api.service[98138]: DEBUG nova.api.openstack.wsgi [None req-7ce3e095-0d24-4990-9483-a0c97c847636 tempest-FlavorsV255TestJSON-332173292 tempest-FlavorsV255TestJSON-332173292-project] Calling method '>' {{(pid=98138) _process_stack /opt/stack/nova/nova/api/openstack/wsgi.py:513}}
Nov 25 14:48:55.628049 n-d-819181-1 devstack@n-api.service[98137]: INFO nova.api.openstack.requestlog [None req-b82f2d0e-72a3-4103-b39c-1740b1465aa7 tempest-ServersWithSpecificFlavorTestJSON-545874879 tempest-ServersWithSpecificFlavorTestJSON-545874879-project-admin] 10.222.0.65 "POST /compute/v2.1/flavors" status: 200 len: 424 microversion: 2.1 time: 0.133857
Nov 25 14:48:55.628769 n-d-819181-1 devstack@n-api.service[98137]: [pid: 98137|app: 0|req: 82/180] 10.222.0.65 () {60 vars in 1146 bytes} [Thu Nov 25 14:48:55 2021] POST /compute/v2.1/flavors => generated 424 bytes in 137 msecs (HTTP/1.1 200) 9 headers in 357 bytes (1 switches on core 0)
Nov 25 14:48:55.650595 n-d-819181-1 devstack@n-api.service[98137]: DEBUG nova.api.openstack.wsgi [None req-40a93567-b507-4dc2-bfd4-96898fb081f6 tempest-FlavorsV261TestJSON-1989683510 tempest-FlavorsV261TestJSON-1989683510-project] Calling method '>' {{(pid=98137) _process_stack /opt/stack/nova/nova/api/openstack/wsgi.py:513}}
Nov 25 14:48:55.650806 n-d-819181-1 devstack@n-api.service[98138]: INFO nova.api.openstack.requestlog [None req-7ce3e095-0d24-4990-9483-a0c97c847636 tempest-FlavorsV255TestJSON-332173292 tempest-FlavorsV255TestJSON-332173292-project] 10.222.0.65 "GET /compute/v2.1/flavors/detail" status: 200 len: 6593 microversion: 2.55 time: 0.051816
Nov 25 14:48:55.651511 n-d-819181-1 devstack@n-api.service[98138]: [pid: 98138|app: 0|req: 99/181] 10.222.0.65 () {60 vars in 1186 bytes} [Thu Nov 25 14:48:55 2021] GET /compute/v2.1/flavors/detail => generated 6593 bytes in 55 msecs (HTTP/1.1 200) 9 headers in 360 bytes (1 switches on core 0)
Nov 25 14:48:55.666085 n-d-819181-1 devstack@n-api.service[98138]: DEBUG nova.api.openstack.wsgi [req-6bad7d29-2d0e-48e9-b9bd-dde2eb101a4d req-46083149-76dd-4772-8ef6-a0fd5b19ef04 service nova] Action: 'create', calling method: >, body: {"events": [{"name": "network-changed", "server_uuid": "cd70303e-48e0-4004-b4e3-a70a59012aef", "tag": "2ab1170d-b631-4449-b531-e06d263da797"}]} {{(pid=98138) _process_stack /opt/stack/nova/nova/api/openstack/wsgi.py:511}}
Nov 25 14:48:55.674937 n-d-819181-1 devstack@n-api.service[98138]: /usr/local/lib/python3.8/dist-packages/oslo_policy/policy.py:1022: UserWarning: Policy os_compute_api:os-server-external-events:create failed scope check. The token used to make the request was project scoped but the policy requires ['system'] scope. This behavior may change in the future where using the intended scope is required
Nov 25 14:48:55.674937 n-d-819181-1 devstack@n-api.service[98138]: warnings.warn(msg)
Nov 25 14:48:55.689609 n-d-819181-1 devstack@n-api.service[98137]: INFO nova.api.openstack.requestlog [None req-40a93567-b507-4dc2-bfd4-96898fb081f6 tempest-FlavorsV261TestJSON-1989683510 tempest-FlavorsV261TestJSON-1989683510-project] 10.222.0.65 "GET /compute/v2.1/flavors" status: 200 len: 3683 microversion: 2.61 time: 0.059330
Nov 25 14:48:55.701217 n-d-819181-1 devstack@n-api.service[98137]: [pid: 98137|app: 0|req: 83/182] 10.222.0.65 () {60 vars in 1165 bytes} [Thu Nov 25 14:48:55 2021] GET /compute/v2.1/flavors => generated 3683 bytes in 72 msecs (HTTP/1.1 200) 9 headers in 360 bytes (1 switches on core 0)
Nov 25 14:48:55.704724 n-d-819181-1 devstack@n-api.service[98138]: DEBUG oslo_concurrency.lockutils [req-6bad7d29-2d0e-48e9-b9bd-dde2eb101a4d req-46083149-76dd-4772-8ef6-a0fd5b19ef04 service nova] Lock "ce0c8c10-e039-42df-9196-4e8db3440bd7" acquired by "nova.context.set_target_cell..get_or_set_cached_cell_and_set_connections" :: waited 0.000s {{(pid=98138) inner /usr/local/lib/python3.8/dist-packages/oslo_concurrency/lockutils.py:355}}
Nov 25 14:48:55.705313 n-d-819181-1 devstack@n-api.service[98138]: DEBUG oslo_concurrency.lockutils [req-6bad7d29-2d0e-48e9-b9bd-dde2eb101a4d req-46083149-76dd-4772-8ef6-a0fd5b19ef04 service nova] Lock "ce0c8c10-e039-42df-9196-4e8db3440bd7" released by "nova.context.set_target_cell..get_or_set_cached_cell_and_set_connections" :: held 0.001s {{(pid=98138) inner /usr/local/lib/python3.8/dist-packages/oslo_concurrency/lockutils.py:367}}
Nov 25 14:48:55.712130 n-d-819181-1 devstack@n-api.service[98137]: DEBUG nova.api.openstack.wsgi [None req-9e991b3e-9695-4dfd-b653-cd4b0662ca79 tempest-ServersWithSpecificFlavorTestJSON-545874879 tempest-ServersWithSpecificFlavorTestJSON-545874879-project-admin] Calling method '>' {{(pid=98137) _process_stack /opt/stack/nova/nova/api/openstack/wsgi.py:513}}
Nov 25 14:48:55.728986 n-d-819181-1 devstack@n-api.service[98138]: INFO nova.api.openstack.compute.server_external_events [req-6bad7d29-2d0e-48e9-b9bd-dde2eb101a4d req-46083149-76dd-4772-8ef6-a0fd5b19ef04 service nova] Creating event network-changed:2ab1170d-b631-4449-b531-e06d263da797 for instance cd70303e-48e0-4004-b4e3-a70a59012aef on n-h1-819181-1
Nov 25 14:48:55.734457 n-d-819181-1 devstack@n-api.service[98138]: INFO nova.api.openstack.requestlog [req-6bad7d29-2d0e-48e9-b9bd-dde2eb101a4d req-46083149-76dd-4772-8ef6-a0fd5b19ef04 service nova] 10.222.0.65 "POST /compute/v2.1/os-server-external-events" status: 200 len: 179 microversion: 2.1 time: 0.080040
Nov 25 14:48:55.734813 n-d-819181-1 devstack@n-api.service[98137]: INFO nova.api.openstack.requestlog [None req-9e991b3e-9695-4dfd-b653-cd4b0662ca79 tempest-ServersWithSpecificFlavorTestJSON-545874879 tempest-ServersWithSpecificFlavorTestJSON-545874879-project-admin] 10.222.0.65 "GET /compute/v2.1/flavors/452/os-extra_specs" status: 200 len: 19 microversion: 2.1 time: 0.032411
Nov 25 14:48:55.735896 n-d-819181-1 devstack@n-api.service[98138]: [pid: 98138|app: 0|req: 100/183] 10.222.0.65 () {64 vars in 1317 bytes} [Thu Nov 25 14:48:55 2021] POST /compute/v2.1/os-server-external-events => generated 179 bytes in 84 msecs (HTTP/1.1 200) 9 headers in 357 bytes (1 switches on core 0)
Nov 25 14:48:55.739521 n-d-819181-1 devstack@n-api.service[98137]: [pid: 98137|app: 0|req: 84/184] 10.222.0.65 () {58 vars in 1181 bytes} [Thu Nov 25 14:48:55 2021] GET /compute/v2.1/flavors/452/os-extra_specs => generated 19 bytes in 38 msecs (HTTP/1.1 200) 9 headers in 356 bytes (1 switches on core 0)
Nov 25 14:48:55.749898 n-d-819181-1 devstack@n-api.service[98138]: DEBUG nova.api.openstack.wsgi [None req-5397e11e-ab6f-4f0b-86a5-bcd60181199e tempest-FlavorsV255TestJSON-332173292 tempest-FlavorsV255TestJSON-332173292-project] Calling method '>' {{(pid=98138) _process_stack /opt/stack/nova/nova/api/openstack/wsgi.py:513}}
Nov 25 14:48:55.750379 n-d-819181-1 devstack@n-api.service[98137]: DEBUG nova.api.openstack.wsgi [None req-647ec6de-82a3-47f1-9414-222602e1e6d6 tempest-AggregatesAdminTestJSON-354338835 tempest-AggregatesAdminTestJSON-354338835-project] Calling method '>' {{(pid=98137) _process_stack /opt/stack/nova/nova/api/openstack/wsgi.py:513}}
Nov 25 14:48:55.751117 n-d-819181-1 devstack@n-api.service[98137]: DEBUG nova.compute.api [None req-647ec6de-82a3-47f1-9414-222602e1e6d6 tempest-AggregatesAdminTestJSON-354338835 tempest-AggregatesAdminTestJSON-354338835-project] [instance: 2b396163-02c2-4aa7-b852-1caab0fb48b8] Fetching instance by UUID {{(pid=98137) get /opt/stack/nova/nova/compute/api.py:2810}}
Nov 25 14:48:55.759817 n-d-819181-1 devstack@n-api.service[98137]: DEBUG oslo_concurrency.lockutils [None req-647ec6de-82a3-47f1-9414-222602e1e6d6 tempest-AggregatesAdminTestJSON-354338835 tempest-AggregatesAdminTestJSON-354338835-project] Lock "ce0c8c10-e039-42df-9196-4e8db3440bd7" acquired by "nova.context.set_target_cell..get_or_set_cached_cell_and_set_connections" :: waited 0.000s {{(pid=98137) inner /usr/local/lib/python3.8/dist-packages/oslo_concurrency/lockutils.py:355}}
Nov 25 14:48:55.760265 n-d-819181-1 devstack@n-api.service[98137]: DEBUG oslo_concurrency.lockutils [None req-647ec6de-82a3-47f1-9414-222602e1e6d6 tempest-AggregatesAdminTestJSON-354338835 tempest-AggregatesAdminTestJSON-354338835-project] Lock "ce0c8c10-e039-42df-9196-4e8db3440bd7" released by "nova.context.set_target_cell..get_or_set_cached_cell_and_set_connections" :: held 0.001s {{(pid=98137) inner /usr/local/lib/python3.8/dist-packages/oslo_concurrency/lockutils.py:367}}
Nov 25 14:48:55.761247 n-d-819181-1 devstack@n-api.service[98137]: DEBUG oslo_concurrency.lockutils [None req-647ec6de-82a3-47f1-9414-222602e1e6d6 tempest-AggregatesAdminTestJSON-354338835 tempest-AggregatesAdminTestJSON-354338835-project] Lock "ce0c8c10-e039-42df-9196-4e8db3440bd7" acquired by "nova.context.set_target_cell..get_or_set_cached_cell_and_set_connections" :: waited 0.000s {{(pid=98137) inner /usr/local/lib/python3.8/dist-packages/oslo_concurrency/lockutils.py:355}}
Nov 25 14:48:55.761851 n-d-819181-1 devstack@n-api.service[98137]: DEBUG oslo_concurrency.lockutils [None req-647ec6de-82a3-47f1-9414-222602e1e6d6 tempest-AggregatesAdminTestJSON-354338835 tempest-AggregatesAdminTestJSON-354338835-project] Lock "ce0c8c10-e039-42df-9196-4e8db3440bd7" released by "nova.context.set_target_cell..get_or_set_cached_cell_and_set_connections" :: held 0.001s {{(pid=98137) inner /usr/local/lib/python3.8/dist-packages/oslo_concurrency/lockutils.py:367}}
Nov 25 14:48:55.783172 n-d-819181-1 devstack@n-api.service[98138]: INFO nova.api.openstack.requestlog [None req-5397e11e-ab6f-4f0b-86a5-bcd60181199e tempest-FlavorsV255TestJSON-332173292 tempest-FlavorsV255TestJSON-332173292-project] 10.222.0.65 "GET /compute/v2.1/flavors" status: 200 len: 3683 microversion: 2.55 time: 0.045619
Nov 25 14:48:55.783997 n-d-819181-1 devstack@n-api.service[98138]: [pid: 98138|app: 0|req: 101/185] 10.222.0.65 () {60 vars in 1165 bytes} [Thu Nov 25 14:48:55 2021] GET /compute/v2.1/flavors => generated 3683 bytes in 47 msecs (HTTP/1.1 200) 9 headers in 360 bytes (1 switches on core 0)
Nov 25 14:48:55.799232 n-d-819181-1 devstack@n-api.service[98138]: DEBUG nova.api.openstack.wsgi [None req-c66cfb73-c104-4946-82b0-010ca45f61a6 tempest-FlavorsV261TestJSON-1162115701 tempest-FlavorsV261TestJSON-1162115701-project-admin] Calling method '>' {{(pid=98138) _process_stack /opt/stack/nova/nova/api/openstack/wsgi.py:513}}
Nov 25 14:48:55.805516 n-d-819181-1 devstack@n-api.service[98138]: /usr/local/lib/python3.8/dist-packages/oslo_policy/policy.py:1022: UserWarning: Policy os_compute_api:os-flavor-manage:delete failed scope check. The token used to make the request was project scoped but the policy requires ['system'] scope. This behavior may change in the future where using the intended scope is required
Nov 25 14:48:55.805516 n-d-819181-1 devstack@n-api.service[98138]: warnings.warn(msg)
Nov 25 14:48:55.834746 n-d-819181-1 devstack@n-api.service[98138]: INFO nova.api.openstack.requestlog [None req-c66cfb73-c104-4946-82b0-010ca45f61a6 tempest-FlavorsV261TestJSON-1162115701 tempest-FlavorsV261TestJSON-1162115701-project-admin] 10.222.0.65 "DELETE /compute/v2.1/flavors/1851168517" status: 202 len: 0 microversion: 2.61 time: 0.046396
Nov 25 14:48:55.836781 n-d-819181-1 devstack@n-api.service[98138]: [pid: 98138|app: 0|req: 102/186] 10.222.0.65 () {60 vars in 1201 bytes} [Thu Nov 25 14:48:55 2021] DELETE /compute/v2.1/flavors/1851168517 => generated 0 bytes in 51 msecs (HTTP/1.1 202) 9 headers in 363 bytes (1 switches on core 0)
Nov 25 14:48:55.851395 n-d-819181-1 devstack@n-api.service[98138]: DEBUG nova.api.openstack.wsgi [None req-3bb160bb-b987-48ee-8796-177b8772238c tempest-ServersWithSpecificFlavorTestJSON-545874879 tempest-ServersWithSpecificFlavorTestJSON-545874879-project-admin] Action: 'create', calling method: >, body: {"flavor": {"ram": 1024, "vcpus": 1, "disk": 1, "name": "tempest-flavor_with_ephemeral_0-1252152522", "id": 1957883170, "OS-FLV-EXT-DATA:ephemeral": 0, "os-flavor-access:is_public": "True"}} {{(pid=98138) _process_stack /opt/stack/nova/nova/api/openstack/wsgi.py:511}}
Nov 25 14:48:55.861945 n-d-819181-1 devstack@n-api.service[98138]: /usr/local/lib/python3.8/dist-packages/oslo_policy/policy.py:1022: UserWarning: Policy os_compute_api:os-flavor-manage:create failed scope check. The token used to make the request was project scoped but the policy requires ['system'] scope. This behavior may change in the future where using the intended scope is required
Nov 25 14:48:55.861945 n-d-819181-1 devstack@n-api.service[98138]: warnings.warn(msg)
Nov 25 14:48:55.889880 n-d-819181-1 devstack@n-api.service[98138]: INFO nova.api.openstack.requestlog [None req-3bb160bb-b987-48ee-8796-177b8772238c tempest-ServersWithSpecificFlavorTestJSON-545874879 tempest-ServersWithSpecificFlavorTestJSON-545874879-project-admin] 10.222.0.65 "POST /compute/v2.1/flavors" status: 200 len: 425 microversion: 2.1 time: 0.051322
Nov 25 14:48:55.891166 n-d-819181-1 devstack@n-api.service[98138]: [pid: 98138|app: 0|req: 103/187] 10.222.0.65 () {60 vars in 1146 bytes} [Thu Nov 25 14:48:55 2021] POST /compute/v2.1/flavors => generated 425 bytes in 54 msecs (HTTP/1.1 200) 9 headers in 357 bytes (1 switches on core 0)
Nov 25 14:48:55.902683 n-d-819181-1 devstack@n-api.service[98138]: DEBUG nova.api.openstack.wsgi [None req-63cfd3ad-4511-45fa-8ef9-d362b4406e50 tempest-FlavorsV255TestJSON-1671366376 tempest-FlavorsV255TestJSON-1671366376-project-admin] Calling method '>' {{(pid=98138) _process_stack /opt/stack/nova/nova/api/openstack/wsgi.py:513}}
Nov 25 14:48:55.927510 n-d-819181-1 devstack@n-api.service[98138]: INFO nova.api.openstack.requestlog [None req-63cfd3ad-4511-45fa-8ef9-d362b4406e50 tempest-FlavorsV255TestJSON-1671366376 tempest-FlavorsV255TestJSON-1671366376-project-admin] 10.222.0.65 "DELETE /compute/v2.1/flavors/89710670" status: 202 len: 0 microversion: 2.55 time: 0.034427
Nov 25 14:48:55.928100 n-d-819181-1 devstack@n-api.service[98138]: [pid: 98138|app: 0|req: 104/188] 10.222.0.65 () {60 vars in 1195 bytes} [Thu Nov 25 14:48:55 2021] DELETE /compute/v2.1/flavors/89710670 => generated 0 bytes in 36 msecs (HTTP/1.1 202) 9 headers in 363 bytes (1 switches on core 0)
Nov 25 14:48:55.943669 n-d-819181-1 devstack@n-api.service[98138]: DEBUG nova.api.openstack.wsgi [None req-78bb3f4c-2070-4af4-b48a-ed9e850be605 tempest-FlavorsV261TestJSON-1162115701 tempest-FlavorsV261TestJSON-1162115701-project-admin] Calling method '>' {{(pid=98138) _process_stack /opt/stack/nova/nova/api/openstack/wsgi.py:513}}
Nov 25 14:48:55.986135 n-d-819181-1 devstack@n-api.service[98138]: INFO nova.api.openstack.requestlog [None req-78bb3f4c-2070-4af4-b48a-ed9e850be605 tempest-FlavorsV261TestJSON-1162115701 tempest-FlavorsV261TestJSON-1162115701-project-admin] 10.222.0.65 "GET /compute/v2.1/flavors/detail" status: 200 len: 6700 microversion: 2.61 time: 0.056252
Nov 25 14:48:56.000282 n-d-819181-1 devstack@n-api.service[98138]: [pid: 98138|app: 0|req: 105/189] 10.222.0.65 () {60 vars in 1186 bytes} [Thu Nov 25 14:48:55 2021] GET /compute/v2.1/flavors/detail => generated 6700 bytes in 58 msecs (HTTP/1.1 200) 9 headers in 360 bytes (1 switches on core 0)
Nov 25 14:48:56.000282 n-d-819181-1 devstack@n-api.service[98138]: DEBUG nova.api.openstack.wsgi [None req-50d3363d-ad15-4058-8ab3-7c39e436c1f7 tempest-ServersWithSpecificFlavorTestJSON-545874879 tempest-ServersWithSpecificFlavorTestJSON-545874879-project-admin] Calling method '>' {{(pid=98138) _process_stack /opt/stack/nova/nova/api/openstack/wsgi.py:513}}
Nov 25 14:48:56.026094 n-d-819181-1 devstack@n-api.service[98138]: INFO nova.api.openstack.requestlog [None req-50d3363d-ad15-4058-8ab3-7c39e436c1f7 tempest-ServersWithSpecificFlavorTestJSON-545874879 tempest-ServersWithSpecificFlavorTestJSON-545874879-project-admin] 10.222.0.65 "GET /compute/v2.1/flavors/452/os-extra_specs" status: 200 len: 19 microversion: 2.1 time: 0.037932
Nov 25 14:48:56.026969 n-d-819181-1 devstack@n-api.service[98138]: [pid: 98138|app: 0|req: 106/190] 10.222.0.65 () {58 vars in 1181 bytes} [Thu Nov 25 14:48:55 2021] GET /compute/v2.1/flavors/452/os-extra_specs => generated 19 bytes in 39 msecs (HTTP/1.1 200) 9 headers in 356 bytes (1 switches on core 0)
Nov 25 14:48:56.037278 n-d-819181-1 devstack@n-api.service[98138]: DEBUG nova.api.openstack.wsgi [None req-9b62d162-e734-4489-8cbe-6bb60f73ba61 tempest-FlavorsV255TestJSON-1671366376 tempest-FlavorsV255TestJSON-1671366376-project-admin] Calling method '>' {{(pid=98138) _process_stack /opt/stack/nova/nova/api/openstack/wsgi.py:513}}
Nov 25 14:48:56.072448 n-d-819181-1 devstack@n-api.service[98138]: INFO nova.api.openstack.requestlog [None req-9b62d162-e734-4489-8cbe-6bb60f73ba61 tempest-FlavorsV255TestJSON-1671366376 tempest-FlavorsV255TestJSON-1671366376-project-admin] 10.222.0.65 "GET /compute/v2.1/flavors/detail" status: 200 len: 6156 microversion: 2.55 time: 0.044074
Nov 25 14:48:56.073998 n-d-819181-1 devstack@n-api.service[98138]: [pid: 98138|app: 0|req: 107/191] 10.222.0.65 () {60 vars in 1186 bytes} [Thu Nov 25 14:48:56 2021] GET /compute/v2.1/flavors/detail => generated 6156 bytes in 46 msecs (HTTP/1.1 200) 9 headers in 360 bytes (1 switches on core 0)
Nov 25 14:48:56.085823 n-d-819181-1 devstack@n-api.service[98138]: DEBUG nova.api.openstack.wsgi [None req-372b5de5-c556-4c5f-9f45-5bd0c65df81c tempest-ServersWithSpecificFlavorTestJSON-1457691232 tempest-ServersWithSpecificFlavorTestJSON-1457691232-project] Action: 'create', calling method: .version_select at 0x7fbaf3d9cdc0>, body: {"keypair": {"name": "tempest-keypair-1460524265"}} {{(pid=98138) _process_stack /opt/stack/nova/nova/api/openstack/wsgi.py:511}}
Nov 25 14:48:56.134371 n-d-819181-1 devstack@n-api.service[98138]: DEBUG nova.quota [None req-372b5de5-c556-4c5f-9f45-5bd0c65df81c tempest-ServersWithSpecificFlavorTestJSON-1457691232 tempest-ServersWithSpecificFlavorTestJSON-1457691232-project] Getting quotas for project a0a111fea487453f88d108ab6f1340d5. Resources: {'key_pairs'} {{(pid=98138) _get_quotas /opt/stack/nova/nova/quota.py:387}}
Nov 25 14:48:56.143389 n-d-819181-1 devstack@n-api.service[98138]: DEBUG nova.quota [None req-372b5de5-c556-4c5f-9f45-5bd0c65df81c tempest-ServersWithSpecificFlavorTestJSON-1457691232 tempest-ServersWithSpecificFlavorTestJSON-1457691232-project] Getting quotas for user 2fe7c9e0d79b4aae9eef04f3461892b6 and project a0a111fea487453f88d108ab6f1340d5. Resources: {'key_pairs'} {{(pid=98138) _get_quotas /opt/stack/nova/nova/quota.py:377}}
Nov 25 14:48:56.255342 n-d-819181-1 devstack@n-api.service[98137]: DEBUG nova.policy [None req-647ec6de-82a3-47f1-9414-222602e1e6d6 tempest-AggregatesAdminTestJSON-354338835 tempest-AggregatesAdminTestJSON-354338835-project] Policy check for os_compute_api:os-extended-server-attributes failed with credentials {'is_admin': False, 'user_id': 'fa2ed8143b5f4155b6f0239db2548de7', 'user_domain_id': 'default', 'system_scope': None, 'domain_id': None, 'project_id': '2fdd25cac04b46499bb818b3d219ebd9', 'project_domain_id': 'default', 'roles': ['member', 'reader'], 'is_admin_project': True, 'service_user_id': None, 'service_user_domain_id': None, 'service_project_id': None, 'service_project_domain_id': None, 'service_roles': []} {{(pid=98137) authorize /opt/stack/nova/nova/policy.py:222}}
Nov 25 14:48:56.266268 n-d-819181-1 devstack@n-api.service[98137]: INFO nova.api.openstack.requestlog [None req-647ec6de-82a3-47f1-9414-222602e1e6d6 tempest-AggregatesAdminTestJSON-354338835 tempest-AggregatesAdminTestJSON-354338835-project] 10.222.0.65 "GET /compute/v2.1/servers/2b396163-02c2-4aa7-b852-1caab0fb48b8" status: 200 len: 1339 microversion: 2.1 time: 0.525633
Nov 25 14:48:56.271709 n-d-819181-1 devstack@n-api.service[98137]: [pid: 98137|app: 0|req: 85/192] 10.222.0.65 () {58 vars in 1235 bytes} [Thu Nov 25 14:48:55 2021] GET /compute/v2.1/servers/2b396163-02c2-4aa7-b852-1caab0fb48b8 => generated 1339 bytes in 531 msecs (HTTP/1.1 200) 9 headers in 358 bytes (1 switches on core 0)
Nov 25 14:48:56.289604 n-d-819181-1 devstack@n-api.service[98137]: DEBUG nova.api.openstack.wsgi [None req-75acc90c-dac8-4b63-99d2-5dd8e8a7cd5f tempest-ServerDiagnosticsNegativeTest-1000643308 tempest-ServerDiagnosticsNegativeTest-1000643308-project] Calling method '>' {{(pid=98137) _process_stack /opt/stack/nova/nova/api/openstack/wsgi.py:513}}
Nov 25 14:48:56.290234 n-d-819181-1 devstack@n-api.service[98137]: DEBUG nova.compute.api [None req-75acc90c-dac8-4b63-99d2-5dd8e8a7cd5f tempest-ServerDiagnosticsNegativeTest-1000643308 tempest-ServerDiagnosticsNegativeTest-1000643308-project] [instance: cd70303e-48e0-4004-b4e3-a70a59012aef] Fetching instance by UUID {{(pid=98137) get /opt/stack/nova/nova/compute/api.py:2810}}
Nov 25 14:48:56.300605 n-d-819181-1 devstack@n-api.service[98137]: DEBUG oslo_concurrency.lockutils [None req-75acc90c-dac8-4b63-99d2-5dd8e8a7cd5f tempest-ServerDiagnosticsNegativeTest-1000643308 tempest-ServerDiagnosticsNegativeTest-1000643308-project] Lock "ce0c8c10-e039-42df-9196-4e8db3440bd7" acquired by "nova.context.set_target_cell..get_or_set_cached_cell_and_set_connections" :: waited 0.000s {{(pid=98137) inner /usr/local/lib/python3.8/dist-packages/oslo_concurrency/lockutils.py:355}}
Nov 25 14:48:56.301809 n-d-819181-1 devstack@n-api.service[98137]: DEBUG oslo_concurrency.lockutils [None req-75acc90c-dac8-4b63-99d2-5dd8e8a7cd5f tempest-ServerDiagnosticsNegativeTest-1000643308 tempest-ServerDiagnosticsNegativeTest-1000643308-project] Lock "ce0c8c10-e039-42df-9196-4e8db3440bd7" released by "nova.context.set_target_cell..get_or_set_cached_cell_and_set_connections" :: held 0.001s {{(pid=98137) inner /usr/local/lib/python3.8/dist-packages/oslo_concurrency/lockutils.py:367}}
Nov 25 14:48:56.303195 n-d-819181-1 devstack@n-api.service[98137]: DEBUG oslo_concurrency.lockutils [None req-75acc90c-dac8-4b63-99d2-5dd8e8a7cd5f tempest-ServerDiagnosticsNegativeTest-1000643308 tempest-ServerDiagnosticsNegativeTest-1000643308-project] Lock "ce0c8c10-e039-42df-9196-4e8db3440bd7" acquired by "nova.context.set_target_cell..get_or_set_cached_cell_and_set_connections" :: waited 0.000s {{(pid=98137) inner /usr/local/lib/python3.8/dist-packages/oslo_concurrency/lockutils.py:355}}
Nov 25 14:48:56.303932 n-d-819181-1 devstack@n-api.service[98137]: DEBUG oslo_concurrency.lockutils [None req-75acc90c-dac8-4b63-99d2-5dd8e8a7cd5f tempest-ServerDiagnosticsNegativeTest-1000643308 tempest-ServerDiagnosticsNegativeTest-1000643308-project] Lock "ce0c8c10-e039-42df-9196-4e8db3440bd7" released by "nova.context.set_target_cell..get_or_set_cached_cell_and_set_connections" :: held 0.001s {{(pid=98137) inner /usr/local/lib/python3.8/dist-packages/oslo_concurrency/lockutils.py:367}}
Nov 25 14:48:56.479668 n-d-819181-1 devstack@n-api.service[98138]: DEBUG nova.quota [None req-372b5de5-c556-4c5f-9f45-5bd0c65df81c tempest-ServersWithSpecificFlavorTestJSON-1457691232 tempest-ServersWithSpecificFlavorTestJSON-1457691232-project] Getting quotas for project a0a111fea487453f88d108ab6f1340d5. Resources: {'key_pairs'} {{(pid=98138) _get_quotas /opt/stack/nova/nova/quota.py:387}}
Nov 25 14:48:56.497316 n-d-819181-1 devstack@n-api.service[98138]: DEBUG nova.quota [None req-372b5de5-c556-4c5f-9f45-5bd0c65df81c tempest-ServersWithSpecificFlavorTestJSON-1457691232 tempest-ServersWithSpecificFlavorTestJSON-1457691232-project] Getting quotas for user 2fe7c9e0d79b4aae9eef04f3461892b6 and project a0a111fea487453f88d108ab6f1340d5. Resources: {'key_pairs'} {{(pid=98138) _get_quotas /opt/stack/nova/nova/quota.py:377}}
Nov 25 14:48:56.526906 n-d-819181-1 devstack@n-api.service[98138]: INFO nova.api.openstack.requestlog [None req-372b5de5-c556-4c5f-9f45-5bd0c65df81c tempest-ServersWithSpecificFlavorTestJSON-1457691232 tempest-ServersWithSpecificFlavorTestJSON-1457691232-project] 10.222.0.65 "POST /compute/v2.1/os-keypairs" status: 200 len: 2305 microversion: 2.1 time: 0.451603
Nov 25 14:48:56.527662 n-d-819181-1 devstack@n-api.service[98138]: [pid: 98138|app: 0|req: 108/193] 10.222.0.65 () {60 vars in 1157 bytes} [Thu Nov 25 14:48:56 2021] POST /compute/v2.1/os-keypairs => generated 2305 bytes in 453 msecs (HTTP/1.1 200) 9 headers in 358 bytes (1 switches on core 0)
Nov 25 14:48:56.554945 n-d-819181-1 devstack@n-api.service[98137]: DEBUG nova.policy [None req-75acc90c-dac8-4b63-99d2-5dd8e8a7cd5f tempest-ServerDiagnosticsNegativeTest-1000643308 tempest-ServerDiagnosticsNegativeTest-1000643308-project] Policy check for os_compute_api:os-extended-server-attributes failed with credentials {'is_admin': False, 'user_id': 'c9e61281c8844e78bda0f71e9237bac6', 'user_domain_id': 'default', 'system_scope': None, 'domain_id': None, 'project_id': '2140cc2a5eb64bd5859b2563baeab03d', 'project_domain_id': 'default', 'roles': ['member', 'reader'], 'is_admin_project': True, 'service_user_id': None, 'service_user_domain_id': None, 'service_project_id': None, 'service_project_domain_id': None, 'service_roles': []} {{(pid=98137) authorize /opt/stack/nova/nova/policy.py:222}}
Nov 25 14:48:56.560988 n-d-819181-1 devstack@n-api.service[98138]: DEBUG nova.api.openstack.wsgi [None req-ef5c11ff-8887-4c25-a426-ef8e8b964532 tempest-LiveMigrationNegativeTest-452466485 tempest-LiveMigrationNegativeTest-452466485-project] Calling method '>' {{(pid=98138) _process_stack /opt/stack/nova/nova/api/openstack/wsgi.py:513}}
Nov 25 14:48:56.562890 n-d-819181-1 devstack@n-api.service[98138]: DEBUG nova.compute.api [None req-ef5c11ff-8887-4c25-a426-ef8e8b964532 tempest-LiveMigrationNegativeTest-452466485 tempest-LiveMigrationNegativeTest-452466485-project] [instance: b520b81d-d855-46bb-ae57-6abe0a15f4c4] Fetching instance by UUID {{(pid=98138) get /opt/stack/nova/nova/compute/api.py:2810}}
Nov 25 14:48:56.564010 n-d-819181-1 devstack@n-api.service[98137]: INFO nova.api.openstack.requestlog [None req-75acc90c-dac8-4b63-99d2-5dd8e8a7cd5f tempest-ServerDiagnosticsNegativeTest-1000643308 tempest-ServerDiagnosticsNegativeTest-1000643308-project] 10.222.0.65 "GET /compute/v2.1/servers/cd70303e-48e0-4004-b4e3-a70a59012aef" status: 200 len: 1323 microversion: 2.1 time: 0.291146
Nov 25 14:48:56.564884 n-d-819181-1 devstack@n-api.service[98137]: [pid: 98137|app: 0|req: 86/194] 10.222.0.65 () {58 vars in 1235 bytes} [Thu Nov 25 14:48:56 2021] GET /compute/v2.1/servers/cd70303e-48e0-4004-b4e3-a70a59012aef => generated 1323 bytes in 292 msecs (HTTP/1.1 200) 9 headers in 358 bytes (1 switches on core 0)
Nov 25 14:48:56.577093 n-d-819181-1 devstack@n-api.service[98138]: DEBUG oslo_concurrency.lockutils [None req-ef5c11ff-8887-4c25-a426-ef8e8b964532 tempest-LiveMigrationNegativeTest-452466485 tempest-LiveMigrationNegativeTest-452466485-project] Lock "ce0c8c10-e039-42df-9196-4e8db3440bd7" acquired by "nova.context.set_target_cell..get_or_set_cached_cell_and_set_connections" :: waited 0.000s {{(pid=98138) inner /usr/local/lib/python3.8/dist-packages/oslo_concurrency/lockutils.py:355}}
Nov 25 14:48:56.577862 n-d-819181-1 devstack@n-api.service[98138]: DEBUG oslo_concurrency.lockutils [None req-ef5c11ff-8887-4c25-a426-ef8e8b964532 tempest-LiveMigrationNegativeTest-452466485 tempest-LiveMigrationNegativeTest-452466485-project] Lock "ce0c8c10-e039-42df-9196-4e8db3440bd7" released by "nova.context.set_target_cell..get_or_set_cached_cell_and_set_connections" :: held 0.001s {{(pid=98138) inner /usr/local/lib/python3.8/dist-packages/oslo_concurrency/lockutils.py:367}}
Nov 25 14:48:56.578629 n-d-819181-1 devstack@n-api.service[98138]: DEBUG oslo_concurrency.lockutils [None req-ef5c11ff-8887-4c25-a426-ef8e8b964532 tempest-LiveMigrationNegativeTest-452466485 tempest-LiveMigrationNegativeTest-452466485-project] Lock "ce0c8c10-e039-42df-9196-4e8db3440bd7" acquired by "nova.context.set_target_cell..get_or_set_cached_cell_and_set_connections" :: waited 0.000s {{(pid=98138) inner /usr/local/lib/python3.8/dist-packages/oslo_concurrency/lockutils.py:355}}
Nov 25 14:48:56.579488 n-d-819181-1 devstack@n-api.service[98138]: DEBUG oslo_concurrency.lockutils [None req-ef5c11ff-8887-4c25-a426-ef8e8b964532 tempest-LiveMigrationNegativeTest-452466485 tempest-LiveMigrationNegativeTest-452466485-project] Lock "ce0c8c10-e039-42df-9196-4e8db3440bd7" released by "nova.context.set_target_cell..get_or_set_cached_cell_and_set_connections" :: held 0.000s {{(pid=98138) inner /usr/local/lib/python3.8/dist-packages/oslo_concurrency/lockutils.py:367}}
Nov 25 14:48:56.881995 n-d-819181-1 devstack@n-api.service[98138]: DEBUG nova.policy [None req-ef5c11ff-8887-4c25-a426-ef8e8b964532 tempest-LiveMigrationNegativeTest-452466485 tempest-LiveMigrationNegativeTest-452466485-project] Policy check for os_compute_api:os-extended-server-attributes failed with credentials {'is_admin': False, 'user_id': '419f542f80b84416a7adb800bf24a7f0', 'user_domain_id': 'default', 'system_scope': None, 'domain_id': None, 'project_id': '3270bc371c3f4caf9093b5da2996b5be', 'project_domain_id': 'default', 'roles': ['member', 'reader'], 'is_admin_project': True, 'service_user_id': None, 'service_user_domain_id': None, 'service_project_id': None, 'service_project_domain_id': None, 'service_roles': []} {{(pid=98138) authorize /opt/stack/nova/nova/policy.py:222}}
Nov 25 14:48:56.892993 n-d-819181-1 devstack@n-api.service[98138]: INFO nova.api.openstack.requestlog [None req-ef5c11ff-8887-4c25-a426-ef8e8b964532 tempest-LiveMigrationNegativeTest-452466485 tempest-LiveMigrationNegativeTest-452466485-project] 10.222.0.65 "GET /compute/v2.1/servers/b520b81d-d855-46bb-ae57-6abe0a15f4c4" status: 200 len: 1318 microversion: 2.1 time: 0.344882
Nov 25 14:48:56.893708 n-d-819181-1 devstack@n-api.service[98138]: [pid: 98138|app: 0|req: 109/195] 10.222.0.65 () {58 vars in 1235 bytes} [Thu Nov 25 14:48:56 2021] GET /compute/v2.1/servers/b520b81d-d855-46bb-ae57-6abe0a15f4c4 => generated 1318 bytes in 346 msecs (HTTP/1.1 200) 9 headers in 358 bytes (2 switches on core 0)
Nov 25 14:48:57.293669 n-d-819181-1 devstack@n-api.service[98137]: DEBUG nova.api.openstack.wsgi [None req-2a63a118-21f4-43ff-ac55-d27ed8ec2a4e tempest-AggregatesAdminTestJSON-354338835 tempest-AggregatesAdminTestJSON-354338835-project] Calling method '>' {{(pid=98137) _process_stack /opt/stack/nova/nova/api/openstack/wsgi.py:513}}
Nov 25 14:48:57.294776 n-d-819181-1 devstack@n-api.service[98137]: DEBUG nova.compute.api [None req-2a63a118-21f4-43ff-ac55-d27ed8ec2a4e tempest-AggregatesAdminTestJSON-354338835 tempest-AggregatesAdminTestJSON-354338835-project] [instance: 2b396163-02c2-4aa7-b852-1caab0fb48b8] Fetching instance by UUID {{(pid=98137) get /opt/stack/nova/nova/compute/api.py:2810}}
Nov 25 14:48:57.303533 n-d-819181-1 devstack@n-api.service[98137]: DEBUG oslo_concurrency.lockutils [None req-2a63a118-21f4-43ff-ac55-d27ed8ec2a4e tempest-AggregatesAdminTestJSON-354338835 tempest-AggregatesAdminTestJSON-354338835-project] Lock "ce0c8c10-e039-42df-9196-4e8db3440bd7" acquired by "nova.context.set_target_cell..get_or_set_cached_cell_and_set_connections" :: waited 0.000s {{(pid=98137) inner /usr/local/lib/python3.8/dist-packages/oslo_concurrency/lockutils.py:355}}
Nov 25 14:48:57.304839 n-d-819181-1 devstack@n-api.service[98137]: DEBUG oslo_concurrency.lockutils [None req-2a63a118-21f4-43ff-ac55-d27ed8ec2a4e tempest-AggregatesAdminTestJSON-354338835 tempest-AggregatesAdminTestJSON-354338835-project] Lock "ce0c8c10-e039-42df-9196-4e8db3440bd7" released by "nova.context.set_target_cell..get_or_set_cached_cell_and_set_connections" :: held 0.001s {{(pid=98137) inner /usr/local/lib/python3.8/dist-packages/oslo_concurrency/lockutils.py:367}}
Nov 25 14:48:57.305193 n-d-819181-1 devstack@n-api.service[98137]: DEBUG oslo_concurrency.lockutils [None req-2a63a118-21f4-43ff-ac55-d27ed8ec2a4e tempest-AggregatesAdminTestJSON-354338835 tempest-AggregatesAdminTestJSON-354338835-project] Lock "ce0c8c10-e039-42df-9196-4e8db3440bd7" acquired by "nova.context.set_target_cell..get_or_set_cached_cell_and_set_connections" :: waited 0.000s {{(pid=98137) inner /usr/local/lib/python3.8/dist-packages/oslo_concurrency/lockutils.py:355}}
Nov 25 14:48:57.306228 n-d-819181-1 devstack@n-api.service[98137]: DEBUG oslo_concurrency.lockutils [None req-2a63a118-21f4-43ff-ac55-d27ed8ec2a4e tempest-AggregatesAdminTestJSON-354338835 tempest-AggregatesAdminTestJSON-354338835-project] Lock "ce0c8c10-e039-42df-9196-4e8db3440bd7" released by "nova.context.set_target_cell..get_or_set_cached_cell_and_set_connections" :: held 0.001s {{(pid=98137) inner /usr/local/lib/python3.8/dist-packages/oslo_concurrency/lockutils.py:367}}
Nov 25 14:48:57.589203 n-d-819181-1 devstack@n-api.service[98138]: DEBUG nova.api.openstack.wsgi [None req-77e73c30-79b2-4849-a705-75e7dc7b5dd3 tempest-ServerDiagnosticsNegativeTest-1000643308 tempest-ServerDiagnosticsNegativeTest-1000643308-project] Calling method '>' {{(pid=98138) _process_stack /opt/stack/nova/nova/api/openstack/wsgi.py:513}}
Nov 25 14:48:57.589832 n-d-819181-1 devstack@n-api.service[98138]: DEBUG nova.compute.api [None req-77e73c30-79b2-4849-a705-75e7dc7b5dd3 tempest-ServerDiagnosticsNegativeTest-1000643308 tempest-ServerDiagnosticsNegativeTest-1000643308-project] [instance: cd70303e-48e0-4004-b4e3-a70a59012aef] Fetching instance by UUID {{(pid=98138) get /opt/stack/nova/nova/compute/api.py:2810}}
Nov 25 14:48:57.611679 n-d-819181-1 devstack@n-api.service[98138]: DEBUG oslo_concurrency.lockutils [None req-77e73c30-79b2-4849-a705-75e7dc7b5dd3 tempest-ServerDiagnosticsNegativeTest-1000643308 tempest-ServerDiagnosticsNegativeTest-1000643308-project] Lock "ce0c8c10-e039-42df-9196-4e8db3440bd7" acquired by "nova.context.set_target_cell..get_or_set_cached_cell_and_set_connections" :: waited 0.000s {{(pid=98138) inner /usr/local/lib/python3.8/dist-packages/oslo_concurrency/lockutils.py:355}}
Nov 25 14:48:57.612288 n-d-819181-1 devstack@n-api.service[98138]: DEBUG oslo_concurrency.lockutils [None req-77e73c30-79b2-4849-a705-75e7dc7b5dd3 tempest-ServerDiagnosticsNegativeTest-1000643308 tempest-ServerDiagnosticsNegativeTest-1000643308-project] Lock "ce0c8c10-e039-42df-9196-4e8db3440bd7" released by "nova.context.set_target_cell..get_or_set_cached_cell_and_set_connections" :: held 0.005s {{(pid=98138) inner /usr/local/lib/python3.8/dist-packages/oslo_concurrency/lockutils.py:367}}
Nov 25 14:48:57.613135 n-d-819181-1 devstack@n-api.service[98138]: DEBUG oslo_concurrency.lockutils [None req-77e73c30-79b2-4849-a705-75e7dc7b5dd3 tempest-ServerDiagnosticsNegativeTest-1000643308 tempest-ServerDiagnosticsNegativeTest-1000643308-project] Lock "ce0c8c10-e039-42df-9196-4e8db3440bd7" acquired by "nova.context.set_target_cell..get_or_set_cached_cell_and_set_connections" :: waited 0.000s {{(pid=98138) inner /usr/local/lib/python3.8/dist-packages/oslo_concurrency/lockutils.py:355}}
Nov 25 14:48:57.613579 n-d-819181-1 devstack@n-api.service[98138]: DEBUG oslo_concurrency.lockutils [None req-77e73c30-79b2-4849-a705-75e7dc7b5dd3 tempest-ServerDiagnosticsNegativeTest-1000643308 tempest-ServerDiagnosticsNegativeTest-1000643308-project] Lock "ce0c8c10-e039-42df-9196-4e8db3440bd7" released by "nova.context.set_target_cell..get_or_set_cached_cell_and_set_connections" :: held 0.000s {{(pid=98138) inner /usr/local/lib/python3.8/dist-packages/oslo_concurrency/lockutils.py:367}}
Nov 25 14:48:57.635796 n-d-819181-1 devstack@n-api.service[98137]: DEBUG nova.policy [None req-2a63a118-21f4-43ff-ac55-d27ed8ec2a4e tempest-AggregatesAdminTestJSON-354338835 tempest-AggregatesAdminTestJSON-354338835-project] Policy check for os_compute_api:os-extended-server-attributes failed with credentials {'is_admin': False, 'user_id': 'fa2ed8143b5f4155b6f0239db2548de7', 'user_domain_id': 'default', 'system_scope': None, 'domain_id': None, 'project_id': '2fdd25cac04b46499bb818b3d219ebd9', 'project_domain_id': 'default', 'roles': ['member', 'reader'], 'is_admin_project': True, 'service_user_id': None, 'service_user_domain_id': None, 'service_project_id': None, 'service_project_domain_id': None, 'service_roles': []} {{(pid=98137) authorize /opt/stack/nova/nova/policy.py:222}}
