Nov 22 17:43:26.208055 n-d-818515-1 devstack@placement-api.service[103262]: DEBUG placement.objects.research_context [req-b75c80da-ae8c-4e64-a7eb-ccd997e9eb75 req-30b1bc2e-bc20-43e8-b0b3-49d9d8905e62 service placement] found 2 providers with available 1024 MEMORY_MB {{(pid=103262) get_provider_ids_matching /opt/stack/placement/placement/objects/research_context.py:549}}
Nov 22 17:43:26.208542 n-d-818515-1 devstack@placement-api.service[103262]: DEBUG placement.objects.research_context [req-b75c80da-ae8c-4e64-a7eb-ccd997e9eb75 req-30b1bc2e-bc20-43e8-b0b3-49d9d8905e62 service placement] found 2 providers after filtering by previous result {{(pid=103262) get_provider_ids_matching /opt/stack/placement/placement/objects/research_context.py:580}}
Nov 22 17:43:26.208974 n-d-818515-1 devstack@placement-api.service[103262]: DEBUG placement.objects.research_context [req-b75c80da-ae8c-4e64-a7eb-ccd997e9eb75 req-30b1bc2e-bc20-43e8-b0b3-49d9d8905e62 service placement] found 2 providers with available 1 VCPU {{(pid=103262) get_provider_ids_matching /opt/stack/placement/placement/objects/research_context.py:549}}
Nov 22 17:43:26.209574 n-d-818515-1 devstack@placement-api.service[103262]: DEBUG placement.objects.research_context [req-b75c80da-ae8c-4e64-a7eb-ccd997e9eb75 req-30b1bc2e-bc20-43e8-b0b3-49d9d8905e62 service placement] found 2 providers after filtering by previous result {{(pid=103262) get_provider_ids_matching /opt/stack/placement/placement/objects/research_context.py:580}}
Nov 22 17:43:26.227458 n-d-818515-1 devstack@placement-api.service[103262]: DEBUG placement.objects.allocation_candidate [req-b75c80da-ae8c-4e64-a7eb-ccd997e9eb75 req-30b1bc2e-bc20-43e8-b0b3-49d9d8905e62 service placement] RequestGroup(use_same_provider=False, resources={DISK_GB:1, MEMORY_MB:1024, VCPU:1}, traits=[], aggregates=[]) (suffix '') returned 2 matches {{(pid=103262) _get_by_requests /opt/stack/placement/placement/objects/allocation_candidate.py:145}}
Nov 22 17:43:26.228785 n-d-818515-1 devstack@placement-api.service[103262]: DEBUG placement.objects.allocation_candidate [req-b75c80da-ae8c-4e64-a7eb-ccd997e9eb75 req-30b1bc2e-bc20-43e8-b0b3-49d9d8905e62 service placement] Merging candidates yields 2 allocation requests and 2 provider summaries {{(pid=103262) _merge_candidates /opt/stack/placement/placement/objects/allocation_candidate.py:783}}
Nov 22 17:43:26.231648 n-d-818515-1 devstack@placement-api.service[103262]: INFO placement.requestlog [req-b75c80da-ae8c-4e64-a7eb-ccd997e9eb75 req-30b1bc2e-bc20-43e8-b0b3-49d9d8905e62 service placement] 10.222.0.55 "GET /placement/allocation_candidates?resources=DISK_GB%3A1%2CMEMORY_MB%3A1024%2CVCPU%3A1&root_required=%21COMPUTE_STATUS_DISABLED" status: 200 len: 1309 microversion: 1.36
Nov 22 17:43:26.237090 n-d-818515-1 devstack@placement-api.service[103262]: [pid: 103262|app: 0|req: 95/187] 10.222.0.55 () {60 vars in 1484 bytes} [Mon Nov 22 17:43:26 2021] GET /placement/allocation_candidates?resources=DISK_GB%3A1%2CMEMORY_MB%3A1024%2CVCPU%3A1&root_required=%21COMPUTE_STATUS_DISABLED => generated 1309 bytes in 85 msecs (HTTP/1.1 200) 8 headers in 297 bytes (1 switches on core 0)
Nov 22 17:43:26.325580 n-d-818515-1 devstack@placement-api.service[103261]: DEBUG placement.requestlog [req-b75c80da-ae8c-4e64-a7eb-ccd997e9eb75 req-c7652be1-a967-4926-b4fb-fc107b119830 None None] Starting request: 10.222.0.55 "GET /placement/allocations/ef1dc67a-8cea-47aa-8b7d-1a28ba69e9da" {{(pid=103261) __call__ /opt/stack/placement/placement/requestlog.py:55}}
Nov 22 17:43:26.343089 n-d-818515-1 devstack@placement-api.service[103261]: INFO placement.requestlog [req-b75c80da-ae8c-4e64-a7eb-ccd997e9eb75 req-c7652be1-a967-4926-b4fb-fc107b119830 service placement] 10.222.0.55 "GET /placement/allocations/ef1dc67a-8cea-47aa-8b7d-1a28ba69e9da" status: 200 len: 19 microversion: 1.28
Nov 22 17:43:26.345007 n-d-818515-1 devstack@placement-api.service[103261]: [pid: 103261|app: 0|req: 93/188] 10.222.0.55 () {60 vars in 1380 bytes} [Mon Nov 22 17:43:26 2021] GET /placement/allocations/ef1dc67a-8cea-47aa-8b7d-1a28ba69e9da => generated 19 bytes in 19 msecs (HTTP/1.1 200) 8 headers in 295 bytes (1 switches on core 0)
Nov 22 17:43:26.351870 n-d-818515-1 devstack@placement-api.service[103262]: DEBUG placement.requestlog [req-b75c80da-ae8c-4e64-a7eb-ccd997e9eb75 req-abe87554-e3fd-4100-939e-41b5746a1ac1 None None] Starting request: 10.222.0.55 "PUT /placement/allocations/ef1dc67a-8cea-47aa-8b7d-1a28ba69e9da" {{(pid=103262) __call__ /opt/stack/placement/placement/requestlog.py:55}}
Nov 22 17:43:26.542519 n-d-818515-1 devstack@placement-api.service[103262]: DEBUG placement.handlers.allocation [req-b75c80da-ae8c-4e64-a7eb-ccd997e9eb75 req-abe87554-e3fd-4100-939e-41b5746a1ac1 service placement] Successfully wrote allocations [, , ] {{(pid=103262) _update_consumers_and_create_allocations /opt/stack/placement/placement/handlers/allocation.py:462}}
Nov 22 17:43:26.623052 n-d-818515-1 devstack@placement-api.service[103262]: INFO placement.requestlog [req-b75c80da-ae8c-4e64-a7eb-ccd997e9eb75 req-abe87554-e3fd-4100-939e-41b5746a1ac1 service placement] 10.222.0.55 "PUT /placement/allocations/ef1dc67a-8cea-47aa-8b7d-1a28ba69e9da" status: 204 len: 0 microversion: 1.36
Nov 22 17:43:26.624358 n-d-818515-1 devstack@placement-api.service[103262]: [pid: 103262|app: 0|req: 96/189] 10.222.0.55 () {64 vars in 1433 bytes} [Mon Nov 22 17:43:26 2021] PUT /placement/allocations/ef1dc67a-8cea-47aa-8b7d-1a28ba69e9da => generated 0 bytes in 273 msecs (HTTP/1.1 204) 5 headers in 199 bytes (1 switches on core 0)
Nov 22 17:43:28.642966 n-d-818515-1 devstack@placement-api.service[103261]: DEBUG placement.requestlog [req-b75c80da-ae8c-4e64-a7eb-ccd997e9eb75 req-b80765d3-2992-4921-b47a-38e5e40c7597 None None] Starting request: 10.222.0.96 "GET /placement/allocations/ef1dc67a-8cea-47aa-8b7d-1a28ba69e9da" {{(pid=103261) __call__ /opt/stack/placement/placement/requestlog.py:55}}
Nov 22 17:43:28.679496 n-d-818515-1 devstack@placement-api.service[103261]: INFO placement.requestlog [req-b75c80da-ae8c-4e64-a7eb-ccd997e9eb75 req-b80765d3-2992-4921-b47a-38e5e40c7597 service placement] 10.222.0.96 "GET /placement/allocations/ef1dc67a-8cea-47aa-8b7d-1a28ba69e9da" status: 200 len: 259 microversion: 1.28
Nov 22 17:43:28.680000 n-d-818515-1 devstack@placement-api.service[103261]: [pid: 103261|app: 0|req: 94/190] 10.222.0.96 () {60 vars in 1377 bytes} [Mon Nov 22 17:43:28 2021] GET /placement/allocations/ef1dc67a-8cea-47aa-8b7d-1a28ba69e9da => generated 259 bytes in 38 msecs (HTTP/1.1 200) 8 headers in 296 bytes (1 switches on core 0)
Nov 22 17:43:31.943152 n-d-818515-1 devstack@placement-api.service[103262]: DEBUG placement.requestlog [None req-b4e1bf0b-1f3a-4ca9-aefb-348ad9d4ffcf None None] Starting request: 10.222.0.55 "GET /placement/" {{(pid=103262) __call__ /opt/stack/placement/placement/requestlog.py:55}}
Nov 22 17:43:31.944264 n-d-818515-1 devstack@placement-api.service[103262]: INFO placement.requestlog [None req-b4e1bf0b-1f3a-4ca9-aefb-348ad9d4ffcf None None] 10.222.0.55 "GET /placement/" status: 200 len: 136 microversion: 1.0
Nov 22 17:43:31.944769 n-d-818515-1 devstack@placement-api.service[103262]: [pid: 103262|app: 0|req: 97/191] 10.222.0.55 () {54 vars in 916 bytes} [Mon Nov 22 17:43:31 2021] GET /placement => generated 136 bytes in 2 msecs (HTTP/1.1 200) 6 headers in 224 bytes (1 switches on core 0)
Nov 22 17:43:31.954332 n-d-818515-1 devstack@placement-api.service[103261]: DEBUG placement.requestlog [req-39a14d0c-987e-4a82-828c-7f20b369cb87 req-0ac2a8f7-0caa-4af0-876f-e238b4cf77da None None] Starting request: 10.222.0.55 "GET /placement/allocations/01f40d7e-4521-4626-bb82-e5063b1a852c" {{(pid=103261) __call__ /opt/stack/placement/placement/requestlog.py:55}}
Nov 22 17:43:32.051570 n-d-818515-1 devstack@placement-api.service[103261]: INFO placement.requestlog [req-39a14d0c-987e-4a82-828c-7f20b369cb87 req-0ac2a8f7-0caa-4af0-876f-e238b4cf77da service placement] 10.222.0.55 "GET /placement/allocations/01f40d7e-4521-4626-bb82-e5063b1a852c" status: 200 len: 259 microversion: 1.28
Nov 22 17:43:32.052041 n-d-818515-1 devstack@placement-api.service[103261]: [pid: 103261|app: 0|req: 95/192] 10.222.0.55 () {60 vars in 1380 bytes} [Mon Nov 22 17:43:31 2021] GET /placement/allocations/01f40d7e-4521-4626-bb82-e5063b1a852c => generated 259 bytes in 98 msecs (HTTP/1.1 200) 8 headers in 296 bytes (1 switches on core 0)
Nov 22 17:43:32.058812 n-d-818515-1 devstack@placement-api.service[103262]: DEBUG placement.requestlog [req-39a14d0c-987e-4a82-828c-7f20b369cb87 req-4157695b-81c2-4915-ace4-dbfd3ddcdc6f None None] Starting request: 10.222.0.55 "GET /placement/allocations/01f40d7e-4521-4626-bb82-e5063b1a852c" {{(pid=103262) __call__ /opt/stack/placement/placement/requestlog.py:55}}
Nov 22 17:43:32.074364 n-d-818515-1 devstack@placement-api.service[103262]: INFO placement.requestlog [req-39a14d0c-987e-4a82-828c-7f20b369cb87 req-4157695b-81c2-4915-ace4-dbfd3ddcdc6f service placement] 10.222.0.55 "GET /placement/allocations/01f40d7e-4521-4626-bb82-e5063b1a852c" status: 200 len: 259 microversion: 1.28
Nov 22 17:43:32.081987 n-d-818515-1 devstack@placement-api.service[103261]: DEBUG placement.requestlog [req-39a14d0c-987e-4a82-828c-7f20b369cb87 req-2ef4579a-162a-48a2-bff2-abf8823fb30c None None] Starting request: 10.222.0.55 "GET /placement/allocations/fd6f3ad8-c79c-435e-be4f-89ede5cfd581" {{(pid=103261) __call__ /opt/stack/placement/placement/requestlog.py:55}}
Nov 22 17:43:32.082711 n-d-818515-1 devstack@placement-api.service[103262]: [pid: 103262|app: 0|req: 98/193] 10.222.0.55 () {60 vars in 1380 bytes} [Mon Nov 22 17:43:32 2021] GET /placement/allocations/01f40d7e-4521-4626-bb82-e5063b1a852c => generated 259 bytes in 22 msecs (HTTP/1.1 200) 8 headers in 296 bytes (2 switches on core 0)
Nov 22 17:43:32.093754 n-d-818515-1 devstack@placement-api.service[103261]: INFO placement.requestlog [req-39a14d0c-987e-4a82-828c-7f20b369cb87 req-2ef4579a-162a-48a2-bff2-abf8823fb30c service placement] 10.222.0.55 "GET /placement/allocations/fd6f3ad8-c79c-435e-be4f-89ede5cfd581" status: 200 len: 19 microversion: 1.28
Nov 22 17:43:32.095868 n-d-818515-1 devstack@placement-api.service[103261]: [pid: 103261|app: 0|req: 96/194] 10.222.0.55 () {60 vars in 1380 bytes} [Mon Nov 22 17:43:32 2021] GET /placement/allocations/fd6f3ad8-c79c-435e-be4f-89ede5cfd581 => generated 19 bytes in 12 msecs (HTTP/1.1 200) 8 headers in 295 bytes (1 switches on core 0)
Nov 22 17:43:32.100033 n-d-818515-1 devstack@placement-api.service[103262]: DEBUG placement.requestlog [req-39a14d0c-987e-4a82-828c-7f20b369cb87 req-02385982-d373-41a0-8710-f938a6f673d4 None None] Starting request: 10.222.0.55 "POST /placement/allocations" {{(pid=103262) __call__ /opt/stack/placement/placement/requestlog.py:55}}
Nov 22 17:43:32.250545 n-d-818515-1 devstack@placement-api.service[103262]: DEBUG placement.handlers.allocation [req-39a14d0c-987e-4a82-828c-7f20b369cb87 req-02385982-d373-41a0-8710-f938a6f673d4 service placement] Successfully wrote allocations [, , , , , ] {{(pid=103262) _update_consumers_and_create_allocations /opt/stack/placement/placement/handlers/allocation.py:572}}
Nov 22 17:43:32.364190 n-d-818515-1 devstack@placement-api.service[103262]: INFO placement.requestlog [req-39a14d0c-987e-4a82-828c-7f20b369cb87 req-02385982-d373-41a0-8710-f938a6f673d4 service placement] 10.222.0.55 "POST /placement/allocations" status: 204 len: 0 microversion: 1.28
Nov 22 17:43:32.364694 n-d-818515-1 devstack@placement-api.service[103262]: [pid: 103262|app: 0|req: 99/195] 10.222.0.55 () {64 vars in 1323 bytes} [Mon Nov 22 17:43:32 2021] POST /placement/allocations => generated 0 bytes in 265 msecs (HTTP/1.1 204) 5 headers in 199 bytes (1 switches on core 0)
Nov 22 17:43:32.402466 n-d-818515-1 devstack@placement-api.service[103261]: DEBUG placement.requestlog [req-39a14d0c-987e-4a82-828c-7f20b369cb87 req-1e6d8cc4-3dc6-4063-938d-bb52c0cf03c4 None None] Starting request: 10.222.0.55 "GET /placement/allocations/01f40d7e-4521-4626-bb82-e5063b1a852c" {{(pid=103261) __call__ /opt/stack/placement/placement/requestlog.py:55}}
Nov 22 17:43:32.412946 n-d-818515-1 devstack@placement-api.service[103261]: INFO placement.requestlog [req-39a14d0c-987e-4a82-828c-7f20b369cb87 req-1e6d8cc4-3dc6-4063-938d-bb52c0cf03c4 service placement] 10.222.0.55 "GET /placement/allocations/01f40d7e-4521-4626-bb82-e5063b1a852c" status: 200 len: 19 microversion: 1.28
Nov 22 17:43:32.414175 n-d-818515-1 devstack@placement-api.service[103261]: [pid: 103261|app: 0|req: 97/196] 10.222.0.55 () {60 vars in 1380 bytes} [Mon Nov 22 17:43:32 2021] GET /placement/allocations/01f40d7e-4521-4626-bb82-e5063b1a852c => generated 19 bytes in 11 msecs (HTTP/1.1 200) 8 headers in 295 bytes (1 switches on core 0)
Nov 22 17:43:32.419466 n-d-818515-1 devstack@placement-api.service[103262]: DEBUG placement.requestlog [req-39a14d0c-987e-4a82-828c-7f20b369cb87 req-612754a9-bde6-4b80-8c2b-62ebdbc05f60 None None] Starting request: 10.222.0.55 "PUT /placement/allocations/01f40d7e-4521-4626-bb82-e5063b1a852c" {{(pid=103262) __call__ /opt/stack/placement/placement/requestlog.py:55}}
Nov 22 17:43:32.562536 n-d-818515-1 devstack@placement-api.service[103262]: DEBUG placement.handlers.allocation [req-39a14d0c-987e-4a82-828c-7f20b369cb87 req-612754a9-bde6-4b80-8c2b-62ebdbc05f60 service placement] Successfully wrote allocations [, , ] {{(pid=103262) _update_consumers_and_create_allocations /opt/stack/placement/placement/handlers/allocation.py:462}}
Nov 22 17:43:32.662270 n-d-818515-1 devstack@placement-api.service[103262]: INFO placement.requestlog [req-39a14d0c-987e-4a82-828c-7f20b369cb87 req-612754a9-bde6-4b80-8c2b-62ebdbc05f60 service placement] 10.222.0.55 "PUT /placement/allocations/01f40d7e-4521-4626-bb82-e5063b1a852c" status: 204 len: 0 microversion: 1.28
Nov 22 17:43:32.663744 n-d-818515-1 devstack@placement-api.service[103262]: [pid: 103262|app: 0|req: 100/197] 10.222.0.55 () {64 vars in 1433 bytes} [Mon Nov 22 17:43:32 2021] PUT /placement/allocations/01f40d7e-4521-4626-bb82-e5063b1a852c => generated 0 bytes in 244 msecs (HTTP/1.1 204) 5 headers in 199 bytes (2 switches on core 0)
Nov 22 17:43:32.860640 n-d-818515-1 devstack@placement-api.service[103261]: DEBUG placement.requestlog [req-39a14d0c-987e-4a82-828c-7f20b369cb87 req-585b1c06-541c-498b-ba00-cab825cef843 None None] Starting request: 10.222.0.96 "GET /placement/allocations/01f40d7e-4521-4626-bb82-e5063b1a852c" {{(pid=103261) __call__ /opt/stack/placement/placement/requestlog.py:55}}
Nov 22 17:43:32.878138 n-d-818515-1 devstack@placement-api.service[103261]: INFO placement.requestlog [req-39a14d0c-987e-4a82-828c-7f20b369cb87 req-585b1c06-541c-498b-ba00-cab825cef843 service placement] 10.222.0.96 "GET /placement/allocations/01f40d7e-4521-4626-bb82-e5063b1a852c" status: 200 len: 259 microversion: 1.28
Nov 22 17:43:32.879725 n-d-818515-1 devstack@placement-api.service[103261]: [pid: 103261|app: 0|req: 98/198] 10.222.0.96 () {60 vars in 1377 bytes} [Mon Nov 22 17:43:32 2021] GET /placement/allocations/01f40d7e-4521-4626-bb82-e5063b1a852c => generated 259 bytes in 19 msecs (HTTP/1.1 200) 8 headers in 296 bytes (2 switches on core 0)
Nov 22 17:43:36.539418 n-d-818515-1 devstack@placement-api.service[103262]: DEBUG placement.requestlog [req-7bef2bbe-0538-4633-a6df-9e816311325d req-3021da36-a851-4715-8714-4169a6e1d827 None None] Starting request: 10.222.0.55 "GET /placement/allocation_candidates?limit=1000&resources=DISK_GB%3A1%2CMEMORY_MB%3A1024%2CVCPU%3A1&root_required=%21COMPUTE_STATUS_DISABLED" {{(pid=103262) __call__ /opt/stack/placement/placement/requestlog.py:55}}
Nov 22 17:43:36.579150 n-d-818515-1 devstack@placement-api.service[103262]: DEBUG placement.objects.research_context [req-7bef2bbe-0538-4633-a6df-9e816311325d req-3021da36-a851-4715-8714-4169a6e1d827 service placement] getting providers with 1 DISK_GB {{(pid=103262) __init__ /opt/stack/placement/placement/objects/research_context.py:126}}
Nov 22 17:43:36.585799 n-d-818515-1 devstack@placement-api.service[103262]: DEBUG placement.objects.research_context [req-7bef2bbe-0538-4633-a6df-9e816311325d req-3021da36-a851-4715-8714-4169a6e1d827 service placement] getting providers with 1024 MEMORY_MB {{(pid=103262) __init__ /opt/stack/placement/placement/objects/research_context.py:126}}
Nov 22 17:43:36.593675 n-d-818515-1 devstack@placement-api.service[103262]: DEBUG placement.objects.research_context [req-7bef2bbe-0538-4633-a6df-9e816311325d req-3021da36-a851-4715-8714-4169a6e1d827 service placement] getting providers with 1 VCPU {{(pid=103262) __init__ /opt/stack/placement/placement/objects/research_context.py:126}}
Nov 22 17:43:36.600998 n-d-818515-1 devstack@placement-api.service[103262]: DEBUG placement.objects.research_context [req-7bef2bbe-0538-4633-a6df-9e816311325d req-3021da36-a851-4715-8714-4169a6e1d827 service placement] found 2 providers with available 1 DISK_GB {{(pid=103262) get_provider_ids_matching /opt/stack/placement/placement/objects/research_context.py:549}}
Nov 22 17:43:36.601495 n-d-818515-1 devstack@placement-api.service[103262]: DEBUG placement.objects.research_context [req-7bef2bbe-0538-4633-a6df-9e816311325d req-3021da36-a851-4715-8714-4169a6e1d827 service placement] found 2 providers with available 1024 MEMORY_MB {{(pid=103262) get_provider_ids_matching /opt/stack/placement/placement/objects/research_context.py:549}}
Nov 22 17:43:36.601971 n-d-818515-1 devstack@placement-api.service[103262]: DEBUG placement.objects.research_context [req-7bef2bbe-0538-4633-a6df-9e816311325d req-3021da36-a851-4715-8714-4169a6e1d827 service placement] found 2 providers after filtering by previous result {{(pid=103262) get_provider_ids_matching /opt/stack/placement/placement/objects/research_context.py:580}}
Nov 22 17:43:36.602510 n-d-818515-1 devstack@placement-api.service[103262]: DEBUG placement.objects.research_context [req-7bef2bbe-0538-4633-a6df-9e816311325d req-3021da36-a851-4715-8714-4169a6e1d827 service placement] found 2 providers with available 1 VCPU {{(pid=103262) get_provider_ids_matching /opt/stack/placement/placement/objects/research_context.py:549}}
Nov 22 17:43:36.603924 n-d-818515-1 devstack@placement-api.service[103262]: DEBUG placement.objects.research_context [req-7bef2bbe-0538-4633-a6df-9e816311325d req-3021da36-a851-4715-8714-4169a6e1d827 service placement] found 2 providers after filtering by previous result {{(pid=103262) get_provider_ids_matching /opt/stack/placement/placement/objects/research_context.py:580}}
Nov 22 17:43:36.620908 n-d-818515-1 devstack@placement-api.service[103262]: DEBUG placement.objects.allocation_candidate [req-7bef2bbe-0538-4633-a6df-9e816311325d req-3021da36-a851-4715-8714-4169a6e1d827 service placement] RequestGroup(use_same_provider=False, resources={DISK_GB:1, MEMORY_MB:1024, VCPU:1}, traits=[], aggregates=[]) (suffix '') returned 2 matches {{(pid=103262) _get_by_requests /opt/stack/placement/placement/objects/allocation_candidate.py:145}}
Nov 22 17:43:36.621844 n-d-818515-1 devstack@placement-api.service[103262]: DEBUG placement.objects.allocation_candidate [req-7bef2bbe-0538-4633-a6df-9e816311325d req-3021da36-a851-4715-8714-4169a6e1d827 service placement] Merging candidates yields 2 allocation requests and 2 provider summaries {{(pid=103262) _merge_candidates /opt/stack/placement/placement/objects/allocation_candidate.py:783}}
Nov 22 17:43:36.624999 n-d-818515-1 devstack@placement-api.service[103262]: INFO placement.requestlog [req-7bef2bbe-0538-4633-a6df-9e816311325d req-3021da36-a851-4715-8714-4169a6e1d827 service placement] 10.222.0.55 "GET /placement/allocation_candidates?limit=1000&resources=DISK_GB%3A1%2CMEMORY_MB%3A1024%2CVCPU%3A1&root_required=%21COMPUTE_STATUS_DISABLED" status: 200 len: 1309 microversion: 1.36
Nov 22 17:43:36.625704 n-d-818515-1 devstack@placement-api.service[103262]: [pid: 103262|app: 0|req: 101/199] 10.222.0.55 () {60 vars in 1506 bytes} [Mon Nov 22 17:43:36 2021] GET /placement/allocation_candidates?limit=1000&resources=DISK_GB%3A1%2CMEMORY_MB%3A1024%2CVCPU%3A1&root_required=%21COMPUTE_STATUS_DISABLED => generated 1309 bytes in 87 msecs (HTTP/1.1 200) 8 headers in 297 bytes (1 switches on core 0)
Nov 22 17:43:36.754990 n-d-818515-1 devstack@placement-api.service[103261]: DEBUG placement.requestlog [req-26cd8ff9-ea68-4e60-830c-79d9f1e207a4 req-d7964e80-a336-46a2-93dd-ea65f90490aa None None] Starting request: 10.222.0.82 "GET /placement/resource_providers/2d9856e7-9de7-49da-b202-9c2b273661cb/allocations" {{(pid=103261) __call__ /opt/stack/placement/placement/requestlog.py:55}}
Nov 22 17:43:36.800692 n-d-818515-1 devstack@placement-api.service[103262]: DEBUG placement.requestlog [req-7bef2bbe-0538-4633-a6df-9e816311325d req-249d6681-0812-4d36-92f1-3960a13818da None None] Starting request: 10.222.0.55 "GET /placement/allocations/95e2005a-d08f-4a13-aa2f-59f127722541" {{(pid=103262) __call__ /opt/stack/placement/placement/requestlog.py:55}}
Nov 22 17:43:36.817617 n-d-818515-1 devstack@placement-api.service[103262]: INFO placement.requestlog [req-7bef2bbe-0538-4633-a6df-9e816311325d req-249d6681-0812-4d36-92f1-3960a13818da service placement] 10.222.0.55 "GET /placement/allocations/95e2005a-d08f-4a13-aa2f-59f127722541" status: 200 len: 19 microversion: 1.28
Nov 22 17:43:36.821528 n-d-818515-1 devstack@placement-api.service[103262]: [pid: 103262|app: 0|req: 102/200] 10.222.0.55 () {60 vars in 1380 bytes} [Mon Nov 22 17:43:36 2021] GET /placement/allocations/95e2005a-d08f-4a13-aa2f-59f127722541 => generated 19 bytes in 21 msecs (HTTP/1.1 200) 8 headers in 295 bytes (2 switches on core 0)
Nov 22 17:43:36.838785 n-d-818515-1 devstack@placement-api.service[103262]: DEBUG placement.requestlog [req-7bef2bbe-0538-4633-a6df-9e816311325d req-c2f5e836-de40-4bed-856d-45409fac5463 None None] Starting request: 10.222.0.55 "PUT /placement/allocations/95e2005a-d08f-4a13-aa2f-59f127722541" {{(pid=103262) __call__ /opt/stack/placement/placement/requestlog.py:55}}
Nov 22 17:43:37.025699 n-d-818515-1 devstack@placement-api.service[103261]: INFO placement.requestlog [req-26cd8ff9-ea68-4e60-830c-79d9f1e207a4 req-d7964e80-a336-46a2-93dd-ea65f90490aa service placement] 10.222.0.82 "GET /placement/resource_providers/2d9856e7-9de7-49da-b202-9c2b273661cb/allocations" status: 200 len: 558 microversion: 1.0
Nov 22 17:43:37.026250 n-d-818515-1 devstack@placement-api.service[103261]: [pid: 103261|app: 0|req: 99/201] 10.222.0.82 () {58 vars in 1390 bytes} [Mon Nov 22 17:43:36 2021] GET /placement/resource_providers/2d9856e7-9de7-49da-b202-9c2b273661cb/allocations => generated 558 bytes in 272 msecs (HTTP/1.1 200) 6 headers in 224 bytes (2 switches on core 0)
Nov 22 17:43:37.031245 n-d-818515-1 devstack@placement-api.service[103262]: DEBUG placement.handlers.allocation [req-7bef2bbe-0538-4633-a6df-9e816311325d req-c2f5e836-de40-4bed-856d-45409fac5463 service placement] Successfully wrote allocations [, , ] {{(pid=103262) _update_consumers_and_create_allocations /opt/stack/placement/placement/handlers/allocation.py:462}}
Nov 22 17:43:37.114834 n-d-818515-1 devstack@placement-api.service[103262]: INFO placement.requestlog [req-7bef2bbe-0538-4633-a6df-9e816311325d req-c2f5e836-de40-4bed-856d-45409fac5463 service placement] 10.222.0.55 "PUT /placement/allocations/95e2005a-d08f-4a13-aa2f-59f127722541" status: 204 len: 0 microversion: 1.36
Nov 22 17:43:37.115410 n-d-818515-1 devstack@placement-api.service[103262]: [pid: 103262|app: 0|req: 103/202] 10.222.0.55 () {64 vars in 1433 bytes} [Mon Nov 22 17:43:36 2021] PUT /placement/allocations/95e2005a-d08f-4a13-aa2f-59f127722541 => generated 0 bytes in 277 msecs (HTTP/1.1 204) 5 headers in 199 bytes (1 switches on core 0)
Nov 22 17:43:37.151299 n-d-818515-1 devstack@placement-api.service[103261]: DEBUG placement.requestlog [req-26cd8ff9-ea68-4e60-830c-79d9f1e207a4 req-e0599eb1-3096-4e76-b210-4bc167ba1b5e None None] Starting request: 10.222.0.82 "GET /placement/resource_providers?in_tree=2d9856e7-9de7-49da-b202-9c2b273661cb" {{(pid=103261) __call__ /opt/stack/placement/placement/requestlog.py:55}}
Nov 22 17:43:37.182634 n-d-818515-1 devstack@placement-api.service[103261]: INFO placement.requestlog [req-26cd8ff9-ea68-4e60-830c-79d9f1e207a4 req-e0599eb1-3096-4e76-b210-4bc167ba1b5e service placement] 10.222.0.82 "GET /placement/resource_providers?in_tree=2d9856e7-9de7-49da-b202-9c2b273661cb" status: 200 len: 863 microversion: 1.14
Nov 22 17:43:37.183214 n-d-818515-1 devstack@placement-api.service[103261]: [pid: 103261|app: 0|req: 100/203] 10.222.0.82 () {60 vars in 1376 bytes} [Mon Nov 22 17:43:37 2021] GET /placement/resource_providers?in_tree=2d9856e7-9de7-49da-b202-9c2b273661cb => generated 863 bytes in 32 msecs (HTTP/1.1 200) 6 headers in 225 bytes (1 switches on core 0)
Nov 22 17:43:37.197116 n-d-818515-1 devstack@placement-api.service[103262]: DEBUG placement.requestlog [req-26cd8ff9-ea68-4e60-830c-79d9f1e207a4 req-1c44e5ce-0980-4273-a698-002a036a1518 None None] Starting request: 10.222.0.82 "GET /placement/resource_providers/2d9856e7-9de7-49da-b202-9c2b273661cb/inventories" {{(pid=103262) __call__ /opt/stack/placement/placement/requestlog.py:55}}
Nov 22 17:43:37.233608 n-d-818515-1 devstack@placement-api.service[103262]: INFO placement.requestlog [req-26cd8ff9-ea68-4e60-830c-79d9f1e207a4 req-1c44e5ce-0980-4273-a698-002a036a1518 service placement] 10.222.0.82 "GET /placement/resource_providers/2d9856e7-9de7-49da-b202-9c2b273661cb/inventories" status: 200 len: 398 microversion: 1.0
Nov 22 17:43:37.235526 n-d-818515-1 devstack@placement-api.service[103262]: [pid: 103262|app: 0|req: 104/204] 10.222.0.82 () {58 vars in 1390 bytes} [Mon Nov 22 17:43:37 2021] GET /placement/resource_providers/2d9856e7-9de7-49da-b202-9c2b273661cb/inventories => generated 398 bytes in 39 msecs (HTTP/1.1 200) 6 headers in 224 bytes (1 switches on core 0)
Nov 22 17:43:37.246057 n-d-818515-1 devstack@placement-api.service[103261]: DEBUG placement.requestlog [req-26cd8ff9-ea68-4e60-830c-79d9f1e207a4 req-b26796f0-df8d-4419-afca-f91003c3150b None None] Starting request: 10.222.0.82 "GET /placement/resource_providers/2d9856e7-9de7-49da-b202-9c2b273661cb/aggregates" {{(pid=103261) __call__ /opt/stack/placement/placement/requestlog.py:55}}
Nov 22 17:43:37.275632 n-d-818515-1 devstack@placement-api.service[103261]: INFO placement.requestlog [req-26cd8ff9-ea68-4e60-830c-79d9f1e207a4 req-b26796f0-df8d-4419-afca-f91003c3150b service placement] 10.222.0.82 "GET /placement/resource_providers/2d9856e7-9de7-49da-b202-9c2b273661cb/aggregates" status: 200 len: 54 microversion: 1.19
Nov 22 17:43:37.277307 n-d-818515-1 devstack@placement-api.service[103261]: [pid: 103261|app: 0|req: 101/205] 10.222.0.82 () {60 vars in 1431 bytes} [Mon Nov 22 17:43:37 2021] GET /placement/resource_providers/2d9856e7-9de7-49da-b202-9c2b273661cb/aggregates => generated 54 bytes in 31 msecs (HTTP/1.1 200) 8 headers in 295 bytes (1 switches on core 0)
Nov 22 17:43:37.291819 n-d-818515-1 devstack@placement-api.service[103262]: DEBUG placement.requestlog [req-26cd8ff9-ea68-4e60-830c-79d9f1e207a4 req-356ec623-6a4e-4fb5-96fd-26ad7927c1b8 None None] Starting request: 10.222.0.82 "GET /placement/resource_providers/2d9856e7-9de7-49da-b202-9c2b273661cb/traits" {{(pid=103262) __call__ /opt/stack/placement/placement/requestlog.py:55}}
Nov 22 17:43:37.335950 n-d-818515-1 devstack@placement-api.service[103262]: INFO placement.requestlog [req-26cd8ff9-ea68-4e60-830c-79d9f1e207a4 req-356ec623-6a4e-4fb5-96fd-26ad7927c1b8 service placement] 10.222.0.82 "GET /placement/resource_providers/2d9856e7-9de7-49da-b202-9c2b273661cb/traits" status: 200 len: 212 microversion: 1.6
Nov 22 17:43:37.336714 n-d-818515-1 devstack@placement-api.service[103262]: [pid: 103262|app: 0|req: 105/206] 10.222.0.82 () {60 vars in 1418 bytes} [Mon Nov 22 17:43:37 2021] GET /placement/resource_providers/2d9856e7-9de7-49da-b202-9c2b273661cb/traits => generated 212 bytes in 47 msecs (HTTP/1.1 200) 6 headers in 224 bytes (1 switches on core 0)
Nov 22 17:43:38.052326 n-d-818515-1 devstack@placement-api.service[103261]: DEBUG placement.requestlog [req-7bef2bbe-0538-4633-a6df-9e816311325d req-01174e0b-adf4-48b2-bdcd-d6076d49b702 None None] Starting request: 10.222.0.82 "GET /placement/allocations/95e2005a-d08f-4a13-aa2f-59f127722541" {{(pid=103261) __call__ /opt/stack/placement/placement/requestlog.py:55}}
Nov 22 17:43:38.078653 n-d-818515-1 devstack@placement-api.service[103261]: INFO placement.requestlog [req-7bef2bbe-0538-4633-a6df-9e816311325d req-01174e0b-adf4-48b2-bdcd-d6076d49b702 service placement] 10.222.0.82 "GET /placement/allocations/95e2005a-d08f-4a13-aa2f-59f127722541" status: 200 len: 259 microversion: 1.28
Nov 22 17:43:38.078887 n-d-818515-1 devstack@placement-api.service[103261]: [pid: 103261|app: 0|req: 102/207] 10.222.0.82 () {60 vars in 1377 bytes} [Mon Nov 22 17:43:38 2021] GET /placement/allocations/95e2005a-d08f-4a13-aa2f-59f127722541 => generated 259 bytes in 27 msecs (HTTP/1.1 200) 8 headers in 296 bytes (1 switches on core 0)
Nov 22 17:43:38.220919 n-d-818515-1 devstack@placement-api.service[103262]: DEBUG placement.requestlog [req-88b2abda-2450-4beb-9301-40deab7a84f6 req-439f46d2-efdb-4fe5-8d4e-35400d97f586 None None] Starting request: 10.222.0.55 "GET /placement/allocation_candidates?limit=1000&resources=DISK_GB%3A2%2CMEMORY_MB%3A1024%2CVCPU%3A1&root_required=%21COMPUTE_STATUS_DISABLED" {{(pid=103262) __call__ /opt/stack/placement/placement/requestlog.py:55}}
Nov 22 17:43:38.289380 n-d-818515-1 devstack@placement-api.service[103262]: DEBUG placement.objects.research_context [req-88b2abda-2450-4beb-9301-40deab7a84f6 req-439f46d2-efdb-4fe5-8d4e-35400d97f586 service placement] getting providers with 2 DISK_GB {{(pid=103262) __init__ /opt/stack/placement/placement/objects/research_context.py:126}}
Nov 22 17:43:38.316314 n-d-818515-1 devstack@placement-api.service[103262]: DEBUG placement.objects.research_context [req-88b2abda-2450-4beb-9301-40deab7a84f6 req-439f46d2-efdb-4fe5-8d4e-35400d97f586 service placement] getting providers with 1024 MEMORY_MB {{(pid=103262) __init__ /opt/stack/placement/placement/objects/research_context.py:126}}
Nov 22 17:43:38.327962 n-d-818515-1 devstack@placement-api.service[103262]: DEBUG placement.objects.research_context [req-88b2abda-2450-4beb-9301-40deab7a84f6 req-439f46d2-efdb-4fe5-8d4e-35400d97f586 service placement] getting providers with 1 VCPU {{(pid=103262) __init__ /opt/stack/placement/placement/objects/research_context.py:126}}
Nov 22 17:43:38.334759 n-d-818515-1 devstack@placement-api.service[103262]: DEBUG placement.objects.research_context [req-88b2abda-2450-4beb-9301-40deab7a84f6 req-439f46d2-efdb-4fe5-8d4e-35400d97f586 service placement] found 2 providers with available 2 DISK_GB {{(pid=103262) get_provider_ids_matching /opt/stack/placement/placement/objects/research_context.py:549}}
Nov 22 17:43:38.335030 n-d-818515-1 devstack@placement-api.service[103262]: DEBUG placement.objects.research_context [req-88b2abda-2450-4beb-9301-40deab7a84f6 req-439f46d2-efdb-4fe5-8d4e-35400d97f586 service placement] found 2 providers with available 1024 MEMORY_MB {{(pid=103262) get_provider_ids_matching /opt/stack/placement/placement/objects/research_context.py:549}}
Nov 22 17:43:38.335294 n-d-818515-1 devstack@placement-api.service[103262]: DEBUG placement.objects.research_context [req-88b2abda-2450-4beb-9301-40deab7a84f6 req-439f46d2-efdb-4fe5-8d4e-35400d97f586 service placement] found 2 providers after filtering by previous result {{(pid=103262) get_provider_ids_matching /opt/stack/placement/placement/objects/research_context.py:580}}
Nov 22 17:43:38.335548 n-d-818515-1 devstack@placement-api.service[103262]: DEBUG placement.objects.research_context [req-88b2abda-2450-4beb-9301-40deab7a84f6 req-439f46d2-efdb-4fe5-8d4e-35400d97f586 service placement] found 2 providers with available 1 VCPU {{(pid=103262) get_provider_ids_matching /opt/stack/placement/placement/objects/research_context.py:549}}
Nov 22 17:43:38.336778 n-d-818515-1 devstack@placement-api.service[103262]: DEBUG placement.objects.research_context [req-88b2abda-2450-4beb-9301-40deab7a84f6 req-439f46d2-efdb-4fe5-8d4e-35400d97f586 service placement] found 2 providers after filtering by previous result {{(pid=103262) get_provider_ids_matching /opt/stack/placement/placement/objects/research_context.py:580}}
Nov 22 17:43:38.365357 n-d-818515-1 devstack@placement-api.service[103262]: DEBUG placement.objects.allocation_candidate [req-88b2abda-2450-4beb-9301-40deab7a84f6 req-439f46d2-efdb-4fe5-8d4e-35400d97f586 service placement] RequestGroup(use_same_provider=False, resources={DISK_GB:2, MEMORY_MB:1024, VCPU:1}, traits=[], aggregates=[]) (suffix '') returned 2 matches {{(pid=103262) _get_by_requests /opt/stack/placement/placement/objects/allocation_candidate.py:145}}
Nov 22 17:43:38.365727 n-d-818515-1 devstack@placement-api.service[103262]: DEBUG placement.objects.allocation_candidate [req-88b2abda-2450-4beb-9301-40deab7a84f6 req-439f46d2-efdb-4fe5-8d4e-35400d97f586 service placement] Merging candidates yields 2 allocation requests and 2 provider summaries {{(pid=103262) _merge_candidates /opt/stack/placement/placement/objects/allocation_candidate.py:783}}
Nov 22 17:43:38.367352 n-d-818515-1 devstack@placement-api.service[103262]: INFO placement.requestlog [req-88b2abda-2450-4beb-9301-40deab7a84f6 req-439f46d2-efdb-4fe5-8d4e-35400d97f586 service placement] 10.222.0.55 "GET /placement/allocation_candidates?limit=1000&resources=DISK_GB%3A2%2CMEMORY_MB%3A1024%2CVCPU%3A1&root_required=%21COMPUTE_STATUS_DISABLED" status: 200 len: 1309 microversion: 1.36
Nov 22 17:43:38.367773 n-d-818515-1 devstack@placement-api.service[103262]: [pid: 103262|app: 0|req: 106/208] 10.222.0.55 () {60 vars in 1506 bytes} [Mon Nov 22 17:43:38 2021] GET /placement/allocation_candidates?limit=1000&resources=DISK_GB%3A2%2CMEMORY_MB%3A1024%2CVCPU%3A1&root_required=%21COMPUTE_STATUS_DISABLED => generated 1309 bytes in 148 msecs (HTTP/1.1 200) 8 headers in 297 bytes (1 switches on core 0)
Nov 22 17:43:38.462694 n-d-818515-1 devstack@placement-api.service[103261]: DEBUG placement.requestlog [req-88b2abda-2450-4beb-9301-40deab7a84f6 req-4edac33f-bac8-49f8-a0a8-02124347514e None None] Starting request: 10.222.0.55 "GET /placement/allocations/841356f2-e557-4eb9-a33d-5c85d51a8832" {{(pid=103261) __call__ /opt/stack/placement/placement/requestlog.py:55}}
Nov 22 17:43:38.480926 n-d-818515-1 devstack@placement-api.service[103261]: INFO placement.requestlog [req-88b2abda-2450-4beb-9301-40deab7a84f6 req-4edac33f-bac8-49f8-a0a8-02124347514e service placement] 10.222.0.55 "GET /placement/allocations/841356f2-e557-4eb9-a33d-5c85d51a8832" status: 200 len: 19 microversion: 1.28
Nov 22 17:43:38.482882 n-d-818515-1 devstack@placement-api.service[103261]: [pid: 103261|app: 0|req: 103/209] 10.222.0.55 () {60 vars in 1380 bytes} [Mon Nov 22 17:43:38 2021] GET /placement/allocations/841356f2-e557-4eb9-a33d-5c85d51a8832 => generated 19 bytes in 20 msecs (HTTP/1.1 200) 8 headers in 295 bytes (1 switches on core 0)
Nov 22 17:43:38.487381 n-d-818515-1 devstack@placement-api.service[103262]: DEBUG placement.requestlog [req-88b2abda-2450-4beb-9301-40deab7a84f6 req-f124bb00-68e0-4a42-93de-d7ce84a303af None None] Starting request: 10.222.0.55 "PUT /placement/allocations/841356f2-e557-4eb9-a33d-5c85d51a8832" {{(pid=103262) __call__ /opt/stack/placement/placement/requestlog.py:55}}
Nov 22 17:43:38.671993 n-d-818515-1 devstack@placement-api.service[103262]: DEBUG placement.handlers.allocation [req-88b2abda-2450-4beb-9301-40deab7a84f6 req-f124bb00-68e0-4a42-93de-d7ce84a303af service placement] Successfully wrote allocations [, , ] {{(pid=103262) _update_consumers_and_create_allocations /opt/stack/placement/placement/handlers/allocation.py:462}}
Nov 22 17:43:38.724773 n-d-818515-1 devstack@placement-api.service[103262]: INFO placement.requestlog [req-88b2abda-2450-4beb-9301-40deab7a84f6 req-f124bb00-68e0-4a42-93de-d7ce84a303af service placement] 10.222.0.55 "PUT /placement/allocations/841356f2-e557-4eb9-a33d-5c85d51a8832" status: 204 len: 0 microversion: 1.36
Nov 22 17:43:38.724773 n-d-818515-1 devstack@placement-api.service[103262]: [pid: 103262|app: 0|req: 107/210] 10.222.0.55 () {64 vars in 1433 bytes} [Mon Nov 22 17:43:38 2021] PUT /placement/allocations/841356f2-e557-4eb9-a33d-5c85d51a8832 => generated 0 bytes in 232 msecs (HTTP/1.1 204) 5 headers in 199 bytes (1 switches on core 0)
Nov 22 17:43:39.937338 n-d-818515-1 devstack@placement-api.service[103261]: DEBUG placement.requestlog [req-88b2abda-2450-4beb-9301-40deab7a84f6 req-5305ef80-e8bf-4c18-a4a1-d6f901fe30eb None None] Starting request: 10.222.0.82 "GET /placement/allocations/841356f2-e557-4eb9-a33d-5c85d51a8832" {{(pid=103261) __call__ /opt/stack/placement/placement/requestlog.py:55}}
Nov 22 17:43:40.032713 n-d-818515-1 devstack@placement-api.service[103261]: INFO placement.requestlog [req-88b2abda-2450-4beb-9301-40deab7a84f6 req-5305ef80-e8bf-4c18-a4a1-d6f901fe30eb service placement] 10.222.0.82 "GET /placement/allocations/841356f2-e557-4eb9-a33d-5c85d51a8832" status: 200 len: 259 microversion: 1.28
Nov 22 17:43:40.032957 n-d-818515-1 devstack@placement-api.service[103261]: [pid: 103261|app: 0|req: 104/211] 10.222.0.82 () {60 vars in 1377 bytes} [Mon Nov 22 17:43:39 2021] GET /placement/allocations/841356f2-e557-4eb9-a33d-5c85d51a8832 => generated 259 bytes in 96 msecs (HTTP/1.1 200) 8 headers in 296 bytes (1 switches on core 0)
Nov 22 17:43:41.528973 n-d-818515-1 devstack@placement-api.service[103262]: DEBUG placement.requestlog [req-23f0d009-5940-42b5-b6f7-e71941789c39 req-ec8156ea-39a6-40d5-8bd2-67d448e331fa None None] Starting request: 10.222.0.55 "GET /placement/allocation_candidates?limit=1000&resources=DISK_GB%3A1%2CMEMORY_MB%3A1024%2CVCPU%3A1&root_required=%21COMPUTE_STATUS_DISABLED" {{(pid=103262) __call__ /opt/stack/placement/placement/requestlog.py:55}}
Nov 22 17:43:41.641405 n-d-818515-1 devstack@placement-api.service[103262]: DEBUG placement.objects.research_context [req-23f0d009-5940-42b5-b6f7-e71941789c39 req-ec8156ea-39a6-40d5-8bd2-67d448e331fa service placement] getting providers with 1 DISK_GB {{(pid=103262) __init__ /opt/stack/placement/placement/objects/research_context.py:126}}
Nov 22 17:43:41.655571 n-d-818515-1 devstack@placement-api.service[103262]: DEBUG placement.objects.research_context [req-23f0d009-5940-42b5-b6f7-e71941789c39 req-ec8156ea-39a6-40d5-8bd2-67d448e331fa service placement] getting providers with 1024 MEMORY_MB {{(pid=103262) __init__ /opt/stack/placement/placement/objects/research_context.py:126}}
Nov 22 17:43:41.669261 n-d-818515-1 devstack@placement-api.service[103262]: DEBUG placement.objects.research_context [req-23f0d009-5940-42b5-b6f7-e71941789c39 req-ec8156ea-39a6-40d5-8bd2-67d448e331fa service placement] getting providers with 1 VCPU {{(pid=103262) __init__ /opt/stack/placement/placement/objects/research_context.py:126}}
Nov 22 17:43:41.684726 n-d-818515-1 devstack@placement-api.service[103262]: DEBUG placement.objects.research_context [req-23f0d009-5940-42b5-b6f7-e71941789c39 req-ec8156ea-39a6-40d5-8bd2-67d448e331fa service placement] found 2 providers with available 1 DISK_GB {{(pid=103262) get_provider_ids_matching /opt/stack/placement/placement/objects/research_context.py:549}}
Nov 22 17:43:41.685393 n-d-818515-1 devstack@placement-api.service[103262]: DEBUG placement.objects.research_context [req-23f0d009-5940-42b5-b6f7-e71941789c39 req-ec8156ea-39a6-40d5-8bd2-67d448e331fa service placement] found 2 providers with available 1024 MEMORY_MB {{(pid=103262) get_provider_ids_matching /opt/stack/placement/placement/objects/research_context.py:549}}
Nov 22 17:43:41.686046 n-d-818515-1 devstack@placement-api.service[103262]: DEBUG placement.objects.research_context [req-23f0d009-5940-42b5-b6f7-e71941789c39 req-ec8156ea-39a6-40d5-8bd2-67d448e331fa service placement] found 2 providers after filtering by previous result {{(pid=103262) get_provider_ids_matching /opt/stack/placement/placement/objects/research_context.py:580}}
Nov 22 17:43:41.686616 n-d-818515-1 devstack@placement-api.service[103262]: DEBUG placement.objects.research_context [req-23f0d009-5940-42b5-b6f7-e71941789c39 req-ec8156ea-39a6-40d5-8bd2-67d448e331fa service placement] found 2 providers with available 1 VCPU {{(pid=103262) get_provider_ids_matching /opt/stack/placement/placement/objects/research_context.py:549}}
Nov 22 17:43:41.687026 n-d-818515-1 devstack@placement-api.service[103262]: DEBUG placement.objects.research_context [req-23f0d009-5940-42b5-b6f7-e71941789c39 req-ec8156ea-39a6-40d5-8bd2-67d448e331fa service placement] found 2 providers after filtering by previous result {{(pid=103262) get_provider_ids_matching /opt/stack/placement/placement/objects/research_context.py:580}}
Nov 22 17:43:41.714269 n-d-818515-1 devstack@placement-api.service[103262]: DEBUG placement.objects.allocation_candidate [req-23f0d009-5940-42b5-b6f7-e71941789c39 req-ec8156ea-39a6-40d5-8bd2-67d448e331fa service placement] RequestGroup(use_same_provider=False, resources={DISK_GB:1, MEMORY_MB:1024, VCPU:1}, traits=[], aggregates=[]) (suffix '') returned 2 matches {{(pid=103262) _get_by_requests /opt/stack/placement/placement/objects/allocation_candidate.py:145}}
Nov 22 17:43:41.714875 n-d-818515-1 devstack@placement-api.service[103262]: DEBUG placement.objects.allocation_candidate [req-23f0d009-5940-42b5-b6f7-e71941789c39 req-ec8156ea-39a6-40d5-8bd2-67d448e331fa service placement] Merging candidates yields 2 allocation requests and 2 provider summaries {{(pid=103262) _merge_candidates /opt/stack/placement/placement/objects/allocation_candidate.py:783}}
Nov 22 17:43:41.721772 n-d-818515-1 devstack@placement-api.service[103262]: INFO placement.requestlog [req-23f0d009-5940-42b5-b6f7-e71941789c39 req-ec8156ea-39a6-40d5-8bd2-67d448e331fa service placement] 10.222.0.55 "GET /placement/allocation_candidates?limit=1000&resources=DISK_GB%3A1%2CMEMORY_MB%3A1024%2CVCPU%3A1&root_required=%21COMPUTE_STATUS_DISABLED" status: 200 len: 1309 microversion: 1.36
Nov 22 17:43:41.722211 n-d-818515-1 devstack@placement-api.service[103262]: [pid: 103262|app: 0|req: 108/212] 10.222.0.55 () {60 vars in 1506 bytes} [Mon Nov 22 17:43:41 2021] GET /placement/allocation_candidates?limit=1000&resources=DISK_GB%3A1%2CMEMORY_MB%3A1024%2CVCPU%3A1&root_required=%21COMPUTE_STATUS_DISABLED => generated 1309 bytes in 194 msecs (HTTP/1.1 200) 8 headers in 297 bytes (1 switches on core 0)
Nov 22 17:43:41.788651 n-d-818515-1 devstack@placement-api.service[103261]: DEBUG placement.requestlog [req-23f0d009-5940-42b5-b6f7-e71941789c39 req-8d066904-c379-4085-976e-56bc3b05f41b None None] Starting request: 10.222.0.55 "GET /placement/allocations/2f43d557-62e1-415c-8b07-b2465f80fa1e" {{(pid=103261) __call__ /opt/stack/placement/placement/requestlog.py:55}}
Nov 22 17:43:41.800890 n-d-818515-1 devstack@placement-api.service[103261]: INFO placement.requestlog [req-23f0d009-5940-42b5-b6f7-e71941789c39 req-8d066904-c379-4085-976e-56bc3b05f41b service placement] 10.222.0.55 "GET /placement/allocations/2f43d557-62e1-415c-8b07-b2465f80fa1e" status: 200 len: 19 microversion: 1.28
Nov 22 17:43:41.801392 n-d-818515-1 devstack@placement-api.service[103261]: [pid: 103261|app: 0|req: 105/213] 10.222.0.55 () {60 vars in 1380 bytes} [Mon Nov 22 17:43:41 2021] GET /placement/allocations/2f43d557-62e1-415c-8b07-b2465f80fa1e => generated 19 bytes in 13 msecs (HTTP/1.1 200) 8 headers in 295 bytes (1 switches on core 0)
Nov 22 17:43:41.812979 n-d-818515-1 devstack@placement-api.service[103262]: DEBUG placement.requestlog [req-23f0d009-5940-42b5-b6f7-e71941789c39 req-757ad747-43cf-45f0-bec8-530b805ddb8b None None] Starting request: 10.222.0.55 "PUT /placement/allocations/2f43d557-62e1-415c-8b07-b2465f80fa1e" {{(pid=103262) __call__ /opt/stack/placement/placement/requestlog.py:55}}
Nov 22 17:43:42.264879 n-d-818515-1 devstack@placement-api.service[103262]: DEBUG placement.handlers.allocation [req-23f0d009-5940-42b5-b6f7-e71941789c39 req-757ad747-43cf-45f0-bec8-530b805ddb8b service placement] Successfully wrote allocations [, , ] {{(pid=103262) _update_consumers_and_create_allocations /opt/stack/placement/placement/handlers/allocation.py:462}}
Nov 22 17:43:42.387755 n-d-818515-1 devstack@placement-api.service[103262]: INFO placement.requestlog [req-23f0d009-5940-42b5-b6f7-e71941789c39 req-757ad747-43cf-45f0-bec8-530b805ddb8b service placement] 10.222.0.55 "PUT /placement/allocations/2f43d557-62e1-415c-8b07-b2465f80fa1e" status: 204 len: 0 microversion: 1.36
Nov 22 17:43:42.388005 n-d-818515-1 devstack@placement-api.service[103262]: [pid: 103262|app: 0|req: 109/214] 10.222.0.55 () {64 vars in 1433 bytes} [Mon Nov 22 17:43:41 2021] PUT /placement/allocations/2f43d557-62e1-415c-8b07-b2465f80fa1e => generated 0 bytes in 575 msecs (HTTP/1.1 204) 5 headers in 199 bytes (2 switches on core 0)
Nov 22 17:43:42.681801 n-d-818515-1 devstack@placement-api.service[103261]: DEBUG placement.requestlog [req-7176a456-0d45-4868-b7e8-a57567f048d2 req-b8dac462-3a43-42f6-a979-257021ac4e74 None None] Starting request: 10.222.0.82 "DELETE /placement/allocations/12316812-3b9f-4bd3-8344-65fe7643066c" {{(pid=103261) __call__ /opt/stack/placement/placement/requestlog.py:55}}
Nov 22 17:43:42.850541 n-d-818515-1 devstack@placement-api.service[103261]: DEBUG placement.handlers.allocation [req-7176a456-0d45-4868-b7e8-a57567f048d2 req-b8dac462-3a43-42f6-a979-257021ac4e74 service placement] Successfully deleted allocations [, , ] {{(pid=103261) delete_allocations /opt/stack/placement/placement/handlers/allocation.py:627}}
Nov 22 17:43:42.851729 n-d-818515-1 devstack@placement-api.service[103261]: INFO placement.requestlog [req-7176a456-0d45-4868-b7e8-a57567f048d2 req-b8dac462-3a43-42f6-a979-257021ac4e74 service placement] 10.222.0.82 "DELETE /placement/allocations/12316812-3b9f-4bd3-8344-65fe7643066c" status: 204 len: 0 microversion: 1.0
Nov 22 17:43:42.852964 n-d-818515-1 devstack@placement-api.service[103261]: [pid: 103261|app: 0|req: 106/215] 10.222.0.82 () {60 vars in 1355 bytes} [Mon Nov 22 17:43:42 2021] DELETE /placement/allocations/12316812-3b9f-4bd3-8344-65fe7643066c => generated 0 bytes in 171 msecs (HTTP/1.1 204) 5 headers in 198 bytes (1 switches on core 0)
Nov 22 17:43:43.496646 n-d-818515-1 devstack@placement-api.service[103262]: DEBUG placement.requestlog [req-1e36d763-5060-4d76-adc7-c319cad3b162 req-7ba81b55-d15b-4b3a-9122-df2cda1286d2 None None] Starting request: 10.222.0.55 "GET /placement/allocation_candidates?limit=1000&resources=DISK_GB%3A1%2CMEMORY_MB%3A1024%2CVCPU%3A1&root_required=%21COMPUTE_STATUS_DISABLED" {{(pid=103262) __call__ /opt/stack/placement/placement/requestlog.py:55}}
Nov 22 17:43:43.623277 n-d-818515-1 devstack@placement-api.service[103262]: DEBUG placement.objects.research_context [req-1e36d763-5060-4d76-adc7-c319cad3b162 req-7ba81b55-d15b-4b3a-9122-df2cda1286d2 service placement] getting providers with 1 DISK_GB {{(pid=103262) __init__ /opt/stack/placement/placement/objects/research_context.py:126}}
Nov 22 17:43:43.639911 n-d-818515-1 devstack@placement-api.service[103262]: DEBUG placement.objects.research_context [req-1e36d763-5060-4d76-adc7-c319cad3b162 req-7ba81b55-d15b-4b3a-9122-df2cda1286d2 service placement] getting providers with 1024 MEMORY_MB {{(pid=103262) __init__ /opt/stack/placement/placement/objects/research_context.py:126}}
Nov 22 17:43:43.649664 n-d-818515-1 devstack@placement-api.service[103261]: DEBUG placement.requestlog [req-23f0d009-5940-42b5-b6f7-e71941789c39 req-172a3c84-eae8-4d30-99de-b1d0d9926f01 None None] Starting request: 10.222.0.82 "GET /placement/allocations/2f43d557-62e1-415c-8b07-b2465f80fa1e" {{(pid=103261) __call__ /opt/stack/placement/placement/requestlog.py:55}}
Nov 22 17:43:43.657210 n-d-818515-1 devstack@placement-api.service[103262]: DEBUG placement.objects.research_context [req-1e36d763-5060-4d76-adc7-c319cad3b162 req-7ba81b55-d15b-4b3a-9122-df2cda1286d2 service placement] getting providers with 1 VCPU {{(pid=103262) __init__ /opt/stack/placement/placement/objects/research_context.py:126}}
Nov 22 17:43:43.672883 n-d-818515-1 devstack@placement-api.service[103262]: DEBUG placement.objects.research_context [req-1e36d763-5060-4d76-adc7-c319cad3b162 req-7ba81b55-d15b-4b3a-9122-df2cda1286d2 service placement] found 2 providers with available 1 DISK_GB {{(pid=103262) get_provider_ids_matching /opt/stack/placement/placement/objects/research_context.py:549}}
Nov 22 17:43:43.676405 n-d-818515-1 devstack@placement-api.service[103261]: INFO placement.requestlog [req-23f0d009-5940-42b5-b6f7-e71941789c39 req-172a3c84-eae8-4d30-99de-b1d0d9926f01 service placement] 10.222.0.82 "GET /placement/allocations/2f43d557-62e1-415c-8b07-b2465f80fa1e" status: 200 len: 259 microversion: 1.28
Nov 22 17:43:43.676907 n-d-818515-1 devstack@placement-api.service[103262]: DEBUG placement.objects.research_context [req-1e36d763-5060-4d76-adc7-c319cad3b162 req-7ba81b55-d15b-4b3a-9122-df2cda1286d2 service placement] found 2 providers with available 1024 MEMORY_MB {{(pid=103262) get_provider_ids_matching /opt/stack/placement/placement/objects/research_context.py:549}}
Nov 22 17:43:43.677343 n-d-818515-1 devstack@placement-api.service[103262]: DEBUG placement.objects.research_context [req-1e36d763-5060-4d76-adc7-c319cad3b162 req-7ba81b55-d15b-4b3a-9122-df2cda1286d2 service placement] found 2 providers after filtering by previous result {{(pid=103262) get_provider_ids_matching /opt/stack/placement/placement/objects/research_context.py:580}}
Nov 22 17:43:43.678088 n-d-818515-1 devstack@placement-api.service[103261]: [pid: 103261|app: 0|req: 107/216] 10.222.0.82 () {60 vars in 1377 bytes} [Mon Nov 22 17:43:43 2021] GET /placement/allocations/2f43d557-62e1-415c-8b07-b2465f80fa1e => generated 259 bytes in 28 msecs (HTTP/1.1 200) 8 headers in 296 bytes (2 switches on core 0)
