Nov 22 17:55:21.847732 n-d-818515-1 devstack@placement-api.service[103261]: DEBUG placement.objects.research_context [req-40bb54d4-7a30-4f06-ae5a-46e3f6523a33 req-2fb502a8-4157-4165-9356-5843c845dce9 service placement] found 2 providers with available 1 DISK_GB {{(pid=103261) get_provider_ids_matching /opt/stack/placement/placement/objects/research_context.py:549}}
Nov 22 17:55:21.848292 n-d-818515-1 devstack@placement-api.service[103261]: DEBUG placement.objects.research_context [req-40bb54d4-7a30-4f06-ae5a-46e3f6523a33 req-2fb502a8-4157-4165-9356-5843c845dce9 service placement] found 2 providers with available 1024 MEMORY_MB {{(pid=103261) get_provider_ids_matching /opt/stack/placement/placement/objects/research_context.py:549}}
Nov 22 17:55:21.848880 n-d-818515-1 devstack@placement-api.service[103261]: DEBUG placement.objects.research_context [req-40bb54d4-7a30-4f06-ae5a-46e3f6523a33 req-2fb502a8-4157-4165-9356-5843c845dce9 service placement] found 2 providers after filtering by previous result {{(pid=103261) get_provider_ids_matching /opt/stack/placement/placement/objects/research_context.py:580}}
Nov 22 17:55:21.849163 n-d-818515-1 devstack@placement-api.service[103261]: DEBUG placement.objects.research_context [req-40bb54d4-7a30-4f06-ae5a-46e3f6523a33 req-2fb502a8-4157-4165-9356-5843c845dce9 service placement] found 2 providers with available 1 VCPU {{(pid=103261) get_provider_ids_matching /opt/stack/placement/placement/objects/research_context.py:549}}
Nov 22 17:55:21.849402 n-d-818515-1 devstack@placement-api.service[103261]: DEBUG placement.objects.research_context [req-40bb54d4-7a30-4f06-ae5a-46e3f6523a33 req-2fb502a8-4157-4165-9356-5843c845dce9 service placement] found 2 providers after filtering by previous result {{(pid=103261) get_provider_ids_matching /opt/stack/placement/placement/objects/research_context.py:580}}
Nov 22 17:55:21.862764 n-d-818515-1 devstack@placement-api.service[103261]: DEBUG placement.objects.allocation_candidate [req-40bb54d4-7a30-4f06-ae5a-46e3f6523a33 req-2fb502a8-4157-4165-9356-5843c845dce9 service placement] RequestGroup(use_same_provider=False, resources={DISK_GB:1, MEMORY_MB:1024, VCPU:1}, traits=[], aggregates=[]) (suffix '') returned 2 matches {{(pid=103261) _get_by_requests /opt/stack/placement/placement/objects/allocation_candidate.py:145}}
Nov 22 17:55:21.864306 n-d-818515-1 devstack@placement-api.service[103261]: DEBUG placement.objects.allocation_candidate [req-40bb54d4-7a30-4f06-ae5a-46e3f6523a33 req-2fb502a8-4157-4165-9356-5843c845dce9 service placement] Merging candidates yields 2 allocation requests and 2 provider summaries {{(pid=103261) _merge_candidates /opt/stack/placement/placement/objects/allocation_candidate.py:783}}
Nov 22 17:55:21.866330 n-d-818515-1 devstack@placement-api.service[103261]: INFO placement.requestlog [req-40bb54d4-7a30-4f06-ae5a-46e3f6523a33 req-2fb502a8-4157-4165-9356-5843c845dce9 service placement] 10.222.0.55 "GET /placement/allocation_candidates?limit=1000&resources=DISK_GB%3A1%2CMEMORY_MB%3A1024%2CVCPU%3A1&root_required=%21COMPUTE_STATUS_DISABLED" status: 200 len: 1309 microversion: 1.36
Nov 22 17:55:21.866858 n-d-818515-1 devstack@placement-api.service[103261]: [pid: 103261|app: 0|req: 364/720] 10.222.0.55 () {60 vars in 1506 bytes} [Mon Nov 22 17:55:21 2021] GET /placement/allocation_candidates?limit=1000&resources=DISK_GB%3A1%2CMEMORY_MB%3A1024%2CVCPU%3A1&root_required=%21COMPUTE_STATUS_DISABLED => generated 1309 bytes in 124 msecs (HTTP/1.1 200) 8 headers in 297 bytes (1 switches on core 0)
Nov 22 17:55:21.943476 n-d-818515-1 devstack@placement-api.service[103262]: DEBUG placement.requestlog [req-40bb54d4-7a30-4f06-ae5a-46e3f6523a33 req-0c12c7bf-9bbf-48b1-a326-5cf52e0fe76f None None] Starting request: 10.222.0.55 "GET /placement/allocations/55ab7b67-da90-4b4b-b9c3-56d2ffbe704b" {{(pid=103262) __call__ /opt/stack/placement/placement/requestlog.py:55}}
Nov 22 17:55:21.957621 n-d-818515-1 devstack@placement-api.service[103262]: INFO placement.requestlog [req-40bb54d4-7a30-4f06-ae5a-46e3f6523a33 req-0c12c7bf-9bbf-48b1-a326-5cf52e0fe76f service placement] 10.222.0.55 "GET /placement/allocations/55ab7b67-da90-4b4b-b9c3-56d2ffbe704b" status: 200 len: 19 microversion: 1.28
Nov 22 17:55:21.957857 n-d-818515-1 devstack@placement-api.service[103262]: [pid: 103262|app: 0|req: 357/721] 10.222.0.55 () {60 vars in 1380 bytes} [Mon Nov 22 17:55:21 2021] GET /placement/allocations/55ab7b67-da90-4b4b-b9c3-56d2ffbe704b => generated 19 bytes in 15 msecs (HTTP/1.1 200) 8 headers in 295 bytes (1 switches on core 0)
Nov 22 17:55:21.964410 n-d-818515-1 devstack@placement-api.service[103261]: DEBUG placement.requestlog [req-40bb54d4-7a30-4f06-ae5a-46e3f6523a33 req-25bc6a2e-cf44-418b-b409-73ca7397859a None None] Starting request: 10.222.0.55 "PUT /placement/allocations/55ab7b67-da90-4b4b-b9c3-56d2ffbe704b" {{(pid=103261) __call__ /opt/stack/placement/placement/requestlog.py:55}}
Nov 22 17:55:22.133669 n-d-818515-1 devstack@placement-api.service[103261]: DEBUG placement.handlers.allocation [req-40bb54d4-7a30-4f06-ae5a-46e3f6523a33 req-25bc6a2e-cf44-418b-b409-73ca7397859a service placement] Successfully wrote allocations [, , ] {{(pid=103261) _update_consumers_and_create_allocations /opt/stack/placement/placement/handlers/allocation.py:462}}
Nov 22 17:55:22.224841 n-d-818515-1 devstack@placement-api.service[103261]: INFO placement.requestlog [req-40bb54d4-7a30-4f06-ae5a-46e3f6523a33 req-25bc6a2e-cf44-418b-b409-73ca7397859a service placement] 10.222.0.55 "PUT /placement/allocations/55ab7b67-da90-4b4b-b9c3-56d2ffbe704b" status: 204 len: 0 microversion: 1.36
Nov 22 17:55:22.228317 n-d-818515-1 devstack@placement-api.service[103261]: [pid: 103261|app: 0|req: 365/722] 10.222.0.55 () {64 vars in 1433 bytes} [Mon Nov 22 17:55:21 2021] PUT /placement/allocations/55ab7b67-da90-4b4b-b9c3-56d2ffbe704b => generated 0 bytes in 261 msecs (HTTP/1.1 204) 5 headers in 199 bytes (1 switches on core 0)
Nov 22 17:55:23.530081 n-d-818515-1 devstack@placement-api.service[103262]: DEBUG placement.requestlog [req-40bb54d4-7a30-4f06-ae5a-46e3f6523a33 req-28c2c44b-01cb-45d5-80e6-b3e2af73b0a8 None None] Starting request: 10.222.0.82 "GET /placement/allocations/55ab7b67-da90-4b4b-b9c3-56d2ffbe704b" {{(pid=103262) __call__ /opt/stack/placement/placement/requestlog.py:55}}
Nov 22 17:55:23.549365 n-d-818515-1 devstack@placement-api.service[103262]: INFO placement.requestlog [req-40bb54d4-7a30-4f06-ae5a-46e3f6523a33 req-28c2c44b-01cb-45d5-80e6-b3e2af73b0a8 service placement] 10.222.0.82 "GET /placement/allocations/55ab7b67-da90-4b4b-b9c3-56d2ffbe704b" status: 200 len: 259 microversion: 1.28
Nov 22 17:55:23.550812 n-d-818515-1 devstack@placement-api.service[103262]: [pid: 103262|app: 0|req: 358/723] 10.222.0.82 () {60 vars in 1377 bytes} [Mon Nov 22 17:55:23 2021] GET /placement/allocations/55ab7b67-da90-4b4b-b9c3-56d2ffbe704b => generated 259 bytes in 21 msecs (HTTP/1.1 200) 8 headers in 296 bytes (1 switches on core 0)
Nov 22 17:55:31.657905 n-d-818515-1 devstack@placement-api.service[103261]: DEBUG placement.requestlog [req-0ae6a139-a59f-4a7d-be6f-e0fcae65fa46 req-d2bbe3d9-feac-4878-8b94-e8f97ea5e0fb None None] Starting request: 10.222.0.96 "DELETE /placement/allocations/6879c475-8872-481f-9abd-c77bc922a4cf" {{(pid=103261) __call__ /opt/stack/placement/placement/requestlog.py:55}}
Nov 22 17:55:32.038686 n-d-818515-1 devstack@placement-api.service[103262]: DEBUG placement.requestlog [req-7676c50a-0208-4de1-b5e6-501c92afb55f req-ffbd72f6-659e-409e-aaae-92d531c3c668 None None] Starting request: 10.222.0.55 "GET /placement/allocation_candidates?limit=1000&resources=DISK_GB%3A1%2CMEMORY_MB%3A1024%2CVCPU%3A1&root_required=%21COMPUTE_STATUS_DISABLED" {{(pid=103262) __call__ /opt/stack/placement/placement/requestlog.py:55}}
Nov 22 17:55:32.070783 n-d-818515-1 devstack@placement-api.service[103262]: DEBUG placement.objects.research_context [req-7676c50a-0208-4de1-b5e6-501c92afb55f req-ffbd72f6-659e-409e-aaae-92d531c3c668 service placement] getting providers with 1 DISK_GB {{(pid=103262) __init__ /opt/stack/placement/placement/objects/research_context.py:126}}
Nov 22 17:55:32.076843 n-d-818515-1 devstack@placement-api.service[103262]: DEBUG placement.objects.research_context [req-7676c50a-0208-4de1-b5e6-501c92afb55f req-ffbd72f6-659e-409e-aaae-92d531c3c668 service placement] getting providers with 1024 MEMORY_MB {{(pid=103262) __init__ /opt/stack/placement/placement/objects/research_context.py:126}}
Nov 22 17:55:32.082629 n-d-818515-1 devstack@placement-api.service[103262]: DEBUG placement.objects.research_context [req-7676c50a-0208-4de1-b5e6-501c92afb55f req-ffbd72f6-659e-409e-aaae-92d531c3c668 service placement] getting providers with 1 VCPU {{(pid=103262) __init__ /opt/stack/placement/placement/objects/research_context.py:126}}
Nov 22 17:55:32.089351 n-d-818515-1 devstack@placement-api.service[103262]: DEBUG placement.objects.research_context [req-7676c50a-0208-4de1-b5e6-501c92afb55f req-ffbd72f6-659e-409e-aaae-92d531c3c668 service placement] found 2 providers with available 1 DISK_GB {{(pid=103262) get_provider_ids_matching /opt/stack/placement/placement/objects/research_context.py:549}}
Nov 22 17:55:32.090211 n-d-818515-1 devstack@placement-api.service[103262]: DEBUG placement.objects.research_context [req-7676c50a-0208-4de1-b5e6-501c92afb55f req-ffbd72f6-659e-409e-aaae-92d531c3c668 service placement] found 2 providers with available 1024 MEMORY_MB {{(pid=103262) get_provider_ids_matching /opt/stack/placement/placement/objects/research_context.py:549}}
Nov 22 17:55:32.090733 n-d-818515-1 devstack@placement-api.service[103262]: DEBUG placement.objects.research_context [req-7676c50a-0208-4de1-b5e6-501c92afb55f req-ffbd72f6-659e-409e-aaae-92d531c3c668 service placement] found 2 providers after filtering by previous result {{(pid=103262) get_provider_ids_matching /opt/stack/placement/placement/objects/research_context.py:580}}
Nov 22 17:55:32.094202 n-d-818515-1 devstack@placement-api.service[103261]: DEBUG placement.handlers.allocation [req-0ae6a139-a59f-4a7d-be6f-e0fcae65fa46 req-d2bbe3d9-feac-4878-8b94-e8f97ea5e0fb service placement] Successfully deleted allocations [, , ] {{(pid=103261) delete_allocations /opt/stack/placement/placement/handlers/allocation.py:627}}
Nov 22 17:55:32.094922 n-d-818515-1 devstack@placement-api.service[103261]: INFO placement.requestlog [req-0ae6a139-a59f-4a7d-be6f-e0fcae65fa46 req-d2bbe3d9-feac-4878-8b94-e8f97ea5e0fb service placement] 10.222.0.96 "DELETE /placement/allocations/6879c475-8872-481f-9abd-c77bc922a4cf" status: 204 len: 0 microversion: 1.0
Nov 22 17:55:32.097911 n-d-818515-1 devstack@placement-api.service[103261]: [pid: 103261|app: 0|req: 366/724] 10.222.0.96 () {60 vars in 1355 bytes} [Mon Nov 22 17:55:31 2021] DELETE /placement/allocations/6879c475-8872-481f-9abd-c77bc922a4cf => generated 0 bytes in 442 msecs (HTTP/1.1 204) 5 headers in 198 bytes (1 switches on core 0)
Nov 22 17:55:32.098489 n-d-818515-1 devstack@placement-api.service[103262]: DEBUG placement.objects.research_context [req-7676c50a-0208-4de1-b5e6-501c92afb55f req-ffbd72f6-659e-409e-aaae-92d531c3c668 service placement] found 2 providers with available 1 VCPU {{(pid=103262) get_provider_ids_matching /opt/stack/placement/placement/objects/research_context.py:549}}
Nov 22 17:55:32.099760 n-d-818515-1 devstack@placement-api.service[103262]: DEBUG placement.objects.research_context [req-7676c50a-0208-4de1-b5e6-501c92afb55f req-ffbd72f6-659e-409e-aaae-92d531c3c668 service placement] found 2 providers after filtering by previous result {{(pid=103262) get_provider_ids_matching /opt/stack/placement/placement/objects/research_context.py:580}}
Nov 22 17:55:32.129957 n-d-818515-1 devstack@placement-api.service[103262]: DEBUG placement.objects.allocation_candidate [req-7676c50a-0208-4de1-b5e6-501c92afb55f req-ffbd72f6-659e-409e-aaae-92d531c3c668 service placement] RequestGroup(use_same_provider=False, resources={DISK_GB:1, MEMORY_MB:1024, VCPU:1}, traits=[], aggregates=[]) (suffix '') returned 2 matches {{(pid=103262) _get_by_requests /opt/stack/placement/placement/objects/allocation_candidate.py:145}}
Nov 22 17:55:32.130337 n-d-818515-1 devstack@placement-api.service[103262]: DEBUG placement.objects.allocation_candidate [req-7676c50a-0208-4de1-b5e6-501c92afb55f req-ffbd72f6-659e-409e-aaae-92d531c3c668 service placement] Merging candidates yields 2 allocation requests and 2 provider summaries {{(pid=103262) _merge_candidates /opt/stack/placement/placement/objects/allocation_candidate.py:783}}
Nov 22 17:55:32.132292 n-d-818515-1 devstack@placement-api.service[103262]: INFO placement.requestlog [req-7676c50a-0208-4de1-b5e6-501c92afb55f req-ffbd72f6-659e-409e-aaae-92d531c3c668 service placement] 10.222.0.55 "GET /placement/allocation_candidates?limit=1000&resources=DISK_GB%3A1%2CMEMORY_MB%3A1024%2CVCPU%3A1&root_required=%21COMPUTE_STATUS_DISABLED" status: 200 len: 1309 microversion: 1.36
Nov 22 17:55:32.138449 n-d-818515-1 devstack@placement-api.service[103262]: [pid: 103262|app: 0|req: 359/725] 10.222.0.55 () {60 vars in 1506 bytes} [Mon Nov 22 17:55:32 2021] GET /placement/allocation_candidates?limit=1000&resources=DISK_GB%3A1%2CMEMORY_MB%3A1024%2CVCPU%3A1&root_required=%21COMPUTE_STATUS_DISABLED => generated 1309 bytes in 94 msecs (HTTP/1.1 200) 8 headers in 297 bytes (2 switches on core 0)
Nov 22 17:55:32.246561 n-d-818515-1 devstack@placement-api.service[103261]: DEBUG placement.requestlog [req-7676c50a-0208-4de1-b5e6-501c92afb55f req-149e24bd-4fee-4ad4-8381-dccfb12d0c30 None None] Starting request: 10.222.0.55 "GET /placement/allocations/5472eec5-58d2-4fb7-a3a8-674aacebaf2c" {{(pid=103261) __call__ /opt/stack/placement/placement/requestlog.py:55}}
Nov 22 17:55:32.258760 n-d-818515-1 devstack@placement-api.service[103261]: INFO placement.requestlog [req-7676c50a-0208-4de1-b5e6-501c92afb55f req-149e24bd-4fee-4ad4-8381-dccfb12d0c30 service placement] 10.222.0.55 "GET /placement/allocations/5472eec5-58d2-4fb7-a3a8-674aacebaf2c" status: 200 len: 19 microversion: 1.28
Nov 22 17:55:32.259712 n-d-818515-1 devstack@placement-api.service[103261]: [pid: 103261|app: 0|req: 367/726] 10.222.0.55 () {60 vars in 1380 bytes} [Mon Nov 22 17:55:32 2021] GET /placement/allocations/5472eec5-58d2-4fb7-a3a8-674aacebaf2c => generated 19 bytes in 14 msecs (HTTP/1.1 200) 8 headers in 295 bytes (1 switches on core 0)
Nov 22 17:55:32.268254 n-d-818515-1 devstack@placement-api.service[103262]: DEBUG placement.requestlog [req-7676c50a-0208-4de1-b5e6-501c92afb55f req-e372de9f-dcee-4a7c-bb0b-19576e864176 None None] Starting request: 10.222.0.55 "PUT /placement/allocations/5472eec5-58d2-4fb7-a3a8-674aacebaf2c" {{(pid=103262) __call__ /opt/stack/placement/placement/requestlog.py:55}}
Nov 22 17:55:32.664451 n-d-818515-1 devstack@placement-api.service[103262]: DEBUG placement.handlers.allocation [req-7676c50a-0208-4de1-b5e6-501c92afb55f req-e372de9f-dcee-4a7c-bb0b-19576e864176 service placement] Successfully wrote allocations [, , ] {{(pid=103262) _update_consumers_and_create_allocations /opt/stack/placement/placement/handlers/allocation.py:462}}
Nov 22 17:55:32.747967 n-d-818515-1 devstack@placement-api.service[103262]: INFO placement.requestlog [req-7676c50a-0208-4de1-b5e6-501c92afb55f req-e372de9f-dcee-4a7c-bb0b-19576e864176 service placement] 10.222.0.55 "PUT /placement/allocations/5472eec5-58d2-4fb7-a3a8-674aacebaf2c" status: 204 len: 0 microversion: 1.36
Nov 22 17:55:32.748627 n-d-818515-1 devstack@placement-api.service[103262]: [pid: 103262|app: 0|req: 360/727] 10.222.0.55 () {64 vars in 1433 bytes} [Mon Nov 22 17:55:32 2021] PUT /placement/allocations/5472eec5-58d2-4fb7-a3a8-674aacebaf2c => generated 0 bytes in 480 msecs (HTTP/1.1 204) 5 headers in 199 bytes (1 switches on core 0)
Nov 22 17:55:34.218640 n-d-818515-1 devstack@placement-api.service[103261]: DEBUG placement.requestlog [req-7676c50a-0208-4de1-b5e6-501c92afb55f req-353f3a84-4654-4294-b2bf-151ee49f09a0 None None] Starting request: 10.222.0.96 "GET /placement/allocations/5472eec5-58d2-4fb7-a3a8-674aacebaf2c" {{(pid=103261) __call__ /opt/stack/placement/placement/requestlog.py:55}}
Nov 22 17:55:34.262328 n-d-818515-1 devstack@placement-api.service[103261]: INFO placement.requestlog [req-7676c50a-0208-4de1-b5e6-501c92afb55f req-353f3a84-4654-4294-b2bf-151ee49f09a0 service placement] 10.222.0.96 "GET /placement/allocations/5472eec5-58d2-4fb7-a3a8-674aacebaf2c" status: 200 len: 259 microversion: 1.28
Nov 22 17:55:34.264088 n-d-818515-1 devstack@placement-api.service[103261]: [pid: 103261|app: 0|req: 368/728] 10.222.0.96 () {60 vars in 1377 bytes} [Mon Nov 22 17:55:34 2021] GET /placement/allocations/5472eec5-58d2-4fb7-a3a8-674aacebaf2c => generated 259 bytes in 46 msecs (HTTP/1.1 200) 8 headers in 296 bytes (1 switches on core 0)
Nov 22 17:55:34.805933 n-d-818515-1 devstack@placement-api.service[103262]: DEBUG placement.requestlog [req-52541463-7071-4202-8466-8788e0d3b265 req-f0787a76-b0d7-448e-b522-d6f6964fa149 None None] Starting request: 10.222.0.55 "GET /placement/allocation_candidates?limit=1000&resources=DISK_GB%3A1%2CMEMORY_MB%3A1024%2CVCPU%3A1&root_required=%21COMPUTE_STATUS_DISABLED" {{(pid=103262) __call__ /opt/stack/placement/placement/requestlog.py:55}}
Nov 22 17:55:34.850308 n-d-818515-1 devstack@placement-api.service[103262]: DEBUG placement.objects.research_context [req-52541463-7071-4202-8466-8788e0d3b265 req-f0787a76-b0d7-448e-b522-d6f6964fa149 service placement] getting providers with 1 DISK_GB {{(pid=103262) __init__ /opt/stack/placement/placement/objects/research_context.py:126}}
Nov 22 17:55:34.856971 n-d-818515-1 devstack@placement-api.service[103262]: DEBUG placement.objects.research_context [req-52541463-7071-4202-8466-8788e0d3b265 req-f0787a76-b0d7-448e-b522-d6f6964fa149 service placement] getting providers with 1024 MEMORY_MB {{(pid=103262) __init__ /opt/stack/placement/placement/objects/research_context.py:126}}
Nov 22 17:55:34.865166 n-d-818515-1 devstack@placement-api.service[103262]: DEBUG placement.objects.research_context [req-52541463-7071-4202-8466-8788e0d3b265 req-f0787a76-b0d7-448e-b522-d6f6964fa149 service placement] getting providers with 1 VCPU {{(pid=103262) __init__ /opt/stack/placement/placement/objects/research_context.py:126}}
Nov 22 17:55:34.871892 n-d-818515-1 devstack@placement-api.service[103262]: DEBUG placement.objects.research_context [req-52541463-7071-4202-8466-8788e0d3b265 req-f0787a76-b0d7-448e-b522-d6f6964fa149 service placement] found 2 providers with available 1 DISK_GB {{(pid=103262) get_provider_ids_matching /opt/stack/placement/placement/objects/research_context.py:549}}
Nov 22 17:55:34.872607 n-d-818515-1 devstack@placement-api.service[103262]: DEBUG placement.objects.research_context [req-52541463-7071-4202-8466-8788e0d3b265 req-f0787a76-b0d7-448e-b522-d6f6964fa149 service placement] found 2 providers with available 1024 MEMORY_MB {{(pid=103262) get_provider_ids_matching /opt/stack/placement/placement/objects/research_context.py:549}}
Nov 22 17:55:34.873160 n-d-818515-1 devstack@placement-api.service[103262]: DEBUG placement.objects.research_context [req-52541463-7071-4202-8466-8788e0d3b265 req-f0787a76-b0d7-448e-b522-d6f6964fa149 service placement] found 2 providers after filtering by previous result {{(pid=103262) get_provider_ids_matching /opt/stack/placement/placement/objects/research_context.py:580}}
Nov 22 17:55:34.873639 n-d-818515-1 devstack@placement-api.service[103262]: DEBUG placement.objects.research_context [req-52541463-7071-4202-8466-8788e0d3b265 req-f0787a76-b0d7-448e-b522-d6f6964fa149 service placement] found 2 providers with available 1 VCPU {{(pid=103262) get_provider_ids_matching /opt/stack/placement/placement/objects/research_context.py:549}}
Nov 22 17:55:34.874110 n-d-818515-1 devstack@placement-api.service[103262]: DEBUG placement.objects.research_context [req-52541463-7071-4202-8466-8788e0d3b265 req-f0787a76-b0d7-448e-b522-d6f6964fa149 service placement] found 2 providers after filtering by previous result {{(pid=103262) get_provider_ids_matching /opt/stack/placement/placement/objects/research_context.py:580}}
Nov 22 17:55:34.889399 n-d-818515-1 devstack@placement-api.service[103262]: DEBUG placement.objects.allocation_candidate [req-52541463-7071-4202-8466-8788e0d3b265 req-f0787a76-b0d7-448e-b522-d6f6964fa149 service placement] RequestGroup(use_same_provider=False, resources={DISK_GB:1, MEMORY_MB:1024, VCPU:1}, traits=[], aggregates=[]) (suffix '') returned 2 matches {{(pid=103262) _get_by_requests /opt/stack/placement/placement/objects/allocation_candidate.py:145}}
Nov 22 17:55:34.890030 n-d-818515-1 devstack@placement-api.service[103262]: DEBUG placement.objects.allocation_candidate [req-52541463-7071-4202-8466-8788e0d3b265 req-f0787a76-b0d7-448e-b522-d6f6964fa149 service placement] Merging candidates yields 2 allocation requests and 2 provider summaries {{(pid=103262) _merge_candidates /opt/stack/placement/placement/objects/allocation_candidate.py:783}}
Nov 22 17:55:34.892275 n-d-818515-1 devstack@placement-api.service[103262]: INFO placement.requestlog [req-52541463-7071-4202-8466-8788e0d3b265 req-f0787a76-b0d7-448e-b522-d6f6964fa149 service placement] 10.222.0.55 "GET /placement/allocation_candidates?limit=1000&resources=DISK_GB%3A1%2CMEMORY_MB%3A1024%2CVCPU%3A1&root_required=%21COMPUTE_STATUS_DISABLED" status: 200 len: 1309 microversion: 1.36
Nov 22 17:55:34.893101 n-d-818515-1 devstack@placement-api.service[103262]: [pid: 103262|app: 0|req: 361/729] 10.222.0.55 () {60 vars in 1506 bytes} [Mon Nov 22 17:55:34 2021] GET /placement/allocation_candidates?limit=1000&resources=DISK_GB%3A1%2CMEMORY_MB%3A1024%2CVCPU%3A1&root_required=%21COMPUTE_STATUS_DISABLED => generated 1309 bytes in 87 msecs (HTTP/1.1 200) 8 headers in 297 bytes (1 switches on core 0)
Nov 22 17:55:35.012363 n-d-818515-1 devstack@placement-api.service[103261]: DEBUG placement.requestlog [req-52541463-7071-4202-8466-8788e0d3b265 req-4d79a87a-171f-43bc-9aeb-99b33069e782 None None] Starting request: 10.222.0.55 "GET /placement/allocations/3118ebe3-ca96-4163-b218-8bca9a32103b" {{(pid=103261) __call__ /opt/stack/placement/placement/requestlog.py:55}}
Nov 22 17:55:35.042412 n-d-818515-1 devstack@placement-api.service[103261]: INFO placement.requestlog [req-52541463-7071-4202-8466-8788e0d3b265 req-4d79a87a-171f-43bc-9aeb-99b33069e782 service placement] 10.222.0.55 "GET /placement/allocations/3118ebe3-ca96-4163-b218-8bca9a32103b" status: 200 len: 19 microversion: 1.28
Nov 22 17:55:35.050884 n-d-818515-1 devstack@placement-api.service[103262]: DEBUG placement.requestlog [req-52541463-7071-4202-8466-8788e0d3b265 req-97786c61-68eb-4141-a33e-86fb4974380d None None] Starting request: 10.222.0.55 "PUT /placement/allocations/3118ebe3-ca96-4163-b218-8bca9a32103b" {{(pid=103262) __call__ /opt/stack/placement/placement/requestlog.py:55}}
Nov 22 17:55:35.051363 n-d-818515-1 devstack@placement-api.service[103261]: [pid: 103261|app: 0|req: 369/730] 10.222.0.55 () {60 vars in 1380 bytes} [Mon Nov 22 17:55:35 2021] GET /placement/allocations/3118ebe3-ca96-4163-b218-8bca9a32103b => generated 19 bytes in 39 msecs (HTTP/1.1 200) 8 headers in 295 bytes (1 switches on core 0)
Nov 22 17:55:35.504056 n-d-818515-1 devstack@placement-api.service[103262]: DEBUG placement.handlers.allocation [req-52541463-7071-4202-8466-8788e0d3b265 req-97786c61-68eb-4141-a33e-86fb4974380d service placement] Successfully wrote allocations [, , ] {{(pid=103262) _update_consumers_and_create_allocations /opt/stack/placement/placement/handlers/allocation.py:462}}
Nov 22 17:55:35.613263 n-d-818515-1 devstack@placement-api.service[103262]: INFO placement.requestlog [req-52541463-7071-4202-8466-8788e0d3b265 req-97786c61-68eb-4141-a33e-86fb4974380d service placement] 10.222.0.55 "PUT /placement/allocations/3118ebe3-ca96-4163-b218-8bca9a32103b" status: 204 len: 0 microversion: 1.36
Nov 22 17:55:35.614604 n-d-818515-1 devstack@placement-api.service[103262]: [pid: 103262|app: 0|req: 362/731] 10.222.0.55 () {64 vars in 1433 bytes} [Mon Nov 22 17:55:35 2021] PUT /placement/allocations/3118ebe3-ca96-4163-b218-8bca9a32103b => generated 0 bytes in 564 msecs (HTTP/1.1 204) 5 headers in 199 bytes (1 switches on core 0)
Nov 22 17:55:36.292816 n-d-818515-1 devstack@placement-api.service[103261]: DEBUG placement.requestlog [req-2d458e5b-d2b3-4749-a746-cc422d101852 req-7306d3d8-1bc4-4ca5-b9e5-c462d4632a91 None None] Starting request: 10.222.0.96 "GET /placement/resource_providers/c380dbf0-eabb-48b5-9c4d-af5638c1aa72/allocations" {{(pid=103261) __call__ /opt/stack/placement/placement/requestlog.py:55}}
Nov 22 17:55:36.351835 n-d-818515-1 devstack@placement-api.service[103261]: INFO placement.requestlog [req-2d458e5b-d2b3-4749-a746-cc422d101852 req-7306d3d8-1bc4-4ca5-b9e5-c462d4632a91 service placement] 10.222.0.96 "GET /placement/resource_providers/c380dbf0-eabb-48b5-9c4d-af5638c1aa72/allocations" status: 200 len: 457 microversion: 1.0
Nov 22 17:55:36.355076 n-d-818515-1 devstack@placement-api.service[103261]: [pid: 103261|app: 0|req: 370/732] 10.222.0.96 () {58 vars in 1390 bytes} [Mon Nov 22 17:55:36 2021] GET /placement/resource_providers/c380dbf0-eabb-48b5-9c4d-af5638c1aa72/allocations => generated 457 bytes in 62 msecs (HTTP/1.1 200) 6 headers in 224 bytes (2 switches on core 0)
Nov 22 17:55:37.155822 n-d-818515-1 devstack@placement-api.service[103262]: DEBUG placement.requestlog [req-52541463-7071-4202-8466-8788e0d3b265 req-0b09c080-3e00-43e1-9dfc-d98669b60287 None None] Starting request: 10.222.0.96 "GET /placement/allocations/3118ebe3-ca96-4163-b218-8bca9a32103b" {{(pid=103262) __call__ /opt/stack/placement/placement/requestlog.py:55}}
Nov 22 17:55:37.182616 n-d-818515-1 devstack@placement-api.service[103262]: INFO placement.requestlog [req-52541463-7071-4202-8466-8788e0d3b265 req-0b09c080-3e00-43e1-9dfc-d98669b60287 service placement] 10.222.0.96 "GET /placement/allocations/3118ebe3-ca96-4163-b218-8bca9a32103b" status: 200 len: 259 microversion: 1.28
Nov 22 17:55:37.185522 n-d-818515-1 devstack@placement-api.service[103262]: [pid: 103262|app: 0|req: 363/733] 10.222.0.96 () {60 vars in 1377 bytes} [Mon Nov 22 17:55:37 2021] GET /placement/allocations/3118ebe3-ca96-4163-b218-8bca9a32103b => generated 259 bytes in 30 msecs (HTTP/1.1 200) 8 headers in 296 bytes (1 switches on core 0)
Nov 22 17:55:57.239959 n-d-818515-1 devstack@placement-api.service[103261]: DEBUG placement.requestlog [req-536a053b-59e9-4302-92b7-550727828029 req-5070ca54-3228-4fab-81c0-eb6580236839 None None] Starting request: 10.222.0.96 "GET /placement/resource_providers/c380dbf0-eabb-48b5-9c4d-af5638c1aa72/allocations" {{(pid=103261) __call__ /opt/stack/placement/placement/requestlog.py:55}}
Nov 22 17:55:57.267077 n-d-818515-1 devstack@placement-api.service[103261]: INFO placement.requestlog [req-536a053b-59e9-4302-92b7-550727828029 req-5070ca54-3228-4fab-81c0-eb6580236839 service placement] 10.222.0.96 "GET /placement/resource_providers/c380dbf0-eabb-48b5-9c4d-af5638c1aa72/allocations" status: 200 len: 457 microversion: 1.0
Nov 22 17:55:57.268605 n-d-818515-1 devstack@placement-api.service[103261]: [pid: 103261|app: 0|req: 371/734] 10.222.0.96 () {58 vars in 1390 bytes} [Mon Nov 22 17:55:57 2021] GET /placement/resource_providers/c380dbf0-eabb-48b5-9c4d-af5638c1aa72/allocations => generated 457 bytes in 28 msecs (HTTP/1.1 200) 6 headers in 224 bytes (1 switches on core 0)
Nov 22 17:55:57.354215 n-d-818515-1 devstack@placement-api.service[103262]: DEBUG placement.requestlog [req-b7256804-bc53-4bcd-af31-2460a980b2de req-a4d950fe-fa79-40b2-829d-33a0e4ddf0bf None None] Starting request: 10.222.0.82 "GET /placement/resource_providers/2d9856e7-9de7-49da-b202-9c2b273661cb/allocations" {{(pid=103262) __call__ /opt/stack/placement/placement/requestlog.py:55}}
Nov 22 17:55:57.395889 n-d-818515-1 devstack@placement-api.service[103262]: INFO placement.requestlog [req-b7256804-bc53-4bcd-af31-2460a980b2de req-a4d950fe-fa79-40b2-829d-33a0e4ddf0bf service placement] 10.222.0.82 "GET /placement/resource_providers/2d9856e7-9de7-49da-b202-9c2b273661cb/allocations" status: 200 len: 342 microversion: 1.0
Nov 22 17:55:57.396437 n-d-818515-1 devstack@placement-api.service[103262]: [pid: 103262|app: 0|req: 364/735] 10.222.0.82 () {58 vars in 1390 bytes} [Mon Nov 22 17:55:57 2021] GET /placement/resource_providers/2d9856e7-9de7-49da-b202-9c2b273661cb/allocations => generated 342 bytes in 44 msecs (HTTP/1.1 200) 6 headers in 224 bytes (1 switches on core 0)
Nov 22 17:56:01.532269 n-d-818515-1 devstack@placement-api.service[103261]: DEBUG placement.requestlog [req-0f4fc765-bd0d-45b3-b799-d6b804cb9626 req-8c92ec15-1093-4b5c-81ee-aaced8293d09 None None] Starting request: 10.222.0.96 "DELETE /placement/allocations/b21a6ee6-2ae0-482f-a11a-a880c8ff049f" {{(pid=103261) __call__ /opt/stack/placement/placement/requestlog.py:55}}
Nov 22 17:56:01.849591 n-d-818515-1 devstack@placement-api.service[103261]: DEBUG placement.handlers.allocation [req-0f4fc765-bd0d-45b3-b799-d6b804cb9626 req-8c92ec15-1093-4b5c-81ee-aaced8293d09 service placement] Successfully deleted allocations [, , ] {{(pid=103261) delete_allocations /opt/stack/placement/placement/handlers/allocation.py:627}}
Nov 22 17:56:01.850077 n-d-818515-1 devstack@placement-api.service[103261]: INFO placement.requestlog [req-0f4fc765-bd0d-45b3-b799-d6b804cb9626 req-8c92ec15-1093-4b5c-81ee-aaced8293d09 service placement] 10.222.0.96 "DELETE /placement/allocations/b21a6ee6-2ae0-482f-a11a-a880c8ff049f" status: 204 len: 0 microversion: 1.0
Nov 22 17:56:01.850328 n-d-818515-1 devstack@placement-api.service[103261]: [pid: 103261|app: 0|req: 372/736] 10.222.0.96 () {60 vars in 1355 bytes} [Mon Nov 22 17:56:01 2021] DELETE /placement/allocations/b21a6ee6-2ae0-482f-a11a-a880c8ff049f => generated 0 bytes in 318 msecs (HTTP/1.1 204) 5 headers in 198 bytes (1 switches on core 0)
Nov 22 17:56:05.212175 n-d-818515-1 devstack@placement-api.service[103262]: DEBUG placement.requestlog [req-a33c4c75-1049-473f-aec2-271d805cdb10 req-0ab9dc73-0dfc-449b-9be2-24c7394be8ee None None] Starting request: 10.222.0.96 "DELETE /placement/allocations/f8555810-2aef-4489-865c-8e734c658307" {{(pid=103262) __call__ /opt/stack/placement/placement/requestlog.py:55}}
Nov 22 17:56:05.361140 n-d-818515-1 devstack@placement-api.service[103262]: DEBUG placement.handlers.allocation [req-a33c4c75-1049-473f-aec2-271d805cdb10 req-0ab9dc73-0dfc-449b-9be2-24c7394be8ee service placement] Successfully deleted allocations [, , ] {{(pid=103262) delete_allocations /opt/stack/placement/placement/handlers/allocation.py:627}}
Nov 22 17:56:05.362203 n-d-818515-1 devstack@placement-api.service[103262]: INFO placement.requestlog [req-a33c4c75-1049-473f-aec2-271d805cdb10 req-0ab9dc73-0dfc-449b-9be2-24c7394be8ee service placement] 10.222.0.96 "DELETE /placement/allocations/f8555810-2aef-4489-865c-8e734c658307" status: 204 len: 0 microversion: 1.0
Nov 22 17:56:05.362706 n-d-818515-1 devstack@placement-api.service[103262]: [pid: 103262|app: 0|req: 365/737] 10.222.0.96 () {60 vars in 1355 bytes} [Mon Nov 22 17:56:05 2021] DELETE /placement/allocations/f8555810-2aef-4489-865c-8e734c658307 => generated 0 bytes in 151 msecs (HTTP/1.1 204) 5 headers in 198 bytes (1 switches on core 0)
Nov 22 17:56:05.589597 n-d-818515-1 devstack@placement-api.service[103261]: DEBUG placement.requestlog [req-b2490f36-a984-4794-b77d-4ce93be4447c req-f7f4038b-3e66-4b00-867d-ace218e46fd1 None None] Starting request: 10.222.0.55 "GET /placement/allocation_candidates?limit=1000&resources=DISK_GB%3A1%2CMEMORY_MB%3A1024%2CVCPU%3A1&root_required=%21COMPUTE_STATUS_DISABLED" {{(pid=103261) __call__ /opt/stack/placement/placement/requestlog.py:55}}
Nov 22 17:56:05.672392 n-d-818515-1 devstack@placement-api.service[103261]: DEBUG placement.objects.research_context [req-b2490f36-a984-4794-b77d-4ce93be4447c req-f7f4038b-3e66-4b00-867d-ace218e46fd1 service placement] getting providers with 1 DISK_GB {{(pid=103261) __init__ /opt/stack/placement/placement/objects/research_context.py:126}}
Nov 22 17:56:05.694459 n-d-818515-1 devstack@placement-api.service[103261]: DEBUG placement.objects.research_context [req-b2490f36-a984-4794-b77d-4ce93be4447c req-f7f4038b-3e66-4b00-867d-ace218e46fd1 service placement] getting providers with 1024 MEMORY_MB {{(pid=103261) __init__ /opt/stack/placement/placement/objects/research_context.py:126}}
Nov 22 17:56:05.702372 n-d-818515-1 devstack@placement-api.service[103261]: DEBUG placement.objects.research_context [req-b2490f36-a984-4794-b77d-4ce93be4447c req-f7f4038b-3e66-4b00-867d-ace218e46fd1 service placement] getting providers with 1 VCPU {{(pid=103261) __init__ /opt/stack/placement/placement/objects/research_context.py:126}}
Nov 22 17:56:05.713392 n-d-818515-1 devstack@placement-api.service[103261]: DEBUG placement.objects.research_context [req-b2490f36-a984-4794-b77d-4ce93be4447c req-f7f4038b-3e66-4b00-867d-ace218e46fd1 service placement] found 2 providers with available 1 DISK_GB {{(pid=103261) get_provider_ids_matching /opt/stack/placement/placement/objects/research_context.py:549}}
Nov 22 17:56:05.713663 n-d-818515-1 devstack@placement-api.service[103261]: DEBUG placement.objects.research_context [req-b2490f36-a984-4794-b77d-4ce93be4447c req-f7f4038b-3e66-4b00-867d-ace218e46fd1 service placement] found 2 providers with available 1024 MEMORY_MB {{(pid=103261) get_provider_ids_matching /opt/stack/placement/placement/objects/research_context.py:549}}
Nov 22 17:56:05.722643 n-d-818515-1 devstack@placement-api.service[103261]: DEBUG placement.objects.research_context [req-b2490f36-a984-4794-b77d-4ce93be4447c req-f7f4038b-3e66-4b00-867d-ace218e46fd1 service placement] found 2 providers after filtering by previous result {{(pid=103261) get_provider_ids_matching /opt/stack/placement/placement/objects/research_context.py:580}}
Nov 22 17:56:05.723157 n-d-818515-1 devstack@placement-api.service[103261]: DEBUG placement.objects.research_context [req-b2490f36-a984-4794-b77d-4ce93be4447c req-f7f4038b-3e66-4b00-867d-ace218e46fd1 service placement] found 2 providers with available 1 VCPU {{(pid=103261) get_provider_ids_matching /opt/stack/placement/placement/objects/research_context.py:549}}
Nov 22 17:56:05.723819 n-d-818515-1 devstack@placement-api.service[103261]: DEBUG placement.objects.research_context [req-b2490f36-a984-4794-b77d-4ce93be4447c req-f7f4038b-3e66-4b00-867d-ace218e46fd1 service placement] found 2 providers after filtering by previous result {{(pid=103261) get_provider_ids_matching /opt/stack/placement/placement/objects/research_context.py:580}}
Nov 22 17:56:05.744128 n-d-818515-1 devstack@placement-api.service[103261]: DEBUG placement.objects.allocation_candidate [req-b2490f36-a984-4794-b77d-4ce93be4447c req-f7f4038b-3e66-4b00-867d-ace218e46fd1 service placement] RequestGroup(use_same_provider=False, resources={DISK_GB:1, MEMORY_MB:1024, VCPU:1}, traits=[], aggregates=[]) (suffix '') returned 2 matches {{(pid=103261) _get_by_requests /opt/stack/placement/placement/objects/allocation_candidate.py:145}}
Nov 22 17:56:05.747676 n-d-818515-1 devstack@placement-api.service[103261]: DEBUG placement.objects.allocation_candidate [req-b2490f36-a984-4794-b77d-4ce93be4447c req-f7f4038b-3e66-4b00-867d-ace218e46fd1 service placement] Merging candidates yields 2 allocation requests and 2 provider summaries {{(pid=103261) _merge_candidates /opt/stack/placement/placement/objects/allocation_candidate.py:783}}
Nov 22 17:56:05.749533 n-d-818515-1 devstack@placement-api.service[103261]: INFO placement.requestlog [req-b2490f36-a984-4794-b77d-4ce93be4447c req-f7f4038b-3e66-4b00-867d-ace218e46fd1 service placement] 10.222.0.55 "GET /placement/allocation_candidates?limit=1000&resources=DISK_GB%3A1%2CMEMORY_MB%3A1024%2CVCPU%3A1&root_required=%21COMPUTE_STATUS_DISABLED" status: 200 len: 1309 microversion: 1.36
Nov 22 17:56:05.764369 n-d-818515-1 devstack@placement-api.service[103261]: [pid: 103261|app: 0|req: 373/738] 10.222.0.55 () {60 vars in 1506 bytes} [Mon Nov 22 17:56:05 2021] GET /placement/allocation_candidates?limit=1000&resources=DISK_GB%3A1%2CMEMORY_MB%3A1024%2CVCPU%3A1&root_required=%21COMPUTE_STATUS_DISABLED => generated 1309 bytes in 167 msecs (HTTP/1.1 200) 8 headers in 297 bytes (1 switches on core 0)
Nov 22 17:56:05.822033 n-d-818515-1 devstack@placement-api.service[103262]: DEBUG placement.requestlog [req-b2490f36-a984-4794-b77d-4ce93be4447c req-00d06377-6e07-4960-93b4-81b5304ae463 None None] Starting request: 10.222.0.55 "GET /placement/allocations/b21a6ee6-2ae0-482f-a11a-a880c8ff049f" {{(pid=103262) __call__ /opt/stack/placement/placement/requestlog.py:55}}
Nov 22 17:56:05.840355 n-d-818515-1 devstack@placement-api.service[103262]: INFO placement.requestlog [req-b2490f36-a984-4794-b77d-4ce93be4447c req-00d06377-6e07-4960-93b4-81b5304ae463 service placement] 10.222.0.55 "GET /placement/allocations/b21a6ee6-2ae0-482f-a11a-a880c8ff049f" status: 200 len: 19 microversion: 1.28
Nov 22 17:56:05.846195 n-d-818515-1 devstack@placement-api.service[103262]: [pid: 103262|app: 0|req: 366/739] 10.222.0.55 () {60 vars in 1380 bytes} [Mon Nov 22 17:56:05 2021] GET /placement/allocations/b21a6ee6-2ae0-482f-a11a-a880c8ff049f => generated 19 bytes in 24 msecs (HTTP/1.1 200) 8 headers in 295 bytes (1 switches on core 0)
Nov 22 17:56:05.846979 n-d-818515-1 devstack@placement-api.service[103261]: DEBUG placement.requestlog [req-b2490f36-a984-4794-b77d-4ce93be4447c req-a7b5a9b3-0c11-43e9-b1bd-4ad731abbd55 None None] Starting request: 10.222.0.55 "PUT /placement/allocations/b21a6ee6-2ae0-482f-a11a-a880c8ff049f" {{(pid=103261) __call__ /opt/stack/placement/placement/requestlog.py:55}}
Nov 22 17:56:06.074204 n-d-818515-1 devstack@placement-api.service[103261]: DEBUG placement.handlers.allocation [req-b2490f36-a984-4794-b77d-4ce93be4447c req-a7b5a9b3-0c11-43e9-b1bd-4ad731abbd55 service placement] Successfully wrote allocations [, , ] {{(pid=103261) _update_consumers_and_create_allocations /opt/stack/placement/placement/handlers/allocation.py:462}}
Nov 22 17:56:06.201586 n-d-818515-1 devstack@placement-api.service[103261]: INFO placement.requestlog [req-b2490f36-a984-4794-b77d-4ce93be4447c req-a7b5a9b3-0c11-43e9-b1bd-4ad731abbd55 service placement] 10.222.0.55 "PUT /placement/allocations/b21a6ee6-2ae0-482f-a11a-a880c8ff049f" status: 204 len: 0 microversion: 1.36
Nov 22 17:56:06.202238 n-d-818515-1 devstack@placement-api.service[103261]: [pid: 103261|app: 0|req: 374/740] 10.222.0.55 () {64 vars in 1433 bytes} [Mon Nov 22 17:56:05 2021] PUT /placement/allocations/b21a6ee6-2ae0-482f-a11a-a880c8ff049f => generated 0 bytes in 355 msecs (HTTP/1.1 204) 5 headers in 199 bytes (1 switches on core 0)
Nov 22 17:56:06.906144 n-d-818515-1 devstack@placement-api.service[103262]: DEBUG placement.requestlog [req-b2490f36-a984-4794-b77d-4ce93be4447c req-1dcb92d8-4b54-4888-8f6c-5b11421c96c6 None None] Starting request: 10.222.0.82 "GET /placement/allocations/b21a6ee6-2ae0-482f-a11a-a880c8ff049f" {{(pid=103262) __call__ /opt/stack/placement/placement/requestlog.py:55}}
Nov 22 17:56:06.935225 n-d-818515-1 devstack@placement-api.service[103262]: INFO placement.requestlog [req-b2490f36-a984-4794-b77d-4ce93be4447c req-1dcb92d8-4b54-4888-8f6c-5b11421c96c6 service placement] 10.222.0.82 "GET /placement/allocations/b21a6ee6-2ae0-482f-a11a-a880c8ff049f" status: 200 len: 259 microversion: 1.28
Nov 22 17:56:06.935899 n-d-818515-1 devstack@placement-api.service[103262]: [pid: 103262|app: 0|req: 367/741] 10.222.0.82 () {60 vars in 1377 bytes} [Mon Nov 22 17:56:06 2021] GET /placement/allocations/b21a6ee6-2ae0-482f-a11a-a880c8ff049f => generated 259 bytes in 30 msecs (HTTP/1.1 200) 8 headers in 296 bytes (1 switches on core 0)
Nov 22 17:56:10.898318 n-d-818515-1 devstack@placement-api.service[103261]: DEBUG placement.requestlog [req-96cbdd7e-628f-4be9-a5d4-bc512f8cd530 req-06ba8c38-a0cf-4f99-b32c-6ea18912d2bf None None] Starting request: 10.222.0.55 "GET /placement/allocation_candidates?limit=1000&resources=DISK_GB%3A1%2CMEMORY_MB%3A1024%2CVCPU%3A1&root_required=%21COMPUTE_STATUS_DISABLED" {{(pid=103261) __call__ /opt/stack/placement/placement/requestlog.py:55}}
Nov 22 17:56:10.927994 n-d-818515-1 devstack@placement-api.service[103261]: DEBUG placement.objects.research_context [req-96cbdd7e-628f-4be9-a5d4-bc512f8cd530 req-06ba8c38-a0cf-4f99-b32c-6ea18912d2bf service placement] getting providers with 1 DISK_GB {{(pid=103261) __init__ /opt/stack/placement/placement/objects/research_context.py:126}}
Nov 22 17:56:10.934173 n-d-818515-1 devstack@placement-api.service[103261]: DEBUG placement.objects.research_context [req-96cbdd7e-628f-4be9-a5d4-bc512f8cd530 req-06ba8c38-a0cf-4f99-b32c-6ea18912d2bf service placement] getting providers with 1024 MEMORY_MB {{(pid=103261) __init__ /opt/stack/placement/placement/objects/research_context.py:126}}
Nov 22 17:56:10.941033 n-d-818515-1 devstack@placement-api.service[103261]: DEBUG placement.objects.research_context [req-96cbdd7e-628f-4be9-a5d4-bc512f8cd530 req-06ba8c38-a0cf-4f99-b32c-6ea18912d2bf service placement] getting providers with 1 VCPU {{(pid=103261) __init__ /opt/stack/placement/placement/objects/research_context.py:126}}
Nov 22 17:56:10.946453 n-d-818515-1 devstack@placement-api.service[103261]: DEBUG placement.objects.research_context [req-96cbdd7e-628f-4be9-a5d4-bc512f8cd530 req-06ba8c38-a0cf-4f99-b32c-6ea18912d2bf service placement] found 2 providers with available 1 DISK_GB {{(pid=103261) get_provider_ids_matching /opt/stack/placement/placement/objects/research_context.py:549}}
Nov 22 17:56:10.946721 n-d-818515-1 devstack@placement-api.service[103261]: DEBUG placement.objects.research_context [req-96cbdd7e-628f-4be9-a5d4-bc512f8cd530 req-06ba8c38-a0cf-4f99-b32c-6ea18912d2bf service placement] found 2 providers with available 1024 MEMORY_MB {{(pid=103261) get_provider_ids_matching /opt/stack/placement/placement/objects/research_context.py:549}}
Nov 22 17:56:10.946994 n-d-818515-1 devstack@placement-api.service[103261]: DEBUG placement.objects.research_context [req-96cbdd7e-628f-4be9-a5d4-bc512f8cd530 req-06ba8c38-a0cf-4f99-b32c-6ea18912d2bf service placement] found 2 providers after filtering by previous result {{(pid=103261) get_provider_ids_matching /opt/stack/placement/placement/objects/research_context.py:580}}
Nov 22 17:56:10.947261 n-d-818515-1 devstack@placement-api.service[103261]: DEBUG placement.objects.research_context [req-96cbdd7e-628f-4be9-a5d4-bc512f8cd530 req-06ba8c38-a0cf-4f99-b32c-6ea18912d2bf service placement] found 2 providers with available 1 VCPU {{(pid=103261) get_provider_ids_matching /opt/stack/placement/placement/objects/research_context.py:549}}
Nov 22 17:56:10.947514 n-d-818515-1 devstack@placement-api.service[103261]: DEBUG placement.objects.research_context [req-96cbdd7e-628f-4be9-a5d4-bc512f8cd530 req-06ba8c38-a0cf-4f99-b32c-6ea18912d2bf service placement] found 2 providers after filtering by previous result {{(pid=103261) get_provider_ids_matching /opt/stack/placement/placement/objects/research_context.py:580}}
Nov 22 17:56:10.958802 n-d-818515-1 devstack@placement-api.service[103261]: DEBUG placement.objects.allocation_candidate [req-96cbdd7e-628f-4be9-a5d4-bc512f8cd530 req-06ba8c38-a0cf-4f99-b32c-6ea18912d2bf service placement] RequestGroup(use_same_provider=False, resources={DISK_GB:1, MEMORY_MB:1024, VCPU:1}, traits=[], aggregates=[]) (suffix '') returned 2 matches {{(pid=103261) _get_by_requests /opt/stack/placement/placement/objects/allocation_candidate.py:145}}
Nov 22 17:56:10.959177 n-d-818515-1 devstack@placement-api.service[103261]: DEBUG placement.objects.allocation_candidate [req-96cbdd7e-628f-4be9-a5d4-bc512f8cd530 req-06ba8c38-a0cf-4f99-b32c-6ea18912d2bf service placement] Merging candidates yields 2 allocation requests and 2 provider summaries {{(pid=103261) _merge_candidates /opt/stack/placement/placement/objects/allocation_candidate.py:783}}
Nov 22 17:56:10.960803 n-d-818515-1 devstack@placement-api.service[103261]: INFO placement.requestlog [req-96cbdd7e-628f-4be9-a5d4-bc512f8cd530 req-06ba8c38-a0cf-4f99-b32c-6ea18912d2bf service placement] 10.222.0.55 "GET /placement/allocation_candidates?limit=1000&resources=DISK_GB%3A1%2CMEMORY_MB%3A1024%2CVCPU%3A1&root_required=%21COMPUTE_STATUS_DISABLED" status: 200 len: 1309 microversion: 1.36
Nov 22 17:56:10.961221 n-d-818515-1 devstack@placement-api.service[103261]: [pid: 103261|app: 0|req: 375/742] 10.222.0.55 () {60 vars in 1506 bytes} [Mon Nov 22 17:56:10 2021] GET /placement/allocation_candidates?limit=1000&resources=DISK_GB%3A1%2CMEMORY_MB%3A1024%2CVCPU%3A1&root_required=%21COMPUTE_STATUS_DISABLED => generated 1309 bytes in 77 msecs (HTTP/1.1 200) 8 headers in 297 bytes (2 switches on core 0)
Nov 22 17:56:11.010643 n-d-818515-1 devstack@placement-api.service[103262]: DEBUG placement.requestlog [req-96cbdd7e-628f-4be9-a5d4-bc512f8cd530 req-a114fe55-6751-4418-956b-c65f0896b8f4 None None] Starting request: 10.222.0.55 "GET /placement/allocations/f8555810-2aef-4489-865c-8e734c658307" {{(pid=103262) __call__ /opt/stack/placement/placement/requestlog.py:55}}
Nov 22 17:56:11.022352 n-d-818515-1 devstack@placement-api.service[103262]: INFO placement.requestlog [req-96cbdd7e-628f-4be9-a5d4-bc512f8cd530 req-a114fe55-6751-4418-956b-c65f0896b8f4 service placement] 10.222.0.55 "GET /placement/allocations/f8555810-2aef-4489-865c-8e734c658307" status: 200 len: 19 microversion: 1.28
Nov 22 17:56:11.022750 n-d-818515-1 devstack@placement-api.service[103262]: [pid: 103262|app: 0|req: 368/743] 10.222.0.55 () {60 vars in 1380 bytes} [Mon Nov 22 17:56:11 2021] GET /placement/allocations/f8555810-2aef-4489-865c-8e734c658307 => generated 19 bytes in 12 msecs (HTTP/1.1 200) 8 headers in 295 bytes (1 switches on core 0)
Nov 22 17:56:11.028471 n-d-818515-1 devstack@placement-api.service[103261]: DEBUG placement.requestlog [req-96cbdd7e-628f-4be9-a5d4-bc512f8cd530 req-5d628f54-720b-471a-8151-bd49531cc17f None None] Starting request: 10.222.0.55 "PUT /placement/allocations/f8555810-2aef-4489-865c-8e734c658307" {{(pid=103261) __call__ /opt/stack/placement/placement/requestlog.py:55}}
Nov 22 17:56:11.249937 n-d-818515-1 devstack@placement-api.service[103261]: DEBUG placement.handlers.allocation [req-96cbdd7e-628f-4be9-a5d4-bc512f8cd530 req-5d628f54-720b-471a-8151-bd49531cc17f service placement] Successfully wrote allocations [, , ] {{(pid=103261) _update_consumers_and_create_allocations /opt/stack/placement/placement/handlers/allocation.py:462}}
Nov 22 17:56:11.304029 n-d-818515-1 devstack@placement-api.service[103262]: DEBUG placement.requestlog [req-a3037d9e-93b4-49b3-86ea-f379e2a6b842 req-914876aa-6242-4e94-9393-dba340779c78 None None] Starting request: 10.222.0.55 "GET /placement/allocation_candidates?limit=1000&resources=DISK_GB%3A1%2CMEMORY_MB%3A1024%2CVCPU%3A1&root_required=%21COMPUTE_STATUS_DISABLED" {{(pid=103262) __call__ /opt/stack/placement/placement/requestlog.py:55}}
Nov 22 17:56:11.326368 n-d-818515-1 devstack@placement-api.service[103261]: INFO placement.requestlog [req-96cbdd7e-628f-4be9-a5d4-bc512f8cd530 req-5d628f54-720b-471a-8151-bd49531cc17f service placement] 10.222.0.55 "PUT /placement/allocations/f8555810-2aef-4489-865c-8e734c658307" status: 204 len: 0 microversion: 1.36
Nov 22 17:56:11.346357 n-d-818515-1 devstack@placement-api.service[103261]: [pid: 103261|app: 0|req: 376/744] 10.222.0.55 () {64 vars in 1433 bytes} [Mon Nov 22 17:56:11 2021] PUT /placement/allocations/f8555810-2aef-4489-865c-8e734c658307 => generated 0 bytes in 299 msecs (HTTP/1.1 204) 5 headers in 199 bytes (1 switches on core 0)
Nov 22 17:56:11.457271 n-d-818515-1 devstack@placement-api.service[103262]: DEBUG placement.objects.research_context [req-a3037d9e-93b4-49b3-86ea-f379e2a6b842 req-914876aa-6242-4e94-9393-dba340779c78 service placement] getting providers with 1 DISK_GB {{(pid=103262) __init__ /opt/stack/placement/placement/objects/research_context.py:126}}
Nov 22 17:56:11.495156 n-d-818515-1 devstack@placement-api.service[103262]: DEBUG placement.objects.research_context [req-a3037d9e-93b4-49b3-86ea-f379e2a6b842 req-914876aa-6242-4e94-9393-dba340779c78 service placement] getting providers with 1024 MEMORY_MB {{(pid=103262) __init__ /opt/stack/placement/placement/objects/research_context.py:126}}
Nov 22 17:56:11.520480 n-d-818515-1 devstack@placement-api.service[103262]: DEBUG placement.objects.research_context [req-a3037d9e-93b4-49b3-86ea-f379e2a6b842 req-914876aa-6242-4e94-9393-dba340779c78 service placement] getting providers with 1 VCPU {{(pid=103262) __init__ /opt/stack/placement/placement/objects/research_context.py:126}}
Nov 22 17:56:11.547888 n-d-818515-1 devstack@placement-api.service[103262]: DEBUG placement.objects.research_context [req-a3037d9e-93b4-49b3-86ea-f379e2a6b842 req-914876aa-6242-4e94-9393-dba340779c78 service placement] found 2 providers with available 1 DISK_GB {{(pid=103262) get_provider_ids_matching /opt/stack/placement/placement/objects/research_context.py:549}}
Nov 22 17:56:11.549484 n-d-818515-1 devstack@placement-api.service[103262]: DEBUG placement.objects.research_context [req-a3037d9e-93b4-49b3-86ea-f379e2a6b842 req-914876aa-6242-4e94-9393-dba340779c78 service placement] found 2 providers with available 1024 MEMORY_MB {{(pid=103262) get_provider_ids_matching /opt/stack/placement/placement/objects/research_context.py:549}}
Nov 22 17:56:11.553033 n-d-818515-1 devstack@placement-api.service[103262]: DEBUG placement.objects.research_context [req-a3037d9e-93b4-49b3-86ea-f379e2a6b842 req-914876aa-6242-4e94-9393-dba340779c78 service placement] found 2 providers after filtering by previous result {{(pid=103262) get_provider_ids_matching /opt/stack/placement/placement/objects/research_context.py:580}}
