Nov 19 04:00:04.180032 n-d-818503-1 devstack@placement-api.service[110468]: [pid: 110468|app: 0|req: 263/519] 10.222.0.52 () {60 vars in 1380 bytes} [Fri Nov 19 04:00:04 2021] GET /placement/allocations/972034e5-a63e-4f42-9758-2209e8c1c74a => generated 259 bytes in 42 msecs (HTTP/1.1 200) 8 headers in 296 bytes (1 switches on core 0)
Nov 19 04:00:04.281341 n-d-818503-1 devstack@placement-api.service[110469]: DEBUG placement.requestlog [req-f974a149-9b29-44ce-bae7-5afc4b6e174b req-7e050bdc-8237-4ab8-aa5a-9eae61ce2bfd None None] Starting request: 10.222.0.52 "GET /placement/allocations/5cca1e5e-899a-42dc-86fb-afdd79fc5c57" {{(pid=110469) __call__ /opt/stack/placement/placement/requestlog.py:55}}
Nov 19 04:00:04.287081 n-d-818503-1 devstack@placement-api.service[110469]: INFO placement.requestlog [req-f974a149-9b29-44ce-bae7-5afc4b6e174b req-7e050bdc-8237-4ab8-aa5a-9eae61ce2bfd service placement] 10.222.0.52 "GET /placement/allocations/5cca1e5e-899a-42dc-86fb-afdd79fc5c57" status: 200 len: 19 microversion: 1.28
Nov 19 04:00:04.297282 n-d-818503-1 devstack@placement-api.service[110468]: DEBUG placement.requestlog [req-f974a149-9b29-44ce-bae7-5afc4b6e174b req-5bdbd275-fb80-4dfc-b99e-8177d88206bf None None] Starting request: 10.222.0.52 "POST /placement/allocations" {{(pid=110468) __call__ /opt/stack/placement/placement/requestlog.py:55}}
Nov 19 04:00:04.303573 n-d-818503-1 devstack@placement-api.service[110469]: [pid: 110469|app: 0|req: 257/520] 10.222.0.52 () {60 vars in 1380 bytes} [Fri Nov 19 04:00:04 2021] GET /placement/allocations/5cca1e5e-899a-42dc-86fb-afdd79fc5c57 => generated 19 bytes in 51 msecs (HTTP/1.1 200) 8 headers in 295 bytes (2 switches on core 0)
Nov 19 04:00:04.483629 n-d-818503-1 devstack@placement-api.service[110468]: DEBUG placement.handlers.allocation [req-f974a149-9b29-44ce-bae7-5afc4b6e174b req-5bdbd275-fb80-4dfc-b99e-8177d88206bf service placement] Successfully wrote allocations [, , , , , ] {{(pid=110468) _update_consumers_and_create_allocations /opt/stack/placement/placement/handlers/allocation.py:572}}
Nov 19 04:00:04.492026 n-d-818503-1 devstack@placement-api.service[110468]: INFO placement.requestlog [req-f974a149-9b29-44ce-bae7-5afc4b6e174b req-5bdbd275-fb80-4dfc-b99e-8177d88206bf service placement] 10.222.0.52 "POST /placement/allocations" status: 204 len: 0 microversion: 1.28
Nov 19 04:00:04.492901 n-d-818503-1 devstack@placement-api.service[110468]: [pid: 110468|app: 0|req: 264/521] 10.222.0.52 () {64 vars in 1323 bytes} [Fri Nov 19 04:00:04 2021] POST /placement/allocations => generated 0 bytes in 196 msecs (HTTP/1.1 204) 5 headers in 199 bytes (2 switches on core 0)
Nov 19 04:00:04.525830 n-d-818503-1 devstack@placement-api.service[110469]: DEBUG placement.requestlog [req-f974a149-9b29-44ce-bae7-5afc4b6e174b req-0641e5c4-bc42-4814-8b86-2b50398d5063 None None] Starting request: 10.222.0.52 "GET /placement/allocation_candidates?limit=1000&resources=DISK_GB%3A1%2CMEMORY_MB%3A512%2CVCPU%3A1&root_required=%21COMPUTE_STATUS_DISABLED" {{(pid=110469) __call__ /opt/stack/placement/placement/requestlog.py:55}}
Nov 19 04:00:04.597789 n-d-818503-1 devstack@placement-api.service[110469]: DEBUG placement.objects.research_context [req-f974a149-9b29-44ce-bae7-5afc4b6e174b req-0641e5c4-bc42-4814-8b86-2b50398d5063 service placement] getting providers with 1 DISK_GB {{(pid=110469) __init__ /opt/stack/placement/placement/objects/research_context.py:126}}
Nov 19 04:00:04.626028 n-d-818503-1 devstack@placement-api.service[110469]: DEBUG placement.objects.research_context [req-f974a149-9b29-44ce-bae7-5afc4b6e174b req-0641e5c4-bc42-4814-8b86-2b50398d5063 service placement] getting providers with 512 MEMORY_MB {{(pid=110469) __init__ /opt/stack/placement/placement/objects/research_context.py:126}}
Nov 19 04:00:04.645267 n-d-818503-1 devstack@placement-api.service[110469]: DEBUG placement.objects.research_context [req-f974a149-9b29-44ce-bae7-5afc4b6e174b req-0641e5c4-bc42-4814-8b86-2b50398d5063 service placement] getting providers with 1 VCPU {{(pid=110469) __init__ /opt/stack/placement/placement/objects/research_context.py:126}}
Nov 19 04:00:04.655597 n-d-818503-1 devstack@placement-api.service[110469]: DEBUG placement.objects.research_context [req-f974a149-9b29-44ce-bae7-5afc4b6e174b req-0641e5c4-bc42-4814-8b86-2b50398d5063 service placement] found 2 providers with available 1 DISK_GB {{(pid=110469) get_provider_ids_matching /opt/stack/placement/placement/objects/research_context.py:549}}
Nov 19 04:00:04.656599 n-d-818503-1 devstack@placement-api.service[110469]: DEBUG placement.objects.research_context [req-f974a149-9b29-44ce-bae7-5afc4b6e174b req-0641e5c4-bc42-4814-8b86-2b50398d5063 service placement] found 2 providers with available 512 MEMORY_MB {{(pid=110469) get_provider_ids_matching /opt/stack/placement/placement/objects/research_context.py:549}}
Nov 19 04:00:04.658909 n-d-818503-1 devstack@placement-api.service[110469]: DEBUG placement.objects.research_context [req-f974a149-9b29-44ce-bae7-5afc4b6e174b req-0641e5c4-bc42-4814-8b86-2b50398d5063 service placement] found 2 providers after filtering by previous result {{(pid=110469) get_provider_ids_matching /opt/stack/placement/placement/objects/research_context.py:580}}
Nov 19 04:00:04.659368 n-d-818503-1 devstack@placement-api.service[110469]: DEBUG placement.objects.research_context [req-f974a149-9b29-44ce-bae7-5afc4b6e174b req-0641e5c4-bc42-4814-8b86-2b50398d5063 service placement] found 2 providers with available 1 VCPU {{(pid=110469) get_provider_ids_matching /opt/stack/placement/placement/objects/research_context.py:549}}
Nov 19 04:00:04.659806 n-d-818503-1 devstack@placement-api.service[110469]: DEBUG placement.objects.research_context [req-f974a149-9b29-44ce-bae7-5afc4b6e174b req-0641e5c4-bc42-4814-8b86-2b50398d5063 service placement] found 2 providers after filtering by previous result {{(pid=110469) get_provider_ids_matching /opt/stack/placement/placement/objects/research_context.py:580}}
Nov 19 04:00:04.675345 n-d-818503-1 devstack@placement-api.service[110469]: DEBUG placement.objects.allocation_candidate [req-f974a149-9b29-44ce-bae7-5afc4b6e174b req-0641e5c4-bc42-4814-8b86-2b50398d5063 service placement] RequestGroup(use_same_provider=False, resources={DISK_GB:1, MEMORY_MB:512, VCPU:1}, traits=[], aggregates=[]) (suffix '') returned 2 matches {{(pid=110469) _get_by_requests /opt/stack/placement/placement/objects/allocation_candidate.py:145}}
Nov 19 04:00:04.676089 n-d-818503-1 devstack@placement-api.service[110469]: DEBUG placement.objects.allocation_candidate [req-f974a149-9b29-44ce-bae7-5afc4b6e174b req-0641e5c4-bc42-4814-8b86-2b50398d5063 service placement] Merging candidates yields 2 allocation requests and 2 provider summaries {{(pid=110469) _merge_candidates /opt/stack/placement/placement/objects/allocation_candidate.py:783}}
Nov 19 04:00:04.678196 n-d-818503-1 devstack@placement-api.service[110469]: INFO placement.requestlog [req-f974a149-9b29-44ce-bae7-5afc4b6e174b req-0641e5c4-bc42-4814-8b86-2b50398d5063 service placement] 10.222.0.52 "GET /placement/allocation_candidates?limit=1000&resources=DISK_GB%3A1%2CMEMORY_MB%3A512%2CVCPU%3A1&root_required=%21COMPUTE_STATUS_DISABLED" status: 200 len: 1307 microversion: 1.36
Nov 19 04:00:04.678923 n-d-818503-1 devstack@placement-api.service[110469]: [pid: 110469|app: 0|req: 258/522] 10.222.0.52 () {60 vars in 1504 bytes} [Fri Nov 19 04:00:04 2021] GET /placement/allocation_candidates?limit=1000&resources=DISK_GB%3A1%2CMEMORY_MB%3A512%2CVCPU%3A1&root_required=%21COMPUTE_STATUS_DISABLED => generated 1307 bytes in 153 msecs (HTTP/1.1 200) 8 headers in 297 bytes (1 switches on core 0)
Nov 19 04:00:04.786288 n-d-818503-1 devstack@placement-api.service[110468]: DEBUG placement.requestlog [req-f974a149-9b29-44ce-bae7-5afc4b6e174b req-1f5ca77d-dfc3-4ba5-adf9-dca642aca5b0 None None] Starting request: 10.222.0.52 "GET /placement/allocations/972034e5-a63e-4f42-9758-2209e8c1c74a" {{(pid=110468) __call__ /opt/stack/placement/placement/requestlog.py:55}}
Nov 19 04:00:04.801123 n-d-818503-1 devstack@placement-api.service[110468]: INFO placement.requestlog [req-f974a149-9b29-44ce-bae7-5afc4b6e174b req-1f5ca77d-dfc3-4ba5-adf9-dca642aca5b0 service placement] 10.222.0.52 "GET /placement/allocations/972034e5-a63e-4f42-9758-2209e8c1c74a" status: 200 len: 19 microversion: 1.28
Nov 19 04:00:04.801366 n-d-818503-1 devstack@placement-api.service[110468]: [pid: 110468|app: 0|req: 265/523] 10.222.0.52 () {60 vars in 1380 bytes} [Fri Nov 19 04:00:04 2021] GET /placement/allocations/972034e5-a63e-4f42-9758-2209e8c1c74a => generated 19 bytes in 15 msecs (HTTP/1.1 200) 8 headers in 295 bytes (1 switches on core 0)
Nov 19 04:00:04.810025 n-d-818503-1 devstack@placement-api.service[110469]: DEBUG placement.requestlog [req-f974a149-9b29-44ce-bae7-5afc4b6e174b req-5127bf92-e0b9-4c74-8b99-a416dd7dde21 None None] Starting request: 10.222.0.52 "PUT /placement/allocations/972034e5-a63e-4f42-9758-2209e8c1c74a" {{(pid=110469) __call__ /opt/stack/placement/placement/requestlog.py:55}}
Nov 19 04:00:04.921612 n-d-818503-1 devstack@placement-api.service[110469]: DEBUG placement.handlers.allocation [req-f974a149-9b29-44ce-bae7-5afc4b6e174b req-5127bf92-e0b9-4c74-8b99-a416dd7dde21 service placement] Successfully wrote allocations [, , ] {{(pid=110469) _update_consumers_and_create_allocations /opt/stack/placement/placement/handlers/allocation.py:462}}
Nov 19 04:00:04.927409 n-d-818503-1 devstack@placement-api.service[110469]: INFO placement.requestlog [req-f974a149-9b29-44ce-bae7-5afc4b6e174b req-5127bf92-e0b9-4c74-8b99-a416dd7dde21 service placement] 10.222.0.52 "PUT /placement/allocations/972034e5-a63e-4f42-9758-2209e8c1c74a" status: 204 len: 0 microversion: 1.36
Nov 19 04:00:04.929664 n-d-818503-1 devstack@placement-api.service[110469]: [pid: 110469|app: 0|req: 259/524] 10.222.0.52 () {64 vars in 1433 bytes} [Fri Nov 19 04:00:04 2021] PUT /placement/allocations/972034e5-a63e-4f42-9758-2209e8c1c74a => generated 0 bytes in 120 msecs (HTTP/1.1 204) 5 headers in 199 bytes (1 switches on core 0)
Nov 19 04:00:05.203908 n-d-818503-1 devstack@placement-api.service[110468]: DEBUG placement.requestlog [req-f974a149-9b29-44ce-bae7-5afc4b6e174b req-806988a6-e480-424a-9533-d11a7292b056 None None] Starting request: 10.222.0.36 "GET /placement/allocations/972034e5-a63e-4f42-9758-2209e8c1c74a" {{(pid=110468) __call__ /opt/stack/placement/placement/requestlog.py:55}}
Nov 19 04:00:05.236658 n-d-818503-1 devstack@placement-api.service[110468]: INFO placement.requestlog [req-f974a149-9b29-44ce-bae7-5afc4b6e174b req-806988a6-e480-424a-9533-d11a7292b056 service placement] 10.222.0.36 "GET /placement/allocations/972034e5-a63e-4f42-9758-2209e8c1c74a" status: 200 len: 258 microversion: 1.28
Nov 19 04:00:05.237891 n-d-818503-1 devstack@placement-api.service[110468]: [pid: 110468|app: 0|req: 266/525] 10.222.0.36 () {60 vars in 1377 bytes} [Fri Nov 19 04:00:05 2021] GET /placement/allocations/972034e5-a63e-4f42-9758-2209e8c1c74a => generated 258 bytes in 37 msecs (HTTP/1.1 200) 8 headers in 296 bytes (1 switches on core 0)
Nov 19 04:00:09.975692 n-d-818503-1 devstack@placement-api.service[110469]: DEBUG placement.requestlog [req-4701fde7-798c-4538-a1dc-13d6b46ab74a req-21a499b4-cc77-4764-af19-d077913050ad None None] Starting request: 10.222.0.52 "GET /placement/allocation_candidates?limit=1000&resources=DISK_GB%3A1%2CMEMORY_MB%3A1024%2CVCPU%3A1&root_required=%21COMPUTE_STATUS_DISABLED" {{(pid=110469) __call__ /opt/stack/placement/placement/requestlog.py:55}}
Nov 19 04:00:10.044839 n-d-818503-1 devstack@placement-api.service[110469]: DEBUG placement.objects.research_context [req-4701fde7-798c-4538-a1dc-13d6b46ab74a req-21a499b4-cc77-4764-af19-d077913050ad service placement] getting providers with 1 DISK_GB {{(pid=110469) __init__ /opt/stack/placement/placement/objects/research_context.py:126}}
Nov 19 04:00:10.055163 n-d-818503-1 devstack@placement-api.service[110469]: DEBUG placement.objects.research_context [req-4701fde7-798c-4538-a1dc-13d6b46ab74a req-21a499b4-cc77-4764-af19-d077913050ad service placement] getting providers with 1024 MEMORY_MB {{(pid=110469) __init__ /opt/stack/placement/placement/objects/research_context.py:126}}
Nov 19 04:00:10.065514 n-d-818503-1 devstack@placement-api.service[110469]: DEBUG placement.objects.research_context [req-4701fde7-798c-4538-a1dc-13d6b46ab74a req-21a499b4-cc77-4764-af19-d077913050ad service placement] getting providers with 1 VCPU {{(pid=110469) __init__ /opt/stack/placement/placement/objects/research_context.py:126}}
Nov 19 04:00:10.072919 n-d-818503-1 devstack@placement-api.service[110469]: DEBUG placement.objects.research_context [req-4701fde7-798c-4538-a1dc-13d6b46ab74a req-21a499b4-cc77-4764-af19-d077913050ad service placement] found 2 providers with available 1 DISK_GB {{(pid=110469) get_provider_ids_matching /opt/stack/placement/placement/objects/research_context.py:549}}
Nov 19 04:00:10.073273 n-d-818503-1 devstack@placement-api.service[110469]: DEBUG placement.objects.research_context [req-4701fde7-798c-4538-a1dc-13d6b46ab74a req-21a499b4-cc77-4764-af19-d077913050ad service placement] found 2 providers with available 1024 MEMORY_MB {{(pid=110469) get_provider_ids_matching /opt/stack/placement/placement/objects/research_context.py:549}}
Nov 19 04:00:10.073608 n-d-818503-1 devstack@placement-api.service[110469]: DEBUG placement.objects.research_context [req-4701fde7-798c-4538-a1dc-13d6b46ab74a req-21a499b4-cc77-4764-af19-d077913050ad service placement] found 2 providers after filtering by previous result {{(pid=110469) get_provider_ids_matching /opt/stack/placement/placement/objects/research_context.py:580}}
Nov 19 04:00:10.074102 n-d-818503-1 devstack@placement-api.service[110469]: DEBUG placement.objects.research_context [req-4701fde7-798c-4538-a1dc-13d6b46ab74a req-21a499b4-cc77-4764-af19-d077913050ad service placement] found 2 providers with available 1 VCPU {{(pid=110469) get_provider_ids_matching /opt/stack/placement/placement/objects/research_context.py:549}}
Nov 19 04:00:10.074393 n-d-818503-1 devstack@placement-api.service[110469]: DEBUG placement.objects.research_context [req-4701fde7-798c-4538-a1dc-13d6b46ab74a req-21a499b4-cc77-4764-af19-d077913050ad service placement] found 2 providers after filtering by previous result {{(pid=110469) get_provider_ids_matching /opt/stack/placement/placement/objects/research_context.py:580}}
Nov 19 04:00:10.088742 n-d-818503-1 devstack@placement-api.service[110469]: DEBUG placement.objects.allocation_candidate [req-4701fde7-798c-4538-a1dc-13d6b46ab74a req-21a499b4-cc77-4764-af19-d077913050ad service placement] RequestGroup(use_same_provider=False, resources={DISK_GB:1, MEMORY_MB:1024, VCPU:1}, traits=[], aggregates=[]) (suffix '') returned 2 matches {{(pid=110469) _get_by_requests /opt/stack/placement/placement/objects/allocation_candidate.py:145}}
Nov 19 04:00:10.089409 n-d-818503-1 devstack@placement-api.service[110469]: DEBUG placement.objects.allocation_candidate [req-4701fde7-798c-4538-a1dc-13d6b46ab74a req-21a499b4-cc77-4764-af19-d077913050ad service placement] Merging candidates yields 2 allocation requests and 2 provider summaries {{(pid=110469) _merge_candidates /opt/stack/placement/placement/objects/allocation_candidate.py:783}}
Nov 19 04:00:10.094464 n-d-818503-1 devstack@placement-api.service[110469]: INFO placement.requestlog [req-4701fde7-798c-4538-a1dc-13d6b46ab74a req-21a499b4-cc77-4764-af19-d077913050ad service placement] 10.222.0.52 "GET /placement/allocation_candidates?limit=1000&resources=DISK_GB%3A1%2CMEMORY_MB%3A1024%2CVCPU%3A1&root_required=%21COMPUTE_STATUS_DISABLED" status: 200 len: 1309 microversion: 1.36
Nov 19 04:00:10.099427 n-d-818503-1 devstack@placement-api.service[110469]: [pid: 110469|app: 0|req: 260/526] 10.222.0.52 () {60 vars in 1506 bytes} [Fri Nov 19 04:00:09 2021] GET /placement/allocation_candidates?limit=1000&resources=DISK_GB%3A1%2CMEMORY_MB%3A1024%2CVCPU%3A1&root_required=%21COMPUTE_STATUS_DISABLED => generated 1309 bytes in 124 msecs (HTTP/1.1 200) 8 headers in 297 bytes (1 switches on core 0)
Nov 19 04:00:10.158716 n-d-818503-1 devstack@placement-api.service[110468]: DEBUG placement.requestlog [req-4701fde7-798c-4538-a1dc-13d6b46ab74a req-3d7cdef4-1d92-4617-8d23-f90b91da442c None None] Starting request: 10.222.0.52 "GET /placement/allocations/218cd006-f872-4fc4-983b-9f22717d7b6e" {{(pid=110468) __call__ /opt/stack/placement/placement/requestlog.py:55}}
Nov 19 04:00:10.180029 n-d-818503-1 devstack@placement-api.service[110468]: INFO placement.requestlog [req-4701fde7-798c-4538-a1dc-13d6b46ab74a req-3d7cdef4-1d92-4617-8d23-f90b91da442c service placement] 10.222.0.52 "GET /placement/allocations/218cd006-f872-4fc4-983b-9f22717d7b6e" status: 200 len: 19 microversion: 1.28
Nov 19 04:00:10.180250 n-d-818503-1 devstack@placement-api.service[110468]: [pid: 110468|app: 0|req: 267/527] 10.222.0.52 () {60 vars in 1380 bytes} [Fri Nov 19 04:00:10 2021] GET /placement/allocations/218cd006-f872-4fc4-983b-9f22717d7b6e => generated 19 bytes in 22 msecs (HTTP/1.1 200) 8 headers in 295 bytes (1 switches on core 0)
Nov 19 04:00:10.193309 n-d-818503-1 devstack@placement-api.service[110469]: DEBUG placement.requestlog [req-4701fde7-798c-4538-a1dc-13d6b46ab74a req-5d43a312-2279-4588-913f-47cc6c8987ea None None] Starting request: 10.222.0.52 "PUT /placement/allocations/218cd006-f872-4fc4-983b-9f22717d7b6e" {{(pid=110469) __call__ /opt/stack/placement/placement/requestlog.py:55}}
Nov 19 04:00:10.313785 n-d-818503-1 devstack@placement-api.service[110469]: DEBUG placement.handlers.allocation [req-4701fde7-798c-4538-a1dc-13d6b46ab74a req-5d43a312-2279-4588-913f-47cc6c8987ea service placement] Successfully wrote allocations [, , ] {{(pid=110469) _update_consumers_and_create_allocations /opt/stack/placement/placement/handlers/allocation.py:462}}
Nov 19 04:00:10.321777 n-d-818503-1 devstack@placement-api.service[110469]: INFO placement.requestlog [req-4701fde7-798c-4538-a1dc-13d6b46ab74a req-5d43a312-2279-4588-913f-47cc6c8987ea service placement] 10.222.0.52 "PUT /placement/allocations/218cd006-f872-4fc4-983b-9f22717d7b6e" status: 204 len: 0 microversion: 1.36
Nov 19 04:00:10.322792 n-d-818503-1 devstack@placement-api.service[110469]: [pid: 110469|app: 0|req: 261/528] 10.222.0.52 () {64 vars in 1433 bytes} [Fri Nov 19 04:00:10 2021] PUT /placement/allocations/218cd006-f872-4fc4-983b-9f22717d7b6e => generated 0 bytes in 129 msecs (HTTP/1.1 204) 5 headers in 199 bytes (1 switches on core 0)
Nov 19 04:00:10.807247 n-d-818503-1 devstack@placement-api.service[110468]: DEBUG placement.requestlog [req-4701fde7-798c-4538-a1dc-13d6b46ab74a req-92cc4546-f383-4a77-be4a-ee0bdc6b940d None None] Starting request: 10.222.0.36 "GET /placement/allocations/218cd006-f872-4fc4-983b-9f22717d7b6e" {{(pid=110468) __call__ /opt/stack/placement/placement/requestlog.py:55}}
Nov 19 04:00:10.842062 n-d-818503-1 devstack@placement-api.service[110468]: INFO placement.requestlog [req-4701fde7-798c-4538-a1dc-13d6b46ab74a req-92cc4546-f383-4a77-be4a-ee0bdc6b940d service placement] 10.222.0.36 "GET /placement/allocations/218cd006-f872-4fc4-983b-9f22717d7b6e" status: 200 len: 259 microversion: 1.28
Nov 19 04:00:10.843349 n-d-818503-1 devstack@placement-api.service[110468]: [pid: 110468|app: 0|req: 268/529] 10.222.0.36 () {60 vars in 1377 bytes} [Fri Nov 19 04:00:10 2021] GET /placement/allocations/218cd006-f872-4fc4-983b-9f22717d7b6e => generated 259 bytes in 37 msecs (HTTP/1.1 200) 8 headers in 296 bytes (1 switches on core 0)
Nov 19 04:00:17.588377 n-d-818503-1 devstack@placement-api.service[110469]: DEBUG placement.requestlog [req-f9970dae-338f-45d1-a53d-2d7a69e48b5d req-e1af65d4-67c1-4ca1-ad7d-3f4169150d11 None None] Starting request: 10.222.0.52 "GET /placement/allocation_candidates?limit=1000&resources=DISK_GB%3A1%2CMEMORY_MB%3A1024%2CVCPU%3A1&root_required=%21COMPUTE_STATUS_DISABLED" {{(pid=110469) __call__ /opt/stack/placement/placement/requestlog.py:55}}
Nov 19 04:00:17.619856 n-d-818503-1 devstack@placement-api.service[110469]: DEBUG placement.objects.research_context [req-f9970dae-338f-45d1-a53d-2d7a69e48b5d req-e1af65d4-67c1-4ca1-ad7d-3f4169150d11 service placement] getting providers with 1 DISK_GB {{(pid=110469) __init__ /opt/stack/placement/placement/objects/research_context.py:126}}
Nov 19 04:00:17.626948 n-d-818503-1 devstack@placement-api.service[110469]: DEBUG placement.objects.research_context [req-f9970dae-338f-45d1-a53d-2d7a69e48b5d req-e1af65d4-67c1-4ca1-ad7d-3f4169150d11 service placement] getting providers with 1024 MEMORY_MB {{(pid=110469) __init__ /opt/stack/placement/placement/objects/research_context.py:126}}
Nov 19 04:00:17.633004 n-d-818503-1 devstack@placement-api.service[110469]: DEBUG placement.objects.research_context [req-f9970dae-338f-45d1-a53d-2d7a69e48b5d req-e1af65d4-67c1-4ca1-ad7d-3f4169150d11 service placement] getting providers with 1 VCPU {{(pid=110469) __init__ /opt/stack/placement/placement/objects/research_context.py:126}}
Nov 19 04:00:17.639709 n-d-818503-1 devstack@placement-api.service[110469]: DEBUG placement.objects.research_context [req-f9970dae-338f-45d1-a53d-2d7a69e48b5d req-e1af65d4-67c1-4ca1-ad7d-3f4169150d11 service placement] found 2 providers with available 1 DISK_GB {{(pid=110469) get_provider_ids_matching /opt/stack/placement/placement/objects/research_context.py:549}}
Nov 19 04:00:17.639709 n-d-818503-1 devstack@placement-api.service[110469]: DEBUG placement.objects.research_context [req-f9970dae-338f-45d1-a53d-2d7a69e48b5d req-e1af65d4-67c1-4ca1-ad7d-3f4169150d11 service placement] found 2 providers with available 1024 MEMORY_MB {{(pid=110469) get_provider_ids_matching /opt/stack/placement/placement/objects/research_context.py:549}}
Nov 19 04:00:17.639908 n-d-818503-1 devstack@placement-api.service[110469]: DEBUG placement.objects.research_context [req-f9970dae-338f-45d1-a53d-2d7a69e48b5d req-e1af65d4-67c1-4ca1-ad7d-3f4169150d11 service placement] found 2 providers after filtering by previous result {{(pid=110469) get_provider_ids_matching /opt/stack/placement/placement/objects/research_context.py:580}}
Nov 19 04:00:17.640110 n-d-818503-1 devstack@placement-api.service[110469]: DEBUG placement.objects.research_context [req-f9970dae-338f-45d1-a53d-2d7a69e48b5d req-e1af65d4-67c1-4ca1-ad7d-3f4169150d11 service placement] found 2 providers with available 1 VCPU {{(pid=110469) get_provider_ids_matching /opt/stack/placement/placement/objects/research_context.py:549}}
Nov 19 04:00:17.640288 n-d-818503-1 devstack@placement-api.service[110469]: DEBUG placement.objects.research_context [req-f9970dae-338f-45d1-a53d-2d7a69e48b5d req-e1af65d4-67c1-4ca1-ad7d-3f4169150d11 service placement] found 2 providers after filtering by previous result {{(pid=110469) get_provider_ids_matching /opt/stack/placement/placement/objects/research_context.py:580}}
Nov 19 04:00:17.657690 n-d-818503-1 devstack@placement-api.service[110469]: DEBUG placement.objects.allocation_candidate [req-f9970dae-338f-45d1-a53d-2d7a69e48b5d req-e1af65d4-67c1-4ca1-ad7d-3f4169150d11 service placement] RequestGroup(use_same_provider=False, resources={DISK_GB:1, MEMORY_MB:1024, VCPU:1}, traits=[], aggregates=[]) (suffix '') returned 2 matches {{(pid=110469) _get_by_requests /opt/stack/placement/placement/objects/allocation_candidate.py:145}}
Nov 19 04:00:17.658561 n-d-818503-1 devstack@placement-api.service[110469]: DEBUG placement.objects.allocation_candidate [req-f9970dae-338f-45d1-a53d-2d7a69e48b5d req-e1af65d4-67c1-4ca1-ad7d-3f4169150d11 service placement] Merging candidates yields 2 allocation requests and 2 provider summaries {{(pid=110469) _merge_candidates /opt/stack/placement/placement/objects/allocation_candidate.py:783}}
Nov 19 04:00:17.660698 n-d-818503-1 devstack@placement-api.service[110469]: INFO placement.requestlog [req-f9970dae-338f-45d1-a53d-2d7a69e48b5d req-e1af65d4-67c1-4ca1-ad7d-3f4169150d11 service placement] 10.222.0.52 "GET /placement/allocation_candidates?limit=1000&resources=DISK_GB%3A1%2CMEMORY_MB%3A1024%2CVCPU%3A1&root_required=%21COMPUTE_STATUS_DISABLED" status: 200 len: 1309 microversion: 1.36
Nov 19 04:00:17.661388 n-d-818503-1 devstack@placement-api.service[110469]: [pid: 110469|app: 0|req: 262/530] 10.222.0.52 () {60 vars in 1506 bytes} [Fri Nov 19 04:00:17 2021] GET /placement/allocation_candidates?limit=1000&resources=DISK_GB%3A1%2CMEMORY_MB%3A1024%2CVCPU%3A1&root_required=%21COMPUTE_STATUS_DISABLED => generated 1309 bytes in 74 msecs (HTTP/1.1 200) 8 headers in 297 bytes (1 switches on core 0)
Nov 19 04:00:17.771744 n-d-818503-1 devstack@placement-api.service[110468]: DEBUG placement.requestlog [req-f9970dae-338f-45d1-a53d-2d7a69e48b5d req-37ba6505-ecb1-49b1-9d2f-8ccd851c3524 None None] Starting request: 10.222.0.52 "GET /placement/allocations/a5f43395-1b9a-43a8-baf7-c43dc68cf063" {{(pid=110468) __call__ /opt/stack/placement/placement/requestlog.py:55}}
Nov 19 04:00:17.786686 n-d-818503-1 devstack@placement-api.service[110468]: INFO placement.requestlog [req-f9970dae-338f-45d1-a53d-2d7a69e48b5d req-37ba6505-ecb1-49b1-9d2f-8ccd851c3524 service placement] 10.222.0.52 "GET /placement/allocations/a5f43395-1b9a-43a8-baf7-c43dc68cf063" status: 200 len: 19 microversion: 1.28
Nov 19 04:00:17.787377 n-d-818503-1 devstack@placement-api.service[110468]: [pid: 110468|app: 0|req: 269/531] 10.222.0.52 () {60 vars in 1380 bytes} [Fri Nov 19 04:00:17 2021] GET /placement/allocations/a5f43395-1b9a-43a8-baf7-c43dc68cf063 => generated 19 bytes in 16 msecs (HTTP/1.1 200) 8 headers in 295 bytes (1 switches on core 0)
Nov 19 04:00:17.800005 n-d-818503-1 devstack@placement-api.service[110469]: DEBUG placement.requestlog [req-f9970dae-338f-45d1-a53d-2d7a69e48b5d req-9b0e4f8e-3a55-4302-9bd6-cc3a2814d3b4 None None] Starting request: 10.222.0.52 "PUT /placement/allocations/a5f43395-1b9a-43a8-baf7-c43dc68cf063" {{(pid=110469) __call__ /opt/stack/placement/placement/requestlog.py:55}}
Nov 19 04:00:17.905741 n-d-818503-1 devstack@placement-api.service[110469]: DEBUG placement.handlers.allocation [req-f9970dae-338f-45d1-a53d-2d7a69e48b5d req-9b0e4f8e-3a55-4302-9bd6-cc3a2814d3b4 service placement] Successfully wrote allocations [, , ] {{(pid=110469) _update_consumers_and_create_allocations /opt/stack/placement/placement/handlers/allocation.py:462}}
Nov 19 04:00:17.910924 n-d-818503-1 devstack@placement-api.service[110469]: INFO placement.requestlog [req-f9970dae-338f-45d1-a53d-2d7a69e48b5d req-9b0e4f8e-3a55-4302-9bd6-cc3a2814d3b4 service placement] 10.222.0.52 "PUT /placement/allocations/a5f43395-1b9a-43a8-baf7-c43dc68cf063" status: 204 len: 0 microversion: 1.36
Nov 19 04:00:17.912968 n-d-818503-1 devstack@placement-api.service[110469]: [pid: 110469|app: 0|req: 263/532] 10.222.0.52 () {64 vars in 1433 bytes} [Fri Nov 19 04:00:17 2021] PUT /placement/allocations/a5f43395-1b9a-43a8-baf7-c43dc68cf063 => generated 0 bytes in 113 msecs (HTTP/1.1 204) 5 headers in 199 bytes (1 switches on core 0)
Nov 19 04:00:18.410233 n-d-818503-1 devstack@placement-api.service[110468]: DEBUG placement.requestlog [req-f9970dae-338f-45d1-a53d-2d7a69e48b5d req-d85481cb-2f50-496a-899f-1bd93ae1f01e None None] Starting request: 10.222.0.31 "GET /placement/allocations/a5f43395-1b9a-43a8-baf7-c43dc68cf063" {{(pid=110468) __call__ /opt/stack/placement/placement/requestlog.py:55}}
Nov 19 04:00:18.438180 n-d-818503-1 devstack@placement-api.service[110468]: INFO placement.requestlog [req-f9970dae-338f-45d1-a53d-2d7a69e48b5d req-d85481cb-2f50-496a-899f-1bd93ae1f01e service placement] 10.222.0.31 "GET /placement/allocations/a5f43395-1b9a-43a8-baf7-c43dc68cf063" status: 200 len: 259 microversion: 1.28
Nov 19 04:00:18.439351 n-d-818503-1 devstack@placement-api.service[110468]: [pid: 110468|app: 0|req: 270/533] 10.222.0.31 () {60 vars in 1377 bytes} [Fri Nov 19 04:00:18 2021] GET /placement/allocations/a5f43395-1b9a-43a8-baf7-c43dc68cf063 => generated 259 bytes in 29 msecs (HTTP/1.1 200) 8 headers in 296 bytes (1 switches on core 0)
Nov 19 04:00:27.306431 n-d-818503-1 devstack@placement-api.service[110469]: DEBUG placement.requestlog [req-ceaeaf25-dddc-463c-8e9b-339c0a71eb10 req-812b0c84-8c44-4eeb-85d6-c3b9f51ce789 None None] Starting request: 10.222.0.52 "GET /placement/allocation_candidates?limit=1000&resources=DISK_GB%3A1%2CMEMORY_MB%3A1024%2CVCPU%3A1&root_required=%21COMPUTE_STATUS_DISABLED" {{(pid=110469) __call__ /opt/stack/placement/placement/requestlog.py:55}}
Nov 19 04:00:27.351291 n-d-818503-1 devstack@placement-api.service[110469]: DEBUG placement.objects.research_context [req-ceaeaf25-dddc-463c-8e9b-339c0a71eb10 req-812b0c84-8c44-4eeb-85d6-c3b9f51ce789 service placement] getting providers with 1 DISK_GB {{(pid=110469) __init__ /opt/stack/placement/placement/objects/research_context.py:126}}
Nov 19 04:00:27.362515 n-d-818503-1 devstack@placement-api.service[110469]: DEBUG placement.objects.research_context [req-ceaeaf25-dddc-463c-8e9b-339c0a71eb10 req-812b0c84-8c44-4eeb-85d6-c3b9f51ce789 service placement] getting providers with 1024 MEMORY_MB {{(pid=110469) __init__ /opt/stack/placement/placement/objects/research_context.py:126}}
Nov 19 04:00:27.368655 n-d-818503-1 devstack@placement-api.service[110469]: DEBUG placement.objects.research_context [req-ceaeaf25-dddc-463c-8e9b-339c0a71eb10 req-812b0c84-8c44-4eeb-85d6-c3b9f51ce789 service placement] getting providers with 1 VCPU {{(pid=110469) __init__ /opt/stack/placement/placement/objects/research_context.py:126}}
Nov 19 04:00:27.377531 n-d-818503-1 devstack@placement-api.service[110469]: DEBUG placement.objects.research_context [req-ceaeaf25-dddc-463c-8e9b-339c0a71eb10 req-812b0c84-8c44-4eeb-85d6-c3b9f51ce789 service placement] found 2 providers with available 1 DISK_GB {{(pid=110469) get_provider_ids_matching /opt/stack/placement/placement/objects/research_context.py:549}}
Nov 19 04:00:27.378202 n-d-818503-1 devstack@placement-api.service[110469]: DEBUG placement.objects.research_context [req-ceaeaf25-dddc-463c-8e9b-339c0a71eb10 req-812b0c84-8c44-4eeb-85d6-c3b9f51ce789 service placement] found 2 providers with available 1024 MEMORY_MB {{(pid=110469) get_provider_ids_matching /opt/stack/placement/placement/objects/research_context.py:549}}
Nov 19 04:00:27.379376 n-d-818503-1 devstack@placement-api.service[110469]: DEBUG placement.objects.research_context [req-ceaeaf25-dddc-463c-8e9b-339c0a71eb10 req-812b0c84-8c44-4eeb-85d6-c3b9f51ce789 service placement] found 2 providers after filtering by previous result {{(pid=110469) get_provider_ids_matching /opt/stack/placement/placement/objects/research_context.py:580}}
Nov 19 04:00:27.380269 n-d-818503-1 devstack@placement-api.service[110469]: DEBUG placement.objects.research_context [req-ceaeaf25-dddc-463c-8e9b-339c0a71eb10 req-812b0c84-8c44-4eeb-85d6-c3b9f51ce789 service placement] found 2 providers with available 1 VCPU {{(pid=110469) get_provider_ids_matching /opt/stack/placement/placement/objects/research_context.py:549}}
Nov 19 04:00:27.380727 n-d-818503-1 devstack@placement-api.service[110469]: DEBUG placement.objects.research_context [req-ceaeaf25-dddc-463c-8e9b-339c0a71eb10 req-812b0c84-8c44-4eeb-85d6-c3b9f51ce789 service placement] found 2 providers after filtering by previous result {{(pid=110469) get_provider_ids_matching /opt/stack/placement/placement/objects/research_context.py:580}}
Nov 19 04:00:27.409754 n-d-818503-1 devstack@placement-api.service[110469]: DEBUG placement.objects.allocation_candidate [req-ceaeaf25-dddc-463c-8e9b-339c0a71eb10 req-812b0c84-8c44-4eeb-85d6-c3b9f51ce789 service placement] RequestGroup(use_same_provider=False, resources={DISK_GB:1, MEMORY_MB:1024, VCPU:1}, traits=[], aggregates=[]) (suffix '') returned 2 matches {{(pid=110469) _get_by_requests /opt/stack/placement/placement/objects/allocation_candidate.py:145}}
Nov 19 04:00:27.410789 n-d-818503-1 devstack@placement-api.service[110469]: DEBUG placement.objects.allocation_candidate [req-ceaeaf25-dddc-463c-8e9b-339c0a71eb10 req-812b0c84-8c44-4eeb-85d6-c3b9f51ce789 service placement] Merging candidates yields 2 allocation requests and 2 provider summaries {{(pid=110469) _merge_candidates /opt/stack/placement/placement/objects/allocation_candidate.py:783}}
Nov 19 04:00:27.415232 n-d-818503-1 devstack@placement-api.service[110469]: INFO placement.requestlog [req-ceaeaf25-dddc-463c-8e9b-339c0a71eb10 req-812b0c84-8c44-4eeb-85d6-c3b9f51ce789 service placement] 10.222.0.52 "GET /placement/allocation_candidates?limit=1000&resources=DISK_GB%3A1%2CMEMORY_MB%3A1024%2CVCPU%3A1&root_required=%21COMPUTE_STATUS_DISABLED" status: 200 len: 1309 microversion: 1.36
Nov 19 04:00:27.416109 n-d-818503-1 devstack@placement-api.service[110469]: [pid: 110469|app: 0|req: 264/534] 10.222.0.52 () {60 vars in 1506 bytes} [Fri Nov 19 04:00:27 2021] GET /placement/allocation_candidates?limit=1000&resources=DISK_GB%3A1%2CMEMORY_MB%3A1024%2CVCPU%3A1&root_required=%21COMPUTE_STATUS_DISABLED => generated 1309 bytes in 110 msecs (HTTP/1.1 200) 8 headers in 297 bytes (1 switches on core 0)
Nov 19 04:00:27.534839 n-d-818503-1 devstack@placement-api.service[110468]: DEBUG placement.requestlog [req-ceaeaf25-dddc-463c-8e9b-339c0a71eb10 req-dc3638d8-b946-4951-acf4-7fa5a9502f7f None None] Starting request: 10.222.0.52 "GET /placement/allocations/e4248251-9039-4ee7-9904-b368d60fec4c" {{(pid=110468) __call__ /opt/stack/placement/placement/requestlog.py:55}}
Nov 19 04:00:27.566666 n-d-818503-1 devstack@placement-api.service[110468]: INFO placement.requestlog [req-ceaeaf25-dddc-463c-8e9b-339c0a71eb10 req-dc3638d8-b946-4951-acf4-7fa5a9502f7f service placement] 10.222.0.52 "GET /placement/allocations/e4248251-9039-4ee7-9904-b368d60fec4c" status: 200 len: 19 microversion: 1.28
Nov 19 04:00:27.567703 n-d-818503-1 devstack@placement-api.service[110468]: [pid: 110468|app: 0|req: 271/535] 10.222.0.52 () {60 vars in 1380 bytes} [Fri Nov 19 04:00:27 2021] GET /placement/allocations/e4248251-9039-4ee7-9904-b368d60fec4c => generated 19 bytes in 33 msecs (HTTP/1.1 200) 8 headers in 295 bytes (2 switches on core 0)
Nov 19 04:00:27.574815 n-d-818503-1 devstack@placement-api.service[110469]: DEBUG placement.requestlog [req-ceaeaf25-dddc-463c-8e9b-339c0a71eb10 req-79a7ec26-b5b0-4d76-a2ed-27fc56f8b601 None None] Starting request: 10.222.0.52 "PUT /placement/allocations/e4248251-9039-4ee7-9904-b368d60fec4c" {{(pid=110469) __call__ /opt/stack/placement/placement/requestlog.py:55}}
Nov 19 04:00:27.684316 n-d-818503-1 devstack@placement-api.service[110469]: DEBUG placement.handlers.allocation [req-ceaeaf25-dddc-463c-8e9b-339c0a71eb10 req-79a7ec26-b5b0-4d76-a2ed-27fc56f8b601 service placement] Successfully wrote allocations [, , ] {{(pid=110469) _update_consumers_and_create_allocations /opt/stack/placement/placement/handlers/allocation.py:462}}
Nov 19 04:00:27.689249 n-d-818503-1 devstack@placement-api.service[110469]: INFO placement.requestlog [req-ceaeaf25-dddc-463c-8e9b-339c0a71eb10 req-79a7ec26-b5b0-4d76-a2ed-27fc56f8b601 service placement] 10.222.0.52 "PUT /placement/allocations/e4248251-9039-4ee7-9904-b368d60fec4c" status: 204 len: 0 microversion: 1.36
Nov 19 04:00:27.689821 n-d-818503-1 devstack@placement-api.service[110469]: [pid: 110469|app: 0|req: 265/536] 10.222.0.52 () {64 vars in 1433 bytes} [Fri Nov 19 04:00:27 2021] PUT /placement/allocations/e4248251-9039-4ee7-9904-b368d60fec4c => generated 0 bytes in 115 msecs (HTTP/1.1 204) 5 headers in 199 bytes (1 switches on core 0)
Nov 19 04:00:28.146223 n-d-818503-1 devstack@placement-api.service[110468]: DEBUG placement.requestlog [req-ceaeaf25-dddc-463c-8e9b-339c0a71eb10 req-42dd6c4d-7fe4-4f36-8329-9aec4bf5c32f None None] Starting request: 10.222.0.36 "GET /placement/allocations/e4248251-9039-4ee7-9904-b368d60fec4c" {{(pid=110468) __call__ /opt/stack/placement/placement/requestlog.py:55}}
Nov 19 04:00:28.163511 n-d-818503-1 devstack@placement-api.service[110468]: INFO placement.requestlog [req-ceaeaf25-dddc-463c-8e9b-339c0a71eb10 req-42dd6c4d-7fe4-4f36-8329-9aec4bf5c32f service placement] 10.222.0.36 "GET /placement/allocations/e4248251-9039-4ee7-9904-b368d60fec4c" status: 200 len: 259 microversion: 1.28
Nov 19 04:00:28.163888 n-d-818503-1 devstack@placement-api.service[110468]: [pid: 110468|app: 0|req: 272/537] 10.222.0.36 () {60 vars in 1377 bytes} [Fri Nov 19 04:00:28 2021] GET /placement/allocations/e4248251-9039-4ee7-9904-b368d60fec4c => generated 259 bytes in 18 msecs (HTTP/1.1 200) 8 headers in 296 bytes (1 switches on core 0)
Nov 19 04:00:29.967592 n-d-818503-1 devstack@placement-api.service[110469]: DEBUG placement.requestlog [req-f974a149-9b29-44ce-bae7-5afc4b6e174b req-7dab619e-b1a6-42de-bc77-e7dfe519c2a5 None None] Starting request: 10.222.0.36 "GET /placement/allocations/972034e5-a63e-4f42-9758-2209e8c1c74a" {{(pid=110469) __call__ /opt/stack/placement/placement/requestlog.py:55}}
Nov 19 04:00:30.020034 n-d-818503-1 devstack@placement-api.service[110469]: INFO placement.requestlog [req-f974a149-9b29-44ce-bae7-5afc4b6e174b req-7dab619e-b1a6-42de-bc77-e7dfe519c2a5 service placement] 10.222.0.36 "GET /placement/allocations/972034e5-a63e-4f42-9758-2209e8c1c74a" status: 200 len: 258 microversion: 1.28
Nov 19 04:00:30.020860 n-d-818503-1 devstack@placement-api.service[110469]: [pid: 110469|app: 0|req: 266/538] 10.222.0.36 () {60 vars in 1377 bytes} [Fri Nov 19 04:00:29 2021] GET /placement/allocations/972034e5-a63e-4f42-9758-2209e8c1c74a => generated 258 bytes in 58 msecs (HTTP/1.1 200) 8 headers in 296 bytes (1 switches on core 0)
Nov 19 04:00:37.511157 n-d-818503-1 devstack@placement-api.service[110468]: DEBUG placement.requestlog [req-0f053e91-ab6b-445d-b3e6-a15b616a3805 req-39b4c7cd-201e-4608-a8dc-7e0d0bc98757 None None] Starting request: 10.222.0.36 "GET /placement/resource_providers/a7c1015e-56eb-440b-b206-238df46b23b4/allocations" {{(pid=110468) __call__ /opt/stack/placement/placement/requestlog.py:55}}
Nov 19 04:00:37.560988 n-d-818503-1 devstack@placement-api.service[110468]: INFO placement.requestlog [req-0f053e91-ab6b-445d-b3e6-a15b616a3805 req-39b4c7cd-201e-4608-a8dc-7e0d0bc98757 service placement] 10.222.0.36 "GET /placement/resource_providers/a7c1015e-56eb-440b-b206-238df46b23b4/allocations" status: 200 len: 745 microversion: 1.0
Nov 19 04:00:37.561925 n-d-818503-1 devstack@placement-api.service[110468]: [pid: 110468|app: 0|req: 273/539] 10.222.0.36 () {58 vars in 1390 bytes} [Fri Nov 19 04:00:37 2021] GET /placement/resource_providers/a7c1015e-56eb-440b-b206-238df46b23b4/allocations => generated 745 bytes in 51 msecs (HTTP/1.1 200) 6 headers in 224 bytes (1 switches on core 0)
Nov 19 04:00:38.777438 n-d-818503-1 devstack@placement-api.service[110469]: DEBUG placement.requestlog [req-672d94c5-099e-4599-993a-57a907fc741d req-e5d285ef-2de5-48c9-80bc-16d1effe0dfb None None] Starting request: 10.222.0.36 "GET /placement/allocations/5cca1e5e-899a-42dc-86fb-afdd79fc5c57" {{(pid=110469) __call__ /opt/stack/placement/placement/requestlog.py:55}}
Nov 19 04:00:38.796568 n-d-818503-1 devstack@placement-api.service[110469]: INFO placement.requestlog [req-672d94c5-099e-4599-993a-57a907fc741d req-e5d285ef-2de5-48c9-80bc-16d1effe0dfb service placement] 10.222.0.36 "GET /placement/allocations/5cca1e5e-899a-42dc-86fb-afdd79fc5c57" status: 200 len: 259 microversion: 1.28
Nov 19 04:00:38.797121 n-d-818503-1 devstack@placement-api.service[110469]: [pid: 110469|app: 0|req: 267/540] 10.222.0.36 () {60 vars in 1377 bytes} [Fri Nov 19 04:00:38 2021] GET /placement/allocations/5cca1e5e-899a-42dc-86fb-afdd79fc5c57 => generated 259 bytes in 20 msecs (HTTP/1.1 200) 8 headers in 296 bytes (1 switches on core 0)
Nov 19 04:00:38.810057 n-d-818503-1 devstack@placement-api.service[110468]: DEBUG placement.requestlog [req-672d94c5-099e-4599-993a-57a907fc741d req-7e0fd02b-57bc-4e05-b4f9-1f97411741f5 None None] Starting request: 10.222.0.36 "GET /placement/allocations/5cca1e5e-899a-42dc-86fb-afdd79fc5c57" {{(pid=110468) __call__ /opt/stack/placement/placement/requestlog.py:55}}
Nov 19 04:00:38.854548 n-d-818503-1 devstack@placement-api.service[110468]: INFO placement.requestlog [req-672d94c5-099e-4599-993a-57a907fc741d req-7e0fd02b-57bc-4e05-b4f9-1f97411741f5 service placement] 10.222.0.36 "GET /placement/allocations/5cca1e5e-899a-42dc-86fb-afdd79fc5c57" status: 200 len: 259 microversion: 1.28
Nov 19 04:00:38.857821 n-d-818503-1 devstack@placement-api.service[110468]: [pid: 110468|app: 0|req: 274/541] 10.222.0.36 () {60 vars in 1377 bytes} [Fri Nov 19 04:00:38 2021] GET /placement/allocations/5cca1e5e-899a-42dc-86fb-afdd79fc5c57 => generated 259 bytes in 49 msecs (HTTP/1.1 200) 8 headers in 296 bytes (1 switches on core 0)
Nov 19 04:00:38.867550 n-d-818503-1 devstack@placement-api.service[110469]: DEBUG placement.requestlog [req-672d94c5-099e-4599-993a-57a907fc741d req-4b19bfb1-aa46-4a8d-a2f8-24b4d61d9214 None None] Starting request: 10.222.0.36 "GET /placement/allocations/972034e5-a63e-4f42-9758-2209e8c1c74a" {{(pid=110469) __call__ /opt/stack/placement/placement/requestlog.py:55}}
Nov 19 04:00:38.898484 n-d-818503-1 devstack@placement-api.service[110469]: INFO placement.requestlog [req-672d94c5-099e-4599-993a-57a907fc741d req-4b19bfb1-aa46-4a8d-a2f8-24b4d61d9214 service placement] 10.222.0.36 "GET /placement/allocations/972034e5-a63e-4f42-9758-2209e8c1c74a" status: 200 len: 258 microversion: 1.28
Nov 19 04:00:38.899871 n-d-818503-1 devstack@placement-api.service[110469]: [pid: 110469|app: 0|req: 268/542] 10.222.0.36 () {60 vars in 1377 bytes} [Fri Nov 19 04:00:38 2021] GET /placement/allocations/972034e5-a63e-4f42-9758-2209e8c1c74a => generated 258 bytes in 33 msecs (HTTP/1.1 200) 8 headers in 296 bytes (1 switches on core 0)
Nov 19 04:00:38.909881 n-d-818503-1 devstack@placement-api.service[110468]: DEBUG placement.requestlog [req-672d94c5-099e-4599-993a-57a907fc741d req-9f14f386-85a2-4960-b283-70891a2b9a58 None None] Starting request: 10.222.0.36 "POST /placement/allocations" {{(pid=110468) __call__ /opt/stack/placement/placement/requestlog.py:55}}
Nov 19 04:00:39.015789 n-d-818503-1 devstack@placement-api.service[110468]: DEBUG placement.handlers.allocation [req-672d94c5-099e-4599-993a-57a907fc741d req-9f14f386-85a2-4960-b283-70891a2b9a58 service placement] Successfully wrote allocations [, , , , , ] {{(pid=110468) _update_consumers_and_create_allocations /opt/stack/placement/placement/handlers/allocation.py:572}}
Nov 19 04:00:39.022189 n-d-818503-1 devstack@placement-api.service[110468]: INFO placement.requestlog [req-672d94c5-099e-4599-993a-57a907fc741d req-9f14f386-85a2-4960-b283-70891a2b9a58 service placement] 10.222.0.36 "POST /placement/allocations" status: 204 len: 0 microversion: 1.28
Nov 19 04:00:39.022763 n-d-818503-1 devstack@placement-api.service[110468]: [pid: 110468|app: 0|req: 275/543] 10.222.0.36 () {64 vars in 1320 bytes} [Fri Nov 19 04:00:38 2021] POST /placement/allocations => generated 0 bytes in 113 msecs (HTTP/1.1 204) 5 headers in 199 bytes (1 switches on core 0)
Nov 19 04:00:45.183835 n-d-818503-1 devstack@placement-api.service[110469]: DEBUG placement.requestlog [req-f0d2b23d-7df6-49b9-8016-66c3f1452d05 req-72a8d666-c11d-4664-81b1-a618ea0955d4 None None] Starting request: 10.222.0.52 "GET /placement/allocation_candidates?limit=1000&resources=DISK_GB%3A1%2CMEMORY_MB%3A1024%2CVCPU%3A1&root_required=%21COMPUTE_STATUS_DISABLED" {{(pid=110469) __call__ /opt/stack/placement/placement/requestlog.py:55}}
Nov 19 04:00:45.271430 n-d-818503-1 devstack@placement-api.service[110469]: DEBUG placement.objects.research_context [req-f0d2b23d-7df6-49b9-8016-66c3f1452d05 req-72a8d666-c11d-4664-81b1-a618ea0955d4 service placement] getting providers with 1 DISK_GB {{(pid=110469) __init__ /opt/stack/placement/placement/objects/research_context.py:126}}
Nov 19 04:00:45.278726 n-d-818503-1 devstack@placement-api.service[110469]: DEBUG placement.objects.research_context [req-f0d2b23d-7df6-49b9-8016-66c3f1452d05 req-72a8d666-c11d-4664-81b1-a618ea0955d4 service placement] getting providers with 1024 MEMORY_MB {{(pid=110469) __init__ /opt/stack/placement/placement/objects/research_context.py:126}}
Nov 19 04:00:45.294723 n-d-818503-1 devstack@placement-api.service[110469]: DEBUG placement.objects.research_context [req-f0d2b23d-7df6-49b9-8016-66c3f1452d05 req-72a8d666-c11d-4664-81b1-a618ea0955d4 service placement] getting providers with 1 VCPU {{(pid=110469) __init__ /opt/stack/placement/placement/objects/research_context.py:126}}
Nov 19 04:00:45.305168 n-d-818503-1 devstack@placement-api.service[110469]: DEBUG placement.objects.research_context [req-f0d2b23d-7df6-49b9-8016-66c3f1452d05 req-72a8d666-c11d-4664-81b1-a618ea0955d4 service placement] found 2 providers with available 1 DISK_GB {{(pid=110469) get_provider_ids_matching /opt/stack/placement/placement/objects/research_context.py:549}}
Nov 19 04:00:45.305449 n-d-818503-1 devstack@placement-api.service[110469]: DEBUG placement.objects.research_context [req-f0d2b23d-7df6-49b9-8016-66c3f1452d05 req-72a8d666-c11d-4664-81b1-a618ea0955d4 service placement] found 2 providers with available 1024 MEMORY_MB {{(pid=110469) get_provider_ids_matching /opt/stack/placement/placement/objects/research_context.py:549}}
Nov 19 04:00:45.305731 n-d-818503-1 devstack@placement-api.service[110469]: DEBUG placement.objects.research_context [req-f0d2b23d-7df6-49b9-8016-66c3f1452d05 req-72a8d666-c11d-4664-81b1-a618ea0955d4 service placement] found 2 providers after filtering by previous result {{(pid=110469) get_provider_ids_matching /opt/stack/placement/placement/objects/research_context.py:580}}
Nov 19 04:00:45.306040 n-d-818503-1 devstack@placement-api.service[110469]: DEBUG placement.objects.research_context [req-f0d2b23d-7df6-49b9-8016-66c3f1452d05 req-72a8d666-c11d-4664-81b1-a618ea0955d4 service placement] found 2 providers with available 1 VCPU {{(pid=110469) get_provider_ids_matching /opt/stack/placement/placement/objects/research_context.py:549}}
Nov 19 04:00:45.306305 n-d-818503-1 devstack@placement-api.service[110469]: DEBUG placement.objects.research_context [req-f0d2b23d-7df6-49b9-8016-66c3f1452d05 req-72a8d666-c11d-4664-81b1-a618ea0955d4 service placement] found 2 providers after filtering by previous result {{(pid=110469) get_provider_ids_matching /opt/stack/placement/placement/objects/research_context.py:580}}
Nov 19 04:00:45.331581 n-d-818503-1 devstack@placement-api.service[110469]: DEBUG placement.objects.allocation_candidate [req-f0d2b23d-7df6-49b9-8016-66c3f1452d05 req-72a8d666-c11d-4664-81b1-a618ea0955d4 service placement] RequestGroup(use_same_provider=False, resources={DISK_GB:1, MEMORY_MB:1024, VCPU:1}, traits=[], aggregates=[]) (suffix '') returned 2 matches {{(pid=110469) _get_by_requests /opt/stack/placement/placement/objects/allocation_candidate.py:145}}
Nov 19 04:00:45.331953 n-d-818503-1 devstack@placement-api.service[110469]: DEBUG placement.objects.allocation_candidate [req-f0d2b23d-7df6-49b9-8016-66c3f1452d05 req-72a8d666-c11d-4664-81b1-a618ea0955d4 service placement] Merging candidates yields 2 allocation requests and 2 provider summaries {{(pid=110469) _merge_candidates /opt/stack/placement/placement/objects/allocation_candidate.py:783}}
Nov 19 04:00:45.343602 n-d-818503-1 devstack@placement-api.service[110469]: INFO placement.requestlog [req-f0d2b23d-7df6-49b9-8016-66c3f1452d05 req-72a8d666-c11d-4664-81b1-a618ea0955d4 service placement] 10.222.0.52 "GET /placement/allocation_candidates?limit=1000&resources=DISK_GB%3A1%2CMEMORY_MB%3A1024%2CVCPU%3A1&root_required=%21COMPUTE_STATUS_DISABLED" status: 200 len: 1309 microversion: 1.36
Nov 19 04:00:45.344054 n-d-818503-1 devstack@placement-api.service[110469]: [pid: 110469|app: 0|req: 269/544] 10.222.0.52 () {60 vars in 1506 bytes} [Fri Nov 19 04:00:45 2021] GET /placement/allocation_candidates?limit=1000&resources=DISK_GB%3A1%2CMEMORY_MB%3A1024%2CVCPU%3A1&root_required=%21COMPUTE_STATUS_DISABLED => generated 1309 bytes in 161 msecs (HTTP/1.1 200) 8 headers in 297 bytes (1 switches on core 0)
Nov 19 04:00:45.432179 n-d-818503-1 devstack@placement-api.service[110468]: DEBUG placement.requestlog [req-f0d2b23d-7df6-49b9-8016-66c3f1452d05 req-229b6467-3fba-454a-85ff-8fd80c6d5f2b None None] Starting request: 10.222.0.52 "GET /placement/allocations/0ed9b5d3-d19e-4d9b-8eac-2f67a159f508" {{(pid=110468) __call__ /opt/stack/placement/placement/requestlog.py:55}}
Nov 19 04:00:45.455273 n-d-818503-1 devstack@placement-api.service[110468]: INFO placement.requestlog [req-f0d2b23d-7df6-49b9-8016-66c3f1452d05 req-229b6467-3fba-454a-85ff-8fd80c6d5f2b service placement] 10.222.0.52 "GET /placement/allocations/0ed9b5d3-d19e-4d9b-8eac-2f67a159f508" status: 200 len: 19 microversion: 1.28
Nov 19 04:00:45.456122 n-d-818503-1 devstack@placement-api.service[110468]: [pid: 110468|app: 0|req: 276/545] 10.222.0.52 () {60 vars in 1380 bytes} [Fri Nov 19 04:00:45 2021] GET /placement/allocations/0ed9b5d3-d19e-4d9b-8eac-2f67a159f508 => generated 19 bytes in 24 msecs (HTTP/1.1 200) 8 headers in 295 bytes (1 switches on core 0)
Nov 19 04:00:45.462326 n-d-818503-1 devstack@placement-api.service[110469]: DEBUG placement.requestlog [req-f0d2b23d-7df6-49b9-8016-66c3f1452d05 req-54c7b917-0919-48a3-ae8c-b33d06c07841 None None] Starting request: 10.222.0.52 "PUT /placement/allocations/0ed9b5d3-d19e-4d9b-8eac-2f67a159f508" {{(pid=110469) __call__ /opt/stack/placement/placement/requestlog.py:55}}
Nov 19 04:00:45.566272 n-d-818503-1 devstack@placement-api.service[110469]: DEBUG placement.handlers.allocation [req-f0d2b23d-7df6-49b9-8016-66c3f1452d05 req-54c7b917-0919-48a3-ae8c-b33d06c07841 service placement] Successfully wrote allocations [, , ] {{(pid=110469) _update_consumers_and_create_allocations /opt/stack/placement/placement/handlers/allocation.py:462}}
Nov 19 04:00:45.578437 n-d-818503-1 devstack@placement-api.service[110469]: INFO placement.requestlog [req-f0d2b23d-7df6-49b9-8016-66c3f1452d05 req-54c7b917-0919-48a3-ae8c-b33d06c07841 service placement] 10.222.0.52 "PUT /placement/allocations/0ed9b5d3-d19e-4d9b-8eac-2f67a159f508" status: 204 len: 0 microversion: 1.36
