Nov 12 22:47:07.927369 n-d-817778-7 devstack@placement-api.service[103122]: DEBUG placement.requestlog [req-2ee88fb7-1425-4abb-a8c8-c256e050969c req-408eacdb-3eef-478d-bd3b-d73b3a710ec9 None None] Starting request: 10.222.0.36 "DELETE /placement/allocations/664cf2a7-61f0-42fb-8a63-a7f67c954833" {{(pid=103122) __call__ /opt/stack/placement/placement/requestlog.py:55}}
Nov 12 22:47:07.992802 n-d-817778-7 devstack@placement-api.service[103122]: DEBUG placement.handlers.allocation [req-2ee88fb7-1425-4abb-a8c8-c256e050969c req-408eacdb-3eef-478d-bd3b-d73b3a710ec9 service placement] Successfully deleted allocations [, , ] {{(pid=103122) delete_allocations /opt/stack/placement/placement/handlers/allocation.py:627}}
Nov 12 22:47:07.993362 n-d-817778-7 devstack@placement-api.service[103122]: INFO placement.requestlog [req-2ee88fb7-1425-4abb-a8c8-c256e050969c req-408eacdb-3eef-478d-bd3b-d73b3a710ec9 service placement] 10.222.0.36 "DELETE /placement/allocations/664cf2a7-61f0-42fb-8a63-a7f67c954833" status: 204 len: 0 microversion: 1.0
Nov 12 22:47:07.993862 n-d-817778-7 devstack@placement-api.service[103122]: [pid: 103122|app: 0|req: 260/523] 10.222.0.36 () {60 vars in 1355 bytes} [Fri Nov 12 22:47:07 2021] DELETE /placement/allocations/664cf2a7-61f0-42fb-8a63-a7f67c954833 => generated 0 bytes in 67 msecs (HTTP/1.1 204) 5 headers in 198 bytes (1 switches on core 0)
Nov 12 22:47:10.672680 n-d-817778-7 devstack@placement-api.service[103123]: DEBUG placement.requestlog [req-b52f8424-f680-410e-8079-bf14d736f603 req-76196e19-9f04-4241-9e98-f5031bf56483 None None] Starting request: 10.222.0.24 "GET /placement/allocation_candidates?limit=1000&resources=DISK_GB%3A1%2CMEMORY_MB%3A1024%2CVCPU%3A1&root_required=%21COMPUTE_STATUS_DISABLED" {{(pid=103123) __call__ /opt/stack/placement/placement/requestlog.py:55}}
Nov 12 22:47:10.728516 n-d-817778-7 devstack@placement-api.service[103123]: DEBUG placement.objects.research_context [req-b52f8424-f680-410e-8079-bf14d736f603 req-76196e19-9f04-4241-9e98-f5031bf56483 service placement] getting providers with 1 DISK_GB {{(pid=103123) __init__ /opt/stack/placement/placement/objects/research_context.py:126}}
Nov 12 22:47:10.737182 n-d-817778-7 devstack@placement-api.service[103123]: DEBUG placement.objects.research_context [req-b52f8424-f680-410e-8079-bf14d736f603 req-76196e19-9f04-4241-9e98-f5031bf56483 service placement] getting providers with 1024 MEMORY_MB {{(pid=103123) __init__ /opt/stack/placement/placement/objects/research_context.py:126}}
Nov 12 22:47:10.745894 n-d-817778-7 devstack@placement-api.service[103123]: DEBUG placement.objects.research_context [req-b52f8424-f680-410e-8079-bf14d736f603 req-76196e19-9f04-4241-9e98-f5031bf56483 service placement] getting providers with 1 VCPU {{(pid=103123) __init__ /opt/stack/placement/placement/objects/research_context.py:126}}
Nov 12 22:47:10.755123 n-d-817778-7 devstack@placement-api.service[103123]: DEBUG placement.objects.research_context [req-b52f8424-f680-410e-8079-bf14d736f603 req-76196e19-9f04-4241-9e98-f5031bf56483 service placement] found 2 providers with available 1 DISK_GB {{(pid=103123) get_provider_ids_matching /opt/stack/placement/placement/objects/research_context.py:549}}
Nov 12 22:47:10.755758 n-d-817778-7 devstack@placement-api.service[103123]: DEBUG placement.objects.research_context [req-b52f8424-f680-410e-8079-bf14d736f603 req-76196e19-9f04-4241-9e98-f5031bf56483 service placement] found 2 providers with available 1024 MEMORY_MB {{(pid=103123) get_provider_ids_matching /opt/stack/placement/placement/objects/research_context.py:549}}
Nov 12 22:47:10.756227 n-d-817778-7 devstack@placement-api.service[103123]: DEBUG placement.objects.research_context [req-b52f8424-f680-410e-8079-bf14d736f603 req-76196e19-9f04-4241-9e98-f5031bf56483 service placement] found 2 providers after filtering by previous result {{(pid=103123) get_provider_ids_matching /opt/stack/placement/placement/objects/research_context.py:580}}
Nov 12 22:47:10.756738 n-d-817778-7 devstack@placement-api.service[103123]: DEBUG placement.objects.research_context [req-b52f8424-f680-410e-8079-bf14d736f603 req-76196e19-9f04-4241-9e98-f5031bf56483 service placement] found 2 providers with available 1 VCPU {{(pid=103123) get_provider_ids_matching /opt/stack/placement/placement/objects/research_context.py:549}}
Nov 12 22:47:10.757461 n-d-817778-7 devstack@placement-api.service[103123]: DEBUG placement.objects.research_context [req-b52f8424-f680-410e-8079-bf14d736f603 req-76196e19-9f04-4241-9e98-f5031bf56483 service placement] found 2 providers after filtering by previous result {{(pid=103123) get_provider_ids_matching /opt/stack/placement/placement/objects/research_context.py:580}}
Nov 12 22:47:10.784603 n-d-817778-7 devstack@placement-api.service[103123]: DEBUG placement.objects.allocation_candidate [req-b52f8424-f680-410e-8079-bf14d736f603 req-76196e19-9f04-4241-9e98-f5031bf56483 service placement] RequestGroup(use_same_provider=False, resources={DISK_GB:1, MEMORY_MB:1024, VCPU:1}, traits=[], aggregates=[]) (suffix '') returned 2 matches {{(pid=103123) _get_by_requests /opt/stack/placement/placement/objects/allocation_candidate.py:145}}
Nov 12 22:47:10.786220 n-d-817778-7 devstack@placement-api.service[103123]: DEBUG placement.objects.allocation_candidate [req-b52f8424-f680-410e-8079-bf14d736f603 req-76196e19-9f04-4241-9e98-f5031bf56483 service placement] Merging candidates yields 2 allocation requests and 2 provider summaries {{(pid=103123) _merge_candidates /opt/stack/placement/placement/objects/allocation_candidate.py:783}}
Nov 12 22:47:10.788330 n-d-817778-7 devstack@placement-api.service[103123]: INFO placement.requestlog [req-b52f8424-f680-410e-8079-bf14d736f603 req-76196e19-9f04-4241-9e98-f5031bf56483 service placement] 10.222.0.24 "GET /placement/allocation_candidates?limit=1000&resources=DISK_GB%3A1%2CMEMORY_MB%3A1024%2CVCPU%3A1&root_required=%21COMPUTE_STATUS_DISABLED" status: 200 len: 1309 microversion: 1.36
Nov 12 22:47:10.789404 n-d-817778-7 devstack@placement-api.service[103123]: [pid: 103123|app: 0|req: 264/524] 10.222.0.24 () {60 vars in 1506 bytes} [Fri Nov 12 22:47:10 2021] GET /placement/allocation_candidates?limit=1000&resources=DISK_GB%3A1%2CMEMORY_MB%3A1024%2CVCPU%3A1&root_required=%21COMPUTE_STATUS_DISABLED => generated 1309 bytes in 117 msecs (HTTP/1.1 200) 8 headers in 297 bytes (1 switches on core 0)
Nov 12 22:47:10.928657 n-d-817778-7 devstack@placement-api.service[103122]: DEBUG placement.requestlog [req-b52f8424-f680-410e-8079-bf14d736f603 req-ca2432cb-0208-4189-a7eb-228243874d6b None None] Starting request: 10.222.0.24 "GET /placement/allocations/5ca4cba4-e94d-4537-be58-c278ba704aec" {{(pid=103122) __call__ /opt/stack/placement/placement/requestlog.py:55}}
Nov 12 22:47:10.944529 n-d-817778-7 devstack@placement-api.service[103122]: INFO placement.requestlog [req-b52f8424-f680-410e-8079-bf14d736f603 req-ca2432cb-0208-4189-a7eb-228243874d6b service placement] 10.222.0.24 "GET /placement/allocations/5ca4cba4-e94d-4537-be58-c278ba704aec" status: 200 len: 19 microversion: 1.28
Nov 12 22:47:10.954200 n-d-817778-7 devstack@placement-api.service[103123]: DEBUG placement.requestlog [req-b52f8424-f680-410e-8079-bf14d736f603 req-cd62976f-5fed-40f4-a780-10d51938e48f None None] Starting request: 10.222.0.24 "PUT /placement/allocations/5ca4cba4-e94d-4537-be58-c278ba704aec" {{(pid=103123) __call__ /opt/stack/placement/placement/requestlog.py:55}}
Nov 12 22:47:10.965609 n-d-817778-7 devstack@placement-api.service[103122]: [pid: 103122|app: 0|req: 261/525] 10.222.0.24 () {60 vars in 1380 bytes} [Fri Nov 12 22:47:10 2021] GET /placement/allocations/5ca4cba4-e94d-4537-be58-c278ba704aec => generated 19 bytes in 37 msecs (HTTP/1.1 200) 8 headers in 295 bytes (1 switches on core 0)
Nov 12 22:47:11.095840 n-d-817778-7 devstack@placement-api.service[103123]: DEBUG placement.handlers.allocation [req-b52f8424-f680-410e-8079-bf14d736f603 req-cd62976f-5fed-40f4-a780-10d51938e48f service placement] Successfully wrote allocations [, , ] {{(pid=103123) _update_consumers_and_create_allocations /opt/stack/placement/placement/handlers/allocation.py:462}}
Nov 12 22:47:11.109483 n-d-817778-7 devstack@placement-api.service[103123]: INFO placement.requestlog [req-b52f8424-f680-410e-8079-bf14d736f603 req-cd62976f-5fed-40f4-a780-10d51938e48f service placement] 10.222.0.24 "PUT /placement/allocations/5ca4cba4-e94d-4537-be58-c278ba704aec" status: 204 len: 0 microversion: 1.36
Nov 12 22:47:11.109755 n-d-817778-7 devstack@placement-api.service[103123]: [pid: 103123|app: 0|req: 265/526] 10.222.0.24 () {64 vars in 1433 bytes} [Fri Nov 12 22:47:10 2021] PUT /placement/allocations/5ca4cba4-e94d-4537-be58-c278ba704aec => generated 0 bytes in 156 msecs (HTTP/1.1 204) 5 headers in 199 bytes (2 switches on core 0)
Nov 12 22:47:11.598246 n-d-817778-7 devstack@placement-api.service[103122]: DEBUG placement.requestlog [req-b52f8424-f680-410e-8079-bf14d736f603 req-aa37878b-b200-45a8-ae69-88a2c6381450 None None] Starting request: 10.222.0.36 "GET /placement/allocations/5ca4cba4-e94d-4537-be58-c278ba704aec" {{(pid=103122) __call__ /opt/stack/placement/placement/requestlog.py:55}}
Nov 12 22:47:11.631597 n-d-817778-7 devstack@placement-api.service[103122]: INFO placement.requestlog [req-b52f8424-f680-410e-8079-bf14d736f603 req-aa37878b-b200-45a8-ae69-88a2c6381450 service placement] 10.222.0.36 "GET /placement/allocations/5ca4cba4-e94d-4537-be58-c278ba704aec" status: 200 len: 259 microversion: 1.28
Nov 12 22:47:11.632527 n-d-817778-7 devstack@placement-api.service[103122]: [pid: 103122|app: 0|req: 262/527] 10.222.0.36 () {60 vars in 1377 bytes} [Fri Nov 12 22:47:11 2021] GET /placement/allocations/5ca4cba4-e94d-4537-be58-c278ba704aec => generated 259 bytes in 36 msecs (HTTP/1.1 200) 8 headers in 296 bytes (1 switches on core 0)
Nov 12 22:47:12.319426 n-d-817778-7 devstack@placement-api.service[103123]: DEBUG placement.requestlog [None req-4c033c45-6a1e-4643-8e3f-e12b1ae6242e None None] Starting request: 10.222.0.24 "GET /placement/" {{(pid=103123) __call__ /opt/stack/placement/placement/requestlog.py:55}}
Nov 12 22:47:12.320764 n-d-817778-7 devstack@placement-api.service[103123]: INFO placement.requestlog [None req-4c033c45-6a1e-4643-8e3f-e12b1ae6242e None None] 10.222.0.24 "GET /placement/" status: 200 len: 136 microversion: 1.0
Nov 12 22:47:12.321220 n-d-817778-7 devstack@placement-api.service[103123]: [pid: 103123|app: 0|req: 266/528] 10.222.0.24 () {54 vars in 907 bytes} [Fri Nov 12 22:47:12 2021] GET /placement => generated 136 bytes in 2 msecs (HTTP/1.1 200) 6 headers in 224 bytes (1 switches on core 0)
Nov 12 22:47:12.343875 n-d-817778-7 devstack@placement-api.service[103122]: DEBUG placement.requestlog [req-32a6b29f-def0-4d83-9803-27053a3a65a6 req-dc8343cc-092e-4082-903a-3f34588833b6 None None] Starting request: 10.222.0.24 "DELETE /placement/allocations/5ca4cba4-e94d-4537-be58-c278ba704aec" {{(pid=103122) __call__ /opt/stack/placement/placement/requestlog.py:55}}
Nov 12 22:47:12.502162 n-d-817778-7 devstack@placement-api.service[103122]: DEBUG placement.handlers.allocation [req-32a6b29f-def0-4d83-9803-27053a3a65a6 req-dc8343cc-092e-4082-903a-3f34588833b6 service placement] Successfully deleted allocations [, , ] {{(pid=103122) delete_allocations /opt/stack/placement/placement/handlers/allocation.py:627}}
Nov 12 22:47:12.502673 n-d-817778-7 devstack@placement-api.service[103122]: INFO placement.requestlog [req-32a6b29f-def0-4d83-9803-27053a3a65a6 req-dc8343cc-092e-4082-903a-3f34588833b6 service placement] 10.222.0.24 "DELETE /placement/allocations/5ca4cba4-e94d-4537-be58-c278ba704aec" status: 204 len: 0 microversion: 1.0
Nov 12 22:47:12.503305 n-d-817778-7 devstack@placement-api.service[103122]: [pid: 103122|app: 0|req: 263/529] 10.222.0.24 () {60 vars in 1349 bytes} [Fri Nov 12 22:47:12 2021] DELETE /placement/allocations/5ca4cba4-e94d-4537-be58-c278ba704aec => generated 0 bytes in 160 msecs (HTTP/1.1 204) 5 headers in 198 bytes (1 switches on core 0)
Nov 12 22:47:13.851366 n-d-817778-7 devstack@placement-api.service[103123]: DEBUG placement.requestlog [req-b52f8424-f680-410e-8079-bf14d736f603 req-966e1c6c-10cb-43dd-9bf0-83320105e0b5 None None] Starting request: 10.222.0.36 "DELETE /placement/allocations/5ca4cba4-e94d-4537-be58-c278ba704aec" {{(pid=103123) __call__ /opt/stack/placement/placement/requestlog.py:55}}
Nov 12 22:47:13.881324 n-d-817778-7 devstack@placement-api.service[103123]: DEBUG placement.wsgi_wrapper [req-b52f8424-f680-410e-8079-bf14d736f603 req-966e1c6c-10cb-43dd-9bf0-83320105e0b5 service placement] Placement API returning an error response: No allocations for consumer '5ca4cba4-e94d-4537-be58-c278ba704aec' {{(pid=103123) call_func /opt/stack/placement/placement/wsgi_wrapper.py:31}}
Nov 12 22:47:13.887775 n-d-817778-7 devstack@placement-api.service[103123]: INFO placement.requestlog [req-b52f8424-f680-410e-8079-bf14d736f603 req-966e1c6c-10cb-43dd-9bf0-83320105e0b5 service placement] 10.222.0.36 "DELETE /placement/allocations/5ca4cba4-e94d-4537-be58-c278ba704aec" status: 404 len: 228 microversion: 1.0
Nov 12 22:47:13.888437 n-d-817778-7 devstack@placement-api.service[103123]: [pid: 103123|app: 0|req: 267/530] 10.222.0.36 () {60 vars in 1355 bytes} [Fri Nov 12 22:47:13 2021] DELETE /placement/allocations/5ca4cba4-e94d-4537-be58-c278ba704aec => generated 228 bytes in 37 msecs (HTTP/1.1 404) 6 headers in 231 bytes (1 switches on core 0)
Nov 12 22:47:15.150941 n-d-817778-7 devstack@placement-api.service[103122]: DEBUG placement.requestlog [req-0802952e-0509-4907-bf4d-f0aa97d06fbd req-8f9ee2c4-43f0-4fdf-9d2d-3323328e52c0 None None] Starting request: 10.222.0.48 "DELETE /placement/allocations/13b74cf5-a709-4a0f-9507-7828418ae0b1" {{(pid=103122) __call__ /opt/stack/placement/placement/requestlog.py:55}}
Nov 12 22:47:15.210981 n-d-817778-7 devstack@placement-api.service[103122]: DEBUG placement.handlers.allocation [req-0802952e-0509-4907-bf4d-f0aa97d06fbd req-8f9ee2c4-43f0-4fdf-9d2d-3323328e52c0 service placement] Successfully deleted allocations [, , ] {{(pid=103122) delete_allocations /opt/stack/placement/placement/handlers/allocation.py:627}}
Nov 12 22:47:15.212217 n-d-817778-7 devstack@placement-api.service[103122]: INFO placement.requestlog [req-0802952e-0509-4907-bf4d-f0aa97d06fbd req-8f9ee2c4-43f0-4fdf-9d2d-3323328e52c0 service placement] 10.222.0.48 "DELETE /placement/allocations/13b74cf5-a709-4a0f-9507-7828418ae0b1" status: 204 len: 0 microversion: 1.0
Nov 12 22:47:15.212649 n-d-817778-7 devstack@placement-api.service[103122]: [pid: 103122|app: 0|req: 264/531] 10.222.0.48 () {60 vars in 1355 bytes} [Fri Nov 12 22:47:15 2021] DELETE /placement/allocations/13b74cf5-a709-4a0f-9507-7828418ae0b1 => generated 0 bytes in 63 msecs (HTTP/1.1 204) 5 headers in 198 bytes (1 switches on core 0)
Nov 12 22:47:16.159064 n-d-817778-7 devstack@placement-api.service[103123]: DEBUG placement.requestlog [req-b08243f8-d9ef-408c-a218-c4c81fb00e86 req-ef3bba24-c75e-47bf-890d-c6909b3533d5 None None] Starting request: 10.222.0.24 "GET /placement/allocation_candidates?limit=1000&resources=DISK_GB%3A1%2CMEMORY_MB%3A1024%2CVCPU%3A1&root_required=%21COMPUTE_STATUS_DISABLED" {{(pid=103123) __call__ /opt/stack/placement/placement/requestlog.py:55}}
Nov 12 22:47:16.228430 n-d-817778-7 devstack@placement-api.service[103123]: DEBUG placement.objects.research_context [req-b08243f8-d9ef-408c-a218-c4c81fb00e86 req-ef3bba24-c75e-47bf-890d-c6909b3533d5 service placement] getting providers with 1 DISK_GB {{(pid=103123) __init__ /opt/stack/placement/placement/objects/research_context.py:126}}
Nov 12 22:47:16.235376 n-d-817778-7 devstack@placement-api.service[103123]: DEBUG placement.objects.research_context [req-b08243f8-d9ef-408c-a218-c4c81fb00e86 req-ef3bba24-c75e-47bf-890d-c6909b3533d5 service placement] getting providers with 1024 MEMORY_MB {{(pid=103123) __init__ /opt/stack/placement/placement/objects/research_context.py:126}}
Nov 12 22:47:16.243186 n-d-817778-7 devstack@placement-api.service[103123]: DEBUG placement.objects.research_context [req-b08243f8-d9ef-408c-a218-c4c81fb00e86 req-ef3bba24-c75e-47bf-890d-c6909b3533d5 service placement] getting providers with 1 VCPU {{(pid=103123) __init__ /opt/stack/placement/placement/objects/research_context.py:126}}
Nov 12 22:47:16.250884 n-d-817778-7 devstack@placement-api.service[103123]: DEBUG placement.objects.research_context [req-b08243f8-d9ef-408c-a218-c4c81fb00e86 req-ef3bba24-c75e-47bf-890d-c6909b3533d5 service placement] found 2 providers with available 1 DISK_GB {{(pid=103123) get_provider_ids_matching /opt/stack/placement/placement/objects/research_context.py:549}}
Nov 12 22:47:16.251342 n-d-817778-7 devstack@placement-api.service[103123]: DEBUG placement.objects.research_context [req-b08243f8-d9ef-408c-a218-c4c81fb00e86 req-ef3bba24-c75e-47bf-890d-c6909b3533d5 service placement] found 2 providers with available 1024 MEMORY_MB {{(pid=103123) get_provider_ids_matching /opt/stack/placement/placement/objects/research_context.py:549}}
Nov 12 22:47:16.251807 n-d-817778-7 devstack@placement-api.service[103123]: DEBUG placement.objects.research_context [req-b08243f8-d9ef-408c-a218-c4c81fb00e86 req-ef3bba24-c75e-47bf-890d-c6909b3533d5 service placement] found 2 providers after filtering by previous result {{(pid=103123) get_provider_ids_matching /opt/stack/placement/placement/objects/research_context.py:580}}
Nov 12 22:47:16.252219 n-d-817778-7 devstack@placement-api.service[103123]: DEBUG placement.objects.research_context [req-b08243f8-d9ef-408c-a218-c4c81fb00e86 req-ef3bba24-c75e-47bf-890d-c6909b3533d5 service placement] found 2 providers with available 1 VCPU {{(pid=103123) get_provider_ids_matching /opt/stack/placement/placement/objects/research_context.py:549}}
Nov 12 22:47:16.252654 n-d-817778-7 devstack@placement-api.service[103123]: DEBUG placement.objects.research_context [req-b08243f8-d9ef-408c-a218-c4c81fb00e86 req-ef3bba24-c75e-47bf-890d-c6909b3533d5 service placement] found 2 providers after filtering by previous result {{(pid=103123) get_provider_ids_matching /opt/stack/placement/placement/objects/research_context.py:580}}
Nov 12 22:47:16.275225 n-d-817778-7 devstack@placement-api.service[103123]: DEBUG placement.objects.allocation_candidate [req-b08243f8-d9ef-408c-a218-c4c81fb00e86 req-ef3bba24-c75e-47bf-890d-c6909b3533d5 service placement] RequestGroup(use_same_provider=False, resources={DISK_GB:1, MEMORY_MB:1024, VCPU:1}, traits=[], aggregates=[]) (suffix '') returned 2 matches {{(pid=103123) _get_by_requests /opt/stack/placement/placement/objects/allocation_candidate.py:145}}
Nov 12 22:47:16.275489 n-d-817778-7 devstack@placement-api.service[103123]: DEBUG placement.objects.allocation_candidate [req-b08243f8-d9ef-408c-a218-c4c81fb00e86 req-ef3bba24-c75e-47bf-890d-c6909b3533d5 service placement] Merging candidates yields 2 allocation requests and 2 provider summaries {{(pid=103123) _merge_candidates /opt/stack/placement/placement/objects/allocation_candidate.py:783}}
Nov 12 22:47:16.277663 n-d-817778-7 devstack@placement-api.service[103123]: INFO placement.requestlog [req-b08243f8-d9ef-408c-a218-c4c81fb00e86 req-ef3bba24-c75e-47bf-890d-c6909b3533d5 service placement] 10.222.0.24 "GET /placement/allocation_candidates?limit=1000&resources=DISK_GB%3A1%2CMEMORY_MB%3A1024%2CVCPU%3A1&root_required=%21COMPUTE_STATUS_DISABLED" status: 200 len: 1309 microversion: 1.36
Nov 12 22:47:16.278171 n-d-817778-7 devstack@placement-api.service[103123]: [pid: 103123|app: 0|req: 268/532] 10.222.0.24 () {60 vars in 1506 bytes} [Fri Nov 12 22:47:16 2021] GET /placement/allocation_candidates?limit=1000&resources=DISK_GB%3A1%2CMEMORY_MB%3A1024%2CVCPU%3A1&root_required=%21COMPUTE_STATUS_DISABLED => generated 1309 bytes in 120 msecs (HTTP/1.1 200) 8 headers in 297 bytes (1 switches on core 0)
Nov 12 22:47:16.429842 n-d-817778-7 devstack@placement-api.service[103122]: DEBUG placement.requestlog [req-b08243f8-d9ef-408c-a218-c4c81fb00e86 req-64850933-53b4-4a0d-b59f-85cdec3359d7 None None] Starting request: 10.222.0.24 "GET /placement/allocations/af7d1fd4-8d0a-4678-9e7a-be320ad482ca" {{(pid=103122) __call__ /opt/stack/placement/placement/requestlog.py:55}}
Nov 12 22:47:16.444897 n-d-817778-7 devstack@placement-api.service[103122]: INFO placement.requestlog [req-b08243f8-d9ef-408c-a218-c4c81fb00e86 req-64850933-53b4-4a0d-b59f-85cdec3359d7 service placement] 10.222.0.24 "GET /placement/allocations/af7d1fd4-8d0a-4678-9e7a-be320ad482ca" status: 200 len: 19 microversion: 1.28
Nov 12 22:47:16.449927 n-d-817778-7 devstack@placement-api.service[103122]: [pid: 103122|app: 0|req: 265/533] 10.222.0.24 () {60 vars in 1380 bytes} [Fri Nov 12 22:47:16 2021] GET /placement/allocations/af7d1fd4-8d0a-4678-9e7a-be320ad482ca => generated 19 bytes in 20 msecs (HTTP/1.1 200) 8 headers in 295 bytes (1 switches on core 0)
Nov 12 22:47:16.453167 n-d-817778-7 devstack@placement-api.service[103123]: DEBUG placement.requestlog [req-b08243f8-d9ef-408c-a218-c4c81fb00e86 req-c38b1363-d2e6-49c4-aacb-3744a738402f None None] Starting request: 10.222.0.24 "PUT /placement/allocations/af7d1fd4-8d0a-4678-9e7a-be320ad482ca" {{(pid=103123) __call__ /opt/stack/placement/placement/requestlog.py:55}}
Nov 12 22:47:16.621468 n-d-817778-7 devstack@placement-api.service[103123]: DEBUG placement.handlers.allocation [req-b08243f8-d9ef-408c-a218-c4c81fb00e86 req-c38b1363-d2e6-49c4-aacb-3744a738402f service placement] Successfully wrote allocations [, , ] {{(pid=103123) _update_consumers_and_create_allocations /opt/stack/placement/placement/handlers/allocation.py:462}}
Nov 12 22:47:16.630762 n-d-817778-7 devstack@placement-api.service[103123]: INFO placement.requestlog [req-b08243f8-d9ef-408c-a218-c4c81fb00e86 req-c38b1363-d2e6-49c4-aacb-3744a738402f service placement] 10.222.0.24 "PUT /placement/allocations/af7d1fd4-8d0a-4678-9e7a-be320ad482ca" status: 204 len: 0 microversion: 1.36
Nov 12 22:47:16.631004 n-d-817778-7 devstack@placement-api.service[103123]: [pid: 103123|app: 0|req: 269/534] 10.222.0.24 () {64 vars in 1433 bytes} [Fri Nov 12 22:47:16 2021] PUT /placement/allocations/af7d1fd4-8d0a-4678-9e7a-be320ad482ca => generated 0 bytes in 178 msecs (HTTP/1.1 204) 5 headers in 199 bytes (2 switches on core 0)
Nov 12 22:47:17.114738 n-d-817778-7 devstack@placement-api.service[103122]: DEBUG placement.requestlog [req-b08243f8-d9ef-408c-a218-c4c81fb00e86 req-ed9ddb4b-4ca8-4943-9cb3-7865387a8784 None None] Starting request: 10.222.0.48 "GET /placement/allocations/af7d1fd4-8d0a-4678-9e7a-be320ad482ca" {{(pid=103122) __call__ /opt/stack/placement/placement/requestlog.py:55}}
Nov 12 22:47:17.130979 n-d-817778-7 devstack@placement-api.service[103122]: INFO placement.requestlog [req-b08243f8-d9ef-408c-a218-c4c81fb00e86 req-ed9ddb4b-4ca8-4943-9cb3-7865387a8784 service placement] 10.222.0.48 "GET /placement/allocations/af7d1fd4-8d0a-4678-9e7a-be320ad482ca" status: 200 len: 259 microversion: 1.28
Nov 12 22:47:17.131469 n-d-817778-7 devstack@placement-api.service[103122]: [pid: 103122|app: 0|req: 266/535] 10.222.0.48 () {60 vars in 1377 bytes} [Fri Nov 12 22:47:17 2021] GET /placement/allocations/af7d1fd4-8d0a-4678-9e7a-be320ad482ca => generated 259 bytes in 17 msecs (HTTP/1.1 200) 8 headers in 296 bytes (1 switches on core 0)
Nov 12 22:47:18.463472 n-d-817778-7 devstack@placement-api.service[103123]: DEBUG placement.requestlog [req-97b5c918-2c37-4079-900a-a06f36ae300a req-7c915ef5-1fc7-4b39-96ae-c17aa39bb6e2 None None] Starting request: 10.222.0.24 "GET /placement/allocation_candidates?limit=1000&resources=DISK_GB%3A1%2CMEMORY_MB%3A1024%2CVCPU%3A1&root_required=%21COMPUTE_STATUS_DISABLED" {{(pid=103123) __call__ /opt/stack/placement/placement/requestlog.py:55}}
Nov 12 22:47:18.523751 n-d-817778-7 devstack@placement-api.service[103123]: DEBUG placement.objects.research_context [req-97b5c918-2c37-4079-900a-a06f36ae300a req-7c915ef5-1fc7-4b39-96ae-c17aa39bb6e2 service placement] getting providers with 1 DISK_GB {{(pid=103123) __init__ /opt/stack/placement/placement/objects/research_context.py:126}}
Nov 12 22:47:18.533983 n-d-817778-7 devstack@placement-api.service[103123]: DEBUG placement.objects.research_context [req-97b5c918-2c37-4079-900a-a06f36ae300a req-7c915ef5-1fc7-4b39-96ae-c17aa39bb6e2 service placement] getting providers with 1024 MEMORY_MB {{(pid=103123) __init__ /opt/stack/placement/placement/objects/research_context.py:126}}
Nov 12 22:47:18.541422 n-d-817778-7 devstack@placement-api.service[103123]: DEBUG placement.objects.research_context [req-97b5c918-2c37-4079-900a-a06f36ae300a req-7c915ef5-1fc7-4b39-96ae-c17aa39bb6e2 service placement] getting providers with 1 VCPU {{(pid=103123) __init__ /opt/stack/placement/placement/objects/research_context.py:126}}
Nov 12 22:47:18.548823 n-d-817778-7 devstack@placement-api.service[103123]: DEBUG placement.objects.research_context [req-97b5c918-2c37-4079-900a-a06f36ae300a req-7c915ef5-1fc7-4b39-96ae-c17aa39bb6e2 service placement] found 2 providers with available 1 DISK_GB {{(pid=103123) get_provider_ids_matching /opt/stack/placement/placement/objects/research_context.py:549}}
Nov 12 22:47:18.549342 n-d-817778-7 devstack@placement-api.service[103123]: DEBUG placement.objects.research_context [req-97b5c918-2c37-4079-900a-a06f36ae300a req-7c915ef5-1fc7-4b39-96ae-c17aa39bb6e2 service placement] found 2 providers with available 1024 MEMORY_MB {{(pid=103123) get_provider_ids_matching /opt/stack/placement/placement/objects/research_context.py:549}}
Nov 12 22:47:18.549852 n-d-817778-7 devstack@placement-api.service[103123]: DEBUG placement.objects.research_context [req-97b5c918-2c37-4079-900a-a06f36ae300a req-7c915ef5-1fc7-4b39-96ae-c17aa39bb6e2 service placement] found 2 providers after filtering by previous result {{(pid=103123) get_provider_ids_matching /opt/stack/placement/placement/objects/research_context.py:580}}
Nov 12 22:47:18.551251 n-d-817778-7 devstack@placement-api.service[103123]: DEBUG placement.objects.research_context [req-97b5c918-2c37-4079-900a-a06f36ae300a req-7c915ef5-1fc7-4b39-96ae-c17aa39bb6e2 service placement] found 2 providers with available 1 VCPU {{(pid=103123) get_provider_ids_matching /opt/stack/placement/placement/objects/research_context.py:549}}
Nov 12 22:47:18.551832 n-d-817778-7 devstack@placement-api.service[103123]: DEBUG placement.objects.research_context [req-97b5c918-2c37-4079-900a-a06f36ae300a req-7c915ef5-1fc7-4b39-96ae-c17aa39bb6e2 service placement] found 2 providers after filtering by previous result {{(pid=103123) get_provider_ids_matching /opt/stack/placement/placement/objects/research_context.py:580}}
Nov 12 22:47:18.563338 n-d-817778-7 devstack@placement-api.service[103123]: DEBUG placement.objects.allocation_candidate [req-97b5c918-2c37-4079-900a-a06f36ae300a req-7c915ef5-1fc7-4b39-96ae-c17aa39bb6e2 service placement] RequestGroup(use_same_provider=False, resources={DISK_GB:1, MEMORY_MB:1024, VCPU:1}, traits=[], aggregates=[]) (suffix '') returned 2 matches {{(pid=103123) _get_by_requests /opt/stack/placement/placement/objects/allocation_candidate.py:145}}
Nov 12 22:47:18.565678 n-d-817778-7 devstack@placement-api.service[103123]: DEBUG placement.objects.allocation_candidate [req-97b5c918-2c37-4079-900a-a06f36ae300a req-7c915ef5-1fc7-4b39-96ae-c17aa39bb6e2 service placement] Merging candidates yields 2 allocation requests and 2 provider summaries {{(pid=103123) _merge_candidates /opt/stack/placement/placement/objects/allocation_candidate.py:783}}
Nov 12 22:47:18.568764 n-d-817778-7 devstack@placement-api.service[103123]: INFO placement.requestlog [req-97b5c918-2c37-4079-900a-a06f36ae300a req-7c915ef5-1fc7-4b39-96ae-c17aa39bb6e2 service placement] 10.222.0.24 "GET /placement/allocation_candidates?limit=1000&resources=DISK_GB%3A1%2CMEMORY_MB%3A1024%2CVCPU%3A1&root_required=%21COMPUTE_STATUS_DISABLED" status: 200 len: 1309 microversion: 1.36
Nov 12 22:47:18.578345 n-d-817778-7 devstack@placement-api.service[103123]: [pid: 103123|app: 0|req: 270/536] 10.222.0.24 () {60 vars in 1506 bytes} [Fri Nov 12 22:47:18 2021] GET /placement/allocation_candidates?limit=1000&resources=DISK_GB%3A1%2CMEMORY_MB%3A1024%2CVCPU%3A1&root_required=%21COMPUTE_STATUS_DISABLED => generated 1309 bytes in 114 msecs (HTTP/1.1 200) 8 headers in 297 bytes (1 switches on core 0)
Nov 12 22:47:18.624284 n-d-817778-7 devstack@placement-api.service[103122]: DEBUG placement.requestlog [req-97b5c918-2c37-4079-900a-a06f36ae300a req-90e5507b-fb11-4011-9300-9de436cacb79 None None] Starting request: 10.222.0.24 "GET /placement/allocations/fb58a014-2043-460a-a297-3521ebe1a7f9" {{(pid=103122) __call__ /opt/stack/placement/placement/requestlog.py:55}}
Nov 12 22:47:18.639756 n-d-817778-7 devstack@placement-api.service[103122]: INFO placement.requestlog [req-97b5c918-2c37-4079-900a-a06f36ae300a req-90e5507b-fb11-4011-9300-9de436cacb79 service placement] 10.222.0.24 "GET /placement/allocations/fb58a014-2043-460a-a297-3521ebe1a7f9" status: 200 len: 19 microversion: 1.28
Nov 12 22:47:18.640581 n-d-817778-7 devstack@placement-api.service[103122]: [pid: 103122|app: 0|req: 267/537] 10.222.0.24 () {60 vars in 1380 bytes} [Fri Nov 12 22:47:18 2021] GET /placement/allocations/fb58a014-2043-460a-a297-3521ebe1a7f9 => generated 19 bytes in 16 msecs (HTTP/1.1 200) 8 headers in 295 bytes (1 switches on core 0)
Nov 12 22:47:18.701932 n-d-817778-7 devstack@placement-api.service[103123]: DEBUG placement.requestlog [req-97b5c918-2c37-4079-900a-a06f36ae300a req-c60ede44-1efd-4e1d-945f-4d6d92341696 None None] Starting request: 10.222.0.24 "PUT /placement/allocations/fb58a014-2043-460a-a297-3521ebe1a7f9" {{(pid=103123) __call__ /opt/stack/placement/placement/requestlog.py:55}}
Nov 12 22:47:18.828905 n-d-817778-7 devstack@placement-api.service[103123]: DEBUG placement.handlers.allocation [req-97b5c918-2c37-4079-900a-a06f36ae300a req-c60ede44-1efd-4e1d-945f-4d6d92341696 service placement] Successfully wrote allocations [, , ] {{(pid=103123) _update_consumers_and_create_allocations /opt/stack/placement/placement/handlers/allocation.py:462}}
Nov 12 22:47:18.836275 n-d-817778-7 devstack@placement-api.service[103123]: INFO placement.requestlog [req-97b5c918-2c37-4079-900a-a06f36ae300a req-c60ede44-1efd-4e1d-945f-4d6d92341696 service placement] 10.222.0.24 "PUT /placement/allocations/fb58a014-2043-460a-a297-3521ebe1a7f9" status: 204 len: 0 microversion: 1.36
Nov 12 22:47:18.837326 n-d-817778-7 devstack@placement-api.service[103123]: [pid: 103123|app: 0|req: 271/538] 10.222.0.24 () {64 vars in 1433 bytes} [Fri Nov 12 22:47:18 2021] PUT /placement/allocations/fb58a014-2043-460a-a297-3521ebe1a7f9 => generated 0 bytes in 135 msecs (HTTP/1.1 204) 5 headers in 199 bytes (1 switches on core 0)
Nov 12 22:47:19.348197 n-d-817778-7 devstack@placement-api.service[103122]: DEBUG placement.requestlog [req-97b5c918-2c37-4079-900a-a06f36ae300a req-b677dddc-7acb-4497-a70f-ed1206dc6f3c None None] Starting request: 10.222.0.48 "GET /placement/allocations/fb58a014-2043-460a-a297-3521ebe1a7f9" {{(pid=103122) __call__ /opt/stack/placement/placement/requestlog.py:55}}
Nov 12 22:47:19.372707 n-d-817778-7 devstack@placement-api.service[103122]: INFO placement.requestlog [req-97b5c918-2c37-4079-900a-a06f36ae300a req-b677dddc-7acb-4497-a70f-ed1206dc6f3c service placement] 10.222.0.48 "GET /placement/allocations/fb58a014-2043-460a-a297-3521ebe1a7f9" status: 200 len: 259 microversion: 1.28
Nov 12 22:47:19.373090 n-d-817778-7 devstack@placement-api.service[103122]: [pid: 103122|app: 0|req: 268/539] 10.222.0.48 () {60 vars in 1377 bytes} [Fri Nov 12 22:47:19 2021] GET /placement/allocations/fb58a014-2043-460a-a297-3521ebe1a7f9 => generated 259 bytes in 26 msecs (HTTP/1.1 200) 8 headers in 296 bytes (1 switches on core 0)
Nov 12 22:47:20.458466 n-d-817778-7 devstack@placement-api.service[103123]: DEBUG placement.requestlog [req-f1710c3b-d219-43c6-9923-311f874f99f1 req-aff5971b-e0a2-4f6b-ae7f-35eb1f68c647 None None] Starting request: 10.222.0.36 "GET /placement/resource_providers/d33ba57a-f95b-47d2-ac78-23067304e2db/allocations" {{(pid=103123) __call__ /opt/stack/placement/placement/requestlog.py:55}}
Nov 12 22:47:20.517451 n-d-817778-7 devstack@placement-api.service[103123]: INFO placement.requestlog [req-f1710c3b-d219-43c6-9923-311f874f99f1 req-aff5971b-e0a2-4f6b-ae7f-35eb1f68c647 service placement] 10.222.0.36 "GET /placement/resource_providers/d33ba57a-f95b-47d2-ac78-23067304e2db/allocations" status: 200 len: 457 microversion: 1.0
Nov 12 22:47:20.518117 n-d-817778-7 devstack@placement-api.service[103123]: [pid: 103123|app: 0|req: 272/540] 10.222.0.36 () {58 vars in 1390 bytes} [Fri Nov 12 22:47:20 2021] GET /placement/resource_providers/d33ba57a-f95b-47d2-ac78-23067304e2db/allocations => generated 457 bytes in 60 msecs (HTTP/1.1 200) 6 headers in 224 bytes (1 switches on core 0)
Nov 12 22:47:20.914160 n-d-817778-7 devstack@placement-api.service[103122]: DEBUG placement.requestlog [req-eb155415-2eaa-4697-8d44-05b0a734d033 req-210850aa-18ad-4c15-9512-46fc3aae0075 None None] Starting request: 10.222.0.48 "GET /placement/resource_providers/009ced06-dfda-46f2-b792-c03be35ac808/allocations" {{(pid=103122) __call__ /opt/stack/placement/placement/requestlog.py:55}}
Nov 12 22:47:21.005992 n-d-817778-7 devstack@placement-api.service[103122]: INFO placement.requestlog [req-eb155415-2eaa-4697-8d44-05b0a734d033 req-210850aa-18ad-4c15-9512-46fc3aae0075 service placement] 10.222.0.48 "GET /placement/resource_providers/009ced06-dfda-46f2-b792-c03be35ac808/allocations" status: 200 len: 631 microversion: 1.0
Nov 12 22:47:21.007148 n-d-817778-7 devstack@placement-api.service[103122]: [pid: 103122|app: 0|req: 269/541] 10.222.0.48 () {58 vars in 1390 bytes} [Fri Nov 12 22:47:20 2021] GET /placement/resource_providers/009ced06-dfda-46f2-b792-c03be35ac808/allocations => generated 631 bytes in 100 msecs (HTTP/1.1 200) 6 headers in 224 bytes (1 switches on core 0)
Nov 12 22:47:29.217744 n-d-817778-7 devstack@placement-api.service[103123]: DEBUG placement.requestlog [req-bec73f2e-127e-4572-b759-abb2f740e609 req-b8c14cfc-a12c-4976-a6ef-cf255000c7df None None] Starting request: 10.222.0.24 "GET /placement/allocation_candidates?limit=1000&resources=DISK_GB%3A1%2CMEMORY_MB%3A1024%2CVCPU%3A1&root_required=%21COMPUTE_STATUS_DISABLED" {{(pid=103123) __call__ /opt/stack/placement/placement/requestlog.py:55}}
Nov 12 22:47:29.282986 n-d-817778-7 devstack@placement-api.service[103123]: DEBUG placement.objects.research_context [req-bec73f2e-127e-4572-b759-abb2f740e609 req-b8c14cfc-a12c-4976-a6ef-cf255000c7df service placement] getting providers with 1 DISK_GB {{(pid=103123) __init__ /opt/stack/placement/placement/objects/research_context.py:126}}
Nov 12 22:47:29.297190 n-d-817778-7 devstack@placement-api.service[103123]: DEBUG placement.objects.research_context [req-bec73f2e-127e-4572-b759-abb2f740e609 req-b8c14cfc-a12c-4976-a6ef-cf255000c7df service placement] getting providers with 1024 MEMORY_MB {{(pid=103123) __init__ /opt/stack/placement/placement/objects/research_context.py:126}}
Nov 12 22:47:29.320703 n-d-817778-7 devstack@placement-api.service[103123]: DEBUG placement.objects.research_context [req-bec73f2e-127e-4572-b759-abb2f740e609 req-b8c14cfc-a12c-4976-a6ef-cf255000c7df service placement] getting providers with 1 VCPU {{(pid=103123) __init__ /opt/stack/placement/placement/objects/research_context.py:126}}
Nov 12 22:47:29.334060 n-d-817778-7 devstack@placement-api.service[103123]: DEBUG placement.objects.research_context [req-bec73f2e-127e-4572-b759-abb2f740e609 req-b8c14cfc-a12c-4976-a6ef-cf255000c7df service placement] found 2 providers with available 1 DISK_GB {{(pid=103123) get_provider_ids_matching /opt/stack/placement/placement/objects/research_context.py:549}}
Nov 12 22:47:29.335534 n-d-817778-7 devstack@placement-api.service[103123]: DEBUG placement.objects.research_context [req-bec73f2e-127e-4572-b759-abb2f740e609 req-b8c14cfc-a12c-4976-a6ef-cf255000c7df service placement] found 2 providers with available 1024 MEMORY_MB {{(pid=103123) get_provider_ids_matching /opt/stack/placement/placement/objects/research_context.py:549}}
Nov 12 22:47:29.336153 n-d-817778-7 devstack@placement-api.service[103123]: DEBUG placement.objects.research_context [req-bec73f2e-127e-4572-b759-abb2f740e609 req-b8c14cfc-a12c-4976-a6ef-cf255000c7df service placement] found 2 providers after filtering by previous result {{(pid=103123) get_provider_ids_matching /opt/stack/placement/placement/objects/research_context.py:580}}
Nov 12 22:47:29.338215 n-d-817778-7 devstack@placement-api.service[103123]: DEBUG placement.objects.research_context [req-bec73f2e-127e-4572-b759-abb2f740e609 req-b8c14cfc-a12c-4976-a6ef-cf255000c7df service placement] found 2 providers with available 1 VCPU {{(pid=103123) get_provider_ids_matching /opt/stack/placement/placement/objects/research_context.py:549}}
Nov 12 22:47:29.338753 n-d-817778-7 devstack@placement-api.service[103123]: DEBUG placement.objects.research_context [req-bec73f2e-127e-4572-b759-abb2f740e609 req-b8c14cfc-a12c-4976-a6ef-cf255000c7df service placement] found 2 providers after filtering by previous result {{(pid=103123) get_provider_ids_matching /opt/stack/placement/placement/objects/research_context.py:580}}
Nov 12 22:47:29.363206 n-d-817778-7 devstack@placement-api.service[103123]: DEBUG placement.objects.allocation_candidate [req-bec73f2e-127e-4572-b759-abb2f740e609 req-b8c14cfc-a12c-4976-a6ef-cf255000c7df service placement] RequestGroup(use_same_provider=False, resources={DISK_GB:1, MEMORY_MB:1024, VCPU:1}, traits=[], aggregates=[]) (suffix '') returned 2 matches {{(pid=103123) _get_by_requests /opt/stack/placement/placement/objects/allocation_candidate.py:145}}
Nov 12 22:47:29.364013 n-d-817778-7 devstack@placement-api.service[103123]: DEBUG placement.objects.allocation_candidate [req-bec73f2e-127e-4572-b759-abb2f740e609 req-b8c14cfc-a12c-4976-a6ef-cf255000c7df service placement] Merging candidates yields 2 allocation requests and 2 provider summaries {{(pid=103123) _merge_candidates /opt/stack/placement/placement/objects/allocation_candidate.py:783}}
Nov 12 22:47:29.368043 n-d-817778-7 devstack@placement-api.service[103123]: INFO placement.requestlog [req-bec73f2e-127e-4572-b759-abb2f740e609 req-b8c14cfc-a12c-4976-a6ef-cf255000c7df service placement] 10.222.0.24 "GET /placement/allocation_candidates?limit=1000&resources=DISK_GB%3A1%2CMEMORY_MB%3A1024%2CVCPU%3A1&root_required=%21COMPUTE_STATUS_DISABLED" status: 200 len: 1309 microversion: 1.36
Nov 12 22:47:29.371071 n-d-817778-7 devstack@placement-api.service[103123]: [pid: 103123|app: 0|req: 273/542] 10.222.0.24 () {60 vars in 1506 bytes} [Fri Nov 12 22:47:29 2021] GET /placement/allocation_candidates?limit=1000&resources=DISK_GB%3A1%2CMEMORY_MB%3A1024%2CVCPU%3A1&root_required=%21COMPUTE_STATUS_DISABLED => generated 1309 bytes in 153 msecs (HTTP/1.1 200) 8 headers in 297 bytes (1 switches on core 0)
Nov 12 22:47:29.481994 n-d-817778-7 devstack@placement-api.service[103122]: DEBUG placement.requestlog [req-bec73f2e-127e-4572-b759-abb2f740e609 req-b3431ba9-fb4a-4103-bdfa-71d8c43b8476 None None] Starting request: 10.222.0.24 "GET /placement/allocations/c375b762-eff9-402b-b444-2f146b30a8f4" {{(pid=103122) __call__ /opt/stack/placement/placement/requestlog.py:55}}
Nov 12 22:47:29.499362 n-d-817778-7 devstack@placement-api.service[103122]: INFO placement.requestlog [req-bec73f2e-127e-4572-b759-abb2f740e609 req-b3431ba9-fb4a-4103-bdfa-71d8c43b8476 service placement] 10.222.0.24 "GET /placement/allocations/c375b762-eff9-402b-b444-2f146b30a8f4" status: 200 len: 19 microversion: 1.28
Nov 12 22:47:29.499938 n-d-817778-7 devstack@placement-api.service[103122]: [pid: 103122|app: 0|req: 270/543] 10.222.0.24 () {60 vars in 1380 bytes} [Fri Nov 12 22:47:29 2021] GET /placement/allocations/c375b762-eff9-402b-b444-2f146b30a8f4 => generated 19 bytes in 18 msecs (HTTP/1.1 200) 8 headers in 295 bytes (1 switches on core 0)
Nov 12 22:47:29.506523 n-d-817778-7 devstack@placement-api.service[103123]: DEBUG placement.requestlog [req-bec73f2e-127e-4572-b759-abb2f740e609 req-7c3ef19d-712f-4b16-8357-5984f9c89d78 None None] Starting request: 10.222.0.24 "PUT /placement/allocations/c375b762-eff9-402b-b444-2f146b30a8f4" {{(pid=103123) __call__ /opt/stack/placement/placement/requestlog.py:55}}
Nov 12 22:47:29.624457 n-d-817778-7 devstack@placement-api.service[103123]: DEBUG placement.handlers.allocation [req-bec73f2e-127e-4572-b759-abb2f740e609 req-7c3ef19d-712f-4b16-8357-5984f9c89d78 service placement] Successfully wrote allocations [, , ] {{(pid=103123) _update_consumers_and_create_allocations /opt/stack/placement/placement/handlers/allocation.py:462}}
Nov 12 22:47:29.634142 n-d-817778-7 devstack@placement-api.service[103123]: INFO placement.requestlog [req-bec73f2e-127e-4572-b759-abb2f740e609 req-7c3ef19d-712f-4b16-8357-5984f9c89d78 service placement] 10.222.0.24 "PUT /placement/allocations/c375b762-eff9-402b-b444-2f146b30a8f4" status: 204 len: 0 microversion: 1.36
Nov 12 22:47:29.634734 n-d-817778-7 devstack@placement-api.service[103123]: [pid: 103123|app: 0|req: 274/544] 10.222.0.24 () {64 vars in 1433 bytes} [Fri Nov 12 22:47:29 2021] PUT /placement/allocations/c375b762-eff9-402b-b444-2f146b30a8f4 => generated 0 bytes in 128 msecs (HTTP/1.1 204) 5 headers in 199 bytes (1 switches on core 0)
Nov 12 22:47:30.207593 n-d-817778-7 devstack@placement-api.service[103122]: DEBUG placement.requestlog [req-bec73f2e-127e-4572-b759-abb2f740e609 req-b17a05f2-25aa-4b68-a30f-d32de7032333 None None] Starting request: 10.222.0.48 "GET /placement/allocations/c375b762-eff9-402b-b444-2f146b30a8f4" {{(pid=103122) __call__ /opt/stack/placement/placement/requestlog.py:55}}
Nov 12 22:47:30.244206 n-d-817778-7 devstack@placement-api.service[103122]: INFO placement.requestlog [req-bec73f2e-127e-4572-b759-abb2f740e609 req-b17a05f2-25aa-4b68-a30f-d32de7032333 service placement] 10.222.0.48 "GET /placement/allocations/c375b762-eff9-402b-b444-2f146b30a8f4" status: 200 len: 259 microversion: 1.28
Nov 12 22:47:30.244437 n-d-817778-7 devstack@placement-api.service[103122]: [pid: 103122|app: 0|req: 271/545] 10.222.0.48 () {60 vars in 1377 bytes} [Fri Nov 12 22:47:30 2021] GET /placement/allocations/c375b762-eff9-402b-b444-2f146b30a8f4 => generated 259 bytes in 38 msecs (HTTP/1.1 200) 8 headers in 296 bytes (1 switches on core 0)
Nov 12 22:47:37.388093 n-d-817778-7 devstack@placement-api.service[103123]: DEBUG placement.requestlog [None req-9c61d0e2-24cc-4984-9a3d-890eb5afef65 None None] Starting request: 10.222.0.24 "GET /placement/" {{(pid=103123) __call__ /opt/stack/placement/placement/requestlog.py:55}}
Nov 12 22:47:37.389156 n-d-817778-7 devstack@placement-api.service[103123]: INFO placement.requestlog [None req-9c61d0e2-24cc-4984-9a3d-890eb5afef65 None None] 10.222.0.24 "GET /placement/" status: 200 len: 136 microversion: 1.0
Nov 12 22:47:37.389674 n-d-817778-7 devstack@placement-api.service[103123]: [pid: 103123|app: 0|req: 275/546] 10.222.0.24 () {54 vars in 916 bytes} [Fri Nov 12 22:47:37 2021] GET /placement => generated 136 bytes in 2 msecs (HTTP/1.1 200) 6 headers in 224 bytes (1 switches on core 0)
Nov 12 22:47:37.401017 n-d-817778-7 devstack@placement-api.service[103122]: DEBUG placement.requestlog [req-b88ba952-af54-45bf-ba74-d8efc3db181c req-06653e4a-b0d8-418d-8719-2f9e94ad42cd None None] Starting request: 10.222.0.24 "GET /placement/allocations/c745978e-aa6b-4fed-88a2-6056247eef0e" {{(pid=103122) __call__ /opt/stack/placement/placement/requestlog.py:55}}
Nov 12 22:47:37.502918 n-d-817778-7 devstack@placement-api.service[103122]: INFO placement.requestlog [req-b88ba952-af54-45bf-ba74-d8efc3db181c req-06653e4a-b0d8-418d-8719-2f9e94ad42cd service placement] 10.222.0.24 "GET /placement/allocations/c745978e-aa6b-4fed-88a2-6056247eef0e" status: 200 len: 245 microversion: 1.28
Nov 12 22:47:37.503521 n-d-817778-7 devstack@placement-api.service[103122]: [pid: 103122|app: 0|req: 272/547] 10.222.0.24 () {60 vars in 1380 bytes} [Fri Nov 12 22:47:37 2021] GET /placement/allocations/c745978e-aa6b-4fed-88a2-6056247eef0e => generated 245 bytes in 103 msecs (HTTP/1.1 200) 8 headers in 296 bytes (1 switches on core 0)
Nov 12 22:47:37.509684 n-d-817778-7 devstack@placement-api.service[103123]: DEBUG placement.requestlog [req-b88ba952-af54-45bf-ba74-d8efc3db181c req-18d608d6-e719-4e5d-b3ab-ff29f3bf2ad5 None None] Starting request: 10.222.0.24 "GET /placement/allocations/c745978e-aa6b-4fed-88a2-6056247eef0e" {{(pid=103123) __call__ /opt/stack/placement/placement/requestlog.py:55}}
Nov 12 22:47:37.543907 n-d-817778-7 devstack@placement-api.service[103123]: INFO placement.requestlog [req-b88ba952-af54-45bf-ba74-d8efc3db181c req-18d608d6-e719-4e5d-b3ab-ff29f3bf2ad5 service placement] 10.222.0.24 "GET /placement/allocations/c745978e-aa6b-4fed-88a2-6056247eef0e" status: 200 len: 245 microversion: 1.28
Nov 12 22:47:37.544648 n-d-817778-7 devstack@placement-api.service[103123]: [pid: 103123|app: 0|req: 276/548] 10.222.0.24 () {60 vars in 1380 bytes} [Fri Nov 12 22:47:37 2021] GET /placement/allocations/c745978e-aa6b-4fed-88a2-6056247eef0e => generated 245 bytes in 35 msecs (HTTP/1.1 200) 8 headers in 296 bytes (1 switches on core 0)
Nov 12 22:47:37.553572 n-d-817778-7 devstack@placement-api.service[103122]: DEBUG placement.requestlog [req-b88ba952-af54-45bf-ba74-d8efc3db181c req-9eddefdc-9bd0-4eae-9169-76ae0a2a5e3b None None] Starting request: 10.222.0.24 "GET /placement/allocations/1c2be9fc-9a49-4fe6-b250-75eb480f07a3" {{(pid=103122) __call__ /opt/stack/placement/placement/requestlog.py:55}}
Nov 12 22:47:37.588632 n-d-817778-7 devstack@placement-api.service[103122]: INFO placement.requestlog [req-b88ba952-af54-45bf-ba74-d8efc3db181c req-9eddefdc-9bd0-4eae-9169-76ae0a2a5e3b service placement] 10.222.0.24 "GET /placement/allocations/1c2be9fc-9a49-4fe6-b250-75eb480f07a3" status: 200 len: 19 microversion: 1.28
Nov 12 22:47:37.588895 n-d-817778-7 devstack@placement-api.service[103122]: [pid: 103122|app: 0|req: 273/549] 10.222.0.24 () {60 vars in 1380 bytes} [Fri Nov 12 22:47:37 2021] GET /placement/allocations/1c2be9fc-9a49-4fe6-b250-75eb480f07a3 => generated 19 bytes in 36 msecs (HTTP/1.1 200) 8 headers in 295 bytes (1 switches on core 0)
Nov 12 22:47:37.597108 n-d-817778-7 devstack@placement-api.service[103123]: DEBUG placement.requestlog [req-b88ba952-af54-45bf-ba74-d8efc3db181c req-ba6f1d79-0348-48e9-b764-69061246ec4b None None] Starting request: 10.222.0.24 "POST /placement/allocations" {{(pid=103123) __call__ /opt/stack/placement/placement/requestlog.py:55}}
Nov 12 22:47:37.778188 n-d-817778-7 devstack@placement-api.service[103123]: DEBUG placement.handlers.allocation [req-b88ba952-af54-45bf-ba74-d8efc3db181c req-ba6f1d79-0348-48e9-b764-69061246ec4b service placement] Successfully wrote allocations [, , , ] {{(pid=103123) _update_consumers_and_create_allocations /opt/stack/placement/placement/handlers/allocation.py:572}}
Nov 12 22:47:37.787402 n-d-817778-7 devstack@placement-api.service[103123]: INFO placement.requestlog [req-b88ba952-af54-45bf-ba74-d8efc3db181c req-ba6f1d79-0348-48e9-b764-69061246ec4b service placement] 10.222.0.24 "POST /placement/allocations" status: 204 len: 0 microversion: 1.28
Nov 12 22:47:37.788252 n-d-817778-7 devstack@placement-api.service[103123]: [pid: 103123|app: 0|req: 277/550] 10.222.0.24 () {64 vars in 1323 bytes} [Fri Nov 12 22:47:37 2021] POST /placement/allocations => generated 0 bytes in 191 msecs (HTTP/1.1 204) 5 headers in 199 bytes (2 switches on core 0)
Nov 12 22:47:37.883470 n-d-817778-7 devstack@placement-api.service[103122]: DEBUG placement.requestlog [req-b88ba952-af54-45bf-ba74-d8efc3db181c req-d94f3dd7-63c3-4e46-9f7b-a7349a373e4b None None] Starting request: 10.222.0.24 "GET /placement/allocations/c745978e-aa6b-4fed-88a2-6056247eef0e" {{(pid=103122) __call__ /opt/stack/placement/placement/requestlog.py:55}}
Nov 12 22:47:37.906592 n-d-817778-7 devstack@placement-api.service[103122]: INFO placement.requestlog [req-b88ba952-af54-45bf-ba74-d8efc3db181c req-d94f3dd7-63c3-4e46-9f7b-a7349a373e4b service placement] 10.222.0.24 "GET /placement/allocations/c745978e-aa6b-4fed-88a2-6056247eef0e" status: 200 len: 19 microversion: 1.28
Nov 12 22:47:37.907097 n-d-817778-7 devstack@placement-api.service[103122]: [pid: 103122|app: 0|req: 274/551] 10.222.0.24 () {60 vars in 1380 bytes} [Fri Nov 12 22:47:37 2021] GET /placement/allocations/c745978e-aa6b-4fed-88a2-6056247eef0e => generated 19 bytes in 24 msecs (HTTP/1.1 200) 8 headers in 295 bytes (1 switches on core 0)
Nov 12 22:47:37.913405 n-d-817778-7 devstack@placement-api.service[103123]: DEBUG placement.requestlog [req-b88ba952-af54-45bf-ba74-d8efc3db181c req-9f8dfb21-8de5-471c-ae2f-8aefcc68ac77 None None] Starting request: 10.222.0.24 "PUT /placement/allocations/c745978e-aa6b-4fed-88a2-6056247eef0e" {{(pid=103123) __call__ /opt/stack/placement/placement/requestlog.py:55}}
Nov 12 22:47:38.021976 n-d-817778-7 devstack@placement-api.service[103123]: DEBUG placement.handlers.allocation [req-b88ba952-af54-45bf-ba74-d8efc3db181c req-9f8dfb21-8de5-471c-ae2f-8aefcc68ac77 service placement] Successfully wrote allocations [, ] {{(pid=103123) _update_consumers_and_create_allocations /opt/stack/placement/placement/handlers/allocation.py:462}}
Nov 12 22:47:38.031264 n-d-817778-7 devstack@placement-api.service[103123]: INFO placement.requestlog [req-b88ba952-af54-45bf-ba74-d8efc3db181c req-9f8dfb21-8de5-471c-ae2f-8aefcc68ac77 service placement] 10.222.0.24 "PUT /placement/allocations/c745978e-aa6b-4fed-88a2-6056247eef0e" status: 204 len: 0 microversion: 1.28
Nov 12 22:47:38.032260 n-d-817778-7 devstack@placement-api.service[103123]: [pid: 103123|app: 0|req: 278/552] 10.222.0.24 () {64 vars in 1433 bytes} [Fri Nov 12 22:47:37 2021] PUT /placement/allocations/c745978e-aa6b-4fed-88a2-6056247eef0e => generated 0 bytes in 119 msecs (HTTP/1.1 204) 5 headers in 199 bytes (1 switches on core 0)
