Nov 12 14:04:26.655278 n-d-817747-1 devstack@n-api.service[117720]: DEBUG oslo_concurrency.lockutils [None req-411909f1-0002-430b-af47-f757079e445c tempest-DeleteServersAdminTestJSON-1888840842 tempest-DeleteServersAdminTestJSON-1888840842-project] Lock "80da0ba3-8af7-45c6-bb53-ca78aeab5032" acquired by "nova.context.set_target_cell..get_or_set_cached_cell_and_set_connections" :: waited 0.000s {{(pid=117720) inner /usr/local/lib/python3.8/dist-packages/oslo_concurrency/lockutils.py:386}}
Nov 12 14:04:26.656067 n-d-817747-1 devstack@n-api.service[117720]: DEBUG oslo_concurrency.lockutils [None req-411909f1-0002-430b-af47-f757079e445c tempest-DeleteServersAdminTestJSON-1888840842 tempest-DeleteServersAdminTestJSON-1888840842-project] Lock "80da0ba3-8af7-45c6-bb53-ca78aeab5032" "released" by "nova.context.set_target_cell..get_or_set_cached_cell_and_set_connections" :: held 0.001s {{(pid=117720) inner /usr/local/lib/python3.8/dist-packages/oslo_concurrency/lockutils.py:400}}
Nov 12 14:04:26.657070 n-d-817747-1 devstack@n-api.service[117720]: DEBUG oslo_concurrency.lockutils [None req-411909f1-0002-430b-af47-f757079e445c tempest-DeleteServersAdminTestJSON-1888840842 tempest-DeleteServersAdminTestJSON-1888840842-project] Lock "80da0ba3-8af7-45c6-bb53-ca78aeab5032" acquired by "nova.context.set_target_cell..get_or_set_cached_cell_and_set_connections" :: waited 0.000s {{(pid=117720) inner /usr/local/lib/python3.8/dist-packages/oslo_concurrency/lockutils.py:386}}
Nov 12 14:04:26.657775 n-d-817747-1 devstack@n-api.service[117720]: DEBUG oslo_concurrency.lockutils [None req-411909f1-0002-430b-af47-f757079e445c tempest-DeleteServersAdminTestJSON-1888840842 tempest-DeleteServersAdminTestJSON-1888840842-project] Lock "80da0ba3-8af7-45c6-bb53-ca78aeab5032" "released" by "nova.context.set_target_cell..get_or_set_cached_cell_and_set_connections" :: held 0.001s {{(pid=117720) inner /usr/local/lib/python3.8/dist-packages/oslo_concurrency/lockutils.py:400}}
Nov 12 14:04:27.110934 n-d-817747-1 devstack@n-api.service[117719]: DEBUG nova.policy [None req-9a3a1542-7f08-4216-b26b-dfbdc2ea9b3f tempest-LiveAutoBlockMigrationV225Test-1815521915 tempest-LiveAutoBlockMigrationV225Test-1815521915-project] Policy check for os_compute_api:os-extended-server-attributes failed with credentials {'is_admin': False, 'user_id': '2dcb6a5a6c8944e194b368c35dc2306c', 'user_domain_id': 'default', 'system_scope': None, 'domain_id': None, 'project_id': '69f16c060e6d4c368b9aecf0bedb46be', 'project_domain_id': 'default', 'roles': ['reader', 'member'], 'is_admin_project': True, 'service_user_id': None, 'service_user_domain_id': None, 'service_project_id': None, 'service_project_domain_id': None, 'service_roles': []} {{(pid=117719) authorize /opt/stack/nova/nova/policy.py:199}}
Nov 12 14:04:27.119026 n-d-817747-1 devstack@n-api.service[117719]: DEBUG nova.policy [None req-9a3a1542-7f08-4216-b26b-dfbdc2ea9b3f tempest-LiveAutoBlockMigrationV225Test-1815521915 tempest-LiveAutoBlockMigrationV225Test-1815521915-project] Policy check for os_compute_api:servers:show:host_status failed with credentials {'is_admin': False, 'user_id': '2dcb6a5a6c8944e194b368c35dc2306c', 'user_domain_id': 'default', 'system_scope': None, 'domain_id': None, 'project_id': '69f16c060e6d4c368b9aecf0bedb46be', 'project_domain_id': 'default', 'roles': ['reader', 'member'], 'is_admin_project': True, 'service_user_id': None, 'service_user_domain_id': None, 'service_project_id': None, 'service_project_domain_id': None, 'service_roles': []} {{(pid=117719) authorize /opt/stack/nova/nova/policy.py:199}}
Nov 12 14:04:27.120856 n-d-817747-1 devstack@n-api.service[117719]: DEBUG nova.policy [None req-9a3a1542-7f08-4216-b26b-dfbdc2ea9b3f tempest-LiveAutoBlockMigrationV225Test-1815521915 tempest-LiveAutoBlockMigrationV225Test-1815521915-project] Policy check for os_compute_api:servers:show:host_status:unknown-only failed with credentials {'is_admin': False, 'user_id': '2dcb6a5a6c8944e194b368c35dc2306c', 'user_domain_id': 'default', 'system_scope': None, 'domain_id': None, 'project_id': '69f16c060e6d4c368b9aecf0bedb46be', 'project_domain_id': 'default', 'roles': ['reader', 'member'], 'is_admin_project': True, 'service_user_id': None, 'service_user_domain_id': None, 'service_project_id': None, 'service_project_domain_id': None, 'service_roles': []} {{(pid=117719) authorize /opt/stack/nova/nova/policy.py:199}}
Nov 12 14:04:27.122189 n-d-817747-1 devstack@n-api.service[117719]: INFO nova.api.openstack.requestlog [None req-9a3a1542-7f08-4216-b26b-dfbdc2ea9b3f tempest-LiveAutoBlockMigrationV225Test-1815521915 tempest-LiveAutoBlockMigrationV225Test-1815521915-project] 10.222.0.52 "GET /compute/v2.1/servers/43c5ba0d-f868-40ad-9011-86a94edea80b" status: 200 len: 1361 microversion: 2.25 time: 0.656869
Nov 12 14:04:27.134193 n-d-817747-1 devstack@n-api.service[117719]: [pid: 117719|app: 0|req: 90/175] 10.222.0.52 () {60 vars in 1276 bytes} [Fri Nov 12 14:04:26 2021] GET /compute/v2.1/servers/43c5ba0d-f868-40ad-9011-86a94edea80b => generated 1361 bytes in 669 msecs (HTTP/1.1 200) 9 headers in 360 bytes (2 switches on core 0)
Nov 12 14:04:27.139875 n-d-817747-1 devstack@n-api.service[117719]: DEBUG nova.api.openstack.wsgi [req-56858fbb-f424-41dc-bfbf-ffcef7a329ad req-85db4013-3085-4cde-ba34-28c88de2de84 service nova] Action: 'create', calling method: >, body: {"events": [{"server_uuid": "990fd5ad-91b0-4129-89f2-87bf901472df", "name": "network-vif-plugged", "status": "completed", "tag": "1e325e7f-7a13-491f-9a81-e7982a8a287f"}]} {{(pid=117719) _process_stack /opt/stack/nova/nova/api/openstack/wsgi.py:511}}
Nov 12 14:04:27.141962 n-d-817747-1 devstack@n-api.service[117719]: /usr/local/lib/python3.8/dist-packages/oslo_policy/policy.py:1075: UserWarning: Policy os_compute_api:os-server-external-events:create failed scope check. The token used to make the request was project scoped but the policy requires ['system'] scope. This behavior may change in the future where using the intended scope is required
Nov 12 14:04:27.141962 n-d-817747-1 devstack@n-api.service[117719]: warnings.warn(msg)
Nov 12 14:04:27.163883 n-d-817747-1 devstack@n-api.service[117719]: DEBUG oslo_concurrency.lockutils [req-56858fbb-f424-41dc-bfbf-ffcef7a329ad req-85db4013-3085-4cde-ba34-28c88de2de84 service nova] Lock "80da0ba3-8af7-45c6-bb53-ca78aeab5032" acquired by "nova.context.set_target_cell..get_or_set_cached_cell_and_set_connections" :: waited 0.000s {{(pid=117719) inner /usr/local/lib/python3.8/dist-packages/oslo_concurrency/lockutils.py:386}}
Nov 12 14:04:27.165073 n-d-817747-1 devstack@n-api.service[117719]: DEBUG oslo_concurrency.lockutils [req-56858fbb-f424-41dc-bfbf-ffcef7a329ad req-85db4013-3085-4cde-ba34-28c88de2de84 service nova] Lock "80da0ba3-8af7-45c6-bb53-ca78aeab5032" "released" by "nova.context.set_target_cell..get_or_set_cached_cell_and_set_connections" :: held 0.001s {{(pid=117719) inner /usr/local/lib/python3.8/dist-packages/oslo_concurrency/lockutils.py:400}}
Nov 12 14:04:27.192809 n-d-817747-1 devstack@n-api.service[117719]: INFO nova.api.openstack.compute.server_external_events [req-56858fbb-f424-41dc-bfbf-ffcef7a329ad req-85db4013-3085-4cde-ba34-28c88de2de84 service nova] Creating event network-vif-plugged:1e325e7f-7a13-491f-9a81-e7982a8a287f for instance 990fd5ad-91b0-4129-89f2-87bf901472df on n-h1-817747-1
Nov 12 14:04:27.193461 n-d-817747-1 devstack@n-api.service[117719]: DEBUG oslo_concurrency.lockutils [req-56858fbb-f424-41dc-bfbf-ffcef7a329ad req-85db4013-3085-4cde-ba34-28c88de2de84 service nova] Acquired lock "compute-rpcapi-router" {{(pid=117719) lock /usr/local/lib/python3.8/dist-packages/oslo_concurrency/lockutils.py:294}}
Nov 12 14:04:27.194572 n-d-817747-1 devstack@n-api.service[117720]: DEBUG nova.policy [None req-411909f1-0002-430b-af47-f757079e445c tempest-DeleteServersAdminTestJSON-1888840842 tempest-DeleteServersAdminTestJSON-1888840842-project] Policy check for os_compute_api:os-extended-server-attributes failed with credentials {'is_admin': False, 'user_id': '34b6d46bcf344ed7bed04320c23aa872', 'user_domain_id': 'default', 'system_scope': None, 'domain_id': None, 'project_id': 'd868bebbe16f43d196e0817836202827', 'project_domain_id': 'default', 'roles': ['reader', 'member'], 'is_admin_project': True, 'service_user_id': None, 'service_user_domain_id': None, 'service_project_id': None, 'service_project_domain_id': None, 'service_roles': []} {{(pid=117720) authorize /opt/stack/nova/nova/policy.py:199}}
Nov 12 14:04:27.195333 n-d-817747-1 devstack@n-api.service[117719]: DEBUG oslo_concurrency.lockutils [None req-7f3fa37f-7bd2-47d5-aa15-e5338f7a747f None None] Lock "00000000-0000-0000-0000-000000000000" acquired by "nova.context.set_target_cell..get_or_set_cached_cell_and_set_connections" :: waited 0.000s {{(pid=117719) inner /usr/local/lib/python3.8/dist-packages/oslo_concurrency/lockutils.py:386}}
Nov 12 14:04:27.195810 n-d-817747-1 devstack@n-api.service[117719]: DEBUG oslo_concurrency.lockutils [None req-7f3fa37f-7bd2-47d5-aa15-e5338f7a747f None None] Lock "00000000-0000-0000-0000-000000000000" "released" by "nova.context.set_target_cell..get_or_set_cached_cell_and_set_connections" :: held 0.001s {{(pid=117719) inner /usr/local/lib/python3.8/dist-packages/oslo_concurrency/lockutils.py:400}}
Nov 12 14:04:27.196624 n-d-817747-1 devstack@n-api.service[117719]: DEBUG oslo_concurrency.lockutils [None req-7f3fa37f-7bd2-47d5-aa15-e5338f7a747f None None] Lock "80da0ba3-8af7-45c6-bb53-ca78aeab5032" acquired by "nova.context.set_target_cell..get_or_set_cached_cell_and_set_connections" :: waited 0.000s {{(pid=117719) inner /usr/local/lib/python3.8/dist-packages/oslo_concurrency/lockutils.py:386}}
Nov 12 14:04:27.197471 n-d-817747-1 devstack@n-api.service[117719]: DEBUG oslo_concurrency.lockutils [None req-7f3fa37f-7bd2-47d5-aa15-e5338f7a747f None None] Lock "80da0ba3-8af7-45c6-bb53-ca78aeab5032" "released" by "nova.context.set_target_cell..get_or_set_cached_cell_and_set_connections" :: held 0.000s {{(pid=117719) inner /usr/local/lib/python3.8/dist-packages/oslo_concurrency/lockutils.py:400}}
Nov 12 14:04:27.203353 n-d-817747-1 devstack@n-api.service[117720]: INFO nova.api.openstack.requestlog [None req-411909f1-0002-430b-af47-f757079e445c tempest-DeleteServersAdminTestJSON-1888840842 tempest-DeleteServersAdminTestJSON-1888840842-project] 10.222.0.52 "GET /compute/v2.1/servers/1acf13b2-6111-4bc9-8bd7-617c3a959155" status: 200 len: 1320 microversion: 2.1 time: 0.560274
Nov 12 14:04:27.205035 n-d-817747-1 devstack@n-api.service[117720]: [pid: 117720|app: 0|req: 86/176] 10.222.0.52 () {58 vars in 1235 bytes} [Fri Nov 12 14:04:26 2021] GET /compute/v2.1/servers/1acf13b2-6111-4bc9-8bd7-617c3a959155 => generated 1320 bytes in 564 msecs (HTTP/1.1 200) 9 headers in 358 bytes (1 switches on core 0)
Nov 12 14:04:27.216531 n-d-817747-1 devstack@n-api.service[117719]: INFO nova.compute.rpcapi [None req-7f3fa37f-7bd2-47d5-aa15-e5338f7a747f None None] Automatically selected compute RPC version 6.0 from minimum service version 60
Nov 12 14:04:27.217623 n-d-817747-1 devstack@n-api.service[117719]: DEBUG oslo_concurrency.lockutils [None req-7f3fa37f-7bd2-47d5-aa15-e5338f7a747f None None] Releasing lock "compute-rpcapi-router" {{(pid=117719) lock /usr/local/lib/python3.8/dist-packages/oslo_concurrency/lockutils.py:312}}
Nov 12 14:04:27.218112 n-d-817747-1 devstack@n-api.service[117720]: DEBUG nova.api.openstack.wsgi [None req-7e8d1293-b7e3-4a1c-9a17-c2b408512260 tempest-ServersWithSpecificFlavorTestJSON-297722025 tempest-ServersWithSpecificFlavorTestJSON-297722025-project] Action: 'create', calling method: >, body: {"server": {"name": "tempest-ServersWithSpecificFlavorTestJSON-server-401281492", "imageRef": "2f9b623e-0111-4911-99a6-342c80f58c28", "flavorRef": "413114371", "adminPass": "***", "networks": [{"uuid": "1fe915b9-80a4-4428-8435-2a5fbe5c1fdc"}], "security_groups": [{"name": "tempest-securitygroup--1757765880"}], "key_name": "tempest-keypair-1213009885", "user_data": "IyEvYmluL3NoCmVjaG8gIlByaW50aW5nIHVidW50dSB1c2VyIGF1dGhvcml6ZWQga2V5cyIKY2F0IH51YnVudHUvLnNzaC9hdXRob3JpemVkX2tleXMgfHwgdHJ1ZQo="}} {{(pid=117720) _process_stack /opt/stack/nova/nova/api/openstack/wsgi.py:511}}
Nov 12 14:04:27.272530 n-d-817747-1 devstack@n-api.service[117719]: INFO nova.api.openstack.requestlog [None req-7f3fa37f-7bd2-47d5-aa15-e5338f7a747f None None] 10.222.0.52 "POST /compute/v2.1/os-server-external-events" status: 200 len: 183 microversion: 2.1 time: 0.136720
Nov 12 14:04:27.274524 n-d-817747-1 devstack@n-api.service[117719]: [pid: 117719|app: 0|req: 91/177] 10.222.0.52 () {64 vars in 1317 bytes} [Fri Nov 12 14:04:27 2021] POST /compute/v2.1/os-server-external-events => generated 183 bytes in 139 msecs (HTTP/1.1 200) 9 headers in 357 bytes (1 switches on core 0)
Nov 12 14:04:27.281353 n-d-817747-1 devstack@n-api.service[117719]: DEBUG nova.api.openstack.wsgi [None req-48896e32-7dc2-46a6-a1b2-c2f62baab2b6 tempest-ServersAdminTestJSON-1036825275 tempest-ServersAdminTestJSON-1036825275-project] Calling method '>' {{(pid=117719) _process_stack /opt/stack/nova/nova/api/openstack/wsgi.py:513}}
Nov 12 14:04:27.282054 n-d-817747-1 devstack@n-api.service[117719]: DEBUG nova.compute.api [None req-48896e32-7dc2-46a6-a1b2-c2f62baab2b6 tempest-ServersAdminTestJSON-1036825275 tempest-ServersAdminTestJSON-1036825275-project] [instance: 2348cfd8-1421-4fa8-94c3-7b139ce4b196] Fetching instance by UUID {{(pid=117719) get /opt/stack/nova/nova/compute/api.py:2865}}
Nov 12 14:04:27.289070 n-d-817747-1 devstack@n-api.service[117719]: DEBUG oslo_concurrency.lockutils [None req-48896e32-7dc2-46a6-a1b2-c2f62baab2b6 tempest-ServersAdminTestJSON-1036825275 tempest-ServersAdminTestJSON-1036825275-project] Lock "80da0ba3-8af7-45c6-bb53-ca78aeab5032" acquired by "nova.context.set_target_cell..get_or_set_cached_cell_and_set_connections" :: waited 0.000s {{(pid=117719) inner /usr/local/lib/python3.8/dist-packages/oslo_concurrency/lockutils.py:386}}
Nov 12 14:04:27.289816 n-d-817747-1 devstack@n-api.service[117719]: DEBUG oslo_concurrency.lockutils [None req-48896e32-7dc2-46a6-a1b2-c2f62baab2b6 tempest-ServersAdminTestJSON-1036825275 tempest-ServersAdminTestJSON-1036825275-project] Lock "80da0ba3-8af7-45c6-bb53-ca78aeab5032" "released" by "nova.context.set_target_cell..get_or_set_cached_cell_and_set_connections" :: held 0.001s {{(pid=117719) inner /usr/local/lib/python3.8/dist-packages/oslo_concurrency/lockutils.py:400}}
Nov 12 14:04:27.290798 n-d-817747-1 devstack@n-api.service[117719]: DEBUG oslo_concurrency.lockutils [None req-48896e32-7dc2-46a6-a1b2-c2f62baab2b6 tempest-ServersAdminTestJSON-1036825275 tempest-ServersAdminTestJSON-1036825275-project] Lock "80da0ba3-8af7-45c6-bb53-ca78aeab5032" acquired by "nova.context.set_target_cell..get_or_set_cached_cell_and_set_connections" :: waited 0.000s {{(pid=117719) inner /usr/local/lib/python3.8/dist-packages/oslo_concurrency/lockutils.py:386}}
Nov 12 14:04:27.295056 n-d-817747-1 devstack@n-api.service[117719]: DEBUG oslo_concurrency.lockutils [None req-48896e32-7dc2-46a6-a1b2-c2f62baab2b6 tempest-ServersAdminTestJSON-1036825275 tempest-ServersAdminTestJSON-1036825275-project] Lock "80da0ba3-8af7-45c6-bb53-ca78aeab5032" "released" by "nova.context.set_target_cell..get_or_set_cached_cell_and_set_connections" :: held 0.001s {{(pid=117719) inner /usr/local/lib/python3.8/dist-packages/oslo_concurrency/lockutils.py:400}}
Nov 12 14:04:27.485411 n-d-817747-1 devstack@n-api.service[117720]: DEBUG nova.network.neutron [None req-7e8d1293-b7e3-4a1c-9a17-c2b408512260 tempest-ServersWithSpecificFlavorTestJSON-297722025 tempest-ServersWithSpecificFlavorTestJSON-297722025-project] validate_networks() for [('1fe915b9-80a4-4428-8435-2a5fbe5c1fdc', None, None, None, None, None)] {{(pid=117720) validate_networks /opt/stack/nova/nova/network/neutron.py:2482}}
Nov 12 14:04:27.706164 n-d-817747-1 devstack@n-api.service[117719]: DEBUG nova.policy [None req-48896e32-7dc2-46a6-a1b2-c2f62baab2b6 tempest-ServersAdminTestJSON-1036825275 tempest-ServersAdminTestJSON-1036825275-project] Policy check for os_compute_api:os-extended-server-attributes failed with credentials {'is_admin': False, 'user_id': 'ea8926f53bc848c494b23b8db2b7ab63', 'user_domain_id': 'default', 'system_scope': None, 'domain_id': None, 'project_id': '9f8c0568a9ee4c4f96f1283ac38dbea2', 'project_domain_id': 'default', 'roles': ['reader', 'member'], 'is_admin_project': True, 'service_user_id': None, 'service_user_domain_id': None, 'service_project_id': None, 'service_project_domain_id': None, 'service_roles': []} {{(pid=117719) authorize /opt/stack/nova/nova/policy.py:199}}
Nov 12 14:04:27.713759 n-d-817747-1 devstack@n-api.service[117719]: INFO nova.api.openstack.requestlog [None req-48896e32-7dc2-46a6-a1b2-c2f62baab2b6 tempest-ServersAdminTestJSON-1036825275 tempest-ServersAdminTestJSON-1036825275-project] 10.222.0.52 "GET /compute/v2.1/servers/2348cfd8-1421-4fa8-94c3-7b139ce4b196" status: 200 len: 1334 microversion: 2.1 time: 0.437831
Nov 12 14:04:27.714336 n-d-817747-1 devstack@n-api.service[117719]: [pid: 117719|app: 0|req: 92/178] 10.222.0.52 () {58 vars in 1235 bytes} [Fri Nov 12 14:04:27 2021] GET /compute/v2.1/servers/2348cfd8-1421-4fa8-94c3-7b139ce4b196 => generated 1334 bytes in 439 msecs (HTTP/1.1 200) 9 headers in 358 bytes (1 switches on core 0)
Nov 12 14:04:27.722583 n-d-817747-1 devstack@n-api.service[117719]: DEBUG nova.api.openstack.wsgi [None req-3120aac4-29b5-46f1-82ca-58184959b1b1 tempest-AggregatesAdminTestJSON-441427886 tempest-AggregatesAdminTestJSON-441427886-project] Calling method '>' {{(pid=117719) _process_stack /opt/stack/nova/nova/api/openstack/wsgi.py:513}}
Nov 12 14:04:27.723467 n-d-817747-1 devstack@n-api.service[117719]: DEBUG nova.compute.api [None req-3120aac4-29b5-46f1-82ca-58184959b1b1 tempest-AggregatesAdminTestJSON-441427886 tempest-AggregatesAdminTestJSON-441427886-project] [instance: 990fd5ad-91b0-4129-89f2-87bf901472df] Fetching instance by UUID {{(pid=117719) get /opt/stack/nova/nova/compute/api.py:2865}}
Nov 12 14:04:27.730395 n-d-817747-1 devstack@n-api.service[117719]: DEBUG oslo_concurrency.lockutils [None req-3120aac4-29b5-46f1-82ca-58184959b1b1 tempest-AggregatesAdminTestJSON-441427886 tempest-AggregatesAdminTestJSON-441427886-project] Lock "80da0ba3-8af7-45c6-bb53-ca78aeab5032" acquired by "nova.context.set_target_cell..get_or_set_cached_cell_and_set_connections" :: waited 0.000s {{(pid=117719) inner /usr/local/lib/python3.8/dist-packages/oslo_concurrency/lockutils.py:386}}
Nov 12 14:04:27.730934 n-d-817747-1 devstack@n-api.service[117719]: DEBUG oslo_concurrency.lockutils [None req-3120aac4-29b5-46f1-82ca-58184959b1b1 tempest-AggregatesAdminTestJSON-441427886 tempest-AggregatesAdminTestJSON-441427886-project] Lock "80da0ba3-8af7-45c6-bb53-ca78aeab5032" "released" by "nova.context.set_target_cell..get_or_set_cached_cell_and_set_connections" :: held 0.001s {{(pid=117719) inner /usr/local/lib/python3.8/dist-packages/oslo_concurrency/lockutils.py:400}}
Nov 12 14:04:27.732055 n-d-817747-1 devstack@n-api.service[117719]: DEBUG oslo_concurrency.lockutils [None req-3120aac4-29b5-46f1-82ca-58184959b1b1 tempest-AggregatesAdminTestJSON-441427886 tempest-AggregatesAdminTestJSON-441427886-project] Lock "80da0ba3-8af7-45c6-bb53-ca78aeab5032" acquired by "nova.context.set_target_cell..get_or_set_cached_cell_and_set_connections" :: waited 0.000s {{(pid=117719) inner /usr/local/lib/python3.8/dist-packages/oslo_concurrency/lockutils.py:386}}
Nov 12 14:04:27.733187 n-d-817747-1 devstack@n-api.service[117719]: DEBUG oslo_concurrency.lockutils [None req-3120aac4-29b5-46f1-82ca-58184959b1b1 tempest-AggregatesAdminTestJSON-441427886 tempest-AggregatesAdminTestJSON-441427886-project] Lock "80da0ba3-8af7-45c6-bb53-ca78aeab5032" "released" by "nova.context.set_target_cell..get_or_set_cached_cell_and_set_connections" :: held 0.001s {{(pid=117719) inner /usr/local/lib/python3.8/dist-packages/oslo_concurrency/lockutils.py:400}}
Nov 12 14:04:27.950269 n-d-817747-1 devstack@n-api.service[117719]: DEBUG nova.policy [None req-3120aac4-29b5-46f1-82ca-58184959b1b1 tempest-AggregatesAdminTestJSON-441427886 tempest-AggregatesAdminTestJSON-441427886-project] Policy check for os_compute_api:os-extended-server-attributes failed with credentials {'is_admin': False, 'user_id': '81c0804326924943ad48b94a58bac217', 'user_domain_id': 'default', 'system_scope': None, 'domain_id': None, 'project_id': 'dec6d0002603428387b34ff28df1ec08', 'project_domain_id': 'default', 'roles': ['reader', 'member'], 'is_admin_project': True, 'service_user_id': None, 'service_user_domain_id': None, 'service_project_id': None, 'service_project_domain_id': None, 'service_roles': []} {{(pid=117719) authorize /opt/stack/nova/nova/policy.py:199}}
Nov 12 14:04:27.961833 n-d-817747-1 devstack@n-api.service[117719]: INFO nova.api.openstack.requestlog [None req-3120aac4-29b5-46f1-82ca-58184959b1b1 tempest-AggregatesAdminTestJSON-441427886 tempest-AggregatesAdminTestJSON-441427886-project] 10.222.0.52 "GET /compute/v2.1/servers/990fd5ad-91b0-4129-89f2-87bf901472df" status: 200 len: 1338 microversion: 2.1 time: 0.245989
Nov 12 14:04:27.962607 n-d-817747-1 devstack@n-api.service[117719]: [pid: 117719|app: 0|req: 93/179] 10.222.0.52 () {58 vars in 1235 bytes} [Fri Nov 12 14:04:27 2021] GET /compute/v2.1/servers/990fd5ad-91b0-4129-89f2-87bf901472df => generated 1338 bytes in 247 msecs (HTTP/1.1 200) 9 headers in 358 bytes (1 switches on core 0)
Nov 12 14:04:28.269195 n-d-817747-1 devstack@n-api.service[117719]: DEBUG nova.api.openstack.wsgi [None req-bb3eca4e-0795-4f5f-a210-5c4a45f1015d tempest-NetworksTest-1567028387 tempest-NetworksTest-1567028387-project-admin] Calling method '.version_select at 0x7f9364e2b790>' {{(pid=117719) _process_stack /opt/stack/nova/nova/api/openstack/wsgi.py:513}}
Nov 12 14:04:28.465608 n-d-817747-1 devstack@n-api.service[117720]: DEBUG nova.virt.hardware [None req-7e8d1293-b7e3-4a1c-9a17-c2b408512260 tempest-ServersWithSpecificFlavorTestJSON-297722025 tempest-ServersWithSpecificFlavorTestJSON-297722025-project] Flavor limits 0:0:0 {{(pid=117720) get_cpu_topology_constraints /opt/stack/nova/nova/virt/hardware.py:343}}
Nov 12 14:04:28.466180 n-d-817747-1 devstack@n-api.service[117720]: DEBUG nova.virt.hardware [None req-7e8d1293-b7e3-4a1c-9a17-c2b408512260 tempest-ServersWithSpecificFlavorTestJSON-297722025 tempest-ServersWithSpecificFlavorTestJSON-297722025-project] Image limits 0:0:0 {{(pid=117720) get_cpu_topology_constraints /opt/stack/nova/nova/virt/hardware.py:347}}
Nov 12 14:04:28.466508 n-d-817747-1 devstack@n-api.service[117720]: DEBUG nova.virt.hardware [None req-7e8d1293-b7e3-4a1c-9a17-c2b408512260 tempest-ServersWithSpecificFlavorTestJSON-297722025 tempest-ServersWithSpecificFlavorTestJSON-297722025-project] Flavor pref 0:0:0 {{(pid=117720) get_cpu_topology_constraints /opt/stack/nova/nova/virt/hardware.py:383}}
Nov 12 14:04:28.466913 n-d-817747-1 devstack@n-api.service[117720]: DEBUG nova.virt.hardware [None req-7e8d1293-b7e3-4a1c-9a17-c2b408512260 tempest-ServersWithSpecificFlavorTestJSON-297722025 tempest-ServersWithSpecificFlavorTestJSON-297722025-project] Image pref 0:0:0 {{(pid=117720) get_cpu_topology_constraints /opt/stack/nova/nova/virt/hardware.py:387}}
Nov 12 14:04:28.467320 n-d-817747-1 devstack@n-api.service[117720]: DEBUG nova.virt.hardware [None req-7e8d1293-b7e3-4a1c-9a17-c2b408512260 tempest-ServersWithSpecificFlavorTestJSON-297722025 tempest-ServersWithSpecificFlavorTestJSON-297722025-project] Chose sockets=0, cores=0, threads=0; limits were sockets=65536, cores=65536, threads=65536 {{(pid=117720) get_cpu_topology_constraints /opt/stack/nova/nova/virt/hardware.py:425}}
Nov 12 14:04:28.470371 n-d-817747-1 devstack@n-api.service[117719]: INFO nova.api.openstack.requestlog [None req-bb3eca4e-0795-4f5f-a210-5c4a45f1015d tempest-NetworksTest-1567028387 tempest-NetworksTest-1567028387-project-admin] 10.222.0.52 "GET /compute/v2.1/os-networks" status: 200 len: 4709 microversion: 2.1 time: 0.498732
Nov 12 14:04:28.470997 n-d-817747-1 devstack@n-api.service[117719]: [pid: 117719|app: 0|req: 94/180] 10.222.0.52 () {58 vars in 1136 bytes} [Fri Nov 12 14:04:27 2021] GET /compute/v2.1/os-networks => generated 4709 bytes in 508 msecs (HTTP/1.1 200) 9 headers in 358 bytes (1 switches on core 0)
Nov 12 14:04:28.475354 n-d-817747-1 devstack@n-api.service[117719]: DEBUG nova.api.openstack.wsgi [None req-8a16cb89-0d20-4693-bd0f-afaad1cd9fc9 tempest-LiveAutoBlockMigrationV225Test-1815521915 tempest-LiveAutoBlockMigrationV225Test-1815521915-project] Calling method '>' {{(pid=117719) _process_stack /opt/stack/nova/nova/api/openstack/wsgi.py:513}}
Nov 12 14:04:28.475978 n-d-817747-1 devstack@n-api.service[117719]: DEBUG nova.compute.api [None req-8a16cb89-0d20-4693-bd0f-afaad1cd9fc9 tempest-LiveAutoBlockMigrationV225Test-1815521915 tempest-LiveAutoBlockMigrationV225Test-1815521915-project] [instance: 43c5ba0d-f868-40ad-9011-86a94edea80b] Fetching instance by UUID {{(pid=117719) get /opt/stack/nova/nova/compute/api.py:2865}}
Nov 12 14:04:28.482486 n-d-817747-1 devstack@n-api.service[117719]: DEBUG oslo_concurrency.lockutils [None req-8a16cb89-0d20-4693-bd0f-afaad1cd9fc9 tempest-LiveAutoBlockMigrationV225Test-1815521915 tempest-LiveAutoBlockMigrationV225Test-1815521915-project] Lock "80da0ba3-8af7-45c6-bb53-ca78aeab5032" acquired by "nova.context.set_target_cell..get_or_set_cached_cell_and_set_connections" :: waited 0.000s {{(pid=117719) inner /usr/local/lib/python3.8/dist-packages/oslo_concurrency/lockutils.py:386}}
Nov 12 14:04:28.482911 n-d-817747-1 devstack@n-api.service[117719]: DEBUG oslo_concurrency.lockutils [None req-8a16cb89-0d20-4693-bd0f-afaad1cd9fc9 tempest-LiveAutoBlockMigrationV225Test-1815521915 tempest-LiveAutoBlockMigrationV225Test-1815521915-project] Lock "80da0ba3-8af7-45c6-bb53-ca78aeab5032" "released" by "nova.context.set_target_cell..get_or_set_cached_cell_and_set_connections" :: held 0.001s {{(pid=117719) inner /usr/local/lib/python3.8/dist-packages/oslo_concurrency/lockutils.py:400}}
Nov 12 14:04:28.483717 n-d-817747-1 devstack@n-api.service[117719]: DEBUG oslo_concurrency.lockutils [None req-8a16cb89-0d20-4693-bd0f-afaad1cd9fc9 tempest-LiveAutoBlockMigrationV225Test-1815521915 tempest-LiveAutoBlockMigrationV225Test-1815521915-project] Lock "80da0ba3-8af7-45c6-bb53-ca78aeab5032" acquired by "nova.context.set_target_cell..get_or_set_cached_cell_and_set_connections" :: waited 0.000s {{(pid=117719) inner /usr/local/lib/python3.8/dist-packages/oslo_concurrency/lockutils.py:386}}
Nov 12 14:04:28.490335 n-d-817747-1 devstack@n-api.service[117720]: DEBUG oslo_concurrency.lockutils [None req-7e8d1293-b7e3-4a1c-9a17-c2b408512260 tempest-ServersWithSpecificFlavorTestJSON-297722025 tempest-ServersWithSpecificFlavorTestJSON-297722025-project] Lock "00000000-0000-0000-0000-000000000000" acquired by "nova.context.set_target_cell..get_or_set_cached_cell_and_set_connections" :: waited 0.001s {{(pid=117720) inner /usr/local/lib/python3.8/dist-packages/oslo_concurrency/lockutils.py:386}}
Nov 12 14:04:28.490661 n-d-817747-1 devstack@n-api.service[117720]: DEBUG oslo_concurrency.lockutils [None req-7e8d1293-b7e3-4a1c-9a17-c2b408512260 tempest-ServersWithSpecificFlavorTestJSON-297722025 tempest-ServersWithSpecificFlavorTestJSON-297722025-project] Lock "00000000-0000-0000-0000-000000000000" "released" by "nova.context.set_target_cell..get_or_set_cached_cell_and_set_connections" :: held 0.001s {{(pid=117720) inner /usr/local/lib/python3.8/dist-packages/oslo_concurrency/lockutils.py:400}}
Nov 12 14:04:28.491484 n-d-817747-1 devstack@n-api.service[117720]: DEBUG oslo_concurrency.lockutils [None req-7e8d1293-b7e3-4a1c-9a17-c2b408512260 tempest-ServersWithSpecificFlavorTestJSON-297722025 tempest-ServersWithSpecificFlavorTestJSON-297722025-project] Lock "80da0ba3-8af7-45c6-bb53-ca78aeab5032" acquired by "nova.context.set_target_cell..get_or_set_cached_cell_and_set_connections" :: waited 0.000s {{(pid=117720) inner /usr/local/lib/python3.8/dist-packages/oslo_concurrency/lockutils.py:386}}
Nov 12 14:04:28.491908 n-d-817747-1 devstack@n-api.service[117720]: DEBUG oslo_concurrency.lockutils [None req-7e8d1293-b7e3-4a1c-9a17-c2b408512260 tempest-ServersWithSpecificFlavorTestJSON-297722025 tempest-ServersWithSpecificFlavorTestJSON-297722025-project] Lock "80da0ba3-8af7-45c6-bb53-ca78aeab5032" "released" by "nova.context.set_target_cell..get_or_set_cached_cell_and_set_connections" :: held 0.000s {{(pid=117720) inner /usr/local/lib/python3.8/dist-packages/oslo_concurrency/lockutils.py:400}}
Nov 12 14:04:28.499723 n-d-817747-1 devstack@n-api.service[117719]: DEBUG oslo_concurrency.lockutils [None req-8a16cb89-0d20-4693-bd0f-afaad1cd9fc9 tempest-LiveAutoBlockMigrationV225Test-1815521915 tempest-LiveAutoBlockMigrationV225Test-1815521915-project] Lock "80da0ba3-8af7-45c6-bb53-ca78aeab5032" "released" by "nova.context.set_target_cell..get_or_set_cached_cell_and_set_connections" :: held 0.004s {{(pid=117719) inner /usr/local/lib/python3.8/dist-packages/oslo_concurrency/lockutils.py:400}}
Nov 12 14:04:28.514426 n-d-817747-1 devstack@n-api.service[117720]: DEBUG nova.quota [None req-7e8d1293-b7e3-4a1c-9a17-c2b408512260 tempest-ServersWithSpecificFlavorTestJSON-297722025 tempest-ServersWithSpecificFlavorTestJSON-297722025-project] Getting quotas for project 18d5444e556b4143a3a29df1677f0665. Resources: {'instances', 'cores', 'ram'} {{(pid=117720) _get_quotas /opt/stack/nova/nova/quota.py:387}}
Nov 12 14:04:28.519177 n-d-817747-1 devstack@n-api.service[117720]: DEBUG nova.quota [None req-7e8d1293-b7e3-4a1c-9a17-c2b408512260 tempest-ServersWithSpecificFlavorTestJSON-297722025 tempest-ServersWithSpecificFlavorTestJSON-297722025-project] Getting quotas for user 4c15c51e2afe4aa382380ee2e14bcd35 and project 18d5444e556b4143a3a29df1677f0665. Resources: {'instances', 'cores', 'ram'} {{(pid=117720) _get_quotas /opt/stack/nova/nova/quota.py:377}}
Nov 12 14:04:28.530808 n-d-817747-1 devstack@n-api.service[117720]: DEBUG nova.compute.api [None req-7e8d1293-b7e3-4a1c-9a17-c2b408512260 tempest-ServersWithSpecificFlavorTestJSON-297722025 tempest-ServersWithSpecificFlavorTestJSON-297722025-project] Going to run 1 instances... {{(pid=117720) _provision_instances /opt/stack/nova/nova/compute/api.py:1350}}
Nov 12 14:04:28.533385 n-d-817747-1 devstack@n-api.service[117720]: DEBUG nova.compute.api [None req-7e8d1293-b7e3-4a1c-9a17-c2b408512260 tempest-ServersWithSpecificFlavorTestJSON-297722025 tempest-ServersWithSpecificFlavorTestJSON-297722025-project] [instance: 620ed010-fc23-4dcd-92f8-96bd423598be] block_device_mapping [BlockDeviceMapping(attachment_id=,boot_index=0,connection_info=None,created_at=,delete_on_termination=True,deleted=,deleted_at=,destination_type='local',device_name=None,device_type='disk',disk_bus=None,guest_format=None,id=,image_id='2f9b623e-0111-4911-99a6-342c80f58c28',instance=,instance_uuid=,no_device=False,snapshot_id=None,source_type='image',tag=None,updated_at=,uuid=,volume_id=None,volume_size=None,volume_type=None)] {{(pid=117720) _bdm_validate_set_size_and_instance /opt/stack/nova/nova/compute/api.py:1757}}
Nov 12 14:04:28.580926 n-d-817747-1 devstack@n-api.service[117720]: INFO nova.api.openstack.requestlog [None req-7e8d1293-b7e3-4a1c-9a17-c2b408512260 tempest-ServersWithSpecificFlavorTestJSON-297722025 tempest-ServersWithSpecificFlavorTestJSON-297722025-project] 10.222.0.52 "POST /compute/v2.1/servers" status: 202 len: 402 microversion: 2.1 time: 1.372515
Nov 12 14:04:28.583510 n-d-817747-1 devstack@n-api.service[117720]: [pid: 117720|app: 0|req: 87/181] 10.222.0.52 () {60 vars in 1146 bytes} [Fri Nov 12 14:04:27 2021] POST /compute/v2.1/servers => generated 402 bytes in 1374 msecs (HTTP/1.1 202) 10 headers in 451 bytes (1 switches on core 0)
Nov 12 14:04:28.587488 n-d-817747-1 devstack@n-api.service[117720]: DEBUG nova.api.openstack.wsgi [None req-6f32fa95-0284-4890-add7-99ca80e78675 tempest-DeleteServersAdminTestJSON-1888840842 tempest-DeleteServersAdminTestJSON-1888840842-project] Calling method '>' {{(pid=117720) _process_stack /opt/stack/nova/nova/api/openstack/wsgi.py:513}}
Nov 12 14:04:28.588290 n-d-817747-1 devstack@n-api.service[117720]: DEBUG nova.compute.api [None req-6f32fa95-0284-4890-add7-99ca80e78675 tempest-DeleteServersAdminTestJSON-1888840842 tempest-DeleteServersAdminTestJSON-1888840842-project] [instance: 1acf13b2-6111-4bc9-8bd7-617c3a959155] Fetching instance by UUID {{(pid=117720) get /opt/stack/nova/nova/compute/api.py:2865}}
Nov 12 14:04:28.595253 n-d-817747-1 devstack@n-api.service[117720]: DEBUG oslo_concurrency.lockutils [None req-6f32fa95-0284-4890-add7-99ca80e78675 tempest-DeleteServersAdminTestJSON-1888840842 tempest-DeleteServersAdminTestJSON-1888840842-project] Lock "80da0ba3-8af7-45c6-bb53-ca78aeab5032" acquired by "nova.context.set_target_cell..get_or_set_cached_cell_and_set_connections" :: waited 0.000s {{(pid=117720) inner /usr/local/lib/python3.8/dist-packages/oslo_concurrency/lockutils.py:386}}
Nov 12 14:04:28.595918 n-d-817747-1 devstack@n-api.service[117720]: DEBUG oslo_concurrency.lockutils [None req-6f32fa95-0284-4890-add7-99ca80e78675 tempest-DeleteServersAdminTestJSON-1888840842 tempest-DeleteServersAdminTestJSON-1888840842-project] Lock "80da0ba3-8af7-45c6-bb53-ca78aeab5032" "released" by "nova.context.set_target_cell..get_or_set_cached_cell_and_set_connections" :: held 0.001s {{(pid=117720) inner /usr/local/lib/python3.8/dist-packages/oslo_concurrency/lockutils.py:400}}
Nov 12 14:04:28.596846 n-d-817747-1 devstack@n-api.service[117720]: DEBUG oslo_concurrency.lockutils [None req-6f32fa95-0284-4890-add7-99ca80e78675 tempest-DeleteServersAdminTestJSON-1888840842 tempest-DeleteServersAdminTestJSON-1888840842-project] Lock "80da0ba3-8af7-45c6-bb53-ca78aeab5032" acquired by "nova.context.set_target_cell..get_or_set_cached_cell_and_set_connections" :: waited 0.000s {{(pid=117720) inner /usr/local/lib/python3.8/dist-packages/oslo_concurrency/lockutils.py:386}}
Nov 12 14:04:28.597280 n-d-817747-1 devstack@n-api.service[117720]: DEBUG oslo_concurrency.lockutils [None req-6f32fa95-0284-4890-add7-99ca80e78675 tempest-DeleteServersAdminTestJSON-1888840842 tempest-DeleteServersAdminTestJSON-1888840842-project] Lock "80da0ba3-8af7-45c6-bb53-ca78aeab5032" "released" by "nova.context.set_target_cell..get_or_set_cached_cell_and_set_connections" :: held 0.000s {{(pid=117720) inner /usr/local/lib/python3.8/dist-packages/oslo_concurrency/lockutils.py:400}}
Nov 12 14:04:28.774840 n-d-817747-1 devstack@n-api.service[117719]: DEBUG nova.policy [None req-8a16cb89-0d20-4693-bd0f-afaad1cd9fc9 tempest-LiveAutoBlockMigrationV225Test-1815521915 tempest-LiveAutoBlockMigrationV225Test-1815521915-project] Policy check for os_compute_api:os-extended-server-attributes failed with credentials {'is_admin': False, 'user_id': '2dcb6a5a6c8944e194b368c35dc2306c', 'user_domain_id': 'default', 'system_scope': None, 'domain_id': None, 'project_id': '69f16c060e6d4c368b9aecf0bedb46be', 'project_domain_id': 'default', 'roles': ['reader', 'member'], 'is_admin_project': True, 'service_user_id': None, 'service_user_domain_id': None, 'service_project_id': None, 'service_project_domain_id': None, 'service_roles': []} {{(pid=117719) authorize /opt/stack/nova/nova/policy.py:199}}
Nov 12 14:04:28.785360 n-d-817747-1 devstack@n-api.service[117719]: DEBUG nova.policy [None req-8a16cb89-0d20-4693-bd0f-afaad1cd9fc9 tempest-LiveAutoBlockMigrationV225Test-1815521915 tempest-LiveAutoBlockMigrationV225Test-1815521915-project] Policy check for os_compute_api:servers:show:host_status failed with credentials {'is_admin': False, 'user_id': '2dcb6a5a6c8944e194b368c35dc2306c', 'user_domain_id': 'default', 'system_scope': None, 'domain_id': None, 'project_id': '69f16c060e6d4c368b9aecf0bedb46be', 'project_domain_id': 'default', 'roles': ['reader', 'member'], 'is_admin_project': True, 'service_user_id': None, 'service_user_domain_id': None, 'service_project_id': None, 'service_project_domain_id': None, 'service_roles': []} {{(pid=117719) authorize /opt/stack/nova/nova/policy.py:199}}
Nov 12 14:04:28.788341 n-d-817747-1 devstack@n-api.service[117719]: DEBUG nova.policy [None req-8a16cb89-0d20-4693-bd0f-afaad1cd9fc9 tempest-LiveAutoBlockMigrationV225Test-1815521915 tempest-LiveAutoBlockMigrationV225Test-1815521915-project] Policy check for os_compute_api:servers:show:host_status:unknown-only failed with credentials {'is_admin': False, 'user_id': '2dcb6a5a6c8944e194b368c35dc2306c', 'user_domain_id': 'default', 'system_scope': None, 'domain_id': None, 'project_id': '69f16c060e6d4c368b9aecf0bedb46be', 'project_domain_id': 'default', 'roles': ['reader', 'member'], 'is_admin_project': True, 'service_user_id': None, 'service_user_domain_id': None, 'service_project_id': None, 'service_project_domain_id': None, 'service_roles': []} {{(pid=117719) authorize /opt/stack/nova/nova/policy.py:199}}
Nov 12 14:04:28.789762 n-d-817747-1 devstack@n-api.service[117719]: INFO nova.api.openstack.requestlog [None req-8a16cb89-0d20-4693-bd0f-afaad1cd9fc9 tempest-LiveAutoBlockMigrationV225Test-1815521915 tempest-LiveAutoBlockMigrationV225Test-1815521915-project] 10.222.0.52 "GET /compute/v2.1/servers/43c5ba0d-f868-40ad-9011-86a94edea80b" status: 200 len: 1361 microversion: 2.25 time: 0.317750
Nov 12 14:04:28.790677 n-d-817747-1 devstack@n-api.service[117719]: [pid: 117719|app: 0|req: 95/182] 10.222.0.52 () {60 vars in 1276 bytes} [Fri Nov 12 14:04:28 2021] GET /compute/v2.1/servers/43c5ba0d-f868-40ad-9011-86a94edea80b => generated 1361 bytes in 319 msecs (HTTP/1.1 200) 9 headers in 360 bytes (1 switches on core 0)
Nov 12 14:04:28.796693 n-d-817747-1 devstack@n-api.service[117719]: DEBUG nova.api.openstack.wsgi [None req-fb1405e4-4721-4774-83f1-42f073c11e02 tempest-NetworksTest-1567028387 tempest-NetworksTest-1567028387-project-admin] Calling method '.version_select at 0x7f9364e058b0>' {{(pid=117719) _process_stack /opt/stack/nova/nova/api/openstack/wsgi.py:513}}
Nov 12 14:04:28.941199 n-d-817747-1 devstack@n-api.service[117720]: DEBUG nova.policy [None req-6f32fa95-0284-4890-add7-99ca80e78675 tempest-DeleteServersAdminTestJSON-1888840842 tempest-DeleteServersAdminTestJSON-1888840842-project] Policy check for os_compute_api:os-extended-server-attributes failed with credentials {'is_admin': False, 'user_id': '34b6d46bcf344ed7bed04320c23aa872', 'user_domain_id': 'default', 'system_scope': None, 'domain_id': None, 'project_id': 'd868bebbe16f43d196e0817836202827', 'project_domain_id': 'default', 'roles': ['reader', 'member'], 'is_admin_project': True, 'service_user_id': None, 'service_user_domain_id': None, 'service_project_id': None, 'service_project_domain_id': None, 'service_roles': []} {{(pid=117720) authorize /opt/stack/nova/nova/policy.py:199}}
Nov 12 14:04:28.959670 n-d-817747-1 devstack@n-api.service[117720]: INFO nova.api.openstack.requestlog [None req-6f32fa95-0284-4890-add7-99ca80e78675 tempest-DeleteServersAdminTestJSON-1888840842 tempest-DeleteServersAdminTestJSON-1888840842-project] 10.222.0.52 "GET /compute/v2.1/servers/1acf13b2-6111-4bc9-8bd7-617c3a959155" status: 200 len: 1470 microversion: 2.1 time: 0.376276
Nov 12 14:04:28.971638 n-d-817747-1 devstack@n-api.service[117719]: INFO nova.api.openstack.requestlog [None req-fb1405e4-4721-4774-83f1-42f073c11e02 tempest-NetworksTest-1567028387 tempest-NetworksTest-1567028387-project-admin] 10.222.0.52 "GET /compute/v2.1/os-networks/da99a482-91a5-4225-9e8e-652b663e67a6" status: 200 len: 652 microversion: 2.1 time: 0.174462
Nov 12 14:04:28.974798 n-d-817747-1 devstack@n-api.service[117719]: [pid: 117719|app: 0|req: 96/183] 10.222.0.52 () {58 vars in 1247 bytes} [Fri Nov 12 14:04:28 2021] GET /compute/v2.1/os-networks/da99a482-91a5-4225-9e8e-652b663e67a6 => generated 652 bytes in 184 msecs (HTTP/1.1 200) 9 headers in 357 bytes (1 switches on core 0)
Nov 12 14:04:28.975721 n-d-817747-1 devstack@n-api.service[117720]: [pid: 117720|app: 0|req: 88/184] 10.222.0.52 () {58 vars in 1235 bytes} [Fri Nov 12 14:04:28 2021] GET /compute/v2.1/servers/1acf13b2-6111-4bc9-8bd7-617c3a959155 => generated 1470 bytes in 393 msecs (HTTP/1.1 200) 9 headers in 358 bytes (1 switches on core 0)
Nov 12 14:04:28.983493 n-d-817747-1 devstack@n-api.service[117720]: DEBUG nova.api.openstack.wsgi [None req-8f06a785-cd73-41bb-af18-e0ad4c062fd4 tempest-ServersAdminTestJSON-1036825275 tempest-ServersAdminTestJSON-1036825275-project] Calling method '>' {{(pid=117720) _process_stack /opt/stack/nova/nova/api/openstack/wsgi.py:513}}
Nov 12 14:04:28.983714 n-d-817747-1 devstack@n-api.service[117720]: DEBUG nova.compute.api [None req-8f06a785-cd73-41bb-af18-e0ad4c062fd4 tempest-ServersAdminTestJSON-1036825275 tempest-ServersAdminTestJSON-1036825275-project] [instance: 2348cfd8-1421-4fa8-94c3-7b139ce4b196] Fetching instance by UUID {{(pid=117720) get /opt/stack/nova/nova/compute/api.py:2865}}
Nov 12 14:04:28.984012 n-d-817747-1 devstack@n-api.service[117719]: DEBUG nova.api.openstack.wsgi [None req-e03df633-5a58-42b3-90c5-cf70c57e6c68 tempest-ServersWithSpecificFlavorTestJSON-297722025 tempest-ServersWithSpecificFlavorTestJSON-297722025-project] Calling method '>' {{(pid=117719) _process_stack /opt/stack/nova/nova/api/openstack/wsgi.py:513}}
Nov 12 14:04:28.984849 n-d-817747-1 devstack@n-api.service[117719]: DEBUG nova.compute.api [None req-e03df633-5a58-42b3-90c5-cf70c57e6c68 tempest-ServersWithSpecificFlavorTestJSON-297722025 tempest-ServersWithSpecificFlavorTestJSON-297722025-project] [instance: 620ed010-fc23-4dcd-92f8-96bd423598be] Fetching instance by UUID {{(pid=117719) get /opt/stack/nova/nova/compute/api.py:2865}}
Nov 12 14:04:28.990483 n-d-817747-1 devstack@n-api.service[117720]: DEBUG oslo_concurrency.lockutils [None req-8f06a785-cd73-41bb-af18-e0ad4c062fd4 tempest-ServersAdminTestJSON-1036825275 tempest-ServersAdminTestJSON-1036825275-project] Lock "80da0ba3-8af7-45c6-bb53-ca78aeab5032" acquired by "nova.context.set_target_cell..get_or_set_cached_cell_and_set_connections" :: waited 0.000s {{(pid=117720) inner /usr/local/lib/python3.8/dist-packages/oslo_concurrency/lockutils.py:386}}
Nov 12 14:04:28.990938 n-d-817747-1 devstack@n-api.service[117720]: DEBUG oslo_concurrency.lockutils [None req-8f06a785-cd73-41bb-af18-e0ad4c062fd4 tempest-ServersAdminTestJSON-1036825275 tempest-ServersAdminTestJSON-1036825275-project] Lock "80da0ba3-8af7-45c6-bb53-ca78aeab5032" "released" by "nova.context.set_target_cell..get_or_set_cached_cell_and_set_connections" :: held 0.001s {{(pid=117720) inner /usr/local/lib/python3.8/dist-packages/oslo_concurrency/lockutils.py:400}}
Nov 12 14:04:28.991758 n-d-817747-1 devstack@n-api.service[117720]: DEBUG oslo_concurrency.lockutils [None req-8f06a785-cd73-41bb-af18-e0ad4c062fd4 tempest-ServersAdminTestJSON-1036825275 tempest-ServersAdminTestJSON-1036825275-project] Lock "80da0ba3-8af7-45c6-bb53-ca78aeab5032" acquired by "nova.context.set_target_cell..get_or_set_cached_cell_and_set_connections" :: waited 0.000s {{(pid=117720) inner /usr/local/lib/python3.8/dist-packages/oslo_concurrency/lockutils.py:386}}
Nov 12 14:04:28.992185 n-d-817747-1 devstack@n-api.service[117720]: DEBUG oslo_concurrency.lockutils [None req-8f06a785-cd73-41bb-af18-e0ad4c062fd4 tempest-ServersAdminTestJSON-1036825275 tempest-ServersAdminTestJSON-1036825275-project] Lock "80da0ba3-8af7-45c6-bb53-ca78aeab5032" "released" by "nova.context.set_target_cell..get_or_set_cached_cell_and_set_connections" :: held 0.000s {{(pid=117720) inner /usr/local/lib/python3.8/dist-packages/oslo_concurrency/lockutils.py:400}}
Nov 12 14:04:29.042340 n-d-817747-1 devstack@n-api.service[117719]: DEBUG nova.policy [None req-e03df633-5a58-42b3-90c5-cf70c57e6c68 tempest-ServersWithSpecificFlavorTestJSON-297722025 tempest-ServersWithSpecificFlavorTestJSON-297722025-project] Policy check for os_compute_api:os-extended-server-attributes failed with credentials {'is_admin': False, 'user_id': '4c15c51e2afe4aa382380ee2e14bcd35', 'user_domain_id': 'default', 'system_scope': None, 'domain_id': None, 'project_id': '18d5444e556b4143a3a29df1677f0665', 'project_domain_id': 'default', 'roles': ['reader', 'member'], 'is_admin_project': True, 'service_user_id': None, 'service_user_domain_id': None, 'service_project_id': None, 'service_project_domain_id': None, 'service_roles': []} {{(pid=117719) authorize /opt/stack/nova/nova/policy.py:199}}
Nov 12 14:04:29.051336 n-d-817747-1 devstack@n-api.service[117719]: INFO nova.api.openstack.requestlog [None req-e03df633-5a58-42b3-90c5-cf70c57e6c68 tempest-ServersWithSpecificFlavorTestJSON-297722025 tempest-ServersWithSpecificFlavorTestJSON-297722025-project] 10.222.0.52 "GET /compute/v2.1/servers/620ed010-fc23-4dcd-92f8-96bd423598be" status: 200 len: 1262 microversion: 2.1 time: 0.074041
Nov 12 14:04:29.052121 n-d-817747-1 devstack@n-api.service[117719]: [pid: 117719|app: 0|req: 97/185] 10.222.0.52 () {58 vars in 1235 bytes} [Fri Nov 12 14:04:28 2021] GET /compute/v2.1/servers/620ed010-fc23-4dcd-92f8-96bd423598be => generated 1262 bytes in 77 msecs (HTTP/1.1 200) 9 headers in 358 bytes (1 switches on core 0)
Nov 12 14:04:29.060142 n-d-817747-1 devstack@n-api.service[117719]: DEBUG nova.api.openstack.wsgi [None req-b8b48ea4-35bc-43ad-bf94-8d0ed54c8c01 tempest-NetworksTest-1567028387 tempest-NetworksTest-1567028387-project-admin] Calling method '.version_select at 0x7f9364e37af0>' {{(pid=117719) _process_stack /opt/stack/nova/nova/api/openstack/wsgi.py:513}}
Nov 12 14:04:29.239800 n-d-817747-1 devstack@n-api.service[117719]: INFO nova.api.openstack.requestlog [None req-b8b48ea4-35bc-43ad-bf94-8d0ed54c8c01 tempest-NetworksTest-1567028387 tempest-NetworksTest-1567028387-project-admin] 10.222.0.52 "GET /compute/v2.1/os-networks" status: 200 len: 4709 microversion: 2.1 time: 0.185957
Nov 12 14:04:29.240634 n-d-817747-1 devstack@n-api.service[117719]: [pid: 117719|app: 0|req: 98/186] 10.222.0.52 () {58 vars in 1136 bytes} [Fri Nov 12 14:04:29 2021] GET /compute/v2.1/os-networks => generated 4709 bytes in 188 msecs (HTTP/1.1 200) 9 headers in 358 bytes (1 switches on core 0)
Nov 12 14:04:29.245476 n-d-817747-1 devstack@n-api.service[117720]: DEBUG nova.policy [None req-8f06a785-cd73-41bb-af18-e0ad4c062fd4 tempest-ServersAdminTestJSON-1036825275 tempest-ServersAdminTestJSON-1036825275-project] Policy check for os_compute_api:os-extended-server-attributes failed with credentials {'is_admin': False, 'user_id': 'ea8926f53bc848c494b23b8db2b7ab63', 'user_domain_id': 'default', 'system_scope': None, 'domain_id': None, 'project_id': '9f8c0568a9ee4c4f96f1283ac38dbea2', 'project_domain_id': 'default', 'roles': ['reader', 'member'], 'is_admin_project': True, 'service_user_id': None, 'service_user_domain_id': None, 'service_project_id': None, 'service_project_domain_id': None, 'service_roles': []} {{(pid=117720) authorize /opt/stack/nova/nova/policy.py:199}}
Nov 12 14:04:29.247157 n-d-817747-1 devstack@n-api.service[117719]: DEBUG nova.api.openstack.wsgi [None req-b3efcde1-19af-41fe-9c98-8eeb53e833ab tempest-AggregatesAdminTestJSON-441427886 tempest-AggregatesAdminTestJSON-441427886-project] Calling method '>' {{(pid=117719) _process_stack /opt/stack/nova/nova/api/openstack/wsgi.py:513}}
Nov 12 14:04:29.248506 n-d-817747-1 devstack@n-api.service[117719]: DEBUG nova.compute.api [None req-b3efcde1-19af-41fe-9c98-8eeb53e833ab tempest-AggregatesAdminTestJSON-441427886 tempest-AggregatesAdminTestJSON-441427886-project] [instance: 990fd5ad-91b0-4129-89f2-87bf901472df] Fetching instance by UUID {{(pid=117719) get /opt/stack/nova/nova/compute/api.py:2865}}
Nov 12 14:04:29.253916 n-d-817747-1 devstack@n-api.service[117720]: INFO nova.api.openstack.requestlog [None req-8f06a785-cd73-41bb-af18-e0ad4c062fd4 tempest-ServersAdminTestJSON-1036825275 tempest-ServersAdminTestJSON-1036825275-project] 10.222.0.52 "GET /compute/v2.1/servers/2348cfd8-1421-4fa8-94c3-7b139ce4b196" status: 200 len: 1334 microversion: 2.1 time: 0.276969
Nov 12 14:04:29.254433 n-d-817747-1 devstack@n-api.service[117720]: [pid: 117720|app: 0|req: 89/187] 10.222.0.52 () {58 vars in 1235 bytes} [Fri Nov 12 14:04:28 2021] GET /compute/v2.1/servers/2348cfd8-1421-4fa8-94c3-7b139ce4b196 => generated 1334 bytes in 278 msecs (HTTP/1.1 200) 9 headers in 358 bytes (1 switches on core 0)
Nov 12 14:04:29.257880 n-d-817747-1 devstack@n-api.service[117719]: DEBUG oslo_concurrency.lockutils [None req-b3efcde1-19af-41fe-9c98-8eeb53e833ab tempest-AggregatesAdminTestJSON-441427886 tempest-AggregatesAdminTestJSON-441427886-project] Lock "80da0ba3-8af7-45c6-bb53-ca78aeab5032" acquired by "nova.context.set_target_cell..get_or_set_cached_cell_and_set_connections" :: waited 0.000s {{(pid=117719) inner /usr/local/lib/python3.8/dist-packages/oslo_concurrency/lockutils.py:386}}
Nov 12 14:04:29.258706 n-d-817747-1 devstack@n-api.service[117719]: DEBUG oslo_concurrency.lockutils [None req-b3efcde1-19af-41fe-9c98-8eeb53e833ab tempest-AggregatesAdminTestJSON-441427886 tempest-AggregatesAdminTestJSON-441427886-project] Lock "80da0ba3-8af7-45c6-bb53-ca78aeab5032" "released" by "nova.context.set_target_cell..get_or_set_cached_cell_and_set_connections" :: held 0.001s {{(pid=117719) inner /usr/local/lib/python3.8/dist-packages/oslo_concurrency/lockutils.py:400}}
Nov 12 14:04:29.260195 n-d-817747-1 devstack@n-api.service[117719]: DEBUG oslo_concurrency.lockutils [None req-b3efcde1-19af-41fe-9c98-8eeb53e833ab tempest-AggregatesAdminTestJSON-441427886 tempest-AggregatesAdminTestJSON-441427886-project] Lock "80da0ba3-8af7-45c6-bb53-ca78aeab5032" acquired by "nova.context.set_target_cell..get_or_set_cached_cell_and_set_connections" :: waited 0.000s {{(pid=117719) inner /usr/local/lib/python3.8/dist-packages/oslo_concurrency/lockutils.py:386}}
