Nov 25 17:21:14.592373 n-d-817746-1 neutron-server[103363]: DEBUG neutron.api.rpc.handlers.l3_rpc [None req-95239895-b1aa-4cf3-8d13-852004b9ddd9 None None] The sync data for ids ['55ae10fe-f5e4-4b28-9d24-dc344796cea5'] in n-d-817746-1 is: [{'id': '55ae10fe-f5e4-4b28-9d24-dc344796cea5', 'name': 'tempest-ServersWithSpecificFlavorTestJSON-1039611385-router', 'tenant_id': '89cffc892e0c42bd9cdfadf2bf5f49d6', 'admin_state_up': True, 'status': 'ACTIVE', 'external_gateway_info': {'network_id': '1aa44027-b9d0-4a56-9a59-7e664703e20a', 'external_fixed_ips': [{'subnet_id': 'b3f1c1d8-d1cb-4e08-a13a-55f8e2270b84', 'ip_address': '172.25.0.230'}], 'enable_snat': True}, 'gw_port_id': 'f48844f4-2d55-47cb-a6db-5b84416fff2c', 'description': '', 'availability_zones': ['nova'], 'distributed': False, 'ha': False, 'ha_vr_id': 0, 'availability_zone_hints': [], 'routes': [], 'flavor_id': None, 'tags': [], 'created_at': '2021-11-25T17:21:06Z', 'updated_at': '2021-11-25T17:21:09Z', 'revision_number': 3, 'project_id': '89cffc892e0c42bd9cdfadf2bf5f49d6', 'gw_port': {'id': 'f48844f4-2d55-47cb-a6db-5b84416fff2c', 'name': '', 'network_id': '1aa44027-b9d0-4a56-9a59-7e664703e20a', 'tenant_id': '', 'mac_address': 'fa:16:3e:a1:48:f6', 'admin_state_up': True, 'status': 'DOWN', 'device_id': '55ae10fe-f5e4-4b28-9d24-dc344796cea5', 'device_owner': 'network:router_gateway', 'standard_attr_id': 79, 'fixed_ips': [{'subnet_id': 'b3f1c1d8-d1cb-4e08-a13a-55f8e2270b84', 'ip_address': '172.25.0.230', 'prefixlen': 24}], 'allowed_address_pairs': [], 'extra_dhcp_opts': [], 'security_groups': [], 'description': '', 'binding:vnic_type': 'normal', 'binding:profile': {}, 'binding:host_id': 'n-d-817746-1', 'binding:vif_type': 'ovs', 'binding:vif_details': {'connectivity': 'l2', 'port_filter': True, 'ovs_hybrid_plug': False, 'datapath_type': 'system', 'bridge_name': 'br-int'}, 'port_security_enabled': False, 'tags': [], 'created_at': '2021-11-25T17:21:07Z', 'updated_at': '2021-11-25T17:21:13Z', 'revision_number': 3, 'project_id': '', 'subnets': [{'id': 'b3f1c1d8-d1cb-4e08-a13a-55f8e2270b84', 'cidr': '172.25.0.0/24', 'gateway_ip': '172.25.0.1', 'dns_nameservers': [], 'ipv6_ra_mode': None, 'subnetpool_id': None}], 'extra_subnets': [], 'address_scopes': {4: None, 6: None}, 'mtu': 1500}, 'enable_snat': True, 'gw_port_host': 'n-d-817746-1'}] {{(pid=103363) sync_routers /opt/stack/neutron/neutron/api/rpc/handlers/l3_rpc.py:137}}
Nov 25 17:21:14.595715 n-d-817746-1 neutron-server[103361]: DEBUG neutron.notifiers.nova [req-1961808d-c8c2-4677-87c4-da302152f787 req-c0b171a3-99a8-447e-861b-bba4aa3ca1d1 service neutron] Ignoring state change previous_port_status: DOWN current_port_status: DOWN port_id 1d05ae37-1b17-4c3f-a41a-bcf9f75025d1 {{(pid=103361) record_port_status_changed /opt/stack/neutron/neutron/notifiers/nova.py:224}}
Nov 25 17:21:14.611681 n-d-817746-1 neutron-server[103361]: DEBUG neutron_lib.callbacks.manager [req-1961808d-c8c2-4677-87c4-da302152f787 req-c0b171a3-99a8-447e-861b-bba4aa3ca1d1 service neutron] Publish callbacks [] for port, precommit_update {{(pid=103361) _notify_loop /usr/local/lib/python3.8/dist-packages/neutron_lib/callbacks/manager.py:175}}
Nov 25 17:21:14.640383 n-d-817746-1 neutron-server[103361]: DEBUG neutron.db.provisioning_blocks [req-1961808d-c8c2-4677-87c4-da302152f787 req-c0b171a3-99a8-447e-861b-bba4aa3ca1d1 service neutron] Transition to ACTIVE for port object 1d05ae37-1b17-4c3f-a41a-bcf9f75025d1 will not be triggered until provisioned by entity L2. {{(pid=103361) add_provisioning_component /opt/stack/neutron/neutron/db/provisioning_blocks.py:73}}
Nov 25 17:21:14.659795 n-d-817746-1 neutron-server[103361]: DEBUG neutron_lib.callbacks.manager [req-1961808d-c8c2-4677-87c4-da302152f787 req-c0b171a3-99a8-447e-861b-bba4aa3ca1d1 service neutron] Publish callbacks ['neutron.plugins.ml2.plugin.SecurityGroupServerNotifierRpcMixin._notify_sg_on_port_change-3737103', 'neutron.plugins.ml2.ovo_rpc._ObjectChangeHandler.handle_event-27651', 'neutron.api.rpc.agentnotifiers.dhcp_rpc_agent_api.DhcpAgentNotifyAPI._native_event_send_dhcp_notification-558256', 'neutron.db.l3_db.L3RpcNotifierMixin._notify_gateway_port_ip_changed-8791736784168', 'neutron.db.l3_dvrscheduler_db._notify_l3_agent_port_update-8791736236683', 'neutron.db.l3_hascheduler_db._notify_l3_agent_ha_port_update-8791736236701'] for port, after_update {{(pid=103361) _notify_loop /usr/local/lib/python3.8/dist-packages/neutron_lib/callbacks/manager.py:175}}
Nov 25 17:21:14.816553 n-d-817746-1 neutron-server[103361]: DEBUG neutron.api.rpc.handlers.resources_rpc [None req-c0b171a3-99a8-447e-861b-bba4aa3ca1d1 service neutron] Pushing event updated for resources: {'Port': ['ID=1d05ae37-1b17-4c3f-a41a-bcf9f75025d1,revision_number=2']} {{(pid=103361) push /opt/stack/neutron/neutron/api/rpc/handlers/resources_rpc.py:237}}
Nov 25 17:21:14.822492 n-d-817746-1 neutron-server[103360]: DEBUG neutron.api.rpc.handlers.resources_rpc [None req-8ccd78c0-36d6-40f2-82f2-e27046797645 tempest-AggregatesAdminTestJSON-523772811 tempest-AggregatesAdminTestJSON-523772811-project] Pushing event updated for resources: {'SecurityGroup': ['ID=a34d60e8-f16a-4276-93e8-ecd3324f057e,revision_number=1']} {{(pid=103360) push /opt/stack/neutron/neutron/api/rpc/handlers/resources_rpc.py:237}}
Nov 25 17:21:14.824334 n-d-817746-1 neutron-server[103361]: DEBUG neutron_lib.callbacks.manager [None req-e7e46ac1-241e-4bf6-9b48-6ca2920ebd3c admin admin] Publish callbacks ['neutron.plugins.ml2.plugin.SecurityGroupDbMixin._ensure_default_security_group_handler-3737160'] for port, before_create {{(pid=103361) _notify_loop /usr/local/lib/python3.8/dist-packages/neutron_lib/callbacks/manager.py:175}}
Nov 25 17:21:15.150775 n-d-817746-1 neutron-server[103360]: DEBUG neutron_lib.callbacks.manager [None req-46906c19-038d-4428-8e52-c2af50bd5b61 admin admin] Publish callbacks [] for security_group, before_create {{(pid=103360) _notify_loop /usr/local/lib/python3.8/dist-packages/neutron_lib/callbacks/manager.py:175}}
Nov 25 17:21:15.227978 n-d-817746-1 neutron-server[103361]: INFO neutron.wsgi [req-2da33c57-f704-433c-adf6-4541390dce20 req-3c5b2600-7dff-4c36-b581-535feed31f05 tempest-AggregatesAdminTestJSON-523772811 tempest-AggregatesAdminTestJSON-523772811-project] 10.222.0.75 "GET /v2.0/ports?device_id=7b397496-2bd9-47f5-b9bf-0ca5c14471b0 HTTP/1.1" status: 200 len: 210 time: 0.3249891
Nov 25 17:21:15.466875 n-d-817746-1 neutron-server[103360]: DEBUG neutron_lib.callbacks.manager [None req-46906c19-038d-4428-8e52-c2af50bd5b61 admin admin] Publish callbacks [] for security_group, precommit_create {{(pid=103360) _notify_loop /usr/local/lib/python3.8/dist-packages/neutron_lib/callbacks/manager.py:175}}
Nov 25 17:21:15.483331 n-d-817746-1 neutron-server[103360]: DEBUG neutron_lib.callbacks.manager [None req-46906c19-038d-4428-8e52-c2af50bd5b61 admin admin] Publish callbacks ['neutron.plugins.ml2.ovo_rpc._ObjectChangeHandler.handle_event-455211'] for security_group, after_create {{(pid=103360) _notify_loop /usr/local/lib/python3.8/dist-packages/neutron_lib/callbacks/manager.py:175}}
Nov 25 17:21:15.558424 n-d-817746-1 neutron-server[103360]: DEBUG neutron.api.rpc.handlers.resources_rpc [None req-46906c19-038d-4428-8e52-c2af50bd5b61 admin admin] Pushing event updated for resources: {'SecurityGroup': ['ID=980b124e-8a71-45ee-b7a3-c3dddedef92b,revision_number=1']} {{(pid=103360) push /opt/stack/neutron/neutron/api/rpc/handlers/resources_rpc.py:237}}
Nov 25 17:21:15.691056 n-d-817746-1 neutron-server[103360]: DEBUG neutron.db.db_base_plugin_common [req-7037d447-2061-4dd3-b98f-e7f219233ca2 req-8ccd78c0-36d6-40f2-82f2-e27046797645 tempest-AggregatesAdminTestJSON-523772811 tempest-AggregatesAdminTestJSON-523772811-project] Allocated IP 192.168.233.142 (ab4fed0b-9bf1-4925-8765-94da08c5de2a/8793709c-5336-428d-aede-b0b8df1a26b2/0a0cdf44-4619-4a83-88fc-df8e14f08fca) {{(pid=103360) _store_ip_allocation /opt/stack/neutron/neutron/db/db_base_plugin_common.py:131}}
Nov 25 17:21:15.714569 n-d-817746-1 neutron-server[103360]: INFO neutron.wsgi [None req-46906c19-038d-4428-8e52-c2af50bd5b61 admin admin] 10.222.0.75 "GET /v2.0/security-groups?tenant_id=38d07496cda94d56ac12b3227578c12f&name=default HTTP/1.1" status: 200 len: 2996 time: 1.7138655
Nov 25 17:21:15.737345 n-d-817746-1 neutron-server[103360]: DEBUG neutron.wsgi [-] (103360) accepted ('10.222.0.75', 57724) {{(pid=103360) server /usr/local/lib/python3.8/dist-packages/eventlet/wsgi.py:1004}}
Nov 25 17:21:15.795627 n-d-817746-1 neutron-server[103361]: DEBUG neutron_lib.callbacks.manager [None req-39caef6f-ad06-4f65-9a65-cdcc29674d60 admin admin] Publish callbacks [] for security_group, precommit_create {{(pid=103361) _notify_loop /usr/local/lib/python3.8/dist-packages/neutron_lib/callbacks/manager.py:175}}
Nov 25 17:21:15.885217 n-d-817746-1 neutron-server[103362]: DEBUG neutron.plugins.ml2.rpc [None req-d07dd16d-8248-4030-bac4-fa085e462073 None None] Device f48844f4-2d55-47cb-a6db-5b84416fff2c up at agent ovs-agent-n-d-817746-1 {{(pid=103362) update_device_up /opt/stack/neutron/neutron/plugins/ml2/rpc.py:296}}
Nov 25 17:21:15.973640 n-d-817746-1 neutron-server[103360]: DEBUG neutron_lib.callbacks.manager [None req-41fd54ab-65ab-45c7-8bd0-67cad05b5249 admin admin] Publish callbacks [] for security_group, before_delete {{(pid=103360) _notify_loop /usr/local/lib/python3.8/dist-packages/neutron_lib/callbacks/manager.py:175}}
Nov 25 17:21:15.992804 n-d-817746-1 neutron-server[103361]: DEBUG neutron.pecan_wsgi.hooks.policy_enforcement [req-b2be2e63-6b66-4b64-b935-7d85c2171e36 req-e9195c6c-5301-4168-a28a-775c935e2c77 tempest-DeleteServersAdminTestJSON-1079377781 tempest-DeleteServersAdminTestJSON-1079377781-project] Attributes excluded by policy engine: ['standard_attr_id', 'binding:profile', 'binding:host_id', 'binding:vif_type', 'binding:vif_details'] {{(pid=103361) _exclude_attributes_by_policy /opt/stack/neutron/neutron/pecan_wsgi/hooks/policy_enforcement.py:255}}
Nov 25 17:21:16.011834 n-d-817746-1 neutron-server[103361]: INFO neutron.wsgi [req-b2be2e63-6b66-4b64-b935-7d85c2171e36 req-e9195c6c-5301-4168-a28a-775c935e2c77 tempest-DeleteServersAdminTestJSON-1079377781 tempest-DeleteServersAdminTestJSON-1079377781-project] 10.222.0.75 "GET /v2.0/ports?device_id=36fdf299-c616-49f5-bcb0-1528e894c302 HTTP/1.1" status: 200 len: 948 time: 1.0923600
Nov 25 17:21:16.040649 n-d-817746-1 neutron-server[103360]: DEBUG neutron_lib.callbacks.manager [None req-41fd54ab-65ab-45c7-8bd0-67cad05b5249 admin admin] Publish callbacks [] for security_group, precommit_delete {{(pid=103360) _notify_loop /usr/local/lib/python3.8/dist-packages/neutron_lib/callbacks/manager.py:175}}
Nov 25 17:21:16.057410 n-d-817746-1 neutron-server[103362]: DEBUG neutron.db.provisioning_blocks [None req-d07dd16d-8248-4030-bac4-fa085e462073 None None] Provisioning complete for port f48844f4-2d55-47cb-a6db-5b84416fff2c triggered by entity L2. {{(pid=103362) provisioning_complete /opt/stack/neutron/neutron/db/provisioning_blocks.py:139}}
Nov 25 17:21:16.058023 n-d-817746-1 neutron-server[103362]: DEBUG neutron_lib.callbacks.manager [None req-d07dd16d-8248-4030-bac4-fa085e462073 None None] Publish callbacks ['neutron.plugins.ml2.plugin.Ml2Plugin._port_provisioned-3797035'] for port, provisioning_complete {{(pid=103362) _notify_loop /usr/local/lib/python3.8/dist-packages/neutron_lib/callbacks/manager.py:175}}
Nov 25 17:21:16.063535 n-d-817746-1 neutron-server[103361]: DEBUG neutron.plugins.ml2.managers [req-1961808d-c8c2-4677-87c4-da302152f787 req-c0b171a3-99a8-447e-861b-bba4aa3ca1d1 service neutron] Attempting to bind port 1d05ae37-1b17-4c3f-a41a-bcf9f75025d1 on host n-h1-817746-1 for vnic_type normal with profile {{(pid=103361) bind_port /opt/stack/neutron/neutron/plugins/ml2/managers.py:795}}
Nov 25 17:21:16.070952 n-d-817746-1 neutron-server[103361]: DEBUG neutron.plugins.ml2.managers [req-1961808d-c8c2-4677-87c4-da302152f787 req-c0b171a3-99a8-447e-861b-bba4aa3ca1d1 service neutron] Attempting to bind port 1d05ae37-1b17-4c3f-a41a-bcf9f75025d1 by drivers openvswitch,hyperv on host n-h1-817746-1 at level 0 using segments [{'id': '99c1f71a-f4f5-42fe-a8f2-6ad6cb198bbf', 'network_type': 'vlan', 'physical_network': 'physnet1', 'segmentation_id': 946, 'network_id': 'ab4fed0b-9bf1-4925-8765-94da08c5de2a'}] {{(pid=103361) _bind_port_level /opt/stack/neutron/neutron/plugins/ml2/managers.py:820}}
Nov 25 17:21:16.071553 n-d-817746-1 neutron-server[103361]: DEBUG neutron.plugins.ml2.drivers.mech_agent [req-1961808d-c8c2-4677-87c4-da302152f787 req-c0b171a3-99a8-447e-861b-bba4aa3ca1d1 service neutron] Attempting to bind port 1d05ae37-1b17-4c3f-a41a-bcf9f75025d1 on network ab4fed0b-9bf1-4925-8765-94da08c5de2a {{(pid=103361) bind_port /opt/stack/neutron/neutron/plugins/ml2/drivers/mech_agent.py:91}}
Nov 25 17:21:16.076651 n-d-817746-1 neutron-server[103361]: DEBUG neutron_lib.callbacks.manager [None req-39caef6f-ad06-4f65-9a65-cdcc29674d60 admin admin] Publish callbacks ['neutron.plugins.ml2.ovo_rpc._ObjectChangeHandler.handle_event-455211'] for security_group, after_create {{(pid=103361) _notify_loop /usr/local/lib/python3.8/dist-packages/neutron_lib/callbacks/manager.py:175}}
Nov 25 17:21:16.141618 n-d-817746-1 neutron-server[103361]: DEBUG neutron.plugins.ml2.drivers.mech_agent [req-1961808d-c8c2-4677-87c4-da302152f787 req-c0b171a3-99a8-447e-861b-bba4aa3ca1d1 service neutron] Port 1d05ae37-1b17-4c3f-a41a-bcf9f75025d1 on network ab4fed0b-9bf1-4925-8765-94da08c5de2a not bound, no agent of type Open vSwitch agent registered on host n-h1-817746-1 {{(pid=103361) bind_port /opt/stack/neutron/neutron/plugins/ml2/drivers/mech_agent.py:103}}
Nov 25 17:21:16.144550 n-d-817746-1 neutron-server[103361]: DEBUG neutron.plugins.ml2.drivers.mech_agent [req-1961808d-c8c2-4677-87c4-da302152f787 req-c0b171a3-99a8-447e-861b-bba4aa3ca1d1 service neutron] Attempting to bind port 1d05ae37-1b17-4c3f-a41a-bcf9f75025d1 on network ab4fed0b-9bf1-4925-8765-94da08c5de2a {{(pid=103361) bind_port /opt/stack/neutron/neutron/plugins/ml2/drivers/mech_agent.py:91}}
Nov 25 17:21:16.205176 n-d-817746-1 neutron-server[103360]: DEBUG neutron_lib.callbacks.manager [None req-41fd54ab-65ab-45c7-8bd0-67cad05b5249 admin admin] Publish callbacks ['neutron.plugins.ml2.ovo_rpc._ObjectChangeHandler.handle_event-455211'] for security_group, after_delete {{(pid=103360) _notify_loop /usr/local/lib/python3.8/dist-packages/neutron_lib/callbacks/manager.py:175}}
Nov 25 17:21:16.208372 n-d-817746-1 neutron-server[103360]: DEBUG neutron_lib.callbacks.manager [None req-41fd54ab-65ab-45c7-8bd0-67cad05b5249 admin admin] Publish callbacks [] for security_group, before_response {{(pid=103360) _notify_loop /usr/local/lib/python3.8/dist-packages/neutron_lib/callbacks/manager.py:175}}
Nov 25 17:21:16.212504 n-d-817746-1 neutron-server[103361]: INFO neutron.wsgi [None req-39caef6f-ad06-4f65-9a65-cdcc29674d60 admin admin] 10.222.0.75 "GET /v2.0/security-groups?tenant_id=9b3f44a8da2246d1adc38c9040b16bbc&name=default HTTP/1.1" status: 200 len: 2993 time: 4.0370991
Nov 25 17:21:16.215032 n-d-817746-1 neutron-server[103360]: INFO neutron.wsgi [None req-41fd54ab-65ab-45c7-8bd0-67cad05b5249 admin admin] 10.222.0.75 "DELETE /v2.0/security-groups/980b124e-8a71-45ee-b7a3-c3dddedef92b HTTP/1.1" status: 204 len: 168 time: 0.4674399
Nov 25 17:21:16.215716 n-d-817746-1 neutron-server[103360]: DEBUG neutron.wsgi [-] (103360) accepted ('10.222.0.75', 57736) {{(pid=103360) server /usr/local/lib/python3.8/dist-packages/eventlet/wsgi.py:1004}}
Nov 25 17:21:16.216617 n-d-817746-1 neutron-server[103361]: DEBUG neutron.plugins.ml2.drivers.mech_agent [req-1961808d-c8c2-4677-87c4-da302152f787 req-c0b171a3-99a8-447e-861b-bba4aa3ca1d1 service neutron] Checking agent: {'id': 'e37a1739-4543-4319-bed2-53017bb57f42', 'agent_type': 'HyperV agent', 'binary': 'neutron-hyperv-agent', 'topic': 'N/A', 'host': 'n-h1-817746-1', 'admin_state_up': True, 'created_at': datetime.datetime(2021, 11, 25, 17, 18, 46), 'started_at': datetime.datetime(2021, 11, 25, 17, 18, 46), 'heartbeat_timestamp': datetime.datetime(2021, 11, 25, 17, 20, 46), 'description': None, 'resources_synced': None, 'availability_zone': None, 'alive': True, 'configurations': {'vswitch_mappings': {'physnet1$': 'br-data'}}, 'resource_versions': {}} {{(pid=103361) bind_port /opt/stack/neutron/neutron/plugins/ml2/drivers/mech_agent.py:110}}
Nov 25 17:21:16.216990 n-d-817746-1 neutron-server[103361]: DEBUG neutron.plugins.ml2.drivers.mech_agent [req-1961808d-c8c2-4677-87c4-da302152f787 req-c0b171a3-99a8-447e-861b-bba4aa3ca1d1 service neutron] Checking segment: {'id': '99c1f71a-f4f5-42fe-a8f2-6ad6cb198bbf', 'network_type': 'vlan', 'physical_network': 'physnet1', 'segmentation_id': 946, 'network_id': 'ab4fed0b-9bf1-4925-8765-94da08c5de2a'} for mappings: {'physnet1$': 'br-data'} with network types: ['local', 'flat', 'vlan'] {{(pid=103361) check_segment_for_agent /opt/stack/neutron/neutron/plugins/ml2/drivers/mech_agent.py:371}}
Nov 25 17:21:16.217551 n-d-817746-1 neutron-server[103361]: DEBUG neutron.plugins.ml2.drivers.mech_agent [req-1961808d-c8c2-4677-87c4-da302152f787 req-c0b171a3-99a8-447e-861b-bba4aa3ca1d1 service neutron] Bound using segment: {'id': '99c1f71a-f4f5-42fe-a8f2-6ad6cb198bbf', 'network_type': 'vlan', 'physical_network': 'physnet1', 'segmentation_id': 946, 'network_id': 'ab4fed0b-9bf1-4925-8765-94da08c5de2a'} {{(pid=103361) bind_port /opt/stack/neutron/neutron/plugins/ml2/drivers/mech_agent.py:120}}
Nov 25 17:21:16.219059 n-d-817746-1 neutron-server[103361]: DEBUG neutron.plugins.ml2.managers [req-1961808d-c8c2-4677-87c4-da302152f787 req-c0b171a3-99a8-447e-861b-bba4aa3ca1d1 service neutron] Bound port: 1d05ae37-1b17-4c3f-a41a-bcf9f75025d1, host: n-h1-817746-1, vif_type: hyperv, vif_details: {"connectivity": "legacy", "port_filter": false}, binding_levels: [{'bound_driver': 'hyperv', 'bound_segment': {'id': '99c1f71a-f4f5-42fe-a8f2-6ad6cb198bbf', 'network_type': 'vlan', 'physical_network': 'physnet1', 'segmentation_id': 946, 'network_id': 'ab4fed0b-9bf1-4925-8765-94da08c5de2a'}}] {{(pid=103361) _bind_port_level /opt/stack/neutron/neutron/plugins/ml2/managers.py:932}}
Nov 25 17:21:16.219355 n-d-817746-1 neutron-server[103361]: DEBUG neutron_lib.callbacks.manager [req-1961808d-c8c2-4677-87c4-da302152f787 req-c0b171a3-99a8-447e-861b-bba4aa3ca1d1 service neutron] Publish callbacks ['neutron.plugins.ml2.plugin.SecurityGroupDbMixin._ensure_default_security_group_handler-3737160'] for port, before_update {{(pid=103361) _notify_loop /usr/local/lib/python3.8/dist-packages/neutron_lib/callbacks/manager.py:175}}
Nov 25 17:21:16.236116 n-d-817746-1 neutron-server[103361]: DEBUG neutron.api.rpc.handlers.resources_rpc [None req-39caef6f-ad06-4f65-9a65-cdcc29674d60 admin admin] Pushing event updated for resources: {'SecurityGroup': ['ID=7f72a369-c07d-4438-b2f4-42828e8ba068,revision_number=1']} {{(pid=103361) push /opt/stack/neutron/neutron/api/rpc/handlers/resources_rpc.py:237}}
Nov 25 17:21:16.241427 n-d-817746-1 neutron-server[103362]: DEBUG neutron_lib.callbacks.manager [None req-d07dd16d-8248-4030-bac4-fa085e462073 None None] Publish callbacks ['neutron.plugins.ml2.plugin.SecurityGroupDbMixin._ensure_default_security_group_handler-3737160'] for port, before_update {{(pid=103362) _notify_loop /usr/local/lib/python3.8/dist-packages/neutron_lib/callbacks/manager.py:175}}
Nov 25 17:21:16.274856 n-d-817746-1 neutron-server[103362]: DEBUG neutron.plugins.ml2.db [None req-d07dd16d-8248-4030-bac4-fa085e462073 None None] For port f48844f4-2d55-47cb-a6db-5b84416fff2c, host n-d-817746-1, got binding levels [PortBindingLevel(driver='openvswitch',host='n-d-817746-1',level=0,port_id=f48844f4-2d55-47cb-a6db-5b84416fff2c,segment=NetworkSegment(16c0aa20-4113-45fa-9c27-33563ef59618),segment_id=16c0aa20-4113-45fa-9c27-33563ef59618)] {{(pid=103362) get_binding_level_objs /opt/stack/neutron/neutron/plugins/ml2/db.py:74}}
Nov 25 17:21:16.288913 n-d-817746-1 neutron-server[103362]: DEBUG neutron_lib.callbacks.manager [None req-d07dd16d-8248-4030-bac4-fa085e462073 None None] Publish callbacks ['neutron.plugins.ml2.plugin.SecurityGroupServerNotifierRpcMixin._notify_sg_on_port_change-3737103', 'neutron.plugins.ml2.ovo_rpc._ObjectChangeHandler.handle_event-27651', 'neutron.api.rpc.agentnotifiers.dhcp_rpc_agent_api.DhcpAgentNotifyAPI._native_event_send_dhcp_notification-558256', 'neutron.db.l3_db.L3RpcNotifierMixin._notify_gateway_port_ip_changed-8791736784168', 'neutron.db.l3_dvrscheduler_db._notify_l3_agent_port_update-8791736236683', 'neutron.db.l3_hascheduler_db._notify_l3_agent_ha_port_update-8791736236701'] for port, after_update {{(pid=103362) _notify_loop /usr/local/lib/python3.8/dist-packages/neutron_lib/callbacks/manager.py:175}}
Nov 25 17:21:16.361857 n-d-817746-1 neutron-server[103360]: DEBUG neutron.api.rpc.handlers.resources_rpc [None req-41fd54ab-65ab-45c7-8bd0-67cad05b5249 admin admin] Pushing event deleted for resources: {'SecurityGroup': ['ID=980b124e-8a71-45ee-b7a3-c3dddedef92b,revision_number=None']} {{(pid=103360) push /opt/stack/neutron/neutron/api/rpc/handlers/resources_rpc.py:237}}
Nov 25 17:21:16.371801 n-d-817746-1 neutron-server[103361]: INFO neutron.wsgi [req-b2be2e63-6b66-4b64-b935-7d85c2171e36 req-2ce89d7e-45aa-489a-a7de-1a7db7c99265 tempest-DeleteServersAdminTestJSON-1079377781 tempest-DeleteServersAdminTestJSON-1079377781-project] 10.222.0.75 "GET /v2.0/security-groups?id=8f253f59-2ee5-482f-a0b2-52209b5a40d1&fields=id&fields=name HTTP/1.1" status: 200 len: 286 time: 0.3588006
Nov 25 17:21:16.410322 n-d-817746-1 neutron-server[103362]: DEBUG neutron.api.rpc.handlers.resources_rpc [None req-d07dd16d-8248-4030-bac4-fa085e462073 None None] Pushing event updated for resources: {'Port': ['ID=f48844f4-2d55-47cb-a6db-5b84416fff2c,revision_number=4']} {{(pid=103362) push /opt/stack/neutron/neutron/api/rpc/handlers/resources_rpc.py:237}}
Nov 25 17:21:16.448987 n-d-817746-1 neutron-server[103361]: DEBUG neutron.plugins.ml2.db [req-1961808d-c8c2-4677-87c4-da302152f787 req-c0b171a3-99a8-447e-861b-bba4aa3ca1d1 service neutron] For port 1d05ae37-1b17-4c3f-a41a-bcf9f75025d1, host n-h1-817746-1, cleared binding levels {{(pid=103361) clear_binding_levels /opt/stack/neutron/neutron/plugins/ml2/db.py:87}}
Nov 25 17:21:16.462715 n-d-817746-1 neutron-server[103361]: DEBUG neutron.plugins.ml2.db [req-1961808d-c8c2-4677-87c4-da302152f787 req-c0b171a3-99a8-447e-861b-bba4aa3ca1d1 service neutron] For port 1d05ae37-1b17-4c3f-a41a-bcf9f75025d1, host n-h1-817746-1, set binding levels [PortBindingLevel(driver='hyperv',host='n-h1-817746-1',level=0,port_id=1d05ae37-1b17-4c3f-a41a-bcf9f75025d1,segment=NetworkSegment(99c1f71a-f4f5-42fe-a8f2-6ad6cb198bbf),segment_id=99c1f71a-f4f5-42fe-a8f2-6ad6cb198bbf)] {{(pid=103361) set_binding_levels /opt/stack/neutron/neutron/plugins/ml2/db.py:59}}
Nov 25 17:21:16.530229 n-d-817746-1 neutron-server[103362]: DEBUG neutron_lib.callbacks.manager [None req-b51aae46-4fa9-4fd5-acd9-b2d110d8bcfb None None] Publish callbacks ['neutron.services.segments.db._update_segment_host_mapping_for_agent-8791736721318', 'neutron.plugins.ml2.plugin.Ml2Plugin._retry_binding_revived_agents-3797236'] for agent, after_update {{(pid=103362) _notify_loop /usr/local/lib/python3.8/dist-packages/neutron_lib/callbacks/manager.py:175}}
Nov 25 17:21:16.547705 n-d-817746-1 neutron-server[103361]: INFO neutron.wsgi [req-dd9ba6c9-08aa-4cf7-8e35-5d00f8329833 req-3897ef6e-5225-4a66-baa9-c378a2433edf tempest-AggregatesAdminTestJSON-523772811 tempest-AggregatesAdminTestJSON-523772811-project] 10.222.0.75 "GET /v2.0/ports?device_id=7b397496-2bd9-47f5-b9bf-0ca5c14471b0 HTTP/1.1" status: 200 len: 210 time: 0.0458760
Nov 25 17:21:16.551813 n-d-817746-1 neutron-server[103361]: DEBUG neutron_lib.callbacks.manager [req-1961808d-c8c2-4677-87c4-da302152f787 req-c0b171a3-99a8-447e-861b-bba4aa3ca1d1 service neutron] Publish callbacks ['neutron.plugins.ml2.plugin.SecurityGroupServerNotifierRpcMixin._notify_sg_on_port_change-3737103', 'neutron.plugins.ml2.ovo_rpc._ObjectChangeHandler.handle_event-27651', 'neutron.api.rpc.agentnotifiers.dhcp_rpc_agent_api.DhcpAgentNotifyAPI._native_event_send_dhcp_notification-558256', 'neutron.db.l3_db.L3RpcNotifierMixin._notify_gateway_port_ip_changed-8791736784168', 'neutron.db.l3_dvrscheduler_db._notify_l3_agent_port_update-8791736236683', 'neutron.db.l3_hascheduler_db._notify_l3_agent_ha_port_update-8791736236701'] for port, after_update {{(pid=103361) _notify_loop /usr/local/lib/python3.8/dist-packages/neutron_lib/callbacks/manager.py:175}}
Nov 25 17:21:16.599417 n-d-817746-1 neutron-server[103362]: DEBUG neutron_lib.callbacks.manager [None req-90d5c17c-0f56-4e5d-974f-4e31e92c9e76 None None] Publish callbacks ['neutron.services.segments.db._update_segment_host_mapping_for_agent-8791736721318', 'neutron.plugins.ml2.plugin.Ml2Plugin._retry_binding_revived_agents-3797236'] for agent, after_update {{(pid=103362) _notify_loop /usr/local/lib/python3.8/dist-packages/neutron_lib/callbacks/manager.py:175}}
Nov 25 17:21:16.642488 n-d-817746-1 neutron-server[103360]: DEBUG neutron_lib.callbacks.manager [None req-827ff0b7-89bb-4619-9b76-25634794346f admin admin] Publish callbacks [] for security_group, before_delete {{(pid=103360) _notify_loop /usr/local/lib/python3.8/dist-packages/neutron_lib/callbacks/manager.py:175}}
Nov 25 17:21:16.665379 n-d-817746-1 neutron-server[103361]: DEBUG neutron.pecan_wsgi.hooks.policy_enforcement [req-1961808d-c8c2-4677-87c4-da302152f787 req-c0b171a3-99a8-447e-861b-bba4aa3ca1d1 service neutron] Attributes excluded by policy engine: ['standard_attr_id'] {{(pid=103361) _exclude_attributes_by_policy /opt/stack/neutron/neutron/pecan_wsgi/hooks/policy_enforcement.py:255}}
Nov 25 17:21:16.666337 n-d-817746-1 neutron-server[103361]: DEBUG neutron_lib.callbacks.manager [req-1961808d-c8c2-4677-87c4-da302152f787 req-c0b171a3-99a8-447e-861b-bba4aa3ca1d1 service neutron] Publish callbacks ['neutron.notifiers.nova.Notifier._send_nova_notification-44658', 'neutron.api.rpc.agentnotifiers.dhcp_rpc_agent_api.DhcpAgentNotifyAPI._send_dhcp_notification-558254'] for port, before_response {{(pid=103361) _notify_loop /usr/local/lib/python3.8/dist-packages/neutron_lib/callbacks/manager.py:175}}
Nov 25 17:21:16.668158 n-d-817746-1 neutron-server[103361]: INFO neutron.wsgi [req-1961808d-c8c2-4677-87c4-da302152f787 req-c0b171a3-99a8-447e-861b-bba4aa3ca1d1 service neutron] 10.222.0.74 "PUT /v2.0/ports/1d05ae37-1b17-4c3f-a41a-bcf9f75025d1 HTTP/1.1" status: 200 len: 1096 time: 4.6763022
Nov 25 17:21:16.668780 n-d-817746-1 neutron-server[103361]: DEBUG neutron.notifiers.nova [-] Sending events: [{'name': 'network-changed', 'server_uuid': '36fdf299-c616-49f5-bcb0-1528e894c302', 'tag': '1d05ae37-1b17-4c3f-a41a-bcf9f75025d1'}] {{(pid=103361) send_events /opt/stack/neutron/neutron/notifiers/nova.py:262}}
Nov 25 17:21:16.769260 n-d-817746-1 neutron-server[103361]: DEBUG neutron.db.db_base_plugin_common [None req-e7e46ac1-241e-4bf6-9b48-6ca2920ebd3c admin admin] Allocated IP 172.20.0.1 (c0cc47d0-55be-430e-ba62-70dda4f647c7/02d55411-afdd-4570-8ae6-9e2866cc4181/519424b0-cf49-498b-aeca-762b4ece95d9) {{(pid=103361) _store_ip_allocation /opt/stack/neutron/neutron/db/db_base_plugin_common.py:131}}
Nov 25 17:21:16.786720 n-d-817746-1 neutron-server[103360]: DEBUG neutron_lib.callbacks.manager [None req-827ff0b7-89bb-4619-9b76-25634794346f admin admin] Publish callbacks [] for security_group, precommit_delete {{(pid=103360) _notify_loop /usr/local/lib/python3.8/dist-packages/neutron_lib/callbacks/manager.py:175}}
Nov 25 17:21:17.074451 n-d-817746-1 neutron-server[103360]: DEBUG neutron_lib.callbacks.manager [None req-827ff0b7-89bb-4619-9b76-25634794346f admin admin] Publish callbacks ['neutron.plugins.ml2.ovo_rpc._ObjectChangeHandler.handle_event-455211'] for security_group, after_delete {{(pid=103360) _notify_loop /usr/local/lib/python3.8/dist-packages/neutron_lib/callbacks/manager.py:175}}
Nov 25 17:21:17.078466 n-d-817746-1 neutron-server[103360]: DEBUG neutron_lib.callbacks.manager [None req-827ff0b7-89bb-4619-9b76-25634794346f admin admin] Publish callbacks [] for security_group, before_response {{(pid=103360) _notify_loop /usr/local/lib/python3.8/dist-packages/neutron_lib/callbacks/manager.py:175}}
Nov 25 17:21:17.089502 n-d-817746-1 neutron-server[103360]: INFO neutron.wsgi [None req-827ff0b7-89bb-4619-9b76-25634794346f admin admin] 10.222.0.75 "DELETE /v2.0/security-groups/7f72a369-c07d-4438-b2f4-42828e8ba068 HTTP/1.1" status: 204 len: 168 time: 0.8655286
Nov 25 17:21:17.124175 n-d-817746-1 neutron-server[103362]: DEBUG neutron_lib.callbacks.manager [None req-4a393815-4450-4830-8f28-25316fcffa65 None None] Publish callbacks ['neutron.services.segments.db._update_segment_host_mapping_for_agent-8791736721318', 'neutron.plugins.ml2.plugin.Ml2Plugin._retry_binding_revived_agents-3797236'] for agent, after_update {{(pid=103362) _notify_loop /usr/local/lib/python3.8/dist-packages/neutron_lib/callbacks/manager.py:175}}
Nov 25 17:21:17.136715 n-d-817746-1 neutron-server[103361]: DEBUG neutron.api.rpc.handlers.resources_rpc [None req-c0b171a3-99a8-447e-861b-bba4aa3ca1d1 service neutron] Pushing event updated for resources: {'Port': ['ID=1d05ae37-1b17-4c3f-a41a-bcf9f75025d1,revision_number=3']} {{(pid=103361) push /opt/stack/neutron/neutron/api/rpc/handlers/resources_rpc.py:237}}
Nov 25 17:21:17.153861 n-d-817746-1 neutron-server[103360]: DEBUG neutron.api.rpc.handlers.resources_rpc [None req-827ff0b7-89bb-4619-9b76-25634794346f admin admin] Pushing event deleted for resources: {'SecurityGroup': ['ID=7f72a369-c07d-4438-b2f4-42828e8ba068,revision_number=None']} {{(pid=103360) push /opt/stack/neutron/neutron/api/rpc/handlers/resources_rpc.py:237}}
Nov 25 17:21:17.182872 n-d-817746-1 neutron-server[103361]: DEBUG neutron.pecan_wsgi.hooks.policy_enforcement [req-1961808d-c8c2-4677-87c4-da302152f787 req-5601e1fa-7ebe-4acd-97e4-03500b72d379 service neutron] Attributes excluded by policy engine: ['standard_attr_id'] {{(pid=103361) _exclude_attributes_by_policy /opt/stack/neutron/neutron/pecan_wsgi/hooks/policy_enforcement.py:255}}
Nov 25 17:21:17.188087 n-d-817746-1 neutron-server[103361]: INFO neutron.wsgi [req-1961808d-c8c2-4677-87c4-da302152f787 req-5601e1fa-7ebe-4acd-97e4-03500b72d379 service neutron] 10.222.0.74 "GET /v2.0/ports?tenant_id=44ee0d3c33154ab4aa8ea1c5127a4bf3&device_id=36fdf299-c616-49f5-bcb0-1528e894c302 HTTP/1.1" status: 200 len: 1099 time: 0.4071767
Nov 25 17:21:17.223127 n-d-817746-1 neutron-server[103360]: DEBUG neutron_lib.callbacks.manager [req-7037d447-2061-4dd3-b98f-e7f219233ca2 req-8ccd78c0-36d6-40f2-82f2-e27046797645 tempest-AggregatesAdminTestJSON-523772811 tempest-AggregatesAdminTestJSON-523772811-project] Publish callbacks [] for port, precommit_create {{(pid=103360) _notify_loop /usr/local/lib/python3.8/dist-packages/neutron_lib/callbacks/manager.py:175}}
Nov 25 17:21:17.270708 n-d-817746-1 neutron-server[103360]: DEBUG neutron.wsgi [-] (103360) accepted ('10.222.0.75', 57766) {{(pid=103360) server /usr/local/lib/python3.8/dist-packages/eventlet/wsgi.py:1004}}
Nov 25 17:21:17.303077 n-d-817746-1 neutron-server[103361]: DEBUG novaclient.v2.client [-] REQ: curl -g -i --cacert "/opt/stack/data/ca-bundle.pem" -X POST http://10.222.0.75/compute/v2.1/os-server-external-events -H "Accept: application/json" -H "Content-Type: application/json" -H "User-Agent: python-novaclient" -H "X-Auth-Token: {SHA256}aa4be4a73159a6ebc38ad7335dffc434c624a97395ce9bd4cd32685758a7fec4" -H "X-OpenStack-Nova-API-Version: 2.1" -H "X-OpenStack-Request-ID: req-e331b222-13ef-4680-b7e7-286d36d30b25" -d '{"events": [{"name": "network-changed", "server_uuid": "36fdf299-c616-49f5-bcb0-1528e894c302", "tag": "1d05ae37-1b17-4c3f-a41a-bcf9f75025d1"}]}' {{(pid=103361) _http_log_request /usr/local/lib/python3.8/dist-packages/keystoneauth1/session.py:519}}
Nov 25 17:21:17.369978 n-d-817746-1 neutron-server[103360]: DEBUG neutron_lib.callbacks.manager [None req-0470b17c-7fb9-4a55-8f9d-e9d35411d730 admin admin] Publish callbacks [] for security_group, before_create {{(pid=103360) _notify_loop /usr/local/lib/python3.8/dist-packages/neutron_lib/callbacks/manager.py:175}}
Nov 25 17:21:17.473995 n-d-817746-1 neutron-server[103360]: DEBUG neutron_lib.callbacks.manager [req-7037d447-2061-4dd3-b98f-e7f219233ca2 req-8ccd78c0-36d6-40f2-82f2-e27046797645 tempest-AggregatesAdminTestJSON-523772811 tempest-AggregatesAdminTestJSON-523772811-project] Publish callbacks ['neutron.plugins.ml2.plugin.SecurityGroupServerNotifierRpcMixin._notify_sg_on_port_change-3737103', 'neutron.plugins.ml2.ovo_rpc._ObjectChangeHandler.handle_event-27651', 'neutron.api.rpc.agentnotifiers.dhcp_rpc_agent_api.DhcpAgentNotifyAPI._native_event_send_dhcp_notification-558256', 'neutron.db.l3_dvrscheduler_db._notify_l3_agent_new_port-8791736236665'] for port, after_create {{(pid=103360) _notify_loop /usr/local/lib/python3.8/dist-packages/neutron_lib/callbacks/manager.py:175}}
Nov 25 17:21:17.567556 n-d-817746-1 neutron-server[103361]: INFO neutron.wsgi [req-1961808d-c8c2-4677-87c4-da302152f787 req-6ec868ff-fb65-4b3c-bb2b-fba898665c5b service neutron] 10.222.0.74 "GET /v2.0/floatingips?fixed_ip_address=192.168.233.147&port_id=1d05ae37-1b17-4c3f-a41a-bcf9f75025d1 HTTP/1.1" status: 200 len: 217 time: 0.2054145
Nov 25 17:21:17.777453 n-d-817746-1 neutron-server[103361]: DEBUG neutron_lib.callbacks.manager [None req-e7e46ac1-241e-4bf6-9b48-6ca2920ebd3c admin admin] Publish callbacks [] for port, precommit_create {{(pid=103361) _notify_loop /usr/local/lib/python3.8/dist-packages/neutron_lib/callbacks/manager.py:175}}
Nov 25 17:21:17.835129 n-d-817746-1 neutron-server[103360]: DEBUG neutron.scheduler.dhcp_agent_scheduler [req-7037d447-2061-4dd3-b98f-e7f219233ca2 req-8ccd78c0-36d6-40f2-82f2-e27046797645 tempest-AggregatesAdminTestJSON-523772811 tempest-AggregatesAdminTestJSON-523772811-project] Network ab4fed0b-9bf1-4925-8765-94da08c5de2a is already hosted by enough agents. {{(pid=103360) _get_dhcp_agents_hosting_network /opt/stack/neutron/neutron/scheduler/dhcp_agent_scheduler.py:275}}
Nov 25 17:21:17.854430 n-d-817746-1 neutron-server[103361]: DEBUG neutron.pecan_wsgi.hooks.policy_enforcement [req-1961808d-c8c2-4677-87c4-da302152f787 req-82830932-fe39-424c-ba56-52895288df81 service neutron] Attributes excluded by policy engine: ['standard_attr_id', 'shared'] {{(pid=103361) _exclude_attributes_by_policy /opt/stack/neutron/neutron/pecan_wsgi/hooks/policy_enforcement.py:255}}
Nov 25 17:21:17.858637 n-d-817746-1 neutron-server[103361]: INFO neutron.wsgi [req-1961808d-c8c2-4677-87c4-da302152f787 req-82830932-fe39-424c-ba56-52895288df81 service neutron] 10.222.0.74 "GET /v2.0/subnets?id=8793709c-5336-428d-aede-b0b8df1a26b2 HTTP/1.1" status: 200 len: 843 time: 0.2803490
Nov 25 17:21:17.869399 n-d-817746-1 neutron-server[103362]: DEBUG neutron.plugins.ml2.rpc [None req-d07dd16d-8248-4030-bac4-fa085e462073 None None] Device f48844f4-2d55-47cb-a6db-5b84416fff2c up at agent ovs-agent-n-d-817746-1 {{(pid=103362) update_device_up /opt/stack/neutron/neutron/plugins/ml2/rpc.py:296}}
Nov 25 17:21:17.945749 n-d-817746-1 neutron-server[103360]: DEBUG neutron_lib.callbacks.manager [None req-0470b17c-7fb9-4a55-8f9d-e9d35411d730 admin admin] Publish callbacks [] for security_group, precommit_create {{(pid=103360) _notify_loop /usr/local/lib/python3.8/dist-packages/neutron_lib/callbacks/manager.py:175}}
Nov 25 17:21:17.970277 n-d-817746-1 neutron-server[103360]: DEBUG neutron.scheduler.base_scheduler [req-7037d447-2061-4dd3-b98f-e7f219233ca2 req-8ccd78c0-36d6-40f2-82f2-e27046797645 tempest-AggregatesAdminTestJSON-523772811 tempest-AggregatesAdminTestJSON-523772811-project] Resources bound (agent type, host, resource id): {{(pid=103360) schedule /opt/stack/neutron/neutron/scheduler/base_scheduler.py:57}}
Nov 25 17:21:17.980929 n-d-817746-1 neutron-server[103360]: DEBUG neutron.api.rpc.handlers.resources_rpc [None req-8ccd78c0-36d6-40f2-82f2-e27046797645 tempest-AggregatesAdminTestJSON-523772811 tempest-AggregatesAdminTestJSON-523772811-project] Pushing event updated for resources: {'Port': ['ID=0a0cdf44-4619-4a83-88fc-df8e14f08fca,revision_number=1']} {{(pid=103360) push /opt/stack/neutron/neutron/api/rpc/handlers/resources_rpc.py:237}}
Nov 25 17:21:18.010214 n-d-817746-1 neutron-server[103361]: DEBUG neutron_lib.callbacks.manager [None req-e7e46ac1-241e-4bf6-9b48-6ca2920ebd3c admin admin] Publish callbacks ['neutron.plugins.ml2.plugin.SecurityGroupServerNotifierRpcMixin._notify_sg_on_port_change-3737103', 'neutron.plugins.ml2.ovo_rpc._ObjectChangeHandler.handle_event-27651', 'neutron.api.rpc.agentnotifiers.dhcp_rpc_agent_api.DhcpAgentNotifyAPI._native_event_send_dhcp_notification-558256', 'neutron.db.l3_dvrscheduler_db._notify_l3_agent_new_port-8791736236665'] for port, after_create {{(pid=103361) _notify_loop /usr/local/lib/python3.8/dist-packages/neutron_lib/callbacks/manager.py:175}}
Nov 25 17:21:18.011178 n-d-817746-1 neutron-server[103360]: DEBUG neutron_lib.callbacks.manager [None req-0470b17c-7fb9-4a55-8f9d-e9d35411d730 admin admin] Publish callbacks ['neutron.plugins.ml2.ovo_rpc._ObjectChangeHandler.handle_event-455211'] for security_group, after_create {{(pid=103360) _notify_loop /usr/local/lib/python3.8/dist-packages/neutron_lib/callbacks/manager.py:175}}
Nov 25 17:21:18.026905 n-d-817746-1 neutron-server[103360]: DEBUG neutron.db.l3_dvrscheduler_db [req-7037d447-2061-4dd3-b98f-e7f219233ca2 req-8ccd78c0-36d6-40f2-82f2-e27046797645 tempest-AggregatesAdminTestJSON-523772811 tempest-AggregatesAdminTestJSON-523772811-project] Received port after_create {{(pid=103360) _notify_l3_agent_new_port /opt/stack/neutron/neutron/db/l3_dvrscheduler_db.py:535}}
Nov 25 17:21:18.028526 n-d-817746-1 neutron-server[103361]: DEBUG novaclient.v2.client [-] RESP: [200] Connection: close Content-Length: 179 Content-Type: application/json Date: Thu, 25 Nov 2021 17:21:17 GMT OpenStack-API-Version: compute 2.1 Server: Apache/2.4.41 (Ubuntu) Vary: OpenStack-API-Version,X-OpenStack-Nova-API-Version X-OpenStack-Nova-API-Version: 2.1 x-compute-request-id: req-c8827ec5-53c0-417c-bd5e-7fe699097cc2 x-openstack-request-id: req-c8827ec5-53c0-417c-bd5e-7fe699097cc2 {{(pid=103361) _http_log_response /usr/local/lib/python3.8/dist-packages/keystoneauth1/session.py:550}}
Nov 25 17:21:18.036992 n-d-817746-1 neutron-server[103361]: DEBUG novaclient.v2.client [-] RESP BODY: {"events": [{"name": "network-changed", "server_uuid": "36fdf299-c616-49f5-bcb0-1528e894c302", "tag": "1d05ae37-1b17-4c3f-a41a-bcf9f75025d1", "status": "completed", "code": 200}]} {{(pid=103361) _http_log_response /usr/local/lib/python3.8/dist-packages/keystoneauth1/session.py:582}}
Nov 25 17:21:18.051497 n-d-817746-1 neutron-server[103361]: DEBUG novaclient.v2.client [-] POST call to compute for http://10.222.0.75/compute/v2.1/os-server-external-events used request id req-c8827ec5-53c0-417c-bd5e-7fe699097cc2 {{(pid=103361) request /usr/local/lib/python3.8/dist-packages/keystoneauth1/session.py:954}}
Nov 25 17:21:18.051992 n-d-817746-1 neutron-server[103361]: INFO neutron.notifiers.nova [-] Nova event response: {'name': 'network-changed', 'server_uuid': '36fdf299-c616-49f5-bcb0-1528e894c302', 'tag': '1d05ae37-1b17-4c3f-a41a-bcf9f75025d1', 'status': 'completed', 'code': 200}
Nov 25 17:21:18.057592 n-d-817746-1 neutron-server[103360]: DEBUG neutron.pecan_wsgi.hooks.policy_enforcement [req-7037d447-2061-4dd3-b98f-e7f219233ca2 req-8ccd78c0-36d6-40f2-82f2-e27046797645 tempest-AggregatesAdminTestJSON-523772811 tempest-AggregatesAdminTestJSON-523772811-project] Attributes excluded by policy engine: ['standard_attr_id', 'binding:profile', 'binding:host_id', 'binding:vif_type', 'binding:vif_details', 'network'] {{(pid=103360) _exclude_attributes_by_policy /opt/stack/neutron/neutron/pecan_wsgi/hooks/policy_enforcement.py:255}}
Nov 25 17:21:18.060579 n-d-817746-1 neutron-server[103360]: DEBUG neutron_lib.callbacks.manager [req-7037d447-2061-4dd3-b98f-e7f219233ca2 req-8ccd78c0-36d6-40f2-82f2-e27046797645 tempest-AggregatesAdminTestJSON-523772811 tempest-AggregatesAdminTestJSON-523772811-project] Publish callbacks ['neutron.notifiers.nova.Notifier._send_nova_notification-44658', 'neutron.api.rpc.agentnotifiers.dhcp_rpc_agent_api.DhcpAgentNotifyAPI._send_dhcp_notification-558254'] for port, before_response {{(pid=103360) _notify_loop /usr/local/lib/python3.8/dist-packages/neutron_lib/callbacks/manager.py:175}}
Nov 25 17:21:18.146043 n-d-817746-1 neutron-server[103360]: DEBUG neutron.api.rpc.handlers.resources_rpc [None req-0470b17c-7fb9-4a55-8f9d-e9d35411d730 admin admin] Pushing event updated for resources: {'SecurityGroup': ['ID=54ce4dec-25fc-46e8-8768-ef2da3c3af5b,revision_number=1']} {{(pid=103360) push /opt/stack/neutron/neutron/api/rpc/handlers/resources_rpc.py:237}}
Nov 25 17:21:18.157231 n-d-817746-1 neutron-server[103362]: DEBUG neutron.db.provisioning_blocks [None req-d07dd16d-8248-4030-bac4-fa085e462073 None None] Provisioning complete for port f48844f4-2d55-47cb-a6db-5b84416fff2c triggered by entity L2. {{(pid=103362) provisioning_complete /opt/stack/neutron/neutron/db/provisioning_blocks.py:139}}
Nov 25 17:21:18.159599 n-d-817746-1 neutron-server[103362]: DEBUG neutron_lib.callbacks.manager [None req-d07dd16d-8248-4030-bac4-fa085e462073 None None] Publish callbacks ['neutron.plugins.ml2.plugin.Ml2Plugin._port_provisioned-3797035'] for port, provisioning_complete {{(pid=103362) _notify_loop /usr/local/lib/python3.8/dist-packages/neutron_lib/callbacks/manager.py:175}}
Nov 25 17:21:18.185017 n-d-817746-1 neutron-server[103360]: INFO neutron.wsgi [req-7037d447-2061-4dd3-b98f-e7f219233ca2 req-8ccd78c0-36d6-40f2-82f2-e27046797645 tempest-AggregatesAdminTestJSON-523772811 tempest-AggregatesAdminTestJSON-523772811-project] 10.222.0.74 "POST /v2.0/ports HTTP/1.1" status: 201 len: 938 time: 5.0557985
Nov 25 17:21:18.199564 n-d-817746-1 neutron-server[103360]: INFO neutron.wsgi [None req-0470b17c-7fb9-4a55-8f9d-e9d35411d730 admin admin] 10.222.0.75 "GET /v2.0/security-groups?tenant_id=609b99648c8049beb681e30c37ae381c&name=default HTTP/1.1" status: 200 len: 2996 time: 0.9277582
Nov 25 17:21:18.205770 n-d-817746-1 neutron-server[103360]: DEBUG neutron.wsgi [-] (103360) accepted ('10.222.0.75', 57790) {{(pid=103360) server /usr/local/lib/python3.8/dist-packages/eventlet/wsgi.py:1004}}
Nov 25 17:21:18.247328 n-d-817746-1 neutron-server[103360]: DEBUG neutron.wsgi [-] (103360) accepted ('10.222.0.75', 57792) {{(pid=103360) server /usr/local/lib/python3.8/dist-packages/eventlet/wsgi.py:1004}}
Nov 25 17:21:18.287984 n-d-817746-1 neutron-server[103361]: DEBUG neutron.scheduler.dhcp_agent_scheduler [None req-e7e46ac1-241e-4bf6-9b48-6ca2920ebd3c admin admin] Network c0cc47d0-55be-430e-ba62-70dda4f647c7 is already hosted by enough agents. {{(pid=103361) _get_dhcp_agents_hosting_network /opt/stack/neutron/neutron/scheduler/dhcp_agent_scheduler.py:275}}
Nov 25 17:21:18.291982 n-d-817746-1 neutron-server[103360]: DEBUG neutron_lib.callbacks.manager [None req-d24c6b55-4f3f-44d3-813d-ae6d3f91a47a admin admin] Publish callbacks [] for security_group, before_create {{(pid=103360) _notify_loop /usr/local/lib/python3.8/dist-packages/neutron_lib/callbacks/manager.py:175}}
Nov 25 17:21:18.316176 n-d-817746-1 neutron-server[103361]: DEBUG neutron.scheduler.base_scheduler [None req-e7e46ac1-241e-4bf6-9b48-6ca2920ebd3c admin admin] Resources bound (agent type, host, resource id): {{(pid=103361) schedule /opt/stack/neutron/neutron/scheduler/base_scheduler.py:57}}
Nov 25 17:21:18.377083 n-d-817746-1 neutron-server[103361]: DEBUG neutron.db.l3_dvrscheduler_db [None req-e7e46ac1-241e-4bf6-9b48-6ca2920ebd3c admin admin] Received port after_create {{(pid=103361) _notify_l3_agent_new_port /opt/stack/neutron/neutron/db/l3_dvrscheduler_db.py:535}}
Nov 25 17:21:18.377586 n-d-817746-1 neutron-server[103361]: DEBUG neutron_lib.callbacks.manager [None req-e7e46ac1-241e-4bf6-9b48-6ca2920ebd3c admin admin] Publish callbacks ['neutron.services.l3_router.l3_router_plugin.DVRResourceOperationHandler._add_csnat_on_interface_create-542405'] for router_interface, before_create {{(pid=103361) _notify_loop /usr/local/lib/python3.8/dist-packages/neutron_lib/callbacks/manager.py:175}}
Nov 25 17:21:18.450734 n-d-817746-1 neutron-server[103360]: DEBUG neutron_lib.callbacks.manager [None req-aee81118-94d1-47ed-ac5d-76d0ec56288f admin admin] Publish callbacks [] for security_group, before_delete {{(pid=103360) _notify_loop /usr/local/lib/python3.8/dist-packages/neutron_lib/callbacks/manager.py:175}}
Nov 25 17:21:18.498622 n-d-817746-1 neutron-server[103360]: DEBUG neutron_lib.callbacks.manager [None req-aee81118-94d1-47ed-ac5d-76d0ec56288f admin admin] Publish callbacks [] for security_group, precommit_delete {{(pid=103360) _notify_loop /usr/local/lib/python3.8/dist-packages/neutron_lib/callbacks/manager.py:175}}
Nov 25 17:21:18.520084 n-d-817746-1 neutron-server[103361]: DEBUG neutron.api.rpc.handlers.resources_rpc [None req-e7e46ac1-241e-4bf6-9b48-6ca2920ebd3c admin admin] Pushing event updated for resources: {'Port': ['ID=519424b0-cf49-498b-aeca-762b4ece95d9,revision_number=1']} {{(pid=103361) push /opt/stack/neutron/neutron/api/rpc/handlers/resources_rpc.py:237}}
Nov 25 17:21:18.603090 n-d-817746-1 neutron-server[103362]: DEBUG neutron.db.provisioning_blocks [None req-8f04530c-fbb1-47df-8341-da869acbfa60 None None] Provisioning complete for port 0a0cdf44-4619-4a83-88fc-df8e14f08fca triggered by entity DHCP. {{(pid=103362) provisioning_complete /opt/stack/neutron/neutron/db/provisioning_blocks.py:139}}
Nov 25 17:21:18.603460 n-d-817746-1 neutron-server[103362]: DEBUG neutron_lib.callbacks.manager [None req-8f04530c-fbb1-47df-8341-da869acbfa60 None None] Publish callbacks ['neutron.plugins.ml2.plugin.Ml2Plugin._port_provisioned-3797035'] for port, provisioning_complete {{(pid=103362) _notify_loop /usr/local/lib/python3.8/dist-packages/neutron_lib/callbacks/manager.py:175}}
Nov 25 17:21:18.609522 n-d-817746-1 neutron-server[103360]: DEBUG neutron_lib.callbacks.manager [None req-d24c6b55-4f3f-44d3-813d-ae6d3f91a47a admin admin] Publish callbacks [] for security_group, precommit_create {{(pid=103360) _notify_loop /usr/local/lib/python3.8/dist-packages/neutron_lib/callbacks/manager.py:175}}
Nov 25 17:21:18.611550 n-d-817746-1 neutron-server[103360]: DEBUG neutron_lib.callbacks.manager [None req-aee81118-94d1-47ed-ac5d-76d0ec56288f admin admin] Publish callbacks ['neutron.plugins.ml2.ovo_rpc._ObjectChangeHandler.handle_event-455211'] for security_group, after_delete {{(pid=103360) _notify_loop /usr/local/lib/python3.8/dist-packages/neutron_lib/callbacks/manager.py:175}}
Nov 25 17:21:18.615221 n-d-817746-1 neutron-server[103360]: DEBUG neutron_lib.callbacks.manager [None req-aee81118-94d1-47ed-ac5d-76d0ec56288f admin admin] Publish callbacks [] for security_group, before_response {{(pid=103360) _notify_loop /usr/local/lib/python3.8/dist-packages/neutron_lib/callbacks/manager.py:175}}
Nov 25 17:21:18.619275 n-d-817746-1 neutron-server[103360]: INFO neutron.wsgi [None req-aee81118-94d1-47ed-ac5d-76d0ec56288f admin admin] 10.222.0.75 "DELETE /v2.0/security-groups/54ce4dec-25fc-46e8-8768-ef2da3c3af5b HTTP/1.1" status: 204 len: 168 time: 0.4074051
Nov 25 17:21:18.626797 n-d-817746-1 neutron-server[103360]: DEBUG neutron_lib.callbacks.manager [None req-d24c6b55-4f3f-44d3-813d-ae6d3f91a47a admin admin] Publish callbacks ['neutron.plugins.ml2.ovo_rpc._ObjectChangeHandler.handle_event-455211'] for security_group, after_create {{(pid=103360) _notify_loop /usr/local/lib/python3.8/dist-packages/neutron_lib/callbacks/manager.py:175}}
Nov 25 17:21:18.629464 n-d-817746-1 neutron-server[103360]: DEBUG neutron.api.rpc.handlers.resources_rpc [None req-aee81118-94d1-47ed-ac5d-76d0ec56288f admin admin] Pushing event deleted for resources: {'SecurityGroup': ['ID=54ce4dec-25fc-46e8-8768-ef2da3c3af5b,revision_number=None']} {{(pid=103360) push /opt/stack/neutron/neutron/api/rpc/handlers/resources_rpc.py:237}}
Nov 25 17:21:18.669219 n-d-817746-1 neutron-server[103360]: DEBUG neutron.api.rpc.handlers.resources_rpc [None req-d24c6b55-4f3f-44d3-813d-ae6d3f91a47a admin admin] Pushing event updated for resources: {'SecurityGroup': ['ID=2666b032-8756-43ed-8afa-3ec7c9cfde1d,revision_number=1']} {{(pid=103360) push /opt/stack/neutron/neutron/api/rpc/handlers/resources_rpc.py:237}}
Nov 25 17:21:18.696063 n-d-817746-1 neutron-server[103362]: DEBUG neutron.plugins.ml2.plugin [None req-8f04530c-fbb1-47df-8341-da869acbfa60 None None] Port 0a0cdf44-4619-4a83-88fc-df8e14f08fca cannot update to ACTIVE because it is not bound. {{(pid=103362) _port_provisioned /opt/stack/neutron/neutron/plugins/ml2/plugin.py:342}}
Nov 25 17:21:18.700333 n-d-817746-1 neutron-server[103360]: INFO neutron.wsgi [None req-d24c6b55-4f3f-44d3-813d-ae6d3f91a47a admin admin] 10.222.0.75 "GET /v2.0/security-groups?tenant_id=da8a121f6fdc4941b3a3655ee700aa0b&name=default HTTP/1.1" status: 200 len: 2996 time: 0.4488134
Nov 25 17:21:18.703621 n-d-817746-1 neutron-server[103360]: DEBUG neutron.wsgi [-] (103360) accepted ('10.222.0.75', 57796) {{(pid=103360) server /usr/local/lib/python3.8/dist-packages/eventlet/wsgi.py:1004}}
Nov 25 17:21:18.720314 n-d-817746-1 neutron-server[103361]: DEBUG neutron.pecan_wsgi.hooks.policy_enforcement [req-64b4fa34-d5a2-47f9-9e2d-06d263e85d12 req-41dbbfc0-18f7-45df-b94f-7ba089a68853 tempest-DeleteServersAdminTestJSON-1079377781 tempest-DeleteServersAdminTestJSON-1079377781-project] Attributes excluded by policy engine: ['standard_attr_id', 'binding:profile', 'binding:host_id', 'binding:vif_type', 'binding:vif_details'] {{(pid=103361) _exclude_attributes_by_policy /opt/stack/neutron/neutron/pecan_wsgi/hooks/policy_enforcement.py:255}}
