Nov 25 17:49:28.750848 n-d-817746-1 devstack@placement-api.service[103844]: DEBUG placement.requestlog [req-e9ffe0aa-2bb1-43be-abef-54a47d6ad4e2 req-31eb10b3-df5e-40f4-975e-2f354840f510 None None] Starting request: 10.222.0.75 "PUT /placement/allocations/d414fea8-ab57-4467-9c9a-e4dd02da7d78" {{(pid=103844) __call__ /opt/stack/placement/placement/requestlog.py:55}}
Nov 25 17:49:28.823475 n-d-817746-1 devstack@placement-api.service[103844]: DEBUG placement.handlers.allocation [req-e9ffe0aa-2bb1-43be-abef-54a47d6ad4e2 req-31eb10b3-df5e-40f4-975e-2f354840f510 service placement] Successfully wrote allocations [, , ] {{(pid=103844) _update_consumers_and_create_allocations /opt/stack/placement/placement/handlers/allocation.py:462}}
Nov 25 17:49:28.829824 n-d-817746-1 devstack@placement-api.service[103844]: INFO placement.requestlog [req-e9ffe0aa-2bb1-43be-abef-54a47d6ad4e2 req-31eb10b3-df5e-40f4-975e-2f354840f510 service placement] 10.222.0.75 "PUT /placement/allocations/d414fea8-ab57-4467-9c9a-e4dd02da7d78" status: 204 len: 0 microversion: 1.36
Nov 25 17:49:28.830660 n-d-817746-1 devstack@placement-api.service[103844]: [pid: 103844|app: 0|req: 474/948] 10.222.0.75 () {64 vars in 1433 bytes} [Thu Nov 25 17:49:28 2021] PUT /placement/allocations/d414fea8-ab57-4467-9c9a-e4dd02da7d78 => generated 0 bytes in 80 msecs (HTTP/1.1 204) 5 headers in 199 bytes (2 switches on core 0)
Nov 25 17:49:29.370406 n-d-817746-1 devstack@placement-api.service[103845]: DEBUG placement.requestlog [req-e9ffe0aa-2bb1-43be-abef-54a47d6ad4e2 req-e7566546-e4dd-45ef-86c7-fa8bd0afbf29 None None] Starting request: 10.222.0.74 "GET /placement/allocations/d414fea8-ab57-4467-9c9a-e4dd02da7d78" {{(pid=103845) __call__ /opt/stack/placement/placement/requestlog.py:55}}
Nov 25 17:49:29.741852 n-d-817746-1 devstack@placement-api.service[103845]: INFO placement.requestlog [req-e9ffe0aa-2bb1-43be-abef-54a47d6ad4e2 req-e7566546-e4dd-45ef-86c7-fa8bd0afbf29 service placement] 10.222.0.74 "GET /placement/allocations/d414fea8-ab57-4467-9c9a-e4dd02da7d78" status: 200 len: 259 microversion: 1.28
Nov 25 17:49:29.744097 n-d-817746-1 devstack@placement-api.service[103845]: [pid: 103845|app: 0|req: 475/949] 10.222.0.74 () {60 vars in 1377 bytes} [Thu Nov 25 17:49:29 2021] GET /placement/allocations/d414fea8-ab57-4467-9c9a-e4dd02da7d78 => generated 259 bytes in 373 msecs (HTTP/1.1 200) 8 headers in 296 bytes (1 switches on core 0)
Nov 25 17:49:29.973775 n-d-817746-1 devstack@placement-api.service[103844]: DEBUG placement.requestlog [req-e9ffe0aa-2bb1-43be-abef-54a47d6ad4e2 req-eddfdeaf-2e77-4823-a29f-38544eec385b None None] Starting request: 10.222.0.74 "GET /placement/resource_providers?in_tree=68ba2f0b-11c1-40c6-bc0f-dbc2a10b153f" {{(pid=103844) __call__ /opt/stack/placement/placement/requestlog.py:55}}
Nov 25 17:49:29.990888 n-d-817746-1 devstack@placement-api.service[103844]: INFO placement.requestlog [req-e9ffe0aa-2bb1-43be-abef-54a47d6ad4e2 req-eddfdeaf-2e77-4823-a29f-38544eec385b service placement] 10.222.0.74 "GET /placement/resource_providers?in_tree=68ba2f0b-11c1-40c6-bc0f-dbc2a10b153f" status: 200 len: 863 microversion: 1.14
Nov 25 17:49:29.991395 n-d-817746-1 devstack@placement-api.service[103844]: [pid: 103844|app: 0|req: 475/950] 10.222.0.74 () {60 vars in 1376 bytes} [Thu Nov 25 17:49:29 2021] GET /placement/resource_providers?in_tree=68ba2f0b-11c1-40c6-bc0f-dbc2a10b153f => generated 863 bytes in 18 msecs (HTTP/1.1 200) 6 headers in 225 bytes (1 switches on core 0)
Nov 25 17:49:30.005982 n-d-817746-1 devstack@placement-api.service[103845]: DEBUG placement.requestlog [req-e9ffe0aa-2bb1-43be-abef-54a47d6ad4e2 req-81e7a54f-3959-4eb0-b594-54a859f67b7a None None] Starting request: 10.222.0.74 "GET /placement/resource_providers/68ba2f0b-11c1-40c6-bc0f-dbc2a10b153f/inventories" {{(pid=103845) __call__ /opt/stack/placement/placement/requestlog.py:55}}
Nov 25 17:49:30.029105 n-d-817746-1 devstack@placement-api.service[103845]: INFO placement.requestlog [req-e9ffe0aa-2bb1-43be-abef-54a47d6ad4e2 req-81e7a54f-3959-4eb0-b594-54a859f67b7a service placement] 10.222.0.74 "GET /placement/resource_providers/68ba2f0b-11c1-40c6-bc0f-dbc2a10b153f/inventories" status: 200 len: 398 microversion: 1.0
Nov 25 17:49:30.030279 n-d-817746-1 devstack@placement-api.service[103845]: [pid: 103845|app: 0|req: 476/951] 10.222.0.74 () {58 vars in 1390 bytes} [Thu Nov 25 17:49:30 2021] GET /placement/resource_providers/68ba2f0b-11c1-40c6-bc0f-dbc2a10b153f/inventories => generated 398 bytes in 24 msecs (HTTP/1.1 200) 6 headers in 224 bytes (1 switches on core 0)
Nov 25 17:49:30.042378 n-d-817746-1 devstack@placement-api.service[103844]: DEBUG placement.requestlog [req-e9ffe0aa-2bb1-43be-abef-54a47d6ad4e2 req-2a7af383-da99-4e14-a492-b9f822120271 None None] Starting request: 10.222.0.74 "GET /placement/resource_providers/68ba2f0b-11c1-40c6-bc0f-dbc2a10b153f/aggregates" {{(pid=103844) __call__ /opt/stack/placement/placement/requestlog.py:55}}
Nov 25 17:49:30.062692 n-d-817746-1 devstack@placement-api.service[103844]: INFO placement.requestlog [req-e9ffe0aa-2bb1-43be-abef-54a47d6ad4e2 req-2a7af383-da99-4e14-a492-b9f822120271 service placement] 10.222.0.74 "GET /placement/resource_providers/68ba2f0b-11c1-40c6-bc0f-dbc2a10b153f/aggregates" status: 200 len: 54 microversion: 1.19
Nov 25 17:49:30.063498 n-d-817746-1 devstack@placement-api.service[103844]: [pid: 103844|app: 0|req: 476/952] 10.222.0.74 () {60 vars in 1431 bytes} [Thu Nov 25 17:49:30 2021] GET /placement/resource_providers/68ba2f0b-11c1-40c6-bc0f-dbc2a10b153f/aggregates => generated 54 bytes in 21 msecs (HTTP/1.1 200) 8 headers in 295 bytes (1 switches on core 0)
Nov 25 17:49:30.072861 n-d-817746-1 devstack@placement-api.service[103845]: DEBUG placement.requestlog [req-e9ffe0aa-2bb1-43be-abef-54a47d6ad4e2 req-f9950060-ab7a-4d39-84e4-1367b334a7e1 None None] Starting request: 10.222.0.74 "GET /placement/resource_providers/68ba2f0b-11c1-40c6-bc0f-dbc2a10b153f/traits" {{(pid=103845) __call__ /opt/stack/placement/placement/requestlog.py:55}}
Nov 25 17:49:30.150621 n-d-817746-1 devstack@placement-api.service[103845]: INFO placement.requestlog [req-e9ffe0aa-2bb1-43be-abef-54a47d6ad4e2 req-f9950060-ab7a-4d39-84e4-1367b334a7e1 service placement] 10.222.0.74 "GET /placement/resource_providers/68ba2f0b-11c1-40c6-bc0f-dbc2a10b153f/traits" status: 200 len: 212 microversion: 1.6
Nov 25 17:49:30.150915 n-d-817746-1 devstack@placement-api.service[103845]: [pid: 103845|app: 0|req: 477/953] 10.222.0.74 () {60 vars in 1418 bytes} [Thu Nov 25 17:49:30 2021] GET /placement/resource_providers/68ba2f0b-11c1-40c6-bc0f-dbc2a10b153f/traits => generated 212 bytes in 78 msecs (HTTP/1.1 200) 6 headers in 224 bytes (1 switches on core 0)
Nov 25 17:49:44.742448 n-d-817746-1 devstack@placement-api.service[103844]: DEBUG placement.requestlog [req-9fa5071d-6a97-44de-ab12-9121b8b9af7b req-f2b53342-693e-4d83-ac28-968be6903cb5 None None] Starting request: 10.222.0.74 "DELETE /placement/allocations/3ffca1d4-3ffa-4cf3-a8c8-035e353b8243" {{(pid=103844) __call__ /opt/stack/placement/placement/requestlog.py:55}}
Nov 25 17:49:44.798524 n-d-817746-1 devstack@placement-api.service[103844]: DEBUG placement.handlers.allocation [req-9fa5071d-6a97-44de-ab12-9121b8b9af7b req-f2b53342-693e-4d83-ac28-968be6903cb5 service placement] Successfully deleted allocations [, , ] {{(pid=103844) delete_allocations /opt/stack/placement/placement/handlers/allocation.py:627}}
Nov 25 17:49:44.799015 n-d-817746-1 devstack@placement-api.service[103844]: INFO placement.requestlog [req-9fa5071d-6a97-44de-ab12-9121b8b9af7b req-f2b53342-693e-4d83-ac28-968be6903cb5 service placement] 10.222.0.74 "DELETE /placement/allocations/3ffca1d4-3ffa-4cf3-a8c8-035e353b8243" status: 204 len: 0 microversion: 1.0
Nov 25 17:49:44.799772 n-d-817746-1 devstack@placement-api.service[103844]: [pid: 103844|app: 0|req: 477/954] 10.222.0.74 () {60 vars in 1355 bytes} [Thu Nov 25 17:49:44 2021] DELETE /placement/allocations/3ffca1d4-3ffa-4cf3-a8c8-035e353b8243 => generated 0 bytes in 57 msecs (HTTP/1.1 204) 5 headers in 198 bytes (1 switches on core 0)
Nov 25 17:49:47.731058 n-d-817746-1 devstack@placement-api.service[103845]: DEBUG placement.requestlog [req-7000c941-c6b6-4d32-b675-d07e58c3f89e req-ee2f0dcf-099c-42cd-9b12-9b54670f12bd None None] Starting request: 10.222.0.74 "DELETE /placement/allocations/d414fea8-ab57-4467-9c9a-e4dd02da7d78" {{(pid=103845) __call__ /opt/stack/placement/placement/requestlog.py:55}}
Nov 25 17:49:47.810154 n-d-817746-1 devstack@placement-api.service[103845]: DEBUG placement.handlers.allocation [req-7000c941-c6b6-4d32-b675-d07e58c3f89e req-ee2f0dcf-099c-42cd-9b12-9b54670f12bd service placement] Successfully deleted allocations [, , ] {{(pid=103845) delete_allocations /opt/stack/placement/placement/handlers/allocation.py:627}}
Nov 25 17:49:47.810777 n-d-817746-1 devstack@placement-api.service[103845]: INFO placement.requestlog [req-7000c941-c6b6-4d32-b675-d07e58c3f89e req-ee2f0dcf-099c-42cd-9b12-9b54670f12bd service placement] 10.222.0.74 "DELETE /placement/allocations/d414fea8-ab57-4467-9c9a-e4dd02da7d78" status: 204 len: 0 microversion: 1.0
Nov 25 17:49:47.813479 n-d-817746-1 devstack@placement-api.service[103845]: [pid: 103845|app: 0|req: 478/955] 10.222.0.74 () {60 vars in 1355 bytes} [Thu Nov 25 17:49:47 2021] DELETE /placement/allocations/d414fea8-ab57-4467-9c9a-e4dd02da7d78 => generated 0 bytes in 82 msecs (HTTP/1.1 204) 5 headers in 198 bytes (1 switches on core 0)
Nov 25 17:49:51.111544 n-d-817746-1 devstack@placement-api.service[103844]: DEBUG placement.requestlog [req-ce4df928-1459-41bc-a2e8-3ed47f66fd28 req-385881a6-3374-45cb-8313-887c72ad0a71 None None] Starting request: 10.222.0.75 "GET /placement/allocation_candidates?limit=1000&resources=DISK_GB%3A1%2CMEMORY_MB%3A1024%2CVCPU%3A1&root_required=%21COMPUTE_STATUS_DISABLED" {{(pid=103844) __call__ /opt/stack/placement/placement/requestlog.py:55}}
Nov 25 17:49:51.229746 n-d-817746-1 devstack@placement-api.service[103844]: DEBUG placement.objects.research_context [req-ce4df928-1459-41bc-a2e8-3ed47f66fd28 req-385881a6-3374-45cb-8313-887c72ad0a71 service placement] getting providers with 1 DISK_GB {{(pid=103844) __init__ /opt/stack/placement/placement/objects/research_context.py:126}}
Nov 25 17:49:51.245622 n-d-817746-1 devstack@placement-api.service[103844]: DEBUG placement.objects.research_context [req-ce4df928-1459-41bc-a2e8-3ed47f66fd28 req-385881a6-3374-45cb-8313-887c72ad0a71 service placement] getting providers with 1024 MEMORY_MB {{(pid=103844) __init__ /opt/stack/placement/placement/objects/research_context.py:126}}
Nov 25 17:49:51.263861 n-d-817746-1 devstack@placement-api.service[103844]: DEBUG placement.objects.research_context [req-ce4df928-1459-41bc-a2e8-3ed47f66fd28 req-385881a6-3374-45cb-8313-887c72ad0a71 service placement] getting providers with 1 VCPU {{(pid=103844) __init__ /opt/stack/placement/placement/objects/research_context.py:126}}
Nov 25 17:49:51.282534 n-d-817746-1 devstack@placement-api.service[103844]: DEBUG placement.objects.research_context [req-ce4df928-1459-41bc-a2e8-3ed47f66fd28 req-385881a6-3374-45cb-8313-887c72ad0a71 service placement] found 2 providers with available 1 DISK_GB {{(pid=103844) get_provider_ids_matching /opt/stack/placement/placement/objects/research_context.py:549}}
Nov 25 17:49:51.282820 n-d-817746-1 devstack@placement-api.service[103844]: DEBUG placement.objects.research_context [req-ce4df928-1459-41bc-a2e8-3ed47f66fd28 req-385881a6-3374-45cb-8313-887c72ad0a71 service placement] found 2 providers with available 1024 MEMORY_MB {{(pid=103844) get_provider_ids_matching /opt/stack/placement/placement/objects/research_context.py:549}}
Nov 25 17:49:51.283091 n-d-817746-1 devstack@placement-api.service[103844]: DEBUG placement.objects.research_context [req-ce4df928-1459-41bc-a2e8-3ed47f66fd28 req-385881a6-3374-45cb-8313-887c72ad0a71 service placement] found 2 providers after filtering by previous result {{(pid=103844) get_provider_ids_matching /opt/stack/placement/placement/objects/research_context.py:580}}
Nov 25 17:49:51.283566 n-d-817746-1 devstack@placement-api.service[103844]: DEBUG placement.objects.research_context [req-ce4df928-1459-41bc-a2e8-3ed47f66fd28 req-385881a6-3374-45cb-8313-887c72ad0a71 service placement] found 2 providers with available 1 VCPU {{(pid=103844) get_provider_ids_matching /opt/stack/placement/placement/objects/research_context.py:549}}
Nov 25 17:49:51.286676 n-d-817746-1 devstack@placement-api.service[103844]: DEBUG placement.objects.research_context [req-ce4df928-1459-41bc-a2e8-3ed47f66fd28 req-385881a6-3374-45cb-8313-887c72ad0a71 service placement] found 2 providers after filtering by previous result {{(pid=103844) get_provider_ids_matching /opt/stack/placement/placement/objects/research_context.py:580}}
Nov 25 17:49:51.350043 n-d-817746-1 devstack@placement-api.service[103844]: DEBUG placement.objects.allocation_candidate [req-ce4df928-1459-41bc-a2e8-3ed47f66fd28 req-385881a6-3374-45cb-8313-887c72ad0a71 service placement] RequestGroup(use_same_provider=False, resources={DISK_GB:1, MEMORY_MB:1024, VCPU:1}, traits=[], aggregates=[]) (suffix '') returned 2 matches {{(pid=103844) _get_by_requests /opt/stack/placement/placement/objects/allocation_candidate.py:145}}
Nov 25 17:49:51.352573 n-d-817746-1 devstack@placement-api.service[103844]: DEBUG placement.objects.allocation_candidate [req-ce4df928-1459-41bc-a2e8-3ed47f66fd28 req-385881a6-3374-45cb-8313-887c72ad0a71 service placement] Merging candidates yields 2 allocation requests and 2 provider summaries {{(pid=103844) _merge_candidates /opt/stack/placement/placement/objects/allocation_candidate.py:783}}
Nov 25 17:49:51.356599 n-d-817746-1 devstack@placement-api.service[103844]: INFO placement.requestlog [req-ce4df928-1459-41bc-a2e8-3ed47f66fd28 req-385881a6-3374-45cb-8313-887c72ad0a71 service placement] 10.222.0.75 "GET /placement/allocation_candidates?limit=1000&resources=DISK_GB%3A1%2CMEMORY_MB%3A1024%2CVCPU%3A1&root_required=%21COMPUTE_STATUS_DISABLED" status: 200 len: 1309 microversion: 1.36
Nov 25 17:49:51.359931 n-d-817746-1 devstack@placement-api.service[103844]: [pid: 103844|app: 0|req: 478/956] 10.222.0.75 () {60 vars in 1506 bytes} [Thu Nov 25 17:49:51 2021] GET /placement/allocation_candidates?limit=1000&resources=DISK_GB%3A1%2CMEMORY_MB%3A1024%2CVCPU%3A1&root_required=%21COMPUTE_STATUS_DISABLED => generated 1309 bytes in 248 msecs (HTTP/1.1 200) 8 headers in 297 bytes (1 switches on core 0)
Nov 25 17:49:51.503697 n-d-817746-1 devstack@placement-api.service[103845]: DEBUG placement.requestlog [req-ce4df928-1459-41bc-a2e8-3ed47f66fd28 req-6b5771b7-6030-4d6c-9cd0-919019d1b994 None None] Starting request: 10.222.0.75 "GET /placement/allocations/e0c28620-f6c3-496a-98e7-6deae0bde304" {{(pid=103845) __call__ /opt/stack/placement/placement/requestlog.py:55}}
Nov 25 17:49:51.533401 n-d-817746-1 devstack@placement-api.service[103845]: INFO placement.requestlog [req-ce4df928-1459-41bc-a2e8-3ed47f66fd28 req-6b5771b7-6030-4d6c-9cd0-919019d1b994 service placement] 10.222.0.75 "GET /placement/allocations/e0c28620-f6c3-496a-98e7-6deae0bde304" status: 200 len: 19 microversion: 1.28
Nov 25 17:49:51.539610 n-d-817746-1 devstack@placement-api.service[103845]: [pid: 103845|app: 0|req: 479/957] 10.222.0.75 () {60 vars in 1380 bytes} [Thu Nov 25 17:49:51 2021] GET /placement/allocations/e0c28620-f6c3-496a-98e7-6deae0bde304 => generated 19 bytes in 36 msecs (HTTP/1.1 200) 8 headers in 295 bytes (1 switches on core 0)
Nov 25 17:49:51.547702 n-d-817746-1 devstack@placement-api.service[103844]: DEBUG placement.requestlog [req-ce4df928-1459-41bc-a2e8-3ed47f66fd28 req-ad14a73a-32d9-4c91-9edd-2d13cfb34638 None None] Starting request: 10.222.0.75 "PUT /placement/allocations/e0c28620-f6c3-496a-98e7-6deae0bde304" {{(pid=103844) __call__ /opt/stack/placement/placement/requestlog.py:55}}
Nov 25 17:49:51.681918 n-d-817746-1 devstack@placement-api.service[103844]: DEBUG placement.handlers.allocation [req-ce4df928-1459-41bc-a2e8-3ed47f66fd28 req-ad14a73a-32d9-4c91-9edd-2d13cfb34638 service placement] Successfully wrote allocations [, , ] {{(pid=103844) _update_consumers_and_create_allocations /opt/stack/placement/placement/handlers/allocation.py:462}}
Nov 25 17:49:51.689274 n-d-817746-1 devstack@placement-api.service[103844]: INFO placement.requestlog [req-ce4df928-1459-41bc-a2e8-3ed47f66fd28 req-ad14a73a-32d9-4c91-9edd-2d13cfb34638 service placement] 10.222.0.75 "PUT /placement/allocations/e0c28620-f6c3-496a-98e7-6deae0bde304" status: 204 len: 0 microversion: 1.36
Nov 25 17:49:51.696533 n-d-817746-1 devstack@placement-api.service[103844]: [pid: 103844|app: 0|req: 479/958] 10.222.0.75 () {64 vars in 1433 bytes} [Thu Nov 25 17:49:51 2021] PUT /placement/allocations/e0c28620-f6c3-496a-98e7-6deae0bde304 => generated 0 bytes in 142 msecs (HTTP/1.1 204) 5 headers in 199 bytes (1 switches on core 0)
Nov 25 17:49:52.283166 n-d-817746-1 devstack@placement-api.service[103845]: DEBUG placement.requestlog [req-ce4df928-1459-41bc-a2e8-3ed47f66fd28 req-9a2c2ecb-3832-427e-84d5-756314598833 None None] Starting request: 10.222.0.74 "GET /placement/allocations/e0c28620-f6c3-496a-98e7-6deae0bde304" {{(pid=103845) __call__ /opt/stack/placement/placement/requestlog.py:55}}
Nov 25 17:49:52.338648 n-d-817746-1 devstack@placement-api.service[103845]: INFO placement.requestlog [req-ce4df928-1459-41bc-a2e8-3ed47f66fd28 req-9a2c2ecb-3832-427e-84d5-756314598833 service placement] 10.222.0.74 "GET /placement/allocations/e0c28620-f6c3-496a-98e7-6deae0bde304" status: 200 len: 259 microversion: 1.28
Nov 25 17:49:52.344122 n-d-817746-1 devstack@placement-api.service[103845]: [pid: 103845|app: 0|req: 480/959] 10.222.0.74 () {60 vars in 1377 bytes} [Thu Nov 25 17:49:52 2021] GET /placement/allocations/e0c28620-f6c3-496a-98e7-6deae0bde304 => generated 259 bytes in 61 msecs (HTTP/1.1 200) 8 headers in 296 bytes (2 switches on core 0)
Nov 25 17:49:55.131689 n-d-817746-1 devstack@placement-api.service[103844]: DEBUG placement.requestlog [req-9411da06-04fc-4e5d-96ce-f0460715ef88 req-44410783-3c6e-4754-b2bd-6777c17d91dd None None] Starting request: 10.222.0.74 "DELETE /placement/allocations/498691d0-c76f-4d60-a193-68d18e621ee6" {{(pid=103844) __call__ /opt/stack/placement/placement/requestlog.py:55}}
Nov 25 17:49:55.219731 n-d-817746-1 devstack@placement-api.service[103844]: DEBUG placement.handlers.allocation [req-9411da06-04fc-4e5d-96ce-f0460715ef88 req-44410783-3c6e-4754-b2bd-6777c17d91dd service placement] Successfully deleted allocations [, , ] {{(pid=103844) delete_allocations /opt/stack/placement/placement/handlers/allocation.py:627}}
Nov 25 17:49:55.220418 n-d-817746-1 devstack@placement-api.service[103844]: INFO placement.requestlog [req-9411da06-04fc-4e5d-96ce-f0460715ef88 req-44410783-3c6e-4754-b2bd-6777c17d91dd service placement] 10.222.0.74 "DELETE /placement/allocations/498691d0-c76f-4d60-a193-68d18e621ee6" status: 204 len: 0 microversion: 1.0
Nov 25 17:49:55.221408 n-d-817746-1 devstack@placement-api.service[103844]: [pid: 103844|app: 0|req: 480/960] 10.222.0.74 () {60 vars in 1355 bytes} [Thu Nov 25 17:49:55 2021] DELETE /placement/allocations/498691d0-c76f-4d60-a193-68d18e621ee6 => generated 0 bytes in 90 msecs (HTTP/1.1 204) 5 headers in 198 bytes (1 switches on core 0)
Nov 25 17:50:16.650028 n-d-817746-1 devstack@placement-api.service[103845]: DEBUG placement.requestlog [req-0d53a2ef-c143-4792-a41a-845b0e907123 req-313fca38-50f8-44dd-a0dc-92809cf776a4 None None] Starting request: 10.222.0.74 "DELETE /placement/allocations/e0c28620-f6c3-496a-98e7-6deae0bde304" {{(pid=103845) __call__ /opt/stack/placement/placement/requestlog.py:55}}
Nov 25 17:50:16.701531 n-d-817746-1 devstack@placement-api.service[103845]: DEBUG placement.handlers.allocation [req-0d53a2ef-c143-4792-a41a-845b0e907123 req-313fca38-50f8-44dd-a0dc-92809cf776a4 service placement] Successfully deleted allocations [, , ] {{(pid=103845) delete_allocations /opt/stack/placement/placement/handlers/allocation.py:627}}
Nov 25 17:50:16.702763 n-d-817746-1 devstack@placement-api.service[103845]: INFO placement.requestlog [req-0d53a2ef-c143-4792-a41a-845b0e907123 req-313fca38-50f8-44dd-a0dc-92809cf776a4 service placement] 10.222.0.74 "DELETE /placement/allocations/e0c28620-f6c3-496a-98e7-6deae0bde304" status: 204 len: 0 microversion: 1.0
Nov 25 17:50:16.703487 n-d-817746-1 devstack@placement-api.service[103845]: [pid: 103845|app: 0|req: 481/961] 10.222.0.74 () {60 vars in 1355 bytes} [Thu Nov 25 17:50:16 2021] DELETE /placement/allocations/e0c28620-f6c3-496a-98e7-6deae0bde304 => generated 0 bytes in 54 msecs (HTTP/1.1 204) 5 headers in 198 bytes (2 switches on core 0)
Nov 25 17:50:17.323295 n-d-817746-1 devstack@placement-api.service[103844]: DEBUG placement.requestlog [req-014bc786-e959-42bf-9e5e-5693ae177e8a req-1e208a7f-79de-408d-836b-46f2c6d48064 None None] Starting request: 10.222.0.90 "GET /placement/resource_providers/5e35f810-247a-4cb7-843f-93705437c9f8/allocations" {{(pid=103844) __call__ /opt/stack/placement/placement/requestlog.py:55}}
Nov 25 17:50:17.362244 n-d-817746-1 devstack@placement-api.service[103844]: INFO placement.requestlog [req-014bc786-e959-42bf-9e5e-5693ae177e8a req-1e208a7f-79de-408d-836b-46f2c6d48064 service placement] 10.222.0.90 "GET /placement/resource_providers/5e35f810-247a-4cb7-843f-93705437c9f8/allocations" status: 200 len: 255 microversion: 1.0
Nov 25 17:50:17.372656 n-d-817746-1 devstack@placement-api.service[103844]: [pid: 103844|app: 0|req: 481/962] 10.222.0.90 () {58 vars in 1390 bytes} [Thu Nov 25 17:50:17 2021] GET /placement/resource_providers/5e35f810-247a-4cb7-843f-93705437c9f8/allocations => generated 255 bytes in 49 msecs (HTTP/1.1 200) 6 headers in 224 bytes (1 switches on core 0)
Nov 25 17:50:18.518074 n-d-817746-1 devstack@placement-api.service[103845]: DEBUG placement.requestlog [req-b194445f-70e7-4aea-988f-e524610e8624 req-9f757dab-f74b-490c-9fbe-84281a8466d9 None None] Starting request: 10.222.0.74 "GET /placement/resource_providers/68ba2f0b-11c1-40c6-bc0f-dbc2a10b153f/allocations" {{(pid=103845) __call__ /opt/stack/placement/placement/requestlog.py:55}}
Nov 25 17:50:18.545669 n-d-817746-1 devstack@placement-api.service[103845]: INFO placement.requestlog [req-b194445f-70e7-4aea-988f-e524610e8624 req-9f757dab-f74b-490c-9fbe-84281a8466d9 service placement] 10.222.0.74 "GET /placement/resource_providers/68ba2f0b-11c1-40c6-bc0f-dbc2a10b153f/allocations" status: 200 len: 55 microversion: 1.0
Nov 25 17:50:18.546393 n-d-817746-1 devstack@placement-api.service[103845]: [pid: 103845|app: 0|req: 482/963] 10.222.0.74 () {58 vars in 1390 bytes} [Thu Nov 25 17:50:18 2021] GET /placement/resource_providers/68ba2f0b-11c1-40c6-bc0f-dbc2a10b153f/allocations => generated 55 bytes in 31 msecs (HTTP/1.1 200) 6 headers in 223 bytes (1 switches on core 0)
Nov 25 17:50:19.612498 n-d-817746-1 devstack@placement-api.service[103844]: DEBUG placement.requestlog [req-6f4d8946-b576-48e1-a199-532e398e37ea req-720a310b-6611-4931-b3f2-3b20672f675f None None] Starting request: 10.222.0.75 "GET /placement/allocation_candidates?limit=1000&resources=DISK_GB%3A1%2CMEMORY_MB%3A1024%2CVCPU%3A1&root_required=%21COMPUTE_STATUS_DISABLED" {{(pid=103844) __call__ /opt/stack/placement/placement/requestlog.py:55}}
Nov 25 17:50:19.705203 n-d-817746-1 devstack@placement-api.service[103844]: DEBUG placement.objects.research_context [req-6f4d8946-b576-48e1-a199-532e398e37ea req-720a310b-6611-4931-b3f2-3b20672f675f service placement] getting providers with 1 DISK_GB {{(pid=103844) __init__ /opt/stack/placement/placement/objects/research_context.py:126}}
Nov 25 17:50:19.728096 n-d-817746-1 devstack@placement-api.service[103844]: DEBUG placement.objects.research_context [req-6f4d8946-b576-48e1-a199-532e398e37ea req-720a310b-6611-4931-b3f2-3b20672f675f service placement] getting providers with 1024 MEMORY_MB {{(pid=103844) __init__ /opt/stack/placement/placement/objects/research_context.py:126}}
Nov 25 17:50:19.750367 n-d-817746-1 devstack@placement-api.service[103844]: DEBUG placement.objects.research_context [req-6f4d8946-b576-48e1-a199-532e398e37ea req-720a310b-6611-4931-b3f2-3b20672f675f service placement] getting providers with 1 VCPU {{(pid=103844) __init__ /opt/stack/placement/placement/objects/research_context.py:126}}
Nov 25 17:50:19.780060 n-d-817746-1 devstack@placement-api.service[103844]: DEBUG placement.objects.research_context [req-6f4d8946-b576-48e1-a199-532e398e37ea req-720a310b-6611-4931-b3f2-3b20672f675f service placement] found 2 providers with available 1 DISK_GB {{(pid=103844) get_provider_ids_matching /opt/stack/placement/placement/objects/research_context.py:549}}
Nov 25 17:50:19.780335 n-d-817746-1 devstack@placement-api.service[103844]: DEBUG placement.objects.research_context [req-6f4d8946-b576-48e1-a199-532e398e37ea req-720a310b-6611-4931-b3f2-3b20672f675f service placement] found 2 providers with available 1024 MEMORY_MB {{(pid=103844) get_provider_ids_matching /opt/stack/placement/placement/objects/research_context.py:549}}
Nov 25 17:50:19.781373 n-d-817746-1 devstack@placement-api.service[103844]: DEBUG placement.objects.research_context [req-6f4d8946-b576-48e1-a199-532e398e37ea req-720a310b-6611-4931-b3f2-3b20672f675f service placement] found 2 providers after filtering by previous result {{(pid=103844) get_provider_ids_matching /opt/stack/placement/placement/objects/research_context.py:580}}
Nov 25 17:50:19.782198 n-d-817746-1 devstack@placement-api.service[103844]: DEBUG placement.objects.research_context [req-6f4d8946-b576-48e1-a199-532e398e37ea req-720a310b-6611-4931-b3f2-3b20672f675f service placement] found 2 providers with available 1 VCPU {{(pid=103844) get_provider_ids_matching /opt/stack/placement/placement/objects/research_context.py:549}}
Nov 25 17:50:19.785878 n-d-817746-1 devstack@placement-api.service[103844]: DEBUG placement.objects.research_context [req-6f4d8946-b576-48e1-a199-532e398e37ea req-720a310b-6611-4931-b3f2-3b20672f675f service placement] found 2 providers after filtering by previous result {{(pid=103844) get_provider_ids_matching /opt/stack/placement/placement/objects/research_context.py:580}}
Nov 25 17:50:19.826518 n-d-817746-1 devstack@placement-api.service[103844]: DEBUG placement.objects.allocation_candidate [req-6f4d8946-b576-48e1-a199-532e398e37ea req-720a310b-6611-4931-b3f2-3b20672f675f service placement] RequestGroup(use_same_provider=False, resources={DISK_GB:1, MEMORY_MB:1024, VCPU:1}, traits=[], aggregates=[]) (suffix '') returned 2 matches {{(pid=103844) _get_by_requests /opt/stack/placement/placement/objects/allocation_candidate.py:145}}
Nov 25 17:50:19.834808 n-d-817746-1 devstack@placement-api.service[103844]: DEBUG placement.objects.allocation_candidate [req-6f4d8946-b576-48e1-a199-532e398e37ea req-720a310b-6611-4931-b3f2-3b20672f675f service placement] Merging candidates yields 2 allocation requests and 2 provider summaries {{(pid=103844) _merge_candidates /opt/stack/placement/placement/objects/allocation_candidate.py:783}}
Nov 25 17:50:19.838257 n-d-817746-1 devstack@placement-api.service[103844]: INFO placement.requestlog [req-6f4d8946-b576-48e1-a199-532e398e37ea req-720a310b-6611-4931-b3f2-3b20672f675f service placement] 10.222.0.75 "GET /placement/allocation_candidates?limit=1000&resources=DISK_GB%3A1%2CMEMORY_MB%3A1024%2CVCPU%3A1&root_required=%21COMPUTE_STATUS_DISABLED" status: 200 len: 1306 microversion: 1.36
Nov 25 17:50:19.840188 n-d-817746-1 devstack@placement-api.service[103844]: [pid: 103844|app: 0|req: 482/964] 10.222.0.75 () {60 vars in 1506 bytes} [Thu Nov 25 17:50:19 2021] GET /placement/allocation_candidates?limit=1000&resources=DISK_GB%3A1%2CMEMORY_MB%3A1024%2CVCPU%3A1&root_required=%21COMPUTE_STATUS_DISABLED => generated 1306 bytes in 228 msecs (HTTP/1.1 200) 8 headers in 297 bytes (1 switches on core 0)
Nov 25 17:50:19.996333 n-d-817746-1 devstack@placement-api.service[103845]: DEBUG placement.requestlog [req-6f4d8946-b576-48e1-a199-532e398e37ea req-f5ac653b-467b-41b2-9145-51fd711630ae None None] Starting request: 10.222.0.75 "GET /placement/allocations/f620a5eb-95f5-4720-872d-d2ce309bb9a0" {{(pid=103845) __call__ /opt/stack/placement/placement/requestlog.py:55}}
Nov 25 17:50:20.022214 n-d-817746-1 devstack@placement-api.service[103845]: INFO placement.requestlog [req-6f4d8946-b576-48e1-a199-532e398e37ea req-f5ac653b-467b-41b2-9145-51fd711630ae service placement] 10.222.0.75 "GET /placement/allocations/f620a5eb-95f5-4720-872d-d2ce309bb9a0" status: 200 len: 19 microversion: 1.28
Nov 25 17:50:20.022872 n-d-817746-1 devstack@placement-api.service[103845]: [pid: 103845|app: 0|req: 483/965] 10.222.0.75 () {60 vars in 1380 bytes} [Thu Nov 25 17:50:19 2021] GET /placement/allocations/f620a5eb-95f5-4720-872d-d2ce309bb9a0 => generated 19 bytes in 27 msecs (HTTP/1.1 200) 8 headers in 295 bytes (1 switches on core 0)
Nov 25 17:50:20.033243 n-d-817746-1 devstack@placement-api.service[103844]: DEBUG placement.requestlog [req-6f4d8946-b576-48e1-a199-532e398e37ea req-9f9dbfbe-0676-4fd8-b248-bd70fab5d30d None None] Starting request: 10.222.0.75 "PUT /placement/allocations/f620a5eb-95f5-4720-872d-d2ce309bb9a0" {{(pid=103844) __call__ /opt/stack/placement/placement/requestlog.py:55}}
Nov 25 17:50:20.185049 n-d-817746-1 devstack@placement-api.service[103844]: DEBUG placement.handlers.allocation [req-6f4d8946-b576-48e1-a199-532e398e37ea req-9f9dbfbe-0676-4fd8-b248-bd70fab5d30d service placement] Successfully wrote allocations [, , ] {{(pid=103844) _update_consumers_and_create_allocations /opt/stack/placement/placement/handlers/allocation.py:462}}
Nov 25 17:50:20.196872 n-d-817746-1 devstack@placement-api.service[103844]: INFO placement.requestlog [req-6f4d8946-b576-48e1-a199-532e398e37ea req-9f9dbfbe-0676-4fd8-b248-bd70fab5d30d service placement] 10.222.0.75 "PUT /placement/allocations/f620a5eb-95f5-4720-872d-d2ce309bb9a0" status: 204 len: 0 microversion: 1.36
Nov 25 17:50:20.197245 n-d-817746-1 devstack@placement-api.service[103844]: [pid: 103844|app: 0|req: 483/966] 10.222.0.75 () {64 vars in 1433 bytes} [Thu Nov 25 17:50:20 2021] PUT /placement/allocations/f620a5eb-95f5-4720-872d-d2ce309bb9a0 => generated 0 bytes in 164 msecs (HTTP/1.1 204) 5 headers in 199 bytes (1 switches on core 0)
Nov 25 17:50:21.064069 n-d-817746-1 devstack@placement-api.service[103845]: DEBUG placement.requestlog [req-6f4d8946-b576-48e1-a199-532e398e37ea req-1235cc63-7011-4ff5-926b-f585074fbcba None None] Starting request: 10.222.0.74 "GET /placement/allocations/f620a5eb-95f5-4720-872d-d2ce309bb9a0" {{(pid=103845) __call__ /opt/stack/placement/placement/requestlog.py:55}}
Nov 25 17:50:21.102729 n-d-817746-1 devstack@placement-api.service[103845]: INFO placement.requestlog [req-6f4d8946-b576-48e1-a199-532e398e37ea req-1235cc63-7011-4ff5-926b-f585074fbcba service placement] 10.222.0.74 "GET /placement/allocations/f620a5eb-95f5-4720-872d-d2ce309bb9a0" status: 200 len: 259 microversion: 1.28
Nov 25 17:50:21.103762 n-d-817746-1 devstack@placement-api.service[103845]: [pid: 103845|app: 0|req: 484/967] 10.222.0.74 () {60 vars in 1377 bytes} [Thu Nov 25 17:50:21 2021] GET /placement/allocations/f620a5eb-95f5-4720-872d-d2ce309bb9a0 => generated 259 bytes in 45 msecs (HTTP/1.1 200) 8 headers in 296 bytes (2 switches on core 0)
Nov 25 17:50:23.442062 n-d-817746-1 devstack@placement-api.service[103844]: DEBUG placement.requestlog [req-d3b463eb-d7a4-472e-a1a1-ac793b69e39d req-793cf112-ea0f-4500-b9fc-142c10858274 None None] Starting request: 10.222.0.75 "GET /placement/allocation_candidates?limit=1000&resources=DISK_GB%3A1%2CMEMORY_MB%3A1024%2CVCPU%3A1&root_required=%21COMPUTE_STATUS_DISABLED" {{(pid=103844) __call__ /opt/stack/placement/placement/requestlog.py:55}}
Nov 25 17:50:23.518306 n-d-817746-1 devstack@placement-api.service[103844]: DEBUG placement.objects.research_context [req-d3b463eb-d7a4-472e-a1a1-ac793b69e39d req-793cf112-ea0f-4500-b9fc-142c10858274 service placement] getting providers with 1 DISK_GB {{(pid=103844) __init__ /opt/stack/placement/placement/objects/research_context.py:126}}
Nov 25 17:50:23.548144 n-d-817746-1 devstack@placement-api.service[103844]: DEBUG placement.objects.research_context [req-d3b463eb-d7a4-472e-a1a1-ac793b69e39d req-793cf112-ea0f-4500-b9fc-142c10858274 service placement] getting providers with 1024 MEMORY_MB {{(pid=103844) __init__ /opt/stack/placement/placement/objects/research_context.py:126}}
Nov 25 17:50:23.561558 n-d-817746-1 devstack@placement-api.service[103844]: DEBUG placement.objects.research_context [req-d3b463eb-d7a4-472e-a1a1-ac793b69e39d req-793cf112-ea0f-4500-b9fc-142c10858274 service placement] getting providers with 1 VCPU {{(pid=103844) __init__ /opt/stack/placement/placement/objects/research_context.py:126}}
Nov 25 17:50:23.583128 n-d-817746-1 devstack@placement-api.service[103844]: DEBUG placement.objects.research_context [req-d3b463eb-d7a4-472e-a1a1-ac793b69e39d req-793cf112-ea0f-4500-b9fc-142c10858274 service placement] found 2 providers with available 1 DISK_GB {{(pid=103844) get_provider_ids_matching /opt/stack/placement/placement/objects/research_context.py:549}}
Nov 25 17:50:23.584174 n-d-817746-1 devstack@placement-api.service[103844]: DEBUG placement.objects.research_context [req-d3b463eb-d7a4-472e-a1a1-ac793b69e39d req-793cf112-ea0f-4500-b9fc-142c10858274 service placement] found 2 providers with available 1024 MEMORY_MB {{(pid=103844) get_provider_ids_matching /opt/stack/placement/placement/objects/research_context.py:549}}
Nov 25 17:50:23.584690 n-d-817746-1 devstack@placement-api.service[103844]: DEBUG placement.objects.research_context [req-d3b463eb-d7a4-472e-a1a1-ac793b69e39d req-793cf112-ea0f-4500-b9fc-142c10858274 service placement] found 2 providers after filtering by previous result {{(pid=103844) get_provider_ids_matching /opt/stack/placement/placement/objects/research_context.py:580}}
Nov 25 17:50:23.585193 n-d-817746-1 devstack@placement-api.service[103844]: DEBUG placement.objects.research_context [req-d3b463eb-d7a4-472e-a1a1-ac793b69e39d req-793cf112-ea0f-4500-b9fc-142c10858274 service placement] found 2 providers with available 1 VCPU {{(pid=103844) get_provider_ids_matching /opt/stack/placement/placement/objects/research_context.py:549}}
Nov 25 17:50:23.585665 n-d-817746-1 devstack@placement-api.service[103844]: DEBUG placement.objects.research_context [req-d3b463eb-d7a4-472e-a1a1-ac793b69e39d req-793cf112-ea0f-4500-b9fc-142c10858274 service placement] found 2 providers after filtering by previous result {{(pid=103844) get_provider_ids_matching /opt/stack/placement/placement/objects/research_context.py:580}}
Nov 25 17:50:23.602565 n-d-817746-1 devstack@placement-api.service[103844]: DEBUG placement.objects.allocation_candidate [req-d3b463eb-d7a4-472e-a1a1-ac793b69e39d req-793cf112-ea0f-4500-b9fc-142c10858274 service placement] RequestGroup(use_same_provider=False, resources={DISK_GB:1, MEMORY_MB:1024, VCPU:1}, traits=[], aggregates=[]) (suffix '') returned 2 matches {{(pid=103844) _get_by_requests /opt/stack/placement/placement/objects/allocation_candidate.py:145}}
Nov 25 17:50:23.603733 n-d-817746-1 devstack@placement-api.service[103844]: DEBUG placement.objects.allocation_candidate [req-d3b463eb-d7a4-472e-a1a1-ac793b69e39d req-793cf112-ea0f-4500-b9fc-142c10858274 service placement] Merging candidates yields 2 allocation requests and 2 provider summaries {{(pid=103844) _merge_candidates /opt/stack/placement/placement/objects/allocation_candidate.py:783}}
Nov 25 17:50:23.605755 n-d-817746-1 devstack@placement-api.service[103844]: INFO placement.requestlog [req-d3b463eb-d7a4-472e-a1a1-ac793b69e39d req-793cf112-ea0f-4500-b9fc-142c10858274 service placement] 10.222.0.75 "GET /placement/allocation_candidates?limit=1000&resources=DISK_GB%3A1%2CMEMORY_MB%3A1024%2CVCPU%3A1&root_required=%21COMPUTE_STATUS_DISABLED" status: 200 len: 1309 microversion: 1.36
Nov 25 17:50:23.606739 n-d-817746-1 devstack@placement-api.service[103844]: [pid: 103844|app: 0|req: 484/968] 10.222.0.75 () {60 vars in 1506 bytes} [Thu Nov 25 17:50:23 2021] GET /placement/allocation_candidates?limit=1000&resources=DISK_GB%3A1%2CMEMORY_MB%3A1024%2CVCPU%3A1&root_required=%21COMPUTE_STATUS_DISABLED => generated 1309 bytes in 165 msecs (HTTP/1.1 200) 8 headers in 297 bytes (1 switches on core 0)
Nov 25 17:50:23.732711 n-d-817746-1 devstack@placement-api.service[103845]: DEBUG placement.requestlog [req-d3b463eb-d7a4-472e-a1a1-ac793b69e39d req-037bc306-9994-4b5e-bd9d-0e41797c7f11 None None] Starting request: 10.222.0.75 "GET /placement/allocations/a2dee017-9aa8-41c6-b4ab-5f83a39d35d4" {{(pid=103845) __call__ /opt/stack/placement/placement/requestlog.py:55}}
Nov 25 17:50:23.747921 n-d-817746-1 devstack@placement-api.service[103845]: INFO placement.requestlog [req-d3b463eb-d7a4-472e-a1a1-ac793b69e39d req-037bc306-9994-4b5e-bd9d-0e41797c7f11 service placement] 10.222.0.75 "GET /placement/allocations/a2dee017-9aa8-41c6-b4ab-5f83a39d35d4" status: 200 len: 19 microversion: 1.28
Nov 25 17:50:23.751344 n-d-817746-1 devstack@placement-api.service[103845]: [pid: 103845|app: 0|req: 485/969] 10.222.0.75 () {60 vars in 1380 bytes} [Thu Nov 25 17:50:23 2021] GET /placement/allocations/a2dee017-9aa8-41c6-b4ab-5f83a39d35d4 => generated 19 bytes in 19 msecs (HTTP/1.1 200) 8 headers in 295 bytes (1 switches on core 0)
Nov 25 17:50:23.758970 n-d-817746-1 devstack@placement-api.service[103844]: DEBUG placement.requestlog [req-d3b463eb-d7a4-472e-a1a1-ac793b69e39d req-dc41e33f-785d-4288-85df-597109cee137 None None] Starting request: 10.222.0.75 "PUT /placement/allocations/a2dee017-9aa8-41c6-b4ab-5f83a39d35d4" {{(pid=103844) __call__ /opt/stack/placement/placement/requestlog.py:55}}
Nov 25 17:50:23.863007 n-d-817746-1 devstack@placement-api.service[103844]: DEBUG placement.handlers.allocation [req-d3b463eb-d7a4-472e-a1a1-ac793b69e39d req-dc41e33f-785d-4288-85df-597109cee137 service placement] Successfully wrote allocations [, , ] {{(pid=103844) _update_consumers_and_create_allocations /opt/stack/placement/placement/handlers/allocation.py:462}}
Nov 25 17:50:23.866876 n-d-817746-1 devstack@placement-api.service[103844]: INFO placement.requestlog [req-d3b463eb-d7a4-472e-a1a1-ac793b69e39d req-dc41e33f-785d-4288-85df-597109cee137 service placement] 10.222.0.75 "PUT /placement/allocations/a2dee017-9aa8-41c6-b4ab-5f83a39d35d4" status: 204 len: 0 microversion: 1.36
Nov 25 17:50:23.875820 n-d-817746-1 devstack@placement-api.service[103844]: [pid: 103844|app: 0|req: 485/970] 10.222.0.75 () {64 vars in 1433 bytes} [Thu Nov 25 17:50:23 2021] PUT /placement/allocations/a2dee017-9aa8-41c6-b4ab-5f83a39d35d4 => generated 0 bytes in 108 msecs (HTTP/1.1 204) 5 headers in 199 bytes (1 switches on core 0)
Nov 25 17:50:24.584713 n-d-817746-1 devstack@placement-api.service[103845]: DEBUG placement.requestlog [req-d3b463eb-d7a4-472e-a1a1-ac793b69e39d req-4c5b24d7-91b3-4ed6-96a4-68a827cbc8d2 None None] Starting request: 10.222.0.90 "GET /placement/allocations/a2dee017-9aa8-41c6-b4ab-5f83a39d35d4" {{(pid=103845) __call__ /opt/stack/placement/placement/requestlog.py:55}}
Nov 25 17:50:24.613559 n-d-817746-1 devstack@placement-api.service[103845]: INFO placement.requestlog [req-d3b463eb-d7a4-472e-a1a1-ac793b69e39d req-4c5b24d7-91b3-4ed6-96a4-68a827cbc8d2 service placement] 10.222.0.90 "GET /placement/allocations/a2dee017-9aa8-41c6-b4ab-5f83a39d35d4" status: 200 len: 259 microversion: 1.28
Nov 25 17:50:24.613822 n-d-817746-1 devstack@placement-api.service[103845]: [pid: 103845|app: 0|req: 486/971] 10.222.0.90 () {60 vars in 1377 bytes} [Thu Nov 25 17:50:24 2021] GET /placement/allocations/a2dee017-9aa8-41c6-b4ab-5f83a39d35d4 => generated 259 bytes in 29 msecs (HTTP/1.1 200) 8 headers in 296 bytes (2 switches on core 0)
Nov 25 17:50:40.262775 n-d-817746-1 devstack@placement-api.service[103844]: DEBUG placement.requestlog [req-c34346e9-118f-4b49-adb9-6763776d094a req-ce720921-68c3-462e-a1f9-2b2a3e804e35 None None] Starting request: 10.222.0.75 "GET /placement/allocation_candidates?limit=1000&resources=DISK_GB%3A1%2CMEMORY_MB%3A1024%2CVCPU%3A1&root_required=%21COMPUTE_STATUS_DISABLED" {{(pid=103844) __call__ /opt/stack/placement/placement/requestlog.py:55}}
Nov 25 17:50:40.318134 n-d-817746-1 devstack@placement-api.service[103844]: DEBUG placement.objects.research_context [req-c34346e9-118f-4b49-adb9-6763776d094a req-ce720921-68c3-462e-a1f9-2b2a3e804e35 service placement] getting providers with 1 DISK_GB {{(pid=103844) __init__ /opt/stack/placement/placement/objects/research_context.py:126}}
Nov 25 17:50:40.351730 n-d-817746-1 devstack@placement-api.service[103844]: DEBUG placement.objects.research_context [req-c34346e9-118f-4b49-adb9-6763776d094a req-ce720921-68c3-462e-a1f9-2b2a3e804e35 service placement] getting providers with 1024 MEMORY_MB {{(pid=103844) __init__ /opt/stack/placement/placement/objects/research_context.py:126}}
Nov 25 17:50:40.374831 n-d-817746-1 devstack@placement-api.service[103844]: DEBUG placement.objects.research_context [req-c34346e9-118f-4b49-adb9-6763776d094a req-ce720921-68c3-462e-a1f9-2b2a3e804e35 service placement] getting providers with 1 VCPU {{(pid=103844) __init__ /opt/stack/placement/placement/objects/research_context.py:126}}
Nov 25 17:50:40.399047 n-d-817746-1 devstack@placement-api.service[103844]: DEBUG placement.objects.research_context [req-c34346e9-118f-4b49-adb9-6763776d094a req-ce720921-68c3-462e-a1f9-2b2a3e804e35 service placement] found 2 providers with available 1 DISK_GB {{(pid=103844) get_provider_ids_matching /opt/stack/placement/placement/objects/research_context.py:549}}
Nov 25 17:50:40.399330 n-d-817746-1 devstack@placement-api.service[103844]: DEBUG placement.objects.research_context [req-c34346e9-118f-4b49-adb9-6763776d094a req-ce720921-68c3-462e-a1f9-2b2a3e804e35 service placement] found 2 providers with available 1024 MEMORY_MB {{(pid=103844) get_provider_ids_matching /opt/stack/placement/placement/objects/research_context.py:549}}
Nov 25 17:50:40.400819 n-d-817746-1 devstack@placement-api.service[103844]: DEBUG placement.objects.research_context [req-c34346e9-118f-4b49-adb9-6763776d094a req-ce720921-68c3-462e-a1f9-2b2a3e804e35 service placement] found 2 providers after filtering by previous result {{(pid=103844) get_provider_ids_matching /opt/stack/placement/placement/objects/research_context.py:580}}
Nov 25 17:50:40.400965 n-d-817746-1 devstack@placement-api.service[103844]: DEBUG placement.objects.research_context [req-c34346e9-118f-4b49-adb9-6763776d094a req-ce720921-68c3-462e-a1f9-2b2a3e804e35 service placement] found 2 providers with available 1 VCPU {{(pid=103844) get_provider_ids_matching /opt/stack/placement/placement/objects/research_context.py:549}}
Nov 25 17:50:40.401230 n-d-817746-1 devstack@placement-api.service[103844]: DEBUG placement.objects.research_context [req-c34346e9-118f-4b49-adb9-6763776d094a req-ce720921-68c3-462e-a1f9-2b2a3e804e35 service placement] found 2 providers after filtering by previous result {{(pid=103844) get_provider_ids_matching /opt/stack/placement/placement/objects/research_context.py:580}}
Nov 25 17:50:40.442318 n-d-817746-1 devstack@placement-api.service[103844]: DEBUG placement.objects.allocation_candidate [req-c34346e9-118f-4b49-adb9-6763776d094a req-ce720921-68c3-462e-a1f9-2b2a3e804e35 service placement] RequestGroup(use_same_provider=False, resources={DISK_GB:1, MEMORY_MB:1024, VCPU:1}, traits=[], aggregates=[]) (suffix '') returned 2 matches {{(pid=103844) _get_by_requests /opt/stack/placement/placement/objects/allocation_candidate.py:145}}
Nov 25 17:50:40.445680 n-d-817746-1 devstack@placement-api.service[103844]: DEBUG placement.objects.allocation_candidate [req-c34346e9-118f-4b49-adb9-6763776d094a req-ce720921-68c3-462e-a1f9-2b2a3e804e35 service placement] Merging candidates yields 2 allocation requests and 2 provider summaries {{(pid=103844) _merge_candidates /opt/stack/placement/placement/objects/allocation_candidate.py:783}}
Nov 25 17:50:40.447725 n-d-817746-1 devstack@placement-api.service[103844]: INFO placement.requestlog [req-c34346e9-118f-4b49-adb9-6763776d094a req-ce720921-68c3-462e-a1f9-2b2a3e804e35 service placement] 10.222.0.75 "GET /placement/allocation_candidates?limit=1000&resources=DISK_GB%3A1%2CMEMORY_MB%3A1024%2CVCPU%3A1&root_required=%21COMPUTE_STATUS_DISABLED" status: 200 len: 1309 microversion: 1.36
Nov 25 17:50:40.453811 n-d-817746-1 devstack@placement-api.service[103844]: [pid: 103844|app: 0|req: 486/972] 10.222.0.75 () {60 vars in 1506 bytes} [Thu Nov 25 17:50:40 2021] GET /placement/allocation_candidates?limit=1000&resources=DISK_GB%3A1%2CMEMORY_MB%3A1024%2CVCPU%3A1&root_required=%21COMPUTE_STATUS_DISABLED => generated 1309 bytes in 189 msecs (HTTP/1.1 200) 8 headers in 297 bytes (1 switches on core 0)
Nov 25 17:50:40.561351 n-d-817746-1 devstack@placement-api.service[103845]: DEBUG placement.requestlog [req-c34346e9-118f-4b49-adb9-6763776d094a req-97b2484b-3da6-45ed-924a-26bd620196a5 None None] Starting request: 10.222.0.75 "GET /placement/allocations/598ae637-959f-4a82-ab28-f6756f65d14c" {{(pid=103845) __call__ /opt/stack/placement/placement/requestlog.py:55}}
Nov 25 17:50:40.578385 n-d-817746-1 devstack@placement-api.service[103845]: INFO placement.requestlog [req-c34346e9-118f-4b49-adb9-6763776d094a req-97b2484b-3da6-45ed-924a-26bd620196a5 service placement] 10.222.0.75 "GET /placement/allocations/598ae637-959f-4a82-ab28-f6756f65d14c" status: 200 len: 19 microversion: 1.28
Nov 25 17:50:40.579341 n-d-817746-1 devstack@placement-api.service[103845]: [pid: 103845|app: 0|req: 487/973] 10.222.0.75 () {60 vars in 1380 bytes} [Thu Nov 25 17:50:40 2021] GET /placement/allocations/598ae637-959f-4a82-ab28-f6756f65d14c => generated 19 bytes in 18 msecs (HTTP/1.1 200) 8 headers in 295 bytes (1 switches on core 0)
Nov 25 17:50:40.587267 n-d-817746-1 devstack@placement-api.service[103844]: DEBUG placement.requestlog [req-c34346e9-118f-4b49-adb9-6763776d094a req-0bdee906-459b-4bf9-8d3e-a7c94b38f5a8 None None] Starting request: 10.222.0.75 "PUT /placement/allocations/598ae637-959f-4a82-ab28-f6756f65d14c" {{(pid=103844) __call__ /opt/stack/placement/placement/requestlog.py:55}}
Nov 25 17:50:40.648426 n-d-817746-1 devstack@placement-api.service[103845]: DEBUG placement.requestlog [req-bad49443-c424-4fc2-847c-74cf8c0af15c req-f398e8c4-2827-4157-b66b-9f810d6a4d62 None None] Starting request: 10.222.0.75 "GET /placement/allocation_candidates?limit=1000&resources=DISK_GB%3A1%2CMEMORY_MB%3A1024%2CVCPU%3A1&root_required=%21COMPUTE_STATUS_DISABLED" {{(pid=103845) __call__ /opt/stack/placement/placement/requestlog.py:55}}
Nov 25 17:50:40.759047 n-d-817746-1 devstack@placement-api.service[103845]: DEBUG placement.objects.research_context [req-bad49443-c424-4fc2-847c-74cf8c0af15c req-f398e8c4-2827-4157-b66b-9f810d6a4d62 service placement] getting providers with 1 DISK_GB {{(pid=103845) __init__ /opt/stack/placement/placement/objects/research_context.py:126}}
Nov 25 17:50:40.787953 n-d-817746-1 devstack@placement-api.service[103845]: DEBUG placement.objects.research_context [req-bad49443-c424-4fc2-847c-74cf8c0af15c req-f398e8c4-2827-4157-b66b-9f810d6a4d62 service placement] getting providers with 1024 MEMORY_MB {{(pid=103845) __init__ /opt/stack/placement/placement/objects/research_context.py:126}}
Nov 25 17:50:40.794928 n-d-817746-1 devstack@placement-api.service[103844]: DEBUG placement.handlers.allocation [req-c34346e9-118f-4b49-adb9-6763776d094a req-0bdee906-459b-4bf9-8d3e-a7c94b38f5a8 service placement] Successfully wrote allocations [, , ] {{(pid=103844) _update_consumers_and_create_allocations /opt/stack/placement/placement/handlers/allocation.py:462}}
Nov 25 17:50:40.802311 n-d-817746-1 devstack@placement-api.service[103844]: INFO placement.requestlog [req-c34346e9-118f-4b49-adb9-6763776d094a req-0bdee906-459b-4bf9-8d3e-a7c94b38f5a8 service placement] 10.222.0.75 "PUT /placement/allocations/598ae637-959f-4a82-ab28-f6756f65d14c" status: 204 len: 0 microversion: 1.36
Nov 25 17:50:40.803120 n-d-817746-1 devstack@placement-api.service[103844]: [pid: 103844|app: 0|req: 487/974] 10.222.0.75 () {64 vars in 1433 bytes} [Thu Nov 25 17:50:40 2021] PUT /placement/allocations/598ae637-959f-4a82-ab28-f6756f65d14c => generated 0 bytes in 216 msecs (HTTP/1.1 204) 5 headers in 199 bytes (1 switches on core 0)
Nov 25 17:50:40.807608 n-d-817746-1 devstack@placement-api.service[103845]: DEBUG placement.objects.research_context [req-bad49443-c424-4fc2-847c-74cf8c0af15c req-f398e8c4-2827-4157-b66b-9f810d6a4d62 service placement] getting providers with 1 VCPU {{(pid=103845) __init__ /opt/stack/placement/placement/objects/research_context.py:126}}
Nov 25 17:50:40.848429 n-d-817746-1 devstack@placement-api.service[103845]: DEBUG placement.objects.research_context [req-bad49443-c424-4fc2-847c-74cf8c0af15c req-f398e8c4-2827-4157-b66b-9f810d6a4d62 service placement] found 2 providers with available 1 DISK_GB {{(pid=103845) get_provider_ids_matching /opt/stack/placement/placement/objects/research_context.py:549}}
Nov 25 17:50:40.848718 n-d-817746-1 devstack@placement-api.service[103845]: DEBUG placement.objects.research_context [req-bad49443-c424-4fc2-847c-74cf8c0af15c req-f398e8c4-2827-4157-b66b-9f810d6a4d62 service placement] found 2 providers with available 1024 MEMORY_MB {{(pid=103845) get_provider_ids_matching /opt/stack/placement/placement/objects/research_context.py:549}}
Nov 25 17:50:40.849020 n-d-817746-1 devstack@placement-api.service[103845]: DEBUG placement.objects.research_context [req-bad49443-c424-4fc2-847c-74cf8c0af15c req-f398e8c4-2827-4157-b66b-9f810d6a4d62 service placement] found 2 providers after filtering by previous result {{(pid=103845) get_provider_ids_matching /opt/stack/placement/placement/objects/research_context.py:580}}
