Dec 14 06:55:47.519498 n-d-817326-5 devstack@placement-api.service[110467]: DEBUG placement.objects.allocation_candidate [req-b7bb6ebb-f97f-4502-af93-11c220ee9188 req-b5d1be51-5ca5-45e9-aa2c-6816f01dfd31 service placement] Merging candidates yields 2 allocation requests and 2 provider summaries {{(pid=110467) _merge_candidates /opt/stack/placement/placement/objects/allocation_candidate.py:783}}
Dec 14 06:55:47.521609 n-d-817326-5 devstack@placement-api.service[110467]: INFO placement.requestlog [req-b7bb6ebb-f97f-4502-af93-11c220ee9188 req-b5d1be51-5ca5-45e9-aa2c-6816f01dfd31 service placement] 10.222.0.24 "GET /placement/allocation_candidates?limit=1000&resources=DISK_GB%3A1%2CMEMORY_MB%3A1024%2CVCPU%3A1&root_required=%21COMPUTE_STATUS_DISABLED" status: 200 len: 1309 microversion: 1.36
Dec 14 06:55:47.522196 n-d-817326-5 devstack@placement-api.service[110467]: [pid: 110467|app: 0|req: 316/638] 10.222.0.24 () {60 vars in 1506 bytes} [Tue Dec 14 06:55:47 2021] GET /placement/allocation_candidates?limit=1000&resources=DISK_GB%3A1%2CMEMORY_MB%3A1024%2CVCPU%3A1&root_required=%21COMPUTE_STATUS_DISABLED => generated 1309 bytes in 76 msecs (HTTP/1.1 200) 8 headers in 297 bytes (1 switches on core 0)
Dec 14 06:55:47.612796 n-d-817326-5 devstack@placement-api.service[110466]: DEBUG placement.requestlog [req-b7bb6ebb-f97f-4502-af93-11c220ee9188 req-5986ab69-da81-41e6-b235-2d2cfabcd7c9 None None] Starting request: 10.222.0.24 "GET /placement/allocations/c4c2575b-ea6d-4f00-800c-a8ce560fd466" {{(pid=110466) __call__ /opt/stack/placement/placement/requestlog.py:55}}
Dec 14 06:55:47.628965 n-d-817326-5 devstack@placement-api.service[110466]: INFO placement.requestlog [req-b7bb6ebb-f97f-4502-af93-11c220ee9188 req-5986ab69-da81-41e6-b235-2d2cfabcd7c9 service placement] 10.222.0.24 "GET /placement/allocations/c4c2575b-ea6d-4f00-800c-a8ce560fd466" status: 200 len: 19 microversion: 1.28
Dec 14 06:55:47.629898 n-d-817326-5 devstack@placement-api.service[110466]: [pid: 110466|app: 0|req: 323/639] 10.222.0.24 () {60 vars in 1380 bytes} [Tue Dec 14 06:55:47 2021] GET /placement/allocations/c4c2575b-ea6d-4f00-800c-a8ce560fd466 => generated 19 bytes in 17 msecs (HTTP/1.1 200) 8 headers in 295 bytes (1 switches on core 0)
Dec 14 06:55:47.641321 n-d-817326-5 devstack@placement-api.service[110467]: DEBUG placement.requestlog [req-b7bb6ebb-f97f-4502-af93-11c220ee9188 req-e599d177-5d7f-4519-94ec-55c58d841721 None None] Starting request: 10.222.0.24 "PUT /placement/allocations/c4c2575b-ea6d-4f00-800c-a8ce560fd466" {{(pid=110467) __call__ /opt/stack/placement/placement/requestlog.py:55}}
Dec 14 06:55:47.733457 n-d-817326-5 devstack@placement-api.service[110467]: DEBUG placement.handlers.allocation [req-b7bb6ebb-f97f-4502-af93-11c220ee9188 req-e599d177-5d7f-4519-94ec-55c58d841721 service placement] Successfully wrote allocations [, , ] {{(pid=110467) _update_consumers_and_create_allocations /opt/stack/placement/placement/handlers/allocation.py:462}}
Dec 14 06:55:47.739147 n-d-817326-5 devstack@placement-api.service[110467]: INFO placement.requestlog [req-b7bb6ebb-f97f-4502-af93-11c220ee9188 req-e599d177-5d7f-4519-94ec-55c58d841721 service placement] 10.222.0.24 "PUT /placement/allocations/c4c2575b-ea6d-4f00-800c-a8ce560fd466" status: 204 len: 0 microversion: 1.36
Dec 14 06:55:47.739823 n-d-817326-5 devstack@placement-api.service[110467]: [pid: 110467|app: 0|req: 317/640] 10.222.0.24 () {64 vars in 1433 bytes} [Tue Dec 14 06:55:47 2021] PUT /placement/allocations/c4c2575b-ea6d-4f00-800c-a8ce560fd466 => generated 0 bytes in 99 msecs (HTTP/1.1 204) 5 headers in 199 bytes (1 switches on core 0)
Dec 14 06:55:48.305901 n-d-817326-5 devstack@placement-api.service[110466]: DEBUG placement.requestlog [req-b7bb6ebb-f97f-4502-af93-11c220ee9188 req-5da6f92f-0444-455b-95db-17804d681d55 None None] Starting request: 10.222.0.20 "GET /placement/allocations/c4c2575b-ea6d-4f00-800c-a8ce560fd466" {{(pid=110466) __call__ /opt/stack/placement/placement/requestlog.py:55}}
Dec 14 06:55:48.329233 n-d-817326-5 devstack@placement-api.service[110466]: INFO placement.requestlog [req-b7bb6ebb-f97f-4502-af93-11c220ee9188 req-5da6f92f-0444-455b-95db-17804d681d55 service placement] 10.222.0.20 "GET /placement/allocations/c4c2575b-ea6d-4f00-800c-a8ce560fd466" status: 200 len: 259 microversion: 1.28
Dec 14 06:55:48.331591 n-d-817326-5 devstack@placement-api.service[110466]: [pid: 110466|app: 0|req: 324/641] 10.222.0.20 () {60 vars in 1377 bytes} [Tue Dec 14 06:55:48 2021] GET /placement/allocations/c4c2575b-ea6d-4f00-800c-a8ce560fd466 => generated 259 bytes in 26 msecs (HTTP/1.1 200) 8 headers in 296 bytes (1 switches on core 0)
Dec 14 06:55:59.252464 n-d-817326-5 devstack@placement-api.service[110467]: DEBUG placement.requestlog [req-352f7718-6a56-4b57-ad25-5488dc4a8b63 req-848e623e-4a57-4e3b-a583-0bc845debd97 None None] Starting request: 10.222.0.36 "DELETE /placement/allocations/25f58be6-6b61-45a7-b46a-26628f4fd87d" {{(pid=110467) __call__ /opt/stack/placement/placement/requestlog.py:55}}
Dec 14 06:55:59.348603 n-d-817326-5 devstack@placement-api.service[110467]: DEBUG placement.handlers.allocation [req-352f7718-6a56-4b57-ad25-5488dc4a8b63 req-848e623e-4a57-4e3b-a583-0bc845debd97 service placement] Successfully deleted allocations [, , ] {{(pid=110467) delete_allocations /opt/stack/placement/placement/handlers/allocation.py:627}}
Dec 14 06:55:59.349149 n-d-817326-5 devstack@placement-api.service[110467]: INFO placement.requestlog [req-352f7718-6a56-4b57-ad25-5488dc4a8b63 req-848e623e-4a57-4e3b-a583-0bc845debd97 service placement] 10.222.0.36 "DELETE /placement/allocations/25f58be6-6b61-45a7-b46a-26628f4fd87d" status: 204 len: 0 microversion: 1.0
Dec 14 06:55:59.349533 n-d-817326-5 devstack@placement-api.service[110467]: [pid: 110467|app: 0|req: 318/642] 10.222.0.36 () {60 vars in 1355 bytes} [Tue Dec 14 06:55:59 2021] DELETE /placement/allocations/25f58be6-6b61-45a7-b46a-26628f4fd87d => generated 0 bytes in 97 msecs (HTTP/1.1 204) 5 headers in 198 bytes (1 switches on core 0)
Dec 14 06:55:59.944473 n-d-817326-5 devstack@placement-api.service[110466]: DEBUG placement.requestlog [req-a8ec36a4-6eea-49bf-9bbf-841177c7ce46 req-22bf4321-8b78-426f-8c00-c030a9ee27ff None None] Starting request: 10.222.0.20 "GET /placement/resource_providers/227525ff-eb9f-4a4f-83e3-2cd7485394f8/allocations" {{(pid=110466) __call__ /opt/stack/placement/placement/requestlog.py:55}}
Dec 14 06:55:59.973337 n-d-817326-5 devstack@placement-api.service[110466]: INFO placement.requestlog [req-a8ec36a4-6eea-49bf-9bbf-841177c7ce46 req-22bf4321-8b78-426f-8c00-c030a9ee27ff service placement] 10.222.0.20 "GET /placement/resource_providers/227525ff-eb9f-4a4f-83e3-2cd7485394f8/allocations" status: 200 len: 255 microversion: 1.0
Dec 14 06:55:59.975090 n-d-817326-5 devstack@placement-api.service[110466]: [pid: 110466|app: 0|req: 325/643] 10.222.0.20 () {58 vars in 1390 bytes} [Tue Dec 14 06:55:59 2021] GET /placement/resource_providers/227525ff-eb9f-4a4f-83e3-2cd7485394f8/allocations => generated 255 bytes in 31 msecs (HTTP/1.1 200) 6 headers in 224 bytes (2 switches on core 0)
Dec 14 06:56:08.664295 n-d-817326-5 devstack@placement-api.service[110467]: DEBUG placement.requestlog [req-677cf209-3f45-419c-92a2-dd0f1797514d req-61b29e04-0825-42db-9c79-7d29da3213f1 None None] Starting request: 10.222.0.36 "GET /placement/resource_providers/638c63fb-9dae-4214-b741-4ef198abf5ed/allocations" {{(pid=110467) __call__ /opt/stack/placement/placement/requestlog.py:55}}
Dec 14 06:56:08.691963 n-d-817326-5 devstack@placement-api.service[110467]: INFO placement.requestlog [req-677cf209-3f45-419c-92a2-dd0f1797514d req-61b29e04-0825-42db-9c79-7d29da3213f1 service placement] 10.222.0.36 "GET /placement/resource_providers/638c63fb-9dae-4214-b741-4ef198abf5ed/allocations" status: 200 len: 342 microversion: 1.0
Dec 14 06:56:08.693291 n-d-817326-5 devstack@placement-api.service[110467]: [pid: 110467|app: 0|req: 319/644] 10.222.0.36 () {58 vars in 1390 bytes} [Tue Dec 14 06:56:08 2021] GET /placement/resource_providers/638c63fb-9dae-4214-b741-4ef198abf5ed/allocations => generated 342 bytes in 29 msecs (HTTP/1.1 200) 6 headers in 224 bytes (2 switches on core 0)
Dec 14 06:56:16.733901 n-d-817326-5 devstack@placement-api.service[110466]: DEBUG placement.requestlog [req-7afcb81b-753d-48cb-bebf-7bf0df741b94 req-e392250f-af1f-4e86-b9d6-d9e4ab68f50c None None] Starting request: 10.222.0.20 "DELETE /placement/allocations/3515ad3a-3893-49e7-ae86-ca6f2c3af8c6" {{(pid=110466) __call__ /opt/stack/placement/placement/requestlog.py:55}}
Dec 14 06:56:16.789543 n-d-817326-5 devstack@placement-api.service[110466]: DEBUG placement.handlers.allocation [req-7afcb81b-753d-48cb-bebf-7bf0df741b94 req-e392250f-af1f-4e86-b9d6-d9e4ab68f50c service placement] Successfully deleted allocations [, , ] {{(pid=110466) delete_allocations /opt/stack/placement/placement/handlers/allocation.py:627}}
Dec 14 06:56:16.790244 n-d-817326-5 devstack@placement-api.service[110466]: INFO placement.requestlog [req-7afcb81b-753d-48cb-bebf-7bf0df741b94 req-e392250f-af1f-4e86-b9d6-d9e4ab68f50c service placement] 10.222.0.20 "DELETE /placement/allocations/3515ad3a-3893-49e7-ae86-ca6f2c3af8c6" status: 204 len: 0 microversion: 1.0
Dec 14 06:56:16.790852 n-d-817326-5 devstack@placement-api.service[110466]: [pid: 110466|app: 0|req: 326/645] 10.222.0.20 () {60 vars in 1355 bytes} [Tue Dec 14 06:56:16 2021] DELETE /placement/allocations/3515ad3a-3893-49e7-ae86-ca6f2c3af8c6 => generated 0 bytes in 57 msecs (HTTP/1.1 204) 5 headers in 198 bytes (1 switches on core 0)
Dec 14 06:56:20.329910 n-d-817326-5 devstack@placement-api.service[110467]: DEBUG placement.requestlog [None req-2e82a3ab-69ad-4b87-92af-c1f6ca88374e None None] Starting request: 10.222.0.24 "GET /placement/" {{(pid=110467) __call__ /opt/stack/placement/placement/requestlog.py:55}}
Dec 14 06:56:20.330904 n-d-817326-5 devstack@placement-api.service[110467]: INFO placement.requestlog [None req-2e82a3ab-69ad-4b87-92af-c1f6ca88374e None None] 10.222.0.24 "GET /placement/" status: 200 len: 136 microversion: 1.0
Dec 14 06:56:20.331218 n-d-817326-5 devstack@placement-api.service[110467]: [pid: 110467|app: 0|req: 320/646] 10.222.0.24 () {54 vars in 907 bytes} [Tue Dec 14 06:56:20 2021] GET /placement => generated 136 bytes in 2 msecs (HTTP/1.1 200) 6 headers in 224 bytes (1 switches on core 0)
Dec 14 06:56:20.344986 n-d-817326-5 devstack@placement-api.service[110466]: DEBUG placement.requestlog [req-5aa1bdbb-2e34-4f4b-831f-7f00474f2b61 req-c7021292-7092-4dca-9461-3a04ad8188aa None None] Starting request: 10.222.0.24 "DELETE /placement/allocations/3515ad3a-3893-49e7-ae86-ca6f2c3af8c6" {{(pid=110466) __call__ /opt/stack/placement/placement/requestlog.py:55}}
Dec 14 06:56:20.418881 n-d-817326-5 devstack@placement-api.service[110466]: DEBUG placement.wsgi_wrapper [req-5aa1bdbb-2e34-4f4b-831f-7f00474f2b61 req-c7021292-7092-4dca-9461-3a04ad8188aa service placement] Placement API returning an error response: No allocations for consumer '3515ad3a-3893-49e7-ae86-ca6f2c3af8c6' {{(pid=110466) call_func /opt/stack/placement/placement/wsgi_wrapper.py:31}}
Dec 14 06:56:20.419676 n-d-817326-5 devstack@placement-api.service[110466]: INFO placement.requestlog [req-5aa1bdbb-2e34-4f4b-831f-7f00474f2b61 req-c7021292-7092-4dca-9461-3a04ad8188aa service placement] 10.222.0.24 "DELETE /placement/allocations/3515ad3a-3893-49e7-ae86-ca6f2c3af8c6" status: 404 len: 228 microversion: 1.0
Dec 14 06:56:20.420448 n-d-817326-5 devstack@placement-api.service[110466]: [pid: 110466|app: 0|req: 327/647] 10.222.0.24 () {60 vars in 1349 bytes} [Tue Dec 14 06:56:20 2021] DELETE /placement/allocations/3515ad3a-3893-49e7-ae86-ca6f2c3af8c6 => generated 228 bytes in 76 msecs (HTTP/1.1 404) 6 headers in 231 bytes (1 switches on core 0)
Dec 14 06:56:22.080224 n-d-817326-5 devstack@placement-api.service[110467]: DEBUG placement.requestlog [req-90169d06-44c3-4dca-9f03-d0f30b3764cd req-0e833d83-5dbd-471b-a0b6-baee46e05468 None None] Starting request: 10.222.0.24 "GET /placement/allocation_candidates?limit=1000&resources=DISK_GB%3A1%2CMEMORY_MB%3A1024%2CVCPU%3A1&root_required=%21COMPUTE_STATUS_DISABLED" {{(pid=110467) __call__ /opt/stack/placement/placement/requestlog.py:55}}
Dec 14 06:56:22.352852 n-d-817326-5 devstack@placement-api.service[110467]: DEBUG placement.objects.research_context [req-90169d06-44c3-4dca-9f03-d0f30b3764cd req-0e833d83-5dbd-471b-a0b6-baee46e05468 service placement] getting providers with 1 DISK_GB {{(pid=110467) __init__ /opt/stack/placement/placement/objects/research_context.py:126}}
Dec 14 06:56:22.358432 n-d-817326-5 devstack@placement-api.service[110467]: DEBUG placement.objects.research_context [req-90169d06-44c3-4dca-9f03-d0f30b3764cd req-0e833d83-5dbd-471b-a0b6-baee46e05468 service placement] getting providers with 1024 MEMORY_MB {{(pid=110467) __init__ /opt/stack/placement/placement/objects/research_context.py:126}}
Dec 14 06:56:22.365565 n-d-817326-5 devstack@placement-api.service[110467]: DEBUG placement.objects.research_context [req-90169d06-44c3-4dca-9f03-d0f30b3764cd req-0e833d83-5dbd-471b-a0b6-baee46e05468 service placement] getting providers with 1 VCPU {{(pid=110467) __init__ /opt/stack/placement/placement/objects/research_context.py:126}}
Dec 14 06:56:22.371328 n-d-817326-5 devstack@placement-api.service[110467]: DEBUG placement.objects.research_context [req-90169d06-44c3-4dca-9f03-d0f30b3764cd req-0e833d83-5dbd-471b-a0b6-baee46e05468 service placement] found 2 providers with available 1 DISK_GB {{(pid=110467) get_provider_ids_matching /opt/stack/placement/placement/objects/research_context.py:549}}
Dec 14 06:56:22.371897 n-d-817326-5 devstack@placement-api.service[110467]: DEBUG placement.objects.research_context [req-90169d06-44c3-4dca-9f03-d0f30b3764cd req-0e833d83-5dbd-471b-a0b6-baee46e05468 service placement] found 2 providers with available 1024 MEMORY_MB {{(pid=110467) get_provider_ids_matching /opt/stack/placement/placement/objects/research_context.py:549}}
Dec 14 06:56:22.372510 n-d-817326-5 devstack@placement-api.service[110467]: DEBUG placement.objects.research_context [req-90169d06-44c3-4dca-9f03-d0f30b3764cd req-0e833d83-5dbd-471b-a0b6-baee46e05468 service placement] found 2 providers after filtering by previous result {{(pid=110467) get_provider_ids_matching /opt/stack/placement/placement/objects/research_context.py:580}}
Dec 14 06:56:22.373003 n-d-817326-5 devstack@placement-api.service[110467]: DEBUG placement.objects.research_context [req-90169d06-44c3-4dca-9f03-d0f30b3764cd req-0e833d83-5dbd-471b-a0b6-baee46e05468 service placement] found 2 providers with available 1 VCPU {{(pid=110467) get_provider_ids_matching /opt/stack/placement/placement/objects/research_context.py:549}}
Dec 14 06:56:22.373415 n-d-817326-5 devstack@placement-api.service[110467]: DEBUG placement.objects.research_context [req-90169d06-44c3-4dca-9f03-d0f30b3764cd req-0e833d83-5dbd-471b-a0b6-baee46e05468 service placement] found 2 providers after filtering by previous result {{(pid=110467) get_provider_ids_matching /opt/stack/placement/placement/objects/research_context.py:580}}
Dec 14 06:56:22.385925 n-d-817326-5 devstack@placement-api.service[110467]: DEBUG placement.objects.allocation_candidate [req-90169d06-44c3-4dca-9f03-d0f30b3764cd req-0e833d83-5dbd-471b-a0b6-baee46e05468 service placement] RequestGroup(use_same_provider=False, resources={DISK_GB:1, MEMORY_MB:1024, VCPU:1}, traits=[], aggregates=[]) (suffix '') returned 2 matches {{(pid=110467) _get_by_requests /opt/stack/placement/placement/objects/allocation_candidate.py:145}}
Dec 14 06:56:22.386846 n-d-817326-5 devstack@placement-api.service[110467]: DEBUG placement.objects.allocation_candidate [req-90169d06-44c3-4dca-9f03-d0f30b3764cd req-0e833d83-5dbd-471b-a0b6-baee46e05468 service placement] Merging candidates yields 2 allocation requests and 2 provider summaries {{(pid=110467) _merge_candidates /opt/stack/placement/placement/objects/allocation_candidate.py:783}}
Dec 14 06:56:22.388604 n-d-817326-5 devstack@placement-api.service[110467]: INFO placement.requestlog [req-90169d06-44c3-4dca-9f03-d0f30b3764cd req-0e833d83-5dbd-471b-a0b6-baee46e05468 service placement] 10.222.0.24 "GET /placement/allocation_candidates?limit=1000&resources=DISK_GB%3A1%2CMEMORY_MB%3A1024%2CVCPU%3A1&root_required=%21COMPUTE_STATUS_DISABLED" status: 200 len: 1309 microversion: 1.36
Dec 14 06:56:22.389127 n-d-817326-5 devstack@placement-api.service[110467]: [pid: 110467|app: 0|req: 321/648] 10.222.0.24 () {60 vars in 1506 bytes} [Tue Dec 14 06:56:22 2021] GET /placement/allocation_candidates?limit=1000&resources=DISK_GB%3A1%2CMEMORY_MB%3A1024%2CVCPU%3A1&root_required=%21COMPUTE_STATUS_DISABLED => generated 1309 bytes in 309 msecs (HTTP/1.1 200) 8 headers in 297 bytes (2 switches on core 0)
Dec 14 06:56:22.442527 n-d-817326-5 devstack@placement-api.service[110466]: DEBUG placement.requestlog [req-90169d06-44c3-4dca-9f03-d0f30b3764cd req-a3652ac5-1f52-45b3-a826-2b2eb918a2f1 None None] Starting request: 10.222.0.24 "GET /placement/allocations/3e65fd1a-1022-4a38-9d72-ef4fdef4772b" {{(pid=110466) __call__ /opt/stack/placement/placement/requestlog.py:55}}
Dec 14 06:56:22.459310 n-d-817326-5 devstack@placement-api.service[110466]: INFO placement.requestlog [req-90169d06-44c3-4dca-9f03-d0f30b3764cd req-a3652ac5-1f52-45b3-a826-2b2eb918a2f1 service placement] 10.222.0.24 "GET /placement/allocations/3e65fd1a-1022-4a38-9d72-ef4fdef4772b" status: 200 len: 19 microversion: 1.28
Dec 14 06:56:22.459987 n-d-817326-5 devstack@placement-api.service[110466]: [pid: 110466|app: 0|req: 328/649] 10.222.0.24 () {60 vars in 1380 bytes} [Tue Dec 14 06:56:22 2021] GET /placement/allocations/3e65fd1a-1022-4a38-9d72-ef4fdef4772b => generated 19 bytes in 18 msecs (HTTP/1.1 200) 8 headers in 295 bytes (1 switches on core 0)
Dec 14 06:56:22.473473 n-d-817326-5 devstack@placement-api.service[110467]: DEBUG placement.requestlog [req-90169d06-44c3-4dca-9f03-d0f30b3764cd req-9c0a9ef1-e0a7-49d9-a2b3-6c2ff17651f6 None None] Starting request: 10.222.0.24 "PUT /placement/allocations/3e65fd1a-1022-4a38-9d72-ef4fdef4772b" {{(pid=110467) __call__ /opt/stack/placement/placement/requestlog.py:55}}
Dec 14 06:56:22.523988 n-d-817326-5 devstack@placement-api.service[110467]: DEBUG placement.handlers.allocation [req-90169d06-44c3-4dca-9f03-d0f30b3764cd req-9c0a9ef1-e0a7-49d9-a2b3-6c2ff17651f6 service placement] Successfully wrote allocations [, , ] {{(pid=110467) _update_consumers_and_create_allocations /opt/stack/placement/placement/handlers/allocation.py:462}}
Dec 14 06:56:22.528167 n-d-817326-5 devstack@placement-api.service[110467]: INFO placement.requestlog [req-90169d06-44c3-4dca-9f03-d0f30b3764cd req-9c0a9ef1-e0a7-49d9-a2b3-6c2ff17651f6 service placement] 10.222.0.24 "PUT /placement/allocations/3e65fd1a-1022-4a38-9d72-ef4fdef4772b" status: 204 len: 0 microversion: 1.36
Dec 14 06:56:22.528704 n-d-817326-5 devstack@placement-api.service[110467]: [pid: 110467|app: 0|req: 322/650] 10.222.0.24 () {64 vars in 1433 bytes} [Tue Dec 14 06:56:22 2021] PUT /placement/allocations/3e65fd1a-1022-4a38-9d72-ef4fdef4772b => generated 0 bytes in 56 msecs (HTTP/1.1 204) 5 headers in 199 bytes (1 switches on core 0)
Dec 14 06:56:22.858311 n-d-817326-5 devstack@placement-api.service[110466]: DEBUG placement.requestlog [req-90169d06-44c3-4dca-9f03-d0f30b3764cd req-9aa9b8e9-86b7-4ae9-ad24-0b016ba75623 None None] Starting request: 10.222.0.20 "GET /placement/allocations/3e65fd1a-1022-4a38-9d72-ef4fdef4772b" {{(pid=110466) __call__ /opt/stack/placement/placement/requestlog.py:55}}
Dec 14 06:56:22.873881 n-d-817326-5 devstack@placement-api.service[110466]: INFO placement.requestlog [req-90169d06-44c3-4dca-9f03-d0f30b3764cd req-9aa9b8e9-86b7-4ae9-ad24-0b016ba75623 service placement] 10.222.0.20 "GET /placement/allocations/3e65fd1a-1022-4a38-9d72-ef4fdef4772b" status: 200 len: 259 microversion: 1.28
Dec 14 06:56:22.874346 n-d-817326-5 devstack@placement-api.service[110466]: [pid: 110466|app: 0|req: 329/651] 10.222.0.20 () {60 vars in 1377 bytes} [Tue Dec 14 06:56:22 2021] GET /placement/allocations/3e65fd1a-1022-4a38-9d72-ef4fdef4772b => generated 259 bytes in 17 msecs (HTTP/1.1 200) 8 headers in 296 bytes (2 switches on core 0)
Dec 14 06:56:42.415886 n-d-817326-5 devstack@placement-api.service[110467]: DEBUG placement.requestlog [req-6f0ebcf8-c93c-412b-bc4c-4e9e2cff87cc req-d7575e0a-ce9e-44cf-ae3a-a50fd8806559 None None] Starting request: 10.222.0.36 "DELETE /placement/allocations/a62205fc-b736-40ee-808c-b27227d526f6" {{(pid=110467) __call__ /opt/stack/placement/placement/requestlog.py:55}}
Dec 14 06:56:42.458233 n-d-817326-5 devstack@placement-api.service[110467]: DEBUG placement.handlers.allocation [req-6f0ebcf8-c93c-412b-bc4c-4e9e2cff87cc req-d7575e0a-ce9e-44cf-ae3a-a50fd8806559 service placement] Successfully deleted allocations [, , ] {{(pid=110467) delete_allocations /opt/stack/placement/placement/handlers/allocation.py:627}}
Dec 14 06:56:42.459102 n-d-817326-5 devstack@placement-api.service[110467]: INFO placement.requestlog [req-6f0ebcf8-c93c-412b-bc4c-4e9e2cff87cc req-d7575e0a-ce9e-44cf-ae3a-a50fd8806559 service placement] 10.222.0.36 "DELETE /placement/allocations/a62205fc-b736-40ee-808c-b27227d526f6" status: 204 len: 0 microversion: 1.0
Dec 14 06:56:42.459958 n-d-817326-5 devstack@placement-api.service[110467]: [pid: 110467|app: 0|req: 323/652] 10.222.0.36 () {60 vars in 1355 bytes} [Tue Dec 14 06:56:42 2021] DELETE /placement/allocations/a62205fc-b736-40ee-808c-b27227d526f6 => generated 0 bytes in 44 msecs (HTTP/1.1 204) 5 headers in 198 bytes (1 switches on core 0)
Dec 14 06:57:00.279834 n-d-817326-5 devstack@placement-api.service[110466]: DEBUG placement.requestlog [req-051268b0-4cfd-4fca-8045-7301cb287d4f req-5bcc19bf-5c03-4f98-9ccd-0817457b6a47 None None] Starting request: 10.222.0.36 "DELETE /placement/allocations/484d6126-2492-485f-a3f6-bb907fdb84f5" {{(pid=110466) __call__ /opt/stack/placement/placement/requestlog.py:55}}
Dec 14 06:57:00.415265 n-d-817326-5 devstack@placement-api.service[110466]: DEBUG placement.handlers.allocation [req-051268b0-4cfd-4fca-8045-7301cb287d4f req-5bcc19bf-5c03-4f98-9ccd-0817457b6a47 service placement] Successfully deleted allocations [, , ] {{(pid=110466) delete_allocations /opt/stack/placement/placement/handlers/allocation.py:627}}
Dec 14 06:57:00.420085 n-d-817326-5 devstack@placement-api.service[110466]: INFO placement.requestlog [req-051268b0-4cfd-4fca-8045-7301cb287d4f req-5bcc19bf-5c03-4f98-9ccd-0817457b6a47 service placement] 10.222.0.36 "DELETE /placement/allocations/484d6126-2492-485f-a3f6-bb907fdb84f5" status: 204 len: 0 microversion: 1.0
Dec 14 06:57:00.421485 n-d-817326-5 devstack@placement-api.service[110466]: [pid: 110466|app: 0|req: 330/653] 10.222.0.36 () {60 vars in 1355 bytes} [Tue Dec 14 06:57:00 2021] DELETE /placement/allocations/484d6126-2492-485f-a3f6-bb907fdb84f5 => generated 0 bytes in 142 msecs (HTTP/1.1 204) 5 headers in 198 bytes (1 switches on core 0)
Dec 14 06:57:01.102952 n-d-817326-5 devstack@placement-api.service[110467]: DEBUG placement.requestlog [req-a59620dc-1f70-448f-ad11-abfc0cae46f3 req-22068770-a169-432e-8dfc-bd7cdfffc6f3 None None] Starting request: 10.222.0.20 "GET /placement/resource_providers/227525ff-eb9f-4a4f-83e3-2cd7485394f8/allocations" {{(pid=110467) __call__ /opt/stack/placement/placement/requestlog.py:55}}
Dec 14 06:57:01.137578 n-d-817326-5 devstack@placement-api.service[110467]: INFO placement.requestlog [req-a59620dc-1f70-448f-ad11-abfc0cae46f3 req-22068770-a169-432e-8dfc-bd7cdfffc6f3 service placement] 10.222.0.20 "GET /placement/resource_providers/227525ff-eb9f-4a4f-83e3-2cd7485394f8/allocations" status: 200 len: 255 microversion: 1.0
Dec 14 06:57:01.138673 n-d-817326-5 devstack@placement-api.service[110467]: [pid: 110467|app: 0|req: 324/654] 10.222.0.20 () {58 vars in 1390 bytes} [Tue Dec 14 06:57:01 2021] GET /placement/resource_providers/227525ff-eb9f-4a4f-83e3-2cd7485394f8/allocations => generated 255 bytes in 35 msecs (HTTP/1.1 200) 6 headers in 224 bytes (1 switches on core 0)
Dec 14 06:57:03.032077 n-d-817326-5 devstack@placement-api.service[110466]: DEBUG placement.requestlog [req-8e4472cb-09dc-4764-8161-020220b3842a req-483e103c-adba-4523-83e5-882fb9698d94 None None] Starting request: 10.222.0.24 "GET /placement/allocation_candidates?limit=1000&resources=DISK_GB%3A1%2CMEMORY_MB%3A1024%2CVCPU%3A1&root_required=%21COMPUTE_STATUS_DISABLED" {{(pid=110466) __call__ /opt/stack/placement/placement/requestlog.py:55}}
Dec 14 06:57:03.085264 n-d-817326-5 devstack@placement-api.service[110466]: DEBUG placement.objects.research_context [req-8e4472cb-09dc-4764-8161-020220b3842a req-483e103c-adba-4523-83e5-882fb9698d94 service placement] getting providers with 1 DISK_GB {{(pid=110466) __init__ /opt/stack/placement/placement/objects/research_context.py:126}}
Dec 14 06:57:03.100303 n-d-817326-5 devstack@placement-api.service[110466]: DEBUG placement.objects.research_context [req-8e4472cb-09dc-4764-8161-020220b3842a req-483e103c-adba-4523-83e5-882fb9698d94 service placement] getting providers with 1024 MEMORY_MB {{(pid=110466) __init__ /opt/stack/placement/placement/objects/research_context.py:126}}
Dec 14 06:57:03.118698 n-d-817326-5 devstack@placement-api.service[110466]: DEBUG placement.objects.research_context [req-8e4472cb-09dc-4764-8161-020220b3842a req-483e103c-adba-4523-83e5-882fb9698d94 service placement] getting providers with 1 VCPU {{(pid=110466) __init__ /opt/stack/placement/placement/objects/research_context.py:126}}
Dec 14 06:57:03.133149 n-d-817326-5 devstack@placement-api.service[110466]: DEBUG placement.objects.research_context [req-8e4472cb-09dc-4764-8161-020220b3842a req-483e103c-adba-4523-83e5-882fb9698d94 service placement] found 2 providers with available 1 DISK_GB {{(pid=110466) get_provider_ids_matching /opt/stack/placement/placement/objects/research_context.py:549}}
Dec 14 06:57:03.140539 n-d-817326-5 devstack@placement-api.service[110466]: DEBUG placement.objects.research_context [req-8e4472cb-09dc-4764-8161-020220b3842a req-483e103c-adba-4523-83e5-882fb9698d94 service placement] found 2 providers with available 1024 MEMORY_MB {{(pid=110466) get_provider_ids_matching /opt/stack/placement/placement/objects/research_context.py:549}}
Dec 14 06:57:03.141932 n-d-817326-5 devstack@placement-api.service[110466]: DEBUG placement.objects.research_context [req-8e4472cb-09dc-4764-8161-020220b3842a req-483e103c-adba-4523-83e5-882fb9698d94 service placement] found 2 providers after filtering by previous result {{(pid=110466) get_provider_ids_matching /opt/stack/placement/placement/objects/research_context.py:580}}
Dec 14 06:57:03.142308 n-d-817326-5 devstack@placement-api.service[110466]: DEBUG placement.objects.research_context [req-8e4472cb-09dc-4764-8161-020220b3842a req-483e103c-adba-4523-83e5-882fb9698d94 service placement] found 2 providers with available 1 VCPU {{(pid=110466) get_provider_ids_matching /opt/stack/placement/placement/objects/research_context.py:549}}
Dec 14 06:57:03.144575 n-d-817326-5 devstack@placement-api.service[110466]: DEBUG placement.objects.research_context [req-8e4472cb-09dc-4764-8161-020220b3842a req-483e103c-adba-4523-83e5-882fb9698d94 service placement] found 2 providers after filtering by previous result {{(pid=110466) get_provider_ids_matching /opt/stack/placement/placement/objects/research_context.py:580}}
Dec 14 06:57:03.160239 n-d-817326-5 devstack@placement-api.service[110466]: DEBUG placement.objects.allocation_candidate [req-8e4472cb-09dc-4764-8161-020220b3842a req-483e103c-adba-4523-83e5-882fb9698d94 service placement] RequestGroup(use_same_provider=False, resources={DISK_GB:1, MEMORY_MB:1024, VCPU:1}, traits=[], aggregates=[]) (suffix '') returned 2 matches {{(pid=110466) _get_by_requests /opt/stack/placement/placement/objects/allocation_candidate.py:145}}
Dec 14 06:57:03.160994 n-d-817326-5 devstack@placement-api.service[110466]: DEBUG placement.objects.allocation_candidate [req-8e4472cb-09dc-4764-8161-020220b3842a req-483e103c-adba-4523-83e5-882fb9698d94 service placement] Merging candidates yields 2 allocation requests and 2 provider summaries {{(pid=110466) _merge_candidates /opt/stack/placement/placement/objects/allocation_candidate.py:783}}
Dec 14 06:57:03.170822 n-d-817326-5 devstack@placement-api.service[110466]: INFO placement.requestlog [req-8e4472cb-09dc-4764-8161-020220b3842a req-483e103c-adba-4523-83e5-882fb9698d94 service placement] 10.222.0.24 "GET /placement/allocation_candidates?limit=1000&resources=DISK_GB%3A1%2CMEMORY_MB%3A1024%2CVCPU%3A1&root_required=%21COMPUTE_STATUS_DISABLED" status: 200 len: 1309 microversion: 1.36
Dec 14 06:57:03.171572 n-d-817326-5 devstack@placement-api.service[110466]: [pid: 110466|app: 0|req: 331/655] 10.222.0.24 () {60 vars in 1506 bytes} [Tue Dec 14 06:57:03 2021] GET /placement/allocation_candidates?limit=1000&resources=DISK_GB%3A1%2CMEMORY_MB%3A1024%2CVCPU%3A1&root_required=%21COMPUTE_STATUS_DISABLED => generated 1309 bytes in 140 msecs (HTTP/1.1 200) 8 headers in 297 bytes (1 switches on core 0)
Dec 14 06:57:03.276063 n-d-817326-5 devstack@placement-api.service[110467]: DEBUG placement.requestlog [req-8e4472cb-09dc-4764-8161-020220b3842a req-ca8216e4-39b4-48e2-988f-23f87f3f2274 None None] Starting request: 10.222.0.24 "GET /placement/allocations/b8304948-0be7-4eb8-9c3e-f110ec2f08e2" {{(pid=110467) __call__ /opt/stack/placement/placement/requestlog.py:55}}
Dec 14 06:57:03.291764 n-d-817326-5 devstack@placement-api.service[110467]: INFO placement.requestlog [req-8e4472cb-09dc-4764-8161-020220b3842a req-ca8216e4-39b4-48e2-988f-23f87f3f2274 service placement] 10.222.0.24 "GET /placement/allocations/b8304948-0be7-4eb8-9c3e-f110ec2f08e2" status: 200 len: 19 microversion: 1.28
Dec 14 06:57:03.292159 n-d-817326-5 devstack@placement-api.service[110467]: [pid: 110467|app: 0|req: 325/656] 10.222.0.24 () {60 vars in 1380 bytes} [Tue Dec 14 06:57:03 2021] GET /placement/allocations/b8304948-0be7-4eb8-9c3e-f110ec2f08e2 => generated 19 bytes in 16 msecs (HTTP/1.1 200) 8 headers in 295 bytes (1 switches on core 0)
Dec 14 06:57:03.301037 n-d-817326-5 devstack@placement-api.service[110466]: DEBUG placement.requestlog [req-8e4472cb-09dc-4764-8161-020220b3842a req-0603ce69-b795-47fd-b832-39159d47c7ec None None] Starting request: 10.222.0.24 "PUT /placement/allocations/b8304948-0be7-4eb8-9c3e-f110ec2f08e2" {{(pid=110466) __call__ /opt/stack/placement/placement/requestlog.py:55}}
Dec 14 06:57:03.404435 n-d-817326-5 devstack@placement-api.service[110467]: DEBUG placement.requestlog [req-30bbb457-e664-4f9c-8c86-39cd714f3121 req-e6370d90-6917-4224-8250-ea8ac9c0b6ae None None] Starting request: 10.222.0.20 "DELETE /placement/allocations/3e65fd1a-1022-4a38-9d72-ef4fdef4772b" {{(pid=110467) __call__ /opt/stack/placement/placement/requestlog.py:55}}
Dec 14 06:57:03.472583 n-d-817326-5 devstack@placement-api.service[110467]: DEBUG placement.handlers.allocation [req-30bbb457-e664-4f9c-8c86-39cd714f3121 req-e6370d90-6917-4224-8250-ea8ac9c0b6ae service placement] Successfully deleted allocations [, , ] {{(pid=110467) delete_allocations /opt/stack/placement/placement/handlers/allocation.py:627}}
Dec 14 06:57:03.473032 n-d-817326-5 devstack@placement-api.service[110467]: INFO placement.requestlog [req-30bbb457-e664-4f9c-8c86-39cd714f3121 req-e6370d90-6917-4224-8250-ea8ac9c0b6ae service placement] 10.222.0.20 "DELETE /placement/allocations/3e65fd1a-1022-4a38-9d72-ef4fdef4772b" status: 204 len: 0 microversion: 1.0
Dec 14 06:57:03.473702 n-d-817326-5 devstack@placement-api.service[110467]: [pid: 110467|app: 0|req: 326/657] 10.222.0.20 () {60 vars in 1355 bytes} [Tue Dec 14 06:57:03 2021] DELETE /placement/allocations/3e65fd1a-1022-4a38-9d72-ef4fdef4772b => generated 0 bytes in 70 msecs (HTTP/1.1 204) 5 headers in 198 bytes (1 switches on core 0)
Dec 14 06:57:03.482279 n-d-817326-5 devstack@placement-api.service[110466]: DEBUG placement.handlers.allocation [req-8e4472cb-09dc-4764-8161-020220b3842a req-0603ce69-b795-47fd-b832-39159d47c7ec service placement] Successfully wrote allocations [, , ] {{(pid=110466) _update_consumers_and_create_allocations /opt/stack/placement/placement/handlers/allocation.py:462}}
Dec 14 06:57:03.490495 n-d-817326-5 devstack@placement-api.service[110466]: INFO placement.requestlog [req-8e4472cb-09dc-4764-8161-020220b3842a req-0603ce69-b795-47fd-b832-39159d47c7ec service placement] 10.222.0.24 "PUT /placement/allocations/b8304948-0be7-4eb8-9c3e-f110ec2f08e2" status: 204 len: 0 microversion: 1.36
Dec 14 06:57:03.491572 n-d-817326-5 devstack@placement-api.service[110466]: [pid: 110466|app: 0|req: 332/658] 10.222.0.24 () {64 vars in 1433 bytes} [Tue Dec 14 06:57:03 2021] PUT /placement/allocations/b8304948-0be7-4eb8-9c3e-f110ec2f08e2 => generated 0 bytes in 191 msecs (HTTP/1.1 204) 5 headers in 199 bytes (2 switches on core 0)
Dec 14 06:57:04.083485 n-d-817326-5 devstack@placement-api.service[110467]: DEBUG placement.requestlog [req-8e4472cb-09dc-4764-8161-020220b3842a req-010039ea-fb54-4539-9bd3-bdc59bf05506 None None] Starting request: 10.222.0.20 "GET /placement/allocations/b8304948-0be7-4eb8-9c3e-f110ec2f08e2" {{(pid=110467) __call__ /opt/stack/placement/placement/requestlog.py:55}}
Dec 14 06:57:04.123452 n-d-817326-5 devstack@placement-api.service[110467]: INFO placement.requestlog [req-8e4472cb-09dc-4764-8161-020220b3842a req-010039ea-fb54-4539-9bd3-bdc59bf05506 service placement] 10.222.0.20 "GET /placement/allocations/b8304948-0be7-4eb8-9c3e-f110ec2f08e2" status: 200 len: 259 microversion: 1.28
Dec 14 06:57:04.123859 n-d-817326-5 devstack@placement-api.service[110467]: [pid: 110467|app: 0|req: 327/659] 10.222.0.20 () {60 vars in 1377 bytes} [Tue Dec 14 06:57:04 2021] GET /placement/allocations/b8304948-0be7-4eb8-9c3e-f110ec2f08e2 => generated 259 bytes in 41 msecs (HTTP/1.1 200) 8 headers in 296 bytes (2 switches on core 0)
Dec 14 06:57:06.394498 n-d-817326-5 devstack@placement-api.service[110466]: DEBUG placement.requestlog [req-5515598d-e435-48e6-be25-08b28ca2f68a req-8f4b3d08-ff83-46ec-a361-5e307ca138bb None None] Starting request: 10.222.0.24 "GET /placement/allocation_candidates?limit=1000&resources=DISK_GB%3A1%2CMEMORY_MB%3A1024%2CVCPU%3A1&root_required=%21COMPUTE_STATUS_DISABLED" {{(pid=110466) __call__ /opt/stack/placement/placement/requestlog.py:55}}
Dec 14 06:57:06.449987 n-d-817326-5 devstack@placement-api.service[110466]: DEBUG placement.objects.research_context [req-5515598d-e435-48e6-be25-08b28ca2f68a req-8f4b3d08-ff83-46ec-a361-5e307ca138bb service placement] getting providers with 1 DISK_GB {{(pid=110466) __init__ /opt/stack/placement/placement/objects/research_context.py:126}}
Dec 14 06:57:06.463901 n-d-817326-5 devstack@placement-api.service[110466]: DEBUG placement.objects.research_context [req-5515598d-e435-48e6-be25-08b28ca2f68a req-8f4b3d08-ff83-46ec-a361-5e307ca138bb service placement] getting providers with 1024 MEMORY_MB {{(pid=110466) __init__ /opt/stack/placement/placement/objects/research_context.py:126}}
Dec 14 06:57:06.481728 n-d-817326-5 devstack@placement-api.service[110466]: DEBUG placement.objects.research_context [req-5515598d-e435-48e6-be25-08b28ca2f68a req-8f4b3d08-ff83-46ec-a361-5e307ca138bb service placement] getting providers with 1 VCPU {{(pid=110466) __init__ /opt/stack/placement/placement/objects/research_context.py:126}}
Dec 14 06:57:06.493724 n-d-817326-5 devstack@placement-api.service[110466]: DEBUG placement.objects.research_context [req-5515598d-e435-48e6-be25-08b28ca2f68a req-8f4b3d08-ff83-46ec-a361-5e307ca138bb service placement] found 2 providers with available 1 DISK_GB {{(pid=110466) get_provider_ids_matching /opt/stack/placement/placement/objects/research_context.py:549}}
Dec 14 06:57:06.494486 n-d-817326-5 devstack@placement-api.service[110466]: DEBUG placement.objects.research_context [req-5515598d-e435-48e6-be25-08b28ca2f68a req-8f4b3d08-ff83-46ec-a361-5e307ca138bb service placement] found 2 providers with available 1024 MEMORY_MB {{(pid=110466) get_provider_ids_matching /opt/stack/placement/placement/objects/research_context.py:549}}
Dec 14 06:57:06.494827 n-d-817326-5 devstack@placement-api.service[110466]: DEBUG placement.objects.research_context [req-5515598d-e435-48e6-be25-08b28ca2f68a req-8f4b3d08-ff83-46ec-a361-5e307ca138bb service placement] found 2 providers after filtering by previous result {{(pid=110466) get_provider_ids_matching /opt/stack/placement/placement/objects/research_context.py:580}}
Dec 14 06:57:06.495381 n-d-817326-5 devstack@placement-api.service[110466]: DEBUG placement.objects.research_context [req-5515598d-e435-48e6-be25-08b28ca2f68a req-8f4b3d08-ff83-46ec-a361-5e307ca138bb service placement] found 2 providers with available 1 VCPU {{(pid=110466) get_provider_ids_matching /opt/stack/placement/placement/objects/research_context.py:549}}
Dec 14 06:57:06.495844 n-d-817326-5 devstack@placement-api.service[110466]: DEBUG placement.objects.research_context [req-5515598d-e435-48e6-be25-08b28ca2f68a req-8f4b3d08-ff83-46ec-a361-5e307ca138bb service placement] found 2 providers after filtering by previous result {{(pid=110466) get_provider_ids_matching /opt/stack/placement/placement/objects/research_context.py:580}}
Dec 14 06:57:06.507332 n-d-817326-5 devstack@placement-api.service[110466]: DEBUG placement.objects.allocation_candidate [req-5515598d-e435-48e6-be25-08b28ca2f68a req-8f4b3d08-ff83-46ec-a361-5e307ca138bb service placement] RequestGroup(use_same_provider=False, resources={DISK_GB:1, MEMORY_MB:1024, VCPU:1}, traits=[], aggregates=[]) (suffix '') returned 2 matches {{(pid=110466) _get_by_requests /opt/stack/placement/placement/objects/allocation_candidate.py:145}}
Dec 14 06:57:06.508076 n-d-817326-5 devstack@placement-api.service[110466]: DEBUG placement.objects.allocation_candidate [req-5515598d-e435-48e6-be25-08b28ca2f68a req-8f4b3d08-ff83-46ec-a361-5e307ca138bb service placement] Merging candidates yields 2 allocation requests and 2 provider summaries {{(pid=110466) _merge_candidates /opt/stack/placement/placement/objects/allocation_candidate.py:783}}
Dec 14 06:57:06.509916 n-d-817326-5 devstack@placement-api.service[110466]: INFO placement.requestlog [req-5515598d-e435-48e6-be25-08b28ca2f68a req-8f4b3d08-ff83-46ec-a361-5e307ca138bb service placement] 10.222.0.24 "GET /placement/allocation_candidates?limit=1000&resources=DISK_GB%3A1%2CMEMORY_MB%3A1024%2CVCPU%3A1&root_required=%21COMPUTE_STATUS_DISABLED" status: 200 len: 1309 microversion: 1.36
Dec 14 06:57:06.553967 n-d-817326-5 devstack@placement-api.service[110466]: [pid: 110466|app: 0|req: 333/660] 10.222.0.24 () {60 vars in 1506 bytes} [Tue Dec 14 06:57:06 2021] GET /placement/allocation_candidates?limit=1000&resources=DISK_GB%3A1%2CMEMORY_MB%3A1024%2CVCPU%3A1&root_required=%21COMPUTE_STATUS_DISABLED => generated 1309 bytes in 149 msecs (HTTP/1.1 200) 8 headers in 297 bytes (1 switches on core 0)
Dec 14 06:57:06.630923 n-d-817326-5 devstack@placement-api.service[110467]: DEBUG placement.requestlog [req-5515598d-e435-48e6-be25-08b28ca2f68a req-4463bacd-a70a-40fa-a44c-551a8cac646c None None] Starting request: 10.222.0.24 "GET /placement/allocations/dbdbe9b9-90e3-4c88-bef5-c46f30b13836" {{(pid=110467) __call__ /opt/stack/placement/placement/requestlog.py:55}}
Dec 14 06:57:06.656137 n-d-817326-5 devstack@placement-api.service[110467]: INFO placement.requestlog [req-5515598d-e435-48e6-be25-08b28ca2f68a req-4463bacd-a70a-40fa-a44c-551a8cac646c service placement] 10.222.0.24 "GET /placement/allocations/dbdbe9b9-90e3-4c88-bef5-c46f30b13836" status: 200 len: 19 microversion: 1.28
Dec 14 06:57:06.656544 n-d-817326-5 devstack@placement-api.service[110467]: [pid: 110467|app: 0|req: 328/661] 10.222.0.24 () {60 vars in 1380 bytes} [Tue Dec 14 06:57:06 2021] GET /placement/allocations/dbdbe9b9-90e3-4c88-bef5-c46f30b13836 => generated 19 bytes in 26 msecs (HTTP/1.1 200) 8 headers in 295 bytes (1 switches on core 0)
Dec 14 06:57:06.662965 n-d-817326-5 devstack@placement-api.service[110466]: DEBUG placement.requestlog [req-5515598d-e435-48e6-be25-08b28ca2f68a req-18a530f9-ad99-48b8-bae9-69a2a23d20b8 None None] Starting request: 10.222.0.24 "PUT /placement/allocations/dbdbe9b9-90e3-4c88-bef5-c46f30b13836" {{(pid=110466) __call__ /opt/stack/placement/placement/requestlog.py:55}}
Dec 14 06:57:06.805208 n-d-817326-5 devstack@placement-api.service[110467]: DEBUG placement.requestlog [req-64493994-7bef-45e4-993e-91a4dcbbc247 req-3fc801b1-15c4-41a4-ab9d-2aeffaa11344 None None] Starting request: 10.222.0.36 "GET /placement/resource_providers/638c63fb-9dae-4214-b741-4ef198abf5ed/allocations" {{(pid=110467) __call__ /opt/stack/placement/placement/requestlog.py:55}}
Dec 14 06:57:06.824780 n-d-817326-5 devstack@placement-api.service[110466]: DEBUG placement.handlers.allocation [req-5515598d-e435-48e6-be25-08b28ca2f68a req-18a530f9-ad99-48b8-bae9-69a2a23d20b8 service placement] Successfully wrote allocations [, , ] {{(pid=110466) _update_consumers_and_create_allocations /opt/stack/placement/placement/handlers/allocation.py:462}}
Dec 14 06:57:06.833837 n-d-817326-5 devstack@placement-api.service[110466]: INFO placement.requestlog [req-5515598d-e435-48e6-be25-08b28ca2f68a req-18a530f9-ad99-48b8-bae9-69a2a23d20b8 service placement] 10.222.0.24 "PUT /placement/allocations/dbdbe9b9-90e3-4c88-bef5-c46f30b13836" status: 204 len: 0 microversion: 1.36
Dec 14 06:57:06.834684 n-d-817326-5 devstack@placement-api.service[110466]: [pid: 110466|app: 0|req: 334/662] 10.222.0.24 () {64 vars in 1433 bytes} [Tue Dec 14 06:57:06 2021] PUT /placement/allocations/dbdbe9b9-90e3-4c88-bef5-c46f30b13836 => generated 0 bytes in 172 msecs (HTTP/1.1 204) 5 headers in 199 bytes (1 switches on core 0)
Dec 14 06:57:06.882156 n-d-817326-5 devstack@placement-api.service[110467]: INFO placement.requestlog [req-64493994-7bef-45e4-993e-91a4dcbbc247 req-3fc801b1-15c4-41a4-ab9d-2aeffaa11344 service placement] 10.222.0.36 "GET /placement/resource_providers/638c63fb-9dae-4214-b741-4ef198abf5ed/allocations" status: 200 len: 241 microversion: 1.0
Dec 14 06:57:06.883010 n-d-817326-5 devstack@placement-api.service[110467]: [pid: 110467|app: 0|req: 329/663] 10.222.0.36 () {58 vars in 1390 bytes} [Tue Dec 14 06:57:06 2021] GET /placement/resource_providers/638c63fb-9dae-4214-b741-4ef198abf5ed/allocations => generated 241 bytes in 78 msecs (HTTP/1.1 200) 6 headers in 224 bytes (2 switches on core 0)
Dec 14 06:57:07.324466 n-d-817326-5 devstack@placement-api.service[110466]: DEBUG placement.requestlog [req-5515598d-e435-48e6-be25-08b28ca2f68a req-1803e34e-ec76-4d96-9698-db5e95f3d37a None None] Starting request: 10.222.0.36 "GET /placement/allocations/dbdbe9b9-90e3-4c88-bef5-c46f30b13836" {{(pid=110466) __call__ /opt/stack/placement/placement/requestlog.py:55}}
Dec 14 06:57:07.362940 n-d-817326-5 devstack@placement-api.service[110466]: INFO placement.requestlog [req-5515598d-e435-48e6-be25-08b28ca2f68a req-1803e34e-ec76-4d96-9698-db5e95f3d37a service placement] 10.222.0.36 "GET /placement/allocations/dbdbe9b9-90e3-4c88-bef5-c46f30b13836" status: 200 len: 259 microversion: 1.28
Dec 14 06:57:07.366073 n-d-817326-5 devstack@placement-api.service[110466]: [pid: 110466|app: 0|req: 335/664] 10.222.0.36 () {60 vars in 1377 bytes} [Tue Dec 14 06:57:07 2021] GET /placement/allocations/dbdbe9b9-90e3-4c88-bef5-c46f30b13836 => generated 259 bytes in 42 msecs (HTTP/1.1 200) 8 headers in 296 bytes (1 switches on core 0)
Dec 14 06:57:21.267252 n-d-817326-5 devstack@placement-api.service[110467]: DEBUG placement.requestlog [req-c3048c55-584f-46f7-a559-19096a1505a7 req-e254aace-0b21-40d8-ad3e-82f73cf2ed65 None None] Starting request: 10.222.0.24 "GET /placement/allocation_candidates?limit=1000&resources=DISK_GB%3A1%2CMEMORY_MB%3A1024%2CVCPU%3A1&root_required=%21COMPUTE_STATUS_DISABLED" {{(pid=110467) __call__ /opt/stack/placement/placement/requestlog.py:55}}
Dec 14 06:57:21.415144 n-d-817326-5 devstack@placement-api.service[110467]: DEBUG placement.objects.research_context [req-c3048c55-584f-46f7-a559-19096a1505a7 req-e254aace-0b21-40d8-ad3e-82f73cf2ed65 service placement] getting providers with 1 DISK_GB {{(pid=110467) __init__ /opt/stack/placement/placement/objects/research_context.py:126}}
Dec 14 06:57:21.428500 n-d-817326-5 devstack@placement-api.service[110467]: DEBUG placement.objects.research_context [req-c3048c55-584f-46f7-a559-19096a1505a7 req-e254aace-0b21-40d8-ad3e-82f73cf2ed65 service placement] getting providers with 1024 MEMORY_MB {{(pid=110467) __init__ /opt/stack/placement/placement/objects/research_context.py:126}}
Dec 14 06:57:21.440383 n-d-817326-5 devstack@placement-api.service[110467]: DEBUG placement.objects.research_context [req-c3048c55-584f-46f7-a559-19096a1505a7 req-e254aace-0b21-40d8-ad3e-82f73cf2ed65 service placement] getting providers with 1 VCPU {{(pid=110467) __init__ /opt/stack/placement/placement/objects/research_context.py:126}}
Dec 14 06:57:21.449987 n-d-817326-5 devstack@placement-api.service[110467]: DEBUG placement.objects.research_context [req-c3048c55-584f-46f7-a559-19096a1505a7 req-e254aace-0b21-40d8-ad3e-82f73cf2ed65 service placement] found 2 providers with available 1 DISK_GB {{(pid=110467) get_provider_ids_matching /opt/stack/placement/placement/objects/research_context.py:549}}
Dec 14 06:57:21.451172 n-d-817326-5 devstack@placement-api.service[110467]: DEBUG placement.objects.research_context [req-c3048c55-584f-46f7-a559-19096a1505a7 req-e254aace-0b21-40d8-ad3e-82f73cf2ed65 service placement] found 2 providers with available 1024 MEMORY_MB {{(pid=110467) get_provider_ids_matching /opt/stack/placement/placement/objects/research_context.py:549}}
Dec 14 06:57:21.451520 n-d-817326-5 devstack@placement-api.service[110467]: DEBUG placement.objects.research_context [req-c3048c55-584f-46f7-a559-19096a1505a7 req-e254aace-0b21-40d8-ad3e-82f73cf2ed65 service placement] found 2 providers after filtering by previous result {{(pid=110467) get_provider_ids_matching /opt/stack/placement/placement/objects/research_context.py:580}}
Dec 14 06:57:21.452440 n-d-817326-5 devstack@placement-api.service[110467]: DEBUG placement.objects.research_context [req-c3048c55-584f-46f7-a559-19096a1505a7 req-e254aace-0b21-40d8-ad3e-82f73cf2ed65 service placement] found 2 providers with available 1 VCPU {{(pid=110467) get_provider_ids_matching /opt/stack/placement/placement/objects/research_context.py:549}}
Dec 14 06:57:21.452781 n-d-817326-5 devstack@placement-api.service[110467]: DEBUG placement.objects.research_context [req-c3048c55-584f-46f7-a559-19096a1505a7 req-e254aace-0b21-40d8-ad3e-82f73cf2ed65 service placement] found 2 providers after filtering by previous result {{(pid=110467) get_provider_ids_matching /opt/stack/placement/placement/objects/research_context.py:580}}
Dec 14 06:57:21.466157 n-d-817326-5 devstack@placement-api.service[110467]: DEBUG placement.objects.allocation_candidate [req-c3048c55-584f-46f7-a559-19096a1505a7 req-e254aace-0b21-40d8-ad3e-82f73cf2ed65 service placement] RequestGroup(use_same_provider=False, resources={DISK_GB:1, MEMORY_MB:1024, VCPU:1}, traits=[], aggregates=[]) (suffix '') returned 2 matches {{(pid=110467) _get_by_requests /opt/stack/placement/placement/objects/allocation_candidate.py:145}}
Dec 14 06:57:21.466541 n-d-817326-5 devstack@placement-api.service[110467]: DEBUG placement.objects.allocation_candidate [req-c3048c55-584f-46f7-a559-19096a1505a7 req-e254aace-0b21-40d8-ad3e-82f73cf2ed65 service placement] Merging candidates yields 2 allocation requests and 2 provider summaries {{(pid=110467) _merge_candidates /opt/stack/placement/placement/objects/allocation_candidate.py:783}}
Dec 14 06:57:21.468198 n-d-817326-5 devstack@placement-api.service[110467]: INFO placement.requestlog [req-c3048c55-584f-46f7-a559-19096a1505a7 req-e254aace-0b21-40d8-ad3e-82f73cf2ed65 service placement] 10.222.0.24 "GET /placement/allocation_candidates?limit=1000&resources=DISK_GB%3A1%2CMEMORY_MB%3A1024%2CVCPU%3A1&root_required=%21COMPUTE_STATUS_DISABLED" status: 200 len: 1309 microversion: 1.36
Dec 14 06:57:21.486312 n-d-817326-5 devstack@placement-api.service[110467]: [pid: 110467|app: 0|req: 330/665] 10.222.0.24 () {60 vars in 1506 bytes} [Tue Dec 14 06:57:21 2021] GET /placement/allocation_candidates?limit=1000&resources=DISK_GB%3A1%2CMEMORY_MB%3A1024%2CVCPU%3A1&root_required=%21COMPUTE_STATUS_DISABLED => generated 1309 bytes in 219 msecs (HTTP/1.1 200) 8 headers in 297 bytes (1 switches on core 0)
Dec 14 06:57:21.528147 n-d-817326-5 devstack@placement-api.service[110466]: DEBUG placement.requestlog [req-c3048c55-584f-46f7-a559-19096a1505a7 req-cb32e088-f624-451c-9c4b-4809a8a84642 None None] Starting request: 10.222.0.24 "GET /placement/allocations/56466b53-3ac3-4d39-b6bf-14982d07e427" {{(pid=110466) __call__ /opt/stack/placement/placement/requestlog.py:55}}
Dec 14 06:57:21.546087 n-d-817326-5 devstack@placement-api.service[110466]: INFO placement.requestlog [req-c3048c55-584f-46f7-a559-19096a1505a7 req-cb32e088-f624-451c-9c4b-4809a8a84642 service placement] 10.222.0.24 "GET /placement/allocations/56466b53-3ac3-4d39-b6bf-14982d07e427" status: 200 len: 19 microversion: 1.28
Dec 14 06:57:21.547075 n-d-817326-5 devstack@placement-api.service[110466]: [pid: 110466|app: 0|req: 336/666] 10.222.0.24 () {60 vars in 1380 bytes} [Tue Dec 14 06:57:21 2021] GET /placement/allocations/56466b53-3ac3-4d39-b6bf-14982d07e427 => generated 19 bytes in 19 msecs (HTTP/1.1 200) 8 headers in 295 bytes (1 switches on core 0)
Dec 14 06:57:21.556265 n-d-817326-5 devstack@placement-api.service[110467]: DEBUG placement.requestlog [req-c3048c55-584f-46f7-a559-19096a1505a7 req-c1d2c2f9-d593-4995-ab05-37b2c3d25e54 None None] Starting request: 10.222.0.24 "PUT /placement/allocations/56466b53-3ac3-4d39-b6bf-14982d07e427" {{(pid=110467) __call__ /opt/stack/placement/placement/requestlog.py:55}}
