Nov 25 19:20:20.688635 n-d-817303-9 devstack@placement-api.service[104133]: DEBUG placement.requestlog [req-32146e89-52f7-47e7-ab3d-b860b5c16575 req-c7f929b9-8f54-4468-b2db-bbc660eec306 None None] Starting request: 10.222.0.15 "GET /placement/allocations/2f646cf7-5c62-4f22-9e95-4e1505960947" {{(pid=104133) __call__ /opt/stack/placement/placement/requestlog.py:55}}
Nov 25 19:20:20.756288 n-d-817303-9 devstack@placement-api.service[104133]: INFO placement.requestlog [req-32146e89-52f7-47e7-ab3d-b860b5c16575 req-c7f929b9-8f54-4468-b2db-bbc660eec306 service placement] 10.222.0.15 "GET /placement/allocations/2f646cf7-5c62-4f22-9e95-4e1505960947" status: 200 len: 259 microversion: 1.28
Nov 25 19:20:20.757497 n-d-817303-9 devstack@placement-api.service[104133]: [pid: 104133|app: 0|req: 77/152] 10.222.0.15 () {60 vars in 1380 bytes} [Thu Nov 25 19:20:20 2021] GET /placement/allocations/2f646cf7-5c62-4f22-9e95-4e1505960947 => generated 259 bytes in 69 msecs (HTTP/1.1 200) 8 headers in 296 bytes (1 switches on core 0)
Nov 25 19:20:20.773363 n-d-817303-9 devstack@placement-api.service[104134]: DEBUG placement.requestlog [req-32146e89-52f7-47e7-ab3d-b860b5c16575 req-d148012e-1ff0-402f-b46f-1c0c53f62296 None None] Starting request: 10.222.0.15 "GET /placement/allocations/068bdbb1-eb04-4f64-8384-506c8ffbc4ca" {{(pid=104134) __call__ /opt/stack/placement/placement/requestlog.py:55}}
Nov 25 19:20:20.804965 n-d-817303-9 devstack@placement-api.service[104134]: INFO placement.requestlog [req-32146e89-52f7-47e7-ab3d-b860b5c16575 req-d148012e-1ff0-402f-b46f-1c0c53f62296 service placement] 10.222.0.15 "GET /placement/allocations/068bdbb1-eb04-4f64-8384-506c8ffbc4ca" status: 200 len: 19 microversion: 1.28
Nov 25 19:20:20.807654 n-d-817303-9 devstack@placement-api.service[104134]: [pid: 104134|app: 0|req: 76/153] 10.222.0.15 () {60 vars in 1380 bytes} [Thu Nov 25 19:20:20 2021] GET /placement/allocations/068bdbb1-eb04-4f64-8384-506c8ffbc4ca => generated 19 bytes in 34 msecs (HTTP/1.1 200) 8 headers in 295 bytes (1 switches on core 0)
Nov 25 19:20:20.819289 n-d-817303-9 devstack@placement-api.service[104133]: DEBUG placement.requestlog [req-32146e89-52f7-47e7-ab3d-b860b5c16575 req-c659a87e-260c-459b-81ba-760df1f29eff None None] Starting request: 10.222.0.15 "POST /placement/allocations" {{(pid=104133) __call__ /opt/stack/placement/placement/requestlog.py:55}}
Nov 25 19:20:21.096932 n-d-817303-9 devstack@placement-api.service[104133]: DEBUG placement.handlers.allocation [req-32146e89-52f7-47e7-ab3d-b860b5c16575 req-c659a87e-260c-459b-81ba-760df1f29eff service placement] Successfully wrote allocations [, , , , , ] {{(pid=104133) _update_consumers_and_create_allocations /opt/stack/placement/placement/handlers/allocation.py:572}}
Nov 25 19:20:21.104067 n-d-817303-9 devstack@placement-api.service[104133]: INFO placement.requestlog [req-32146e89-52f7-47e7-ab3d-b860b5c16575 req-c659a87e-260c-459b-81ba-760df1f29eff service placement] 10.222.0.15 "POST /placement/allocations" status: 204 len: 0 microversion: 1.28
Nov 25 19:20:21.105290 n-d-817303-9 devstack@placement-api.service[104133]: [pid: 104133|app: 0|req: 78/154] 10.222.0.15 () {64 vars in 1323 bytes} [Thu Nov 25 19:20:20 2021] POST /placement/allocations => generated 0 bytes in 286 msecs (HTTP/1.1 204) 5 headers in 199 bytes (1 switches on core 0)
Nov 25 19:20:21.195504 n-d-817303-9 devstack@placement-api.service[104134]: DEBUG placement.requestlog [req-32146e89-52f7-47e7-ab3d-b860b5c16575 req-4f5ce909-8b3b-46a9-9a6e-da6c5a5b3774 None None] Starting request: 10.222.0.15 "GET /placement/allocations/2f646cf7-5c62-4f22-9e95-4e1505960947" {{(pid=104134) __call__ /opt/stack/placement/placement/requestlog.py:55}}
Nov 25 19:20:21.266131 n-d-817303-9 devstack@placement-api.service[104134]: INFO placement.requestlog [req-32146e89-52f7-47e7-ab3d-b860b5c16575 req-4f5ce909-8b3b-46a9-9a6e-da6c5a5b3774 service placement] 10.222.0.15 "GET /placement/allocations/2f646cf7-5c62-4f22-9e95-4e1505960947" status: 200 len: 19 microversion: 1.28
Nov 25 19:20:21.268427 n-d-817303-9 devstack@placement-api.service[104134]: [pid: 104134|app: 0|req: 77/155] 10.222.0.15 () {60 vars in 1380 bytes} [Thu Nov 25 19:20:21 2021] GET /placement/allocations/2f646cf7-5c62-4f22-9e95-4e1505960947 => generated 19 bytes in 73 msecs (HTTP/1.1 200) 8 headers in 295 bytes (1 switches on core 0)
Nov 25 19:20:21.288841 n-d-817303-9 devstack@placement-api.service[104133]: DEBUG placement.requestlog [req-32146e89-52f7-47e7-ab3d-b860b5c16575 req-a3375e96-119e-47ed-9eb1-9d00d9d9bcab None None] Starting request: 10.222.0.15 "PUT /placement/allocations/2f646cf7-5c62-4f22-9e95-4e1505960947" {{(pid=104133) __call__ /opt/stack/placement/placement/requestlog.py:55}}
Nov 25 19:20:21.412781 n-d-817303-9 devstack@placement-api.service[104134]: DEBUG placement.requestlog [req-8e1f92c2-51e4-46c9-b2ba-d94e38358d1b req-984de8f3-f8b3-4758-aed1-b4baf7e4e2ec None None] Starting request: 10.222.0.76 "GET /placement/allocations/70784d25-0cf0-451c-ace1-2f5322007c28" {{(pid=104134) __call__ /opt/stack/placement/placement/requestlog.py:55}}
Nov 25 19:20:21.450248 n-d-817303-9 devstack@placement-api.service[104133]: DEBUG placement.handlers.allocation [req-32146e89-52f7-47e7-ab3d-b860b5c16575 req-a3375e96-119e-47ed-9eb1-9d00d9d9bcab service placement] Successfully wrote allocations [, , ] {{(pid=104133) _update_consumers_and_create_allocations /opt/stack/placement/placement/handlers/allocation.py:462}}
Nov 25 19:20:21.456984 n-d-817303-9 devstack@placement-api.service[104133]: INFO placement.requestlog [req-32146e89-52f7-47e7-ab3d-b860b5c16575 req-a3375e96-119e-47ed-9eb1-9d00d9d9bcab service placement] 10.222.0.15 "PUT /placement/allocations/2f646cf7-5c62-4f22-9e95-4e1505960947" status: 204 len: 0 microversion: 1.28
Nov 25 19:20:21.457897 n-d-817303-9 devstack@placement-api.service[104133]: [pid: 104133|app: 0|req: 79/156] 10.222.0.15 () {64 vars in 1433 bytes} [Thu Nov 25 19:20:21 2021] PUT /placement/allocations/2f646cf7-5c62-4f22-9e95-4e1505960947 => generated 0 bytes in 170 msecs (HTTP/1.1 204) 5 headers in 199 bytes (1 switches on core 0)
Nov 25 19:20:21.518667 n-d-817303-9 devstack@placement-api.service[104134]: INFO placement.requestlog [req-8e1f92c2-51e4-46c9-b2ba-d94e38358d1b req-984de8f3-f8b3-4758-aed1-b4baf7e4e2ec service placement] 10.222.0.76 "GET /placement/allocations/70784d25-0cf0-451c-ace1-2f5322007c28" status: 200 len: 259 microversion: 1.28
Nov 25 19:20:21.520785 n-d-817303-9 devstack@placement-api.service[104134]: [pid: 104134|app: 0|req: 78/157] 10.222.0.76 () {60 vars in 1377 bytes} [Thu Nov 25 19:20:21 2021] GET /placement/allocations/70784d25-0cf0-451c-ace1-2f5322007c28 => generated 259 bytes in 108 msecs (HTTP/1.1 200) 8 headers in 296 bytes (1 switches on core 0)
Nov 25 19:20:21.969374 n-d-817303-9 devstack@placement-api.service[104133]: DEBUG placement.requestlog [req-32146e89-52f7-47e7-ab3d-b860b5c16575 req-d656b65c-7de7-48a0-bbac-35c80e51c643 None None] Starting request: 10.222.0.60 "GET /placement/allocations/2f646cf7-5c62-4f22-9e95-4e1505960947" {{(pid=104133) __call__ /opt/stack/placement/placement/requestlog.py:55}}
Nov 25 19:20:22.052455 n-d-817303-9 devstack@placement-api.service[104133]: INFO placement.requestlog [req-32146e89-52f7-47e7-ab3d-b860b5c16575 req-d656b65c-7de7-48a0-bbac-35c80e51c643 service placement] 10.222.0.60 "GET /placement/allocations/2f646cf7-5c62-4f22-9e95-4e1505960947" status: 200 len: 259 microversion: 1.28
Nov 25 19:20:22.054907 n-d-817303-9 devstack@placement-api.service[104133]: [pid: 104133|app: 0|req: 80/158] 10.222.0.60 () {60 vars in 1377 bytes} [Thu Nov 25 19:20:21 2021] GET /placement/allocations/2f646cf7-5c62-4f22-9e95-4e1505960947 => generated 259 bytes in 86 msecs (HTTP/1.1 200) 8 headers in 296 bytes (1 switches on core 0)
Nov 25 19:20:24.317070 n-d-817303-9 devstack@placement-api.service[104134]: DEBUG placement.requestlog [req-7596a9cd-aa74-434c-a85b-a6fa95081108 req-df2a0607-89a7-4a9f-9b51-6cec6a432add None None] Starting request: 10.222.0.15 "GET /placement/allocation_candidates?limit=1000&resources=DISK_GB%3A1%2CMEMORY_MB%3A1024%2CVCPU%3A1&root_required=%21COMPUTE_STATUS_DISABLED" {{(pid=104134) __call__ /opt/stack/placement/placement/requestlog.py:55}}
Nov 25 19:20:24.404257 n-d-817303-9 devstack@placement-api.service[104134]: DEBUG placement.objects.research_context [req-7596a9cd-aa74-434c-a85b-a6fa95081108 req-df2a0607-89a7-4a9f-9b51-6cec6a432add service placement] getting providers with 1 DISK_GB {{(pid=104134) __init__ /opt/stack/placement/placement/objects/research_context.py:126}}
Nov 25 19:20:24.423775 n-d-817303-9 devstack@placement-api.service[104134]: DEBUG placement.objects.research_context [req-7596a9cd-aa74-434c-a85b-a6fa95081108 req-df2a0607-89a7-4a9f-9b51-6cec6a432add service placement] getting providers with 1024 MEMORY_MB {{(pid=104134) __init__ /opt/stack/placement/placement/objects/research_context.py:126}}
Nov 25 19:20:24.448608 n-d-817303-9 devstack@placement-api.service[104134]: DEBUG placement.objects.research_context [req-7596a9cd-aa74-434c-a85b-a6fa95081108 req-df2a0607-89a7-4a9f-9b51-6cec6a432add service placement] getting providers with 1 VCPU {{(pid=104134) __init__ /opt/stack/placement/placement/objects/research_context.py:126}}
Nov 25 19:20:24.471855 n-d-817303-9 devstack@placement-api.service[104134]: DEBUG placement.objects.research_context [req-7596a9cd-aa74-434c-a85b-a6fa95081108 req-df2a0607-89a7-4a9f-9b51-6cec6a432add service placement] found 2 providers with available 1 DISK_GB {{(pid=104134) get_provider_ids_matching /opt/stack/placement/placement/objects/research_context.py:549}}
Nov 25 19:20:24.472776 n-d-817303-9 devstack@placement-api.service[104134]: DEBUG placement.objects.research_context [req-7596a9cd-aa74-434c-a85b-a6fa95081108 req-df2a0607-89a7-4a9f-9b51-6cec6a432add service placement] found 2 providers with available 1024 MEMORY_MB {{(pid=104134) get_provider_ids_matching /opt/stack/placement/placement/objects/research_context.py:549}}
Nov 25 19:20:24.478230 n-d-817303-9 devstack@placement-api.service[104134]: DEBUG placement.objects.research_context [req-7596a9cd-aa74-434c-a85b-a6fa95081108 req-df2a0607-89a7-4a9f-9b51-6cec6a432add service placement] found 2 providers after filtering by previous result {{(pid=104134) get_provider_ids_matching /opt/stack/placement/placement/objects/research_context.py:580}}
Nov 25 19:20:24.479638 n-d-817303-9 devstack@placement-api.service[104134]: DEBUG placement.objects.research_context [req-7596a9cd-aa74-434c-a85b-a6fa95081108 req-df2a0607-89a7-4a9f-9b51-6cec6a432add service placement] found 2 providers with available 1 VCPU {{(pid=104134) get_provider_ids_matching /opt/stack/placement/placement/objects/research_context.py:549}}
Nov 25 19:20:24.481005 n-d-817303-9 devstack@placement-api.service[104134]: DEBUG placement.objects.research_context [req-7596a9cd-aa74-434c-a85b-a6fa95081108 req-df2a0607-89a7-4a9f-9b51-6cec6a432add service placement] found 2 providers after filtering by previous result {{(pid=104134) get_provider_ids_matching /opt/stack/placement/placement/objects/research_context.py:580}}
Nov 25 19:20:24.535114 n-d-817303-9 devstack@placement-api.service[104134]: DEBUG placement.objects.allocation_candidate [req-7596a9cd-aa74-434c-a85b-a6fa95081108 req-df2a0607-89a7-4a9f-9b51-6cec6a432add service placement] RequestGroup(use_same_provider=False, resources={DISK_GB:1, MEMORY_MB:1024, VCPU:1}, traits=[], aggregates=[]) (suffix '') returned 2 matches {{(pid=104134) _get_by_requests /opt/stack/placement/placement/objects/allocation_candidate.py:145}}
Nov 25 19:20:24.536624 n-d-817303-9 devstack@placement-api.service[104134]: DEBUG placement.objects.allocation_candidate [req-7596a9cd-aa74-434c-a85b-a6fa95081108 req-df2a0607-89a7-4a9f-9b51-6cec6a432add service placement] Merging candidates yields 2 allocation requests and 2 provider summaries {{(pid=104134) _merge_candidates /opt/stack/placement/placement/objects/allocation_candidate.py:783}}
Nov 25 19:20:24.557177 n-d-817303-9 devstack@placement-api.service[104134]: INFO placement.requestlog [req-7596a9cd-aa74-434c-a85b-a6fa95081108 req-df2a0607-89a7-4a9f-9b51-6cec6a432add service placement] 10.222.0.15 "GET /placement/allocation_candidates?limit=1000&resources=DISK_GB%3A1%2CMEMORY_MB%3A1024%2CVCPU%3A1&root_required=%21COMPUTE_STATUS_DISABLED" status: 200 len: 1309 microversion: 1.36
Nov 25 19:20:24.558112 n-d-817303-9 devstack@placement-api.service[104134]: [pid: 104134|app: 0|req: 79/159] 10.222.0.15 () {60 vars in 1506 bytes} [Thu Nov 25 19:20:24 2021] GET /placement/allocation_candidates?limit=1000&resources=DISK_GB%3A1%2CMEMORY_MB%3A1024%2CVCPU%3A1&root_required=%21COMPUTE_STATUS_DISABLED => generated 1309 bytes in 241 msecs (HTTP/1.1 200) 8 headers in 297 bytes (1 switches on core 0)
Nov 25 19:20:24.655410 n-d-817303-9 devstack@placement-api.service[104133]: DEBUG placement.requestlog [req-7596a9cd-aa74-434c-a85b-a6fa95081108 req-c7bd7ffd-49da-413f-872f-e93b5fe34f66 None None] Starting request: 10.222.0.15 "GET /placement/allocations/77be7e98-f89d-426c-95b1-0053a2ee98b5" {{(pid=104133) __call__ /opt/stack/placement/placement/requestlog.py:55}}
Nov 25 19:20:24.675898 n-d-817303-9 devstack@placement-api.service[104133]: INFO placement.requestlog [req-7596a9cd-aa74-434c-a85b-a6fa95081108 req-c7bd7ffd-49da-413f-872f-e93b5fe34f66 service placement] 10.222.0.15 "GET /placement/allocations/77be7e98-f89d-426c-95b1-0053a2ee98b5" status: 200 len: 19 microversion: 1.28
Nov 25 19:20:24.683659 n-d-817303-9 devstack@placement-api.service[104133]: [pid: 104133|app: 0|req: 81/160] 10.222.0.15 () {60 vars in 1380 bytes} [Thu Nov 25 19:20:24 2021] GET /placement/allocations/77be7e98-f89d-426c-95b1-0053a2ee98b5 => generated 19 bytes in 28 msecs (HTTP/1.1 200) 8 headers in 295 bytes (1 switches on core 0)
Nov 25 19:20:24.684421 n-d-817303-9 devstack@placement-api.service[104134]: DEBUG placement.requestlog [req-7596a9cd-aa74-434c-a85b-a6fa95081108 req-5af29c37-3f28-43a5-bd7b-7846306c2770 None None] Starting request: 10.222.0.15 "PUT /placement/allocations/77be7e98-f89d-426c-95b1-0053a2ee98b5" {{(pid=104134) __call__ /opt/stack/placement/placement/requestlog.py:55}}
Nov 25 19:20:24.845486 n-d-817303-9 devstack@placement-api.service[104134]: DEBUG placement.handlers.allocation [req-7596a9cd-aa74-434c-a85b-a6fa95081108 req-5af29c37-3f28-43a5-bd7b-7846306c2770 service placement] Successfully wrote allocations [, , ] {{(pid=104134) _update_consumers_and_create_allocations /opt/stack/placement/placement/handlers/allocation.py:462}}
Nov 25 19:20:24.852641 n-d-817303-9 devstack@placement-api.service[104134]: INFO placement.requestlog [req-7596a9cd-aa74-434c-a85b-a6fa95081108 req-5af29c37-3f28-43a5-bd7b-7846306c2770 service placement] 10.222.0.15 "PUT /placement/allocations/77be7e98-f89d-426c-95b1-0053a2ee98b5" status: 204 len: 0 microversion: 1.36
Nov 25 19:20:24.853029 n-d-817303-9 devstack@placement-api.service[104134]: [pid: 104134|app: 0|req: 80/161] 10.222.0.15 () {64 vars in 1433 bytes} [Thu Nov 25 19:20:24 2021] PUT /placement/allocations/77be7e98-f89d-426c-95b1-0053a2ee98b5 => generated 0 bytes in 169 msecs (HTTP/1.1 204) 5 headers in 199 bytes (2 switches on core 0)
Nov 25 19:20:25.907076 n-d-817303-9 devstack@placement-api.service[104133]: DEBUG placement.requestlog [req-7596a9cd-aa74-434c-a85b-a6fa95081108 req-0f8a38ff-fe50-4209-b1db-6840731aacf3 None None] Starting request: 10.222.0.76 "GET /placement/allocations/77be7e98-f89d-426c-95b1-0053a2ee98b5" {{(pid=104133) __call__ /opt/stack/placement/placement/requestlog.py:55}}
Nov 25 19:20:25.988318 n-d-817303-9 devstack@placement-api.service[104133]: INFO placement.requestlog [req-7596a9cd-aa74-434c-a85b-a6fa95081108 req-0f8a38ff-fe50-4209-b1db-6840731aacf3 service placement] 10.222.0.76 "GET /placement/allocations/77be7e98-f89d-426c-95b1-0053a2ee98b5" status: 200 len: 259 microversion: 1.28
Nov 25 19:20:25.995314 n-d-817303-9 devstack@placement-api.service[104133]: [pid: 104133|app: 0|req: 82/162] 10.222.0.76 () {60 vars in 1377 bytes} [Thu Nov 25 19:20:25 2021] GET /placement/allocations/77be7e98-f89d-426c-95b1-0053a2ee98b5 => generated 259 bytes in 89 msecs (HTTP/1.1 200) 8 headers in 296 bytes (1 switches on core 0)
Nov 25 19:20:29.963662 n-d-817303-9 devstack@placement-api.service[104134]: DEBUG placement.requestlog [None req-3af55098-cab7-4188-aedf-de32197d5d53 None None] Starting request: 10.222.0.15 "GET /placement/" {{(pid=104134) __call__ /opt/stack/placement/placement/requestlog.py:55}}
Nov 25 19:20:29.964821 n-d-817303-9 devstack@placement-api.service[104134]: INFO placement.requestlog [None req-3af55098-cab7-4188-aedf-de32197d5d53 None None] 10.222.0.15 "GET /placement/" status: 200 len: 136 microversion: 1.0
Nov 25 19:20:29.965059 n-d-817303-9 devstack@placement-api.service[104134]: [pid: 104134|app: 0|req: 81/163] 10.222.0.15 () {54 vars in 916 bytes} [Thu Nov 25 19:20:29 2021] GET /placement => generated 136 bytes in 2 msecs (HTTP/1.1 200) 6 headers in 224 bytes (1 switches on core 0)
Nov 25 19:20:29.983320 n-d-817303-9 devstack@placement-api.service[104133]: DEBUG placement.requestlog [req-92a38b2e-9086-4792-8b04-b419d7ff7fe6 req-520bdfa7-7d75-4b99-953b-5e05744dd72b None None] Starting request: 10.222.0.15 "GET /placement/allocations/cff7d118-f6d9-448e-bfc0-04d2eacb5766" {{(pid=104133) __call__ /opt/stack/placement/placement/requestlog.py:55}}
Nov 25 19:20:30.067688 n-d-817303-9 devstack@placement-api.service[104133]: INFO placement.requestlog [req-92a38b2e-9086-4792-8b04-b419d7ff7fe6 req-520bdfa7-7d75-4b99-953b-5e05744dd72b service placement] 10.222.0.15 "GET /placement/allocations/cff7d118-f6d9-448e-bfc0-04d2eacb5766" status: 200 len: 259 microversion: 1.28
Nov 25 19:20:30.068637 n-d-817303-9 devstack@placement-api.service[104133]: [pid: 104133|app: 0|req: 83/164] 10.222.0.15 () {60 vars in 1380 bytes} [Thu Nov 25 19:20:29 2021] GET /placement/allocations/cff7d118-f6d9-448e-bfc0-04d2eacb5766 => generated 259 bytes in 86 msecs (HTTP/1.1 200) 8 headers in 296 bytes (2 switches on core 0)
Nov 25 19:20:30.080539 n-d-817303-9 devstack@placement-api.service[104134]: DEBUG placement.requestlog [req-92a38b2e-9086-4792-8b04-b419d7ff7fe6 req-406412a2-e2d1-4d41-9c24-73e019fb370c None None] Starting request: 10.222.0.15 "GET /placement/allocations/cff7d118-f6d9-448e-bfc0-04d2eacb5766" {{(pid=104134) __call__ /opt/stack/placement/placement/requestlog.py:55}}
Nov 25 19:20:30.114271 n-d-817303-9 devstack@placement-api.service[104134]: INFO placement.requestlog [req-92a38b2e-9086-4792-8b04-b419d7ff7fe6 req-406412a2-e2d1-4d41-9c24-73e019fb370c service placement] 10.222.0.15 "GET /placement/allocations/cff7d118-f6d9-448e-bfc0-04d2eacb5766" status: 200 len: 259 microversion: 1.28
Nov 25 19:20:30.124546 n-d-817303-9 devstack@placement-api.service[104134]: [pid: 104134|app: 0|req: 82/165] 10.222.0.15 () {60 vars in 1380 bytes} [Thu Nov 25 19:20:30 2021] GET /placement/allocations/cff7d118-f6d9-448e-bfc0-04d2eacb5766 => generated 259 bytes in 45 msecs (HTTP/1.1 200) 8 headers in 296 bytes (1 switches on core 0)
Nov 25 19:20:30.124960 n-d-817303-9 devstack@placement-api.service[104133]: DEBUG placement.requestlog [req-92a38b2e-9086-4792-8b04-b419d7ff7fe6 req-0fbf31ac-3e34-4f2d-82b4-3d491280f906 None None] Starting request: 10.222.0.15 "GET /placement/allocations/909eee9d-a084-4e74-87f2-91fe6bf6a704" {{(pid=104133) __call__ /opt/stack/placement/placement/requestlog.py:55}}
Nov 25 19:20:30.149422 n-d-817303-9 devstack@placement-api.service[104133]: INFO placement.requestlog [req-92a38b2e-9086-4792-8b04-b419d7ff7fe6 req-0fbf31ac-3e34-4f2d-82b4-3d491280f906 service placement] 10.222.0.15 "GET /placement/allocations/909eee9d-a084-4e74-87f2-91fe6bf6a704" status: 200 len: 19 microversion: 1.28
Nov 25 19:20:30.150001 n-d-817303-9 devstack@placement-api.service[104133]: [pid: 104133|app: 0|req: 84/166] 10.222.0.15 () {60 vars in 1380 bytes} [Thu Nov 25 19:20:30 2021] GET /placement/allocations/909eee9d-a084-4e74-87f2-91fe6bf6a704 => generated 19 bytes in 25 msecs (HTTP/1.1 200) 8 headers in 295 bytes (1 switches on core 0)
Nov 25 19:20:30.161248 n-d-817303-9 devstack@placement-api.service[104134]: DEBUG placement.requestlog [req-92a38b2e-9086-4792-8b04-b419d7ff7fe6 req-a62d543c-10bf-48c3-b9e3-6b7c5ee60808 None None] Starting request: 10.222.0.15 "POST /placement/allocations" {{(pid=104134) __call__ /opt/stack/placement/placement/requestlog.py:55}}
Nov 25 19:20:30.342900 n-d-817303-9 devstack@placement-api.service[104134]: DEBUG placement.handlers.allocation [req-92a38b2e-9086-4792-8b04-b419d7ff7fe6 req-a62d543c-10bf-48c3-b9e3-6b7c5ee60808 service placement] Successfully wrote allocations [, , , , , ] {{(pid=104134) _update_consumers_and_create_allocations /opt/stack/placement/placement/handlers/allocation.py:572}}
Nov 25 19:20:30.355928 n-d-817303-9 devstack@placement-api.service[104134]: INFO placement.requestlog [req-92a38b2e-9086-4792-8b04-b419d7ff7fe6 req-a62d543c-10bf-48c3-b9e3-6b7c5ee60808 service placement] 10.222.0.15 "POST /placement/allocations" status: 204 len: 0 microversion: 1.28
Nov 25 19:20:30.356801 n-d-817303-9 devstack@placement-api.service[104134]: [pid: 104134|app: 0|req: 83/167] 10.222.0.15 () {64 vars in 1323 bytes} [Thu Nov 25 19:20:30 2021] POST /placement/allocations => generated 0 bytes in 196 msecs (HTTP/1.1 204) 5 headers in 199 bytes (1 switches on core 0)
Nov 25 19:20:30.428394 n-d-817303-9 devstack@placement-api.service[104133]: DEBUG placement.requestlog [req-92a38b2e-9086-4792-8b04-b419d7ff7fe6 req-42e3c70c-fb15-4f5e-bfa0-5eb26bdc2be3 None None] Starting request: 10.222.0.15 "GET /placement/allocations/cff7d118-f6d9-448e-bfc0-04d2eacb5766" {{(pid=104133) __call__ /opt/stack/placement/placement/requestlog.py:55}}
Nov 25 19:20:30.460604 n-d-817303-9 devstack@placement-api.service[104133]: INFO placement.requestlog [req-92a38b2e-9086-4792-8b04-b419d7ff7fe6 req-42e3c70c-fb15-4f5e-bfa0-5eb26bdc2be3 service placement] 10.222.0.15 "GET /placement/allocations/cff7d118-f6d9-448e-bfc0-04d2eacb5766" status: 200 len: 19 microversion: 1.28
Nov 25 19:20:30.461409 n-d-817303-9 devstack@placement-api.service[104133]: [pid: 104133|app: 0|req: 85/168] 10.222.0.15 () {60 vars in 1380 bytes} [Thu Nov 25 19:20:30 2021] GET /placement/allocations/cff7d118-f6d9-448e-bfc0-04d2eacb5766 => generated 19 bytes in 33 msecs (HTTP/1.1 200) 8 headers in 295 bytes (1 switches on core 0)
Nov 25 19:20:30.472927 n-d-817303-9 devstack@placement-api.service[104134]: DEBUG placement.requestlog [req-92a38b2e-9086-4792-8b04-b419d7ff7fe6 req-dd7a0547-dc66-4610-8cf7-14f6b2690f52 None None] Starting request: 10.222.0.15 "PUT /placement/allocations/cff7d118-f6d9-448e-bfc0-04d2eacb5766" {{(pid=104134) __call__ /opt/stack/placement/placement/requestlog.py:55}}
Nov 25 19:20:30.568038 n-d-817303-9 devstack@placement-api.service[104134]: DEBUG placement.handlers.allocation [req-92a38b2e-9086-4792-8b04-b419d7ff7fe6 req-dd7a0547-dc66-4610-8cf7-14f6b2690f52 service placement] Successfully wrote allocations [, , ] {{(pid=104134) _update_consumers_and_create_allocations /opt/stack/placement/placement/handlers/allocation.py:462}}
Nov 25 19:20:30.577410 n-d-817303-9 devstack@placement-api.service[104134]: INFO placement.requestlog [req-92a38b2e-9086-4792-8b04-b419d7ff7fe6 req-dd7a0547-dc66-4610-8cf7-14f6b2690f52 service placement] 10.222.0.15 "PUT /placement/allocations/cff7d118-f6d9-448e-bfc0-04d2eacb5766" status: 204 len: 0 microversion: 1.28
Nov 25 19:20:30.578031 n-d-817303-9 devstack@placement-api.service[104134]: [pid: 104134|app: 0|req: 84/169] 10.222.0.15 () {64 vars in 1433 bytes} [Thu Nov 25 19:20:30 2021] PUT /placement/allocations/cff7d118-f6d9-448e-bfc0-04d2eacb5766 => generated 0 bytes in 105 msecs (HTTP/1.1 204) 5 headers in 199 bytes (1 switches on core 0)
Nov 25 19:20:30.734410 n-d-817303-9 devstack@placement-api.service[104133]: DEBUG placement.requestlog [req-92a38b2e-9086-4792-8b04-b419d7ff7fe6 req-58671a03-dba8-4ea6-af59-29887f646bfe None None] Starting request: 10.222.0.76 "GET /placement/allocations/cff7d118-f6d9-448e-bfc0-04d2eacb5766" {{(pid=104133) __call__ /opt/stack/placement/placement/requestlog.py:55}}
Nov 25 19:20:30.759969 n-d-817303-9 devstack@placement-api.service[104133]: INFO placement.requestlog [req-92a38b2e-9086-4792-8b04-b419d7ff7fe6 req-58671a03-dba8-4ea6-af59-29887f646bfe service placement] 10.222.0.76 "GET /placement/allocations/cff7d118-f6d9-448e-bfc0-04d2eacb5766" status: 200 len: 259 microversion: 1.28
Nov 25 19:20:30.760888 n-d-817303-9 devstack@placement-api.service[104133]: [pid: 104133|app: 0|req: 86/170] 10.222.0.76 () {60 vars in 1377 bytes} [Thu Nov 25 19:20:30 2021] GET /placement/allocations/cff7d118-f6d9-448e-bfc0-04d2eacb5766 => generated 259 bytes in 27 msecs (HTTP/1.1 200) 8 headers in 296 bytes (1 switches on core 0)
Nov 25 19:20:37.285786 n-d-817303-9 devstack@placement-api.service[104134]: DEBUG placement.requestlog [req-32146e89-52f7-47e7-ab3d-b860b5c16575 req-70c3ec22-9b0d-464a-9818-d5ebdd9911a2 None None] Starting request: 10.222.0.76 "GET /placement/resource_providers/b5346dfa-2277-4bea-ac84-173ef0a9a4ca/allocations" {{(pid=104134) __call__ /opt/stack/placement/placement/requestlog.py:55}}
Nov 25 19:20:37.374730 n-d-817303-9 devstack@placement-api.service[104134]: INFO placement.requestlog [req-32146e89-52f7-47e7-ab3d-b860b5c16575 req-70c3ec22-9b0d-464a-9818-d5ebdd9911a2 service placement] 10.222.0.76 "GET /placement/resource_providers/b5346dfa-2277-4bea-ac84-173ef0a9a4ca/allocations" status: 200 len: 861 microversion: 1.0
Nov 25 19:20:37.375938 n-d-817303-9 devstack@placement-api.service[104134]: [pid: 104134|app: 0|req: 85/171] 10.222.0.76 () {58 vars in 1390 bytes} [Thu Nov 25 19:20:37 2021] GET /placement/resource_providers/b5346dfa-2277-4bea-ac84-173ef0a9a4ca/allocations => generated 861 bytes in 91 msecs (HTTP/1.1 200) 6 headers in 224 bytes (1 switches on core 0)
Nov 25 19:20:37.698687 n-d-817303-9 devstack@placement-api.service[104133]: DEBUG placement.requestlog [req-efedfa35-a602-4c34-800e-44b6791cf5b3 req-2d358574-ed2f-43e1-8101-5886daecb9de None None] Starting request: 10.222.0.15 "GET /placement/allocation_candidates?resources=DISK_GB%3A1%2CMEMORY_MB%3A1024%2CVCPU%3A1&root_required=%21COMPUTE_STATUS_DISABLED" {{(pid=104133) __call__ /opt/stack/placement/placement/requestlog.py:55}}
Nov 25 19:20:37.801386 n-d-817303-9 devstack@placement-api.service[104133]: DEBUG placement.objects.research_context [req-efedfa35-a602-4c34-800e-44b6791cf5b3 req-2d358574-ed2f-43e1-8101-5886daecb9de service placement] getting providers with 1 DISK_GB {{(pid=104133) __init__ /opt/stack/placement/placement/objects/research_context.py:126}}
Nov 25 19:20:37.810937 n-d-817303-9 devstack@placement-api.service[104133]: DEBUG placement.objects.research_context [req-efedfa35-a602-4c34-800e-44b6791cf5b3 req-2d358574-ed2f-43e1-8101-5886daecb9de service placement] getting providers with 1024 MEMORY_MB {{(pid=104133) __init__ /opt/stack/placement/placement/objects/research_context.py:126}}
Nov 25 19:20:37.816017 n-d-817303-9 devstack@placement-api.service[104134]: DEBUG placement.requestlog [req-32146e89-52f7-47e7-ab3d-b860b5c16575 req-eb8addea-86c8-4042-b397-cf848d21effd None None] Starting request: 10.222.0.76 "GET /placement/allocations/068bdbb1-eb04-4f64-8384-506c8ffbc4ca" {{(pid=104134) __call__ /opt/stack/placement/placement/requestlog.py:55}}
Nov 25 19:20:37.825792 n-d-817303-9 devstack@placement-api.service[104133]: DEBUG placement.objects.research_context [req-efedfa35-a602-4c34-800e-44b6791cf5b3 req-2d358574-ed2f-43e1-8101-5886daecb9de service placement] getting providers with 1 VCPU {{(pid=104133) __init__ /opt/stack/placement/placement/objects/research_context.py:126}}
Nov 25 19:20:37.836123 n-d-817303-9 devstack@placement-api.service[104133]: DEBUG placement.objects.research_context [req-efedfa35-a602-4c34-800e-44b6791cf5b3 req-2d358574-ed2f-43e1-8101-5886daecb9de service placement] found 2 providers with available 1 DISK_GB {{(pid=104133) get_provider_ids_matching /opt/stack/placement/placement/objects/research_context.py:549}}
Nov 25 19:20:37.838603 n-d-817303-9 devstack@placement-api.service[104133]: DEBUG placement.objects.research_context [req-efedfa35-a602-4c34-800e-44b6791cf5b3 req-2d358574-ed2f-43e1-8101-5886daecb9de service placement] found 2 providers with available 1024 MEMORY_MB {{(pid=104133) get_provider_ids_matching /opt/stack/placement/placement/objects/research_context.py:549}}
Nov 25 19:20:37.839198 n-d-817303-9 devstack@placement-api.service[104133]: DEBUG placement.objects.research_context [req-efedfa35-a602-4c34-800e-44b6791cf5b3 req-2d358574-ed2f-43e1-8101-5886daecb9de service placement] found 2 providers after filtering by previous result {{(pid=104133) get_provider_ids_matching /opt/stack/placement/placement/objects/research_context.py:580}}
Nov 25 19:20:37.840651 n-d-817303-9 devstack@placement-api.service[104134]: INFO placement.requestlog [req-32146e89-52f7-47e7-ab3d-b860b5c16575 req-eb8addea-86c8-4042-b397-cf848d21effd service placement] 10.222.0.76 "GET /placement/allocations/068bdbb1-eb04-4f64-8384-506c8ffbc4ca" status: 200 len: 259 microversion: 1.28
Nov 25 19:20:37.842612 n-d-817303-9 devstack@placement-api.service[104134]: [pid: 104134|app: 0|req: 86/172] 10.222.0.76 () {60 vars in 1377 bytes} [Thu Nov 25 19:20:37 2021] GET /placement/allocations/068bdbb1-eb04-4f64-8384-506c8ffbc4ca => generated 259 bytes in 27 msecs (HTTP/1.1 200) 8 headers in 296 bytes (1 switches on core 0)
Nov 25 19:20:37.854006 n-d-817303-9 devstack@placement-api.service[104134]: DEBUG placement.requestlog [req-32146e89-52f7-47e7-ab3d-b860b5c16575 req-89f2b092-8ff0-4780-9afa-a0f6c03f56c3 None None] Starting request: 10.222.0.76 "PUT /placement/allocations/068bdbb1-eb04-4f64-8384-506c8ffbc4ca" {{(pid=104134) __call__ /opt/stack/placement/placement/requestlog.py:55}}
Nov 25 19:20:37.859318 n-d-817303-9 devstack@placement-api.service[104133]: DEBUG placement.objects.research_context [req-efedfa35-a602-4c34-800e-44b6791cf5b3 req-2d358574-ed2f-43e1-8101-5886daecb9de service placement] found 2 providers with available 1 VCPU {{(pid=104133) get_provider_ids_matching /opt/stack/placement/placement/objects/research_context.py:549}}
Nov 25 19:20:37.860032 n-d-817303-9 devstack@placement-api.service[104133]: DEBUG placement.objects.research_context [req-efedfa35-a602-4c34-800e-44b6791cf5b3 req-2d358574-ed2f-43e1-8101-5886daecb9de service placement] found 2 providers after filtering by previous result {{(pid=104133) get_provider_ids_matching /opt/stack/placement/placement/objects/research_context.py:580}}
Nov 25 19:20:37.892492 n-d-817303-9 devstack@placement-api.service[104133]: DEBUG placement.objects.allocation_candidate [req-efedfa35-a602-4c34-800e-44b6791cf5b3 req-2d358574-ed2f-43e1-8101-5886daecb9de service placement] RequestGroup(use_same_provider=False, resources={DISK_GB:1, MEMORY_MB:1024, VCPU:1}, traits=[], aggregates=[]) (suffix '') returned 2 matches {{(pid=104133) _get_by_requests /opt/stack/placement/placement/objects/allocation_candidate.py:145}}
Nov 25 19:20:37.893689 n-d-817303-9 devstack@placement-api.service[104133]: DEBUG placement.objects.allocation_candidate [req-efedfa35-a602-4c34-800e-44b6791cf5b3 req-2d358574-ed2f-43e1-8101-5886daecb9de service placement] Merging candidates yields 2 allocation requests and 2 provider summaries {{(pid=104133) _merge_candidates /opt/stack/placement/placement/objects/allocation_candidate.py:783}}
Nov 25 19:20:37.897208 n-d-817303-9 devstack@placement-api.service[104133]: INFO placement.requestlog [req-efedfa35-a602-4c34-800e-44b6791cf5b3 req-2d358574-ed2f-43e1-8101-5886daecb9de service placement] 10.222.0.15 "GET /placement/allocation_candidates?resources=DISK_GB%3A1%2CMEMORY_MB%3A1024%2CVCPU%3A1&root_required=%21COMPUTE_STATUS_DISABLED" status: 200 len: 1309 microversion: 1.36
Nov 25 19:20:37.911304 n-d-817303-9 devstack@placement-api.service[104133]: [pid: 104133|app: 0|req: 87/173] 10.222.0.15 () {60 vars in 1484 bytes} [Thu Nov 25 19:20:37 2021] GET /placement/allocation_candidates?resources=DISK_GB%3A1%2CMEMORY_MB%3A1024%2CVCPU%3A1&root_required=%21COMPUTE_STATUS_DISABLED => generated 1309 bytes in 212 msecs (HTTP/1.1 200) 8 headers in 297 bytes (1 switches on core 0)
Nov 25 19:20:37.919354 n-d-817303-9 devstack@placement-api.service[104134]: DEBUG placement.handlers.allocation [req-32146e89-52f7-47e7-ab3d-b860b5c16575 req-89f2b092-8ff0-4780-9afa-a0f6c03f56c3 service placement] Successfully wrote allocations [, , ] {{(pid=104134) _update_consumers_and_create_allocations /opt/stack/placement/placement/handlers/allocation.py:462}}
Nov 25 19:20:37.928311 n-d-817303-9 devstack@placement-api.service[104134]: INFO placement.requestlog [req-32146e89-52f7-47e7-ab3d-b860b5c16575 req-89f2b092-8ff0-4780-9afa-a0f6c03f56c3 service placement] 10.222.0.76 "PUT /placement/allocations/068bdbb1-eb04-4f64-8384-506c8ffbc4ca" status: 204 len: 0 microversion: 1.28
Nov 25 19:20:37.928937 n-d-817303-9 devstack@placement-api.service[104134]: [pid: 104134|app: 0|req: 87/174] 10.222.0.76 () {64 vars in 1430 bytes} [Thu Nov 25 19:20:37 2021] PUT /placement/allocations/068bdbb1-eb04-4f64-8384-506c8ffbc4ca => generated 0 bytes in 75 msecs (HTTP/1.1 204) 5 headers in 199 bytes (1 switches on core 0)
Nov 25 19:20:38.014654 n-d-817303-9 devstack@placement-api.service[104133]: DEBUG placement.requestlog [req-efedfa35-a602-4c34-800e-44b6791cf5b3 req-405fcd3e-0f16-4761-8fbb-6d6737f8b610 None None] Starting request: 10.222.0.15 "GET /placement/allocations/71cda4e3-f533-4bae-9476-6eacf315ea65" {{(pid=104133) __call__ /opt/stack/placement/placement/requestlog.py:55}}
Nov 25 19:20:38.029399 n-d-817303-9 devstack@placement-api.service[104133]: INFO placement.requestlog [req-efedfa35-a602-4c34-800e-44b6791cf5b3 req-405fcd3e-0f16-4761-8fbb-6d6737f8b610 service placement] 10.222.0.15 "GET /placement/allocations/71cda4e3-f533-4bae-9476-6eacf315ea65" status: 200 len: 19 microversion: 1.28
Nov 25 19:20:38.036013 n-d-817303-9 devstack@placement-api.service[104133]: [pid: 104133|app: 0|req: 88/175] 10.222.0.15 () {60 vars in 1380 bytes} [Thu Nov 25 19:20:38 2021] GET /placement/allocations/71cda4e3-f533-4bae-9476-6eacf315ea65 => generated 19 bytes in 21 msecs (HTTP/1.1 200) 8 headers in 295 bytes (1 switches on core 0)
Nov 25 19:20:38.039410 n-d-817303-9 devstack@placement-api.service[104134]: DEBUG placement.requestlog [req-efedfa35-a602-4c34-800e-44b6791cf5b3 req-b8d6d624-fa72-4290-8e75-c05a15edff87 None None] Starting request: 10.222.0.15 "PUT /placement/allocations/71cda4e3-f533-4bae-9476-6eacf315ea65" {{(pid=104134) __call__ /opt/stack/placement/placement/requestlog.py:55}}
Nov 25 19:20:38.109174 n-d-817303-9 devstack@placement-api.service[104134]: DEBUG placement.handlers.allocation [req-efedfa35-a602-4c34-800e-44b6791cf5b3 req-b8d6d624-fa72-4290-8e75-c05a15edff87 service placement] Successfully wrote allocations [, , ] {{(pid=104134) _update_consumers_and_create_allocations /opt/stack/placement/placement/handlers/allocation.py:462}}
Nov 25 19:20:38.115720 n-d-817303-9 devstack@placement-api.service[104134]: INFO placement.requestlog [req-efedfa35-a602-4c34-800e-44b6791cf5b3 req-b8d6d624-fa72-4290-8e75-c05a15edff87 service placement] 10.222.0.15 "PUT /placement/allocations/71cda4e3-f533-4bae-9476-6eacf315ea65" status: 204 len: 0 microversion: 1.36
Nov 25 19:20:38.122910 n-d-817303-9 devstack@placement-api.service[104134]: [pid: 104134|app: 0|req: 88/176] 10.222.0.15 () {64 vars in 1433 bytes} [Thu Nov 25 19:20:38 2021] PUT /placement/allocations/71cda4e3-f533-4bae-9476-6eacf315ea65 => generated 0 bytes in 77 msecs (HTTP/1.1 204) 5 headers in 199 bytes (1 switches on core 0)
Nov 25 19:20:38.915517 n-d-817303-9 devstack@placement-api.service[104133]: DEBUG placement.requestlog [req-efedfa35-a602-4c34-800e-44b6791cf5b3 req-78663474-0826-4945-9de0-426c622547f6 None None] Starting request: 10.222.0.76 "GET /placement/allocations/71cda4e3-f533-4bae-9476-6eacf315ea65" {{(pid=104133) __call__ /opt/stack/placement/placement/requestlog.py:55}}
Nov 25 19:20:38.936205 n-d-817303-9 devstack@placement-api.service[104133]: INFO placement.requestlog [req-efedfa35-a602-4c34-800e-44b6791cf5b3 req-78663474-0826-4945-9de0-426c622547f6 service placement] 10.222.0.76 "GET /placement/allocations/71cda4e3-f533-4bae-9476-6eacf315ea65" status: 200 len: 259 microversion: 1.28
Nov 25 19:20:38.936738 n-d-817303-9 devstack@placement-api.service[104133]: [pid: 104133|app: 0|req: 89/177] 10.222.0.76 () {60 vars in 1377 bytes} [Thu Nov 25 19:20:38 2021] GET /placement/allocations/71cda4e3-f533-4bae-9476-6eacf315ea65 => generated 259 bytes in 21 msecs (HTTP/1.1 200) 8 headers in 296 bytes (2 switches on core 0)
Nov 25 19:20:41.853890 n-d-817303-9 devstack@placement-api.service[104134]: DEBUG placement.requestlog [req-f2cec3a4-c77f-40ec-93ef-b2b11352635d req-b63e6391-c126-44f7-aca2-805e932a3947 None None] Starting request: 10.222.0.15 "GET /placement/allocation_candidates?limit=1000&resources=DISK_GB%3A1%2CMEMORY_MB%3A1024%2CVCPU%3A1&root_required=%21COMPUTE_STATUS_DISABLED" {{(pid=104134) __call__ /opt/stack/placement/placement/requestlog.py:55}}
Nov 25 19:20:41.917447 n-d-817303-9 devstack@placement-api.service[104134]: DEBUG placement.objects.research_context [req-f2cec3a4-c77f-40ec-93ef-b2b11352635d req-b63e6391-c126-44f7-aca2-805e932a3947 service placement] getting providers with 1 DISK_GB {{(pid=104134) __init__ /opt/stack/placement/placement/objects/research_context.py:126}}
Nov 25 19:20:41.930871 n-d-817303-9 devstack@placement-api.service[104134]: DEBUG placement.objects.research_context [req-f2cec3a4-c77f-40ec-93ef-b2b11352635d req-b63e6391-c126-44f7-aca2-805e932a3947 service placement] getting providers with 1024 MEMORY_MB {{(pid=104134) __init__ /opt/stack/placement/placement/objects/research_context.py:126}}
Nov 25 19:20:41.936793 n-d-817303-9 devstack@placement-api.service[104134]: DEBUG placement.objects.research_context [req-f2cec3a4-c77f-40ec-93ef-b2b11352635d req-b63e6391-c126-44f7-aca2-805e932a3947 service placement] getting providers with 1 VCPU {{(pid=104134) __init__ /opt/stack/placement/placement/objects/research_context.py:126}}
Nov 25 19:20:41.944978 n-d-817303-9 devstack@placement-api.service[104134]: DEBUG placement.objects.research_context [req-f2cec3a4-c77f-40ec-93ef-b2b11352635d req-b63e6391-c126-44f7-aca2-805e932a3947 service placement] found 2 providers with available 1 DISK_GB {{(pid=104134) get_provider_ids_matching /opt/stack/placement/placement/objects/research_context.py:549}}
Nov 25 19:20:41.945156 n-d-817303-9 devstack@placement-api.service[104134]: DEBUG placement.objects.research_context [req-f2cec3a4-c77f-40ec-93ef-b2b11352635d req-b63e6391-c126-44f7-aca2-805e932a3947 service placement] found 2 providers with available 1024 MEMORY_MB {{(pid=104134) get_provider_ids_matching /opt/stack/placement/placement/objects/research_context.py:549}}
Nov 25 19:20:41.945413 n-d-817303-9 devstack@placement-api.service[104134]: DEBUG placement.objects.research_context [req-f2cec3a4-c77f-40ec-93ef-b2b11352635d req-b63e6391-c126-44f7-aca2-805e932a3947 service placement] found 2 providers after filtering by previous result {{(pid=104134) get_provider_ids_matching /opt/stack/placement/placement/objects/research_context.py:580}}
Nov 25 19:20:41.945763 n-d-817303-9 devstack@placement-api.service[104134]: DEBUG placement.objects.research_context [req-f2cec3a4-c77f-40ec-93ef-b2b11352635d req-b63e6391-c126-44f7-aca2-805e932a3947 service placement] found 2 providers with available 1 VCPU {{(pid=104134) get_provider_ids_matching /opt/stack/placement/placement/objects/research_context.py:549}}
Nov 25 19:20:41.945923 n-d-817303-9 devstack@placement-api.service[104134]: DEBUG placement.objects.research_context [req-f2cec3a4-c77f-40ec-93ef-b2b11352635d req-b63e6391-c126-44f7-aca2-805e932a3947 service placement] found 2 providers after filtering by previous result {{(pid=104134) get_provider_ids_matching /opt/stack/placement/placement/objects/research_context.py:580}}
Nov 25 19:20:41.959014 n-d-817303-9 devstack@placement-api.service[104134]: DEBUG placement.objects.allocation_candidate [req-f2cec3a4-c77f-40ec-93ef-b2b11352635d req-b63e6391-c126-44f7-aca2-805e932a3947 service placement] RequestGroup(use_same_provider=False, resources={DISK_GB:1, MEMORY_MB:1024, VCPU:1}, traits=[], aggregates=[]) (suffix '') returned 2 matches {{(pid=104134) _get_by_requests /opt/stack/placement/placement/objects/allocation_candidate.py:145}}
Nov 25 19:20:41.959388 n-d-817303-9 devstack@placement-api.service[104134]: DEBUG placement.objects.allocation_candidate [req-f2cec3a4-c77f-40ec-93ef-b2b11352635d req-b63e6391-c126-44f7-aca2-805e932a3947 service placement] Merging candidates yields 2 allocation requests and 2 provider summaries {{(pid=104134) _merge_candidates /opt/stack/placement/placement/objects/allocation_candidate.py:783}}
Nov 25 19:20:41.961168 n-d-817303-9 devstack@placement-api.service[104134]: INFO placement.requestlog [req-f2cec3a4-c77f-40ec-93ef-b2b11352635d req-b63e6391-c126-44f7-aca2-805e932a3947 service placement] 10.222.0.15 "GET /placement/allocation_candidates?limit=1000&resources=DISK_GB%3A1%2CMEMORY_MB%3A1024%2CVCPU%3A1&root_required=%21COMPUTE_STATUS_DISABLED" status: 200 len: 1309 microversion: 1.36
Nov 25 19:20:41.961789 n-d-817303-9 devstack@placement-api.service[104134]: [pid: 104134|app: 0|req: 89/178] 10.222.0.15 () {60 vars in 1506 bytes} [Thu Nov 25 19:20:41 2021] GET /placement/allocation_candidates?limit=1000&resources=DISK_GB%3A1%2CMEMORY_MB%3A1024%2CVCPU%3A1&root_required=%21COMPUTE_STATUS_DISABLED => generated 1309 bytes in 108 msecs (HTTP/1.1 200) 8 headers in 297 bytes (2 switches on core 0)
Nov 25 19:20:42.068741 n-d-817303-9 devstack@placement-api.service[104133]: DEBUG placement.requestlog [req-f2cec3a4-c77f-40ec-93ef-b2b11352635d req-daa17669-8883-4d34-8633-8bff10cb78bb None None] Starting request: 10.222.0.15 "GET /placement/allocations/f00b3397-f28d-489a-831b-c5c068190a47" {{(pid=104133) __call__ /opt/stack/placement/placement/requestlog.py:55}}
Nov 25 19:20:42.084511 n-d-817303-9 devstack@placement-api.service[104133]: INFO placement.requestlog [req-f2cec3a4-c77f-40ec-93ef-b2b11352635d req-daa17669-8883-4d34-8633-8bff10cb78bb service placement] 10.222.0.15 "GET /placement/allocations/f00b3397-f28d-489a-831b-c5c068190a47" status: 200 len: 19 microversion: 1.28
Nov 25 19:20:42.084825 n-d-817303-9 devstack@placement-api.service[104133]: [pid: 104133|app: 0|req: 90/179] 10.222.0.15 () {60 vars in 1380 bytes} [Thu Nov 25 19:20:42 2021] GET /placement/allocations/f00b3397-f28d-489a-831b-c5c068190a47 => generated 19 bytes in 16 msecs (HTTP/1.1 200) 8 headers in 295 bytes (2 switches on core 0)
Nov 25 19:20:42.102475 n-d-817303-9 devstack@placement-api.service[104134]: DEBUG placement.requestlog [req-f2cec3a4-c77f-40ec-93ef-b2b11352635d req-8cdce1fc-50b8-42c0-a533-25dd0626f733 None None] Starting request: 10.222.0.15 "PUT /placement/allocations/f00b3397-f28d-489a-831b-c5c068190a47" {{(pid=104134) __call__ /opt/stack/placement/placement/requestlog.py:55}}
Nov 25 19:20:42.225238 n-d-817303-9 devstack@placement-api.service[104134]: DEBUG placement.handlers.allocation [req-f2cec3a4-c77f-40ec-93ef-b2b11352635d req-8cdce1fc-50b8-42c0-a533-25dd0626f733 service placement] Successfully wrote allocations [, , ] {{(pid=104134) _update_consumers_and_create_allocations /opt/stack/placement/placement/handlers/allocation.py:462}}
Nov 25 19:20:42.230026 n-d-817303-9 devstack@placement-api.service[104134]: INFO placement.requestlog [req-f2cec3a4-c77f-40ec-93ef-b2b11352635d req-8cdce1fc-50b8-42c0-a533-25dd0626f733 service placement] 10.222.0.15 "PUT /placement/allocations/f00b3397-f28d-489a-831b-c5c068190a47" status: 204 len: 0 microversion: 1.36
Nov 25 19:20:42.230897 n-d-817303-9 devstack@placement-api.service[104134]: [pid: 104134|app: 0|req: 90/180] 10.222.0.15 () {64 vars in 1433 bytes} [Thu Nov 25 19:20:42 2021] PUT /placement/allocations/f00b3397-f28d-489a-831b-c5c068190a47 => generated 0 bytes in 128 msecs (HTTP/1.1 204) 5 headers in 199 bytes (2 switches on core 0)
Nov 25 19:20:42.976263 n-d-817303-9 devstack@placement-api.service[104133]: DEBUG placement.requestlog [req-f2cec3a4-c77f-40ec-93ef-b2b11352635d req-96694f6f-cb7c-4470-a01d-ea31c830ef78 None None] Starting request: 10.222.0.76 "GET /placement/allocations/f00b3397-f28d-489a-831b-c5c068190a47" {{(pid=104133) __call__ /opt/stack/placement/placement/requestlog.py:55}}
Nov 25 19:20:43.009644 n-d-817303-9 devstack@placement-api.service[104133]: INFO placement.requestlog [req-f2cec3a4-c77f-40ec-93ef-b2b11352635d req-96694f6f-cb7c-4470-a01d-ea31c830ef78 service placement] 10.222.0.76 "GET /placement/allocations/f00b3397-f28d-489a-831b-c5c068190a47" status: 200 len: 259 microversion: 1.28
Nov 25 19:20:43.011569 n-d-817303-9 devstack@placement-api.service[104133]: [pid: 104133|app: 0|req: 91/181] 10.222.0.76 () {60 vars in 1377 bytes} [Thu Nov 25 19:20:42 2021] GET /placement/allocations/f00b3397-f28d-489a-831b-c5c068190a47 => generated 259 bytes in 41 msecs (HTTP/1.1 200) 8 headers in 296 bytes (1 switches on core 0)
Nov 25 19:20:46.783638 n-d-817303-9 devstack@placement-api.service[104134]: DEBUG placement.requestlog [req-92a38b2e-9086-4792-8b04-b419d7ff7fe6 req-7855e233-061f-4f29-b09d-97027f8d0509 None None] Starting request: 10.222.0.60 "GET /placement/resource_providers/e39be610-affb-4b7b-8710-91b83fab8389/allocations" {{(pid=104134) __call__ /opt/stack/placement/placement/requestlog.py:55}}
Nov 25 19:20:46.837048 n-d-817303-9 devstack@placement-api.service[104134]: INFO placement.requestlog [req-92a38b2e-9086-4792-8b04-b419d7ff7fe6 req-7855e233-061f-4f29-b09d-97027f8d0509 service placement] 10.222.0.60 "GET /placement/resource_providers/e39be610-affb-4b7b-8710-91b83fab8389/allocations" status: 200 len: 962 microversion: 1.0
Nov 25 19:20:46.838663 n-d-817303-9 devstack@placement-api.service[104134]: [pid: 104134|app: 0|req: 91/182] 10.222.0.60 () {58 vars in 1390 bytes} [Thu Nov 25 19:20:46 2021] GET /placement/resource_providers/e39be610-affb-4b7b-8710-91b83fab8389/allocations => generated 962 bytes in 57 msecs (HTTP/1.1 200) 6 headers in 224 bytes (2 switches on core 0)
Nov 25 19:20:47.305459 n-d-817303-9 devstack@placement-api.service[104133]: DEBUG placement.requestlog [req-92a38b2e-9086-4792-8b04-b419d7ff7fe6 req-c589f813-ff10-46c1-993a-8eea58fbd790 None None] Starting request: 10.222.0.60 "GET /placement/allocations/909eee9d-a084-4e74-87f2-91fe6bf6a704" {{(pid=104133) __call__ /opt/stack/placement/placement/requestlog.py:55}}
Nov 25 19:20:47.332831 n-d-817303-9 devstack@placement-api.service[104133]: INFO placement.requestlog [req-92a38b2e-9086-4792-8b04-b419d7ff7fe6 req-c589f813-ff10-46c1-993a-8eea58fbd790 service placement] 10.222.0.60 "GET /placement/allocations/909eee9d-a084-4e74-87f2-91fe6bf6a704" status: 200 len: 259 microversion: 1.28
Nov 25 19:20:47.335190 n-d-817303-9 devstack@placement-api.service[104133]: [pid: 104133|app: 0|req: 92/183] 10.222.0.60 () {60 vars in 1377 bytes} [Thu Nov 25 19:20:47 2021] GET /placement/allocations/909eee9d-a084-4e74-87f2-91fe6bf6a704 => generated 259 bytes in 30 msecs (HTTP/1.1 200) 8 headers in 296 bytes (1 switches on core 0)
Nov 25 19:20:47.342734 n-d-817303-9 devstack@placement-api.service[104134]: DEBUG placement.requestlog [req-92a38b2e-9086-4792-8b04-b419d7ff7fe6 req-87f8d7e7-315f-40d5-9ffd-47c5129beec5 None None] Starting request: 10.222.0.60 "PUT /placement/allocations/909eee9d-a084-4e74-87f2-91fe6bf6a704" {{(pid=104134) __call__ /opt/stack/placement/placement/requestlog.py:55}}
Nov 25 19:20:47.476401 n-d-817303-9 devstack@placement-api.service[104134]: DEBUG placement.handlers.allocation [req-92a38b2e-9086-4792-8b04-b419d7ff7fe6 req-87f8d7e7-315f-40d5-9ffd-47c5129beec5 service placement] Successfully wrote allocations [, , ] {{(pid=104134) _update_consumers_and_create_allocations /opt/stack/placement/placement/handlers/allocation.py:462}}
Nov 25 19:20:47.484380 n-d-817303-9 devstack@placement-api.service[104134]: INFO placement.requestlog [req-92a38b2e-9086-4792-8b04-b419d7ff7fe6 req-87f8d7e7-315f-40d5-9ffd-47c5129beec5 service placement] 10.222.0.60 "PUT /placement/allocations/909eee9d-a084-4e74-87f2-91fe6bf6a704" status: 204 len: 0 microversion: 1.28
Nov 25 19:20:47.485400 n-d-817303-9 devstack@placement-api.service[104134]: [pid: 104134|app: 0|req: 92/184] 10.222.0.60 () {64 vars in 1430 bytes} [Thu Nov 25 19:20:47 2021] PUT /placement/allocations/909eee9d-a084-4e74-87f2-91fe6bf6a704 => generated 0 bytes in 143 msecs (HTTP/1.1 204) 5 headers in 199 bytes (1 switches on core 0)
Nov 25 19:20:49.140842 n-d-817303-9 devstack@placement-api.service[104133]: DEBUG placement.requestlog [req-4dfd4982-c3c3-4d33-b69d-09d76a746848 req-f41fa984-06e2-43ca-8d9e-d68810d45d1a None None] Starting request: 10.222.0.60 "DELETE /placement/allocations/83d48dd9-063d-431d-aed5-e90d76e04567" {{(pid=104133) __call__ /opt/stack/placement/placement/requestlog.py:55}}
Nov 25 19:20:49.283975 n-d-817303-9 devstack@placement-api.service[104133]: DEBUG placement.handlers.allocation [req-4dfd4982-c3c3-4d33-b69d-09d76a746848 req-f41fa984-06e2-43ca-8d9e-d68810d45d1a service placement] Successfully deleted allocations [, , ] {{(pid=104133) delete_allocations /opt/stack/placement/placement/handlers/allocation.py:627}}
Nov 25 19:20:49.285184 n-d-817303-9 devstack@placement-api.service[104133]: INFO placement.requestlog [req-4dfd4982-c3c3-4d33-b69d-09d76a746848 req-f41fa984-06e2-43ca-8d9e-d68810d45d1a service placement] 10.222.0.60 "DELETE /placement/allocations/83d48dd9-063d-431d-aed5-e90d76e04567" status: 204 len: 0 microversion: 1.0
