Nov 25 19:37:18.441067 n-d-817303-9 cinder-volume[111731]: DEBUG cinder.volume.manager [None req-e5707625-a49d-4e4a-b1aa-1b44e6d69737 tempest-ServersNegativeTestJSON-1281231932 None] Task 'cinder.volume.flows.manager.create_volume.ExtractVolumeRefTask;volume:create' (dca829c3-519c-49b8-b4d2-c3c022e3b7e5) transitioned into state 'SUCCESS' from state 'RUNNING' with result 'Volume(_name_id=None,admin_metadata=,attach_status='detached',availability_zone='nova',bootable=False,cluster=,cluster_name=None,consistencygroup=,consistencygroup_id=None,created_at=2021-11-25T19:37:18Z,deleted=False,deleted_at=None,display_description=None,display_name='tempest-ServersNegativeTestJSON-volume-264995421',ec2_id=None,encryption_key_id=None,glance_metadata=,group=,group_id=None,host='n-d-817303-9@lvmdriver-1#lvmdriver-1',id=4084c291-9f2f-43ff-a32f-401601088ace,launched_at=None,metadata={},migration_status=None,multiattach=False,previous_status=None,project_id='78716cc614144bb1ade783eed64bbe3f',provider_auth=None,provider_geometry=None,provider_id=None,provider_location=None,replication_driver_data=None,replication_extended_status=None,replication_status=None,scheduled_at=2021-11-25T19:37:18Z,service_uuid=None,shared_targets=True,size=1,snapshot_id=None,snapshots=,source_volid=None,status='creating',terminated_at=None,updated_at=2021-11-25T19:37:18Z,use_quota=True,user_id='c2f923c925bd419696a6aebdb252dd9a',volume_attachment=VolumeAttachmentList,volume_type=VolumeType(b30207ca-3a75-4975-beff-1082d55fe292),volume_type_id=b30207ca-3a75-4975-beff-1082d55fe292)' {{(pid=111731) _task_receiver /usr/local/lib/python3.8/dist-packages/taskflow/listeners/logging.py:178}}
Nov 25 19:37:18.447073 n-d-817303-9 cinder-volume[111731]: DEBUG cinder.volume.manager [None req-e5707625-a49d-4e4a-b1aa-1b44e6d69737 tempest-ServersNegativeTestJSON-1281231932 None] Task 'cinder.volume.flows.manager.create_volume.OnFailureRescheduleTask;volume:create' (111a64ed-59dc-47ce-b7f8-5513bb695182) transitioned into state 'RUNNING' from state 'PENDING' {{(pid=111731) _task_receiver /usr/local/lib/python3.8/dist-packages/taskflow/listeners/logging.py:190}}
Nov 25 19:37:18.463286 n-d-817303-9 cinder-volume[111731]: DEBUG cinder.volume.manager [None req-e5707625-a49d-4e4a-b1aa-1b44e6d69737 tempest-ServersNegativeTestJSON-1281231932 None] Task 'cinder.volume.flows.manager.create_volume.OnFailureRescheduleTask;volume:create' (111a64ed-59dc-47ce-b7f8-5513bb695182) transitioned into state 'SUCCESS' from state 'RUNNING' with result 'None' {{(pid=111731) _task_receiver /usr/local/lib/python3.8/dist-packages/taskflow/listeners/logging.py:178}}
Nov 25 19:37:18.479620 n-d-817303-9 cinder-volume[111731]: DEBUG cinder.volume.manager [None req-e5707625-a49d-4e4a-b1aa-1b44e6d69737 tempest-ServersNegativeTestJSON-1281231932 None] Task 'cinder.volume.flows.manager.create_volume.ExtractVolumeSpecTask;volume:create' (811e3236-a475-4f71-9738-fe140def03a4) transitioned into state 'RUNNING' from state 'PENDING' {{(pid=111731) _task_receiver /usr/local/lib/python3.8/dist-packages/taskflow/listeners/logging.py:190}}
Nov 25 19:37:18.503084 n-d-817303-9 cinder-volume[111731]: DEBUG cinder.volume.manager [None req-e5707625-a49d-4e4a-b1aa-1b44e6d69737 tempest-ServersNegativeTestJSON-1281231932 None] Task 'cinder.volume.flows.manager.create_volume.ExtractVolumeSpecTask;volume:create' (811e3236-a475-4f71-9738-fe140def03a4) transitioned into state 'SUCCESS' from state 'RUNNING' with result '{'status': 'creating', 'type': 'raw', 'volume_id': '4084c291-9f2f-43ff-a32f-401601088ace', 'volume_name': 'volume-4084c291-9f2f-43ff-a32f-401601088ace', 'volume_size': 1}' {{(pid=111731) _task_receiver /usr/local/lib/python3.8/dist-packages/taskflow/listeners/logging.py:178}}
Nov 25 19:37:18.520484 n-d-817303-9 cinder-volume[111731]: DEBUG cinder.volume.manager [None req-e5707625-a49d-4e4a-b1aa-1b44e6d69737 tempest-ServersNegativeTestJSON-1281231932 None] Task 'cinder.volume.flows.manager.create_volume.NotifyVolumeActionTask;volume:create, create.start' (bc118be7-e68a-49f3-88b6-70523d788988) transitioned into state 'RUNNING' from state 'PENDING' {{(pid=111731) _task_receiver /usr/local/lib/python3.8/dist-packages/taskflow/listeners/logging.py:190}}
Nov 25 19:37:18.536169 n-d-817303-9 cinder-volume[111731]: DEBUG cinder.volume.manager [None req-e5707625-a49d-4e4a-b1aa-1b44e6d69737 tempest-ServersNegativeTestJSON-1281231932 None] Task 'cinder.volume.flows.manager.create_volume.NotifyVolumeActionTask;volume:create, create.start' (bc118be7-e68a-49f3-88b6-70523d788988) transitioned into state 'SUCCESS' from state 'RUNNING' with result 'None' {{(pid=111731) _task_receiver /usr/local/lib/python3.8/dist-packages/taskflow/listeners/logging.py:178}}
Nov 25 19:37:18.547894 n-d-817303-9 cinder-volume[111731]: DEBUG cinder.volume.manager [None req-e5707625-a49d-4e4a-b1aa-1b44e6d69737 tempest-ServersNegativeTestJSON-1281231932 None] Task 'cinder.volume.flows.manager.create_volume.CreateVolumeFromSpecTask;volume:create' (27581718-b564-4354-870e-3139db18a8f5) transitioned into state 'RUNNING' from state 'PENDING' {{(pid=111731) _task_receiver /usr/local/lib/python3.8/dist-packages/taskflow/listeners/logging.py:190}}
Nov 25 19:37:18.556873 n-d-817303-9 cinder-volume[111731]: INFO cinder.volume.flows.manager.create_volume [None req-e5707625-a49d-4e4a-b1aa-1b44e6d69737 tempest-ServersNegativeTestJSON-1281231932 None] Volume 4084c291-9f2f-43ff-a32f-401601088ace: being created as raw with specification: {'status': 'creating', 'volume_name': 'volume-4084c291-9f2f-43ff-a32f-401601088ace', 'volume_size': 1}
Nov 25 19:37:18.567094 n-d-817303-9 cinder-volume[111731]: DEBUG oslo_concurrency.processutils [None req-e5707625-a49d-4e4a-b1aa-1b44e6d69737 tempest-ServersNegativeTestJSON-1281231932 None] Running cmd (subprocess): sudo cinder-rootwrap /etc/cinder/rootwrap.conf env LC_ALL=C lvcreate -n volume-4084c291-9f2f-43ff-a32f-401601088ace stack-volumes-lvmdriver-1 -L 1g {{(pid=111731) execute /usr/local/lib/python3.8/dist-packages/oslo_concurrency/processutils.py:384}}
Nov 25 19:37:18.635842 n-d-817303-9 sudo[137371]: ubuntu : TTY=unknown ; PWD=/ ; USER=root ; COMMAND=/usr/local/bin/cinder-rootwrap /etc/cinder/rootwrap.conf env LC_ALL=C lvcreate -n volume-4084c291-9f2f-43ff-a32f-401601088ace stack-volumes-lvmdriver-1 -L 1g
Nov 25 19:37:18.636812 n-d-817303-9 sudo[137371]: pam_unix(sudo:session): session opened for user root by (uid=0)
Nov 25 19:37:19.241647 n-d-817303-9 sudo[137367]: pam_unix(sudo:session): session closed for user root
Nov 25 19:37:19.244288 n-d-817303-9 cinder-volume[111731]: DEBUG oslo_concurrency.processutils [req-b4c8fc97-8d23-425d-abad-b121b1fcc5a2 req-eaf12588-2dd3-4bca-8d2e-b60798ce5174 tempest-VolumesGetTestJSON-413730828 None] CMD "sudo cinder-rootwrap /etc/cinder/rootwrap.conf env LC_ALL=C vgs --noheadings --unit=g -o name,size,free,lv_count,uuid --separator : --nosuffix stack-volumes-lvmdriver-1" returned: 0 in 1.521s {{(pid=111731) execute /usr/local/lib/python3.8/dist-packages/oslo_concurrency/processutils.py:422}}
Nov 25 19:37:19.246050 n-d-817303-9 cinder-volume[111731]: DEBUG oslo_concurrency.processutils [req-b4c8fc97-8d23-425d-abad-b121b1fcc5a2 req-eaf12588-2dd3-4bca-8d2e-b60798ce5174 tempest-VolumesGetTestJSON-413730828 None] Running cmd (subprocess): sudo cinder-rootwrap /etc/cinder/rootwrap.conf env LC_ALL=C lvs --noheadings --unit=g -o vg_name,name,size --nosuffix --readonly stack-volumes-lvmdriver-1 {{(pid=111731) execute /usr/local/lib/python3.8/dist-packages/oslo_concurrency/processutils.py:384}}
Nov 25 19:37:19.301935 n-d-817303-9 sudo[137374]: ubuntu : TTY=unknown ; PWD=/ ; USER=root ; COMMAND=/usr/local/bin/cinder-rootwrap /etc/cinder/rootwrap.conf env LC_ALL=C lvs --noheadings --unit=g -o vg_name,name,size --nosuffix --readonly stack-volumes-lvmdriver-1
Nov 25 19:37:19.306744 n-d-817303-9 sudo[137374]: pam_unix(sudo:session): session opened for user root by (uid=0)
Nov 25 19:37:20.712534 n-d-817303-9 sudo[137371]: pam_unix(sudo:session): session closed for user root
Nov 25 19:37:20.715675 n-d-817303-9 cinder-volume[111731]: DEBUG oslo_concurrency.processutils [None req-e5707625-a49d-4e4a-b1aa-1b44e6d69737 tempest-ServersNegativeTestJSON-1281231932 None] CMD "sudo cinder-rootwrap /etc/cinder/rootwrap.conf env LC_ALL=C lvcreate -n volume-4084c291-9f2f-43ff-a32f-401601088ace stack-volumes-lvmdriver-1 -L 1g" returned: 0 in 2.150s {{(pid=111731) execute /usr/local/lib/python3.8/dist-packages/oslo_concurrency/processutils.py:422}}
Nov 25 19:37:20.720751 n-d-817303-9 cinder-volume[111731]: DEBUG cinder.volume.manager [None req-e5707625-a49d-4e4a-b1aa-1b44e6d69737 tempest-ServersNegativeTestJSON-1281231932 None] Task 'cinder.volume.flows.manager.create_volume.CreateVolumeFromSpecTask;volume:create' (27581718-b564-4354-870e-3139db18a8f5) transitioned into state 'SUCCESS' from state 'RUNNING' with result '{'status': 'creating', 'volume_name': 'volume-4084c291-9f2f-43ff-a32f-401601088ace', 'volume_size': 1}' {{(pid=111731) _task_receiver /usr/local/lib/python3.8/dist-packages/taskflow/listeners/logging.py:178}}
Nov 25 19:37:20.724438 n-d-817303-9 cinder-volume[111731]: DEBUG cinder.volume.manager [None req-e5707625-a49d-4e4a-b1aa-1b44e6d69737 tempest-ServersNegativeTestJSON-1281231932 None] Task 'cinder.volume.flows.manager.create_volume.CreateVolumeOnFinishTask;volume:create, create.end' (fa6df8c3-5a97-4560-bf5b-4da3acfe1f8c) transitioned into state 'RUNNING' from state 'PENDING' {{(pid=111731) _task_receiver /usr/local/lib/python3.8/dist-packages/taskflow/listeners/logging.py:190}}
Nov 25 19:37:20.745028 n-d-817303-9 cinder-volume[111731]: INFO cinder.volume.flows.manager.create_volume [None req-e5707625-a49d-4e4a-b1aa-1b44e6d69737 tempest-ServersNegativeTestJSON-1281231932 None] Volume volume-4084c291-9f2f-43ff-a32f-401601088ace (4084c291-9f2f-43ff-a32f-401601088ace): created successfully
Nov 25 19:37:20.752963 n-d-817303-9 cinder-volume[111731]: DEBUG cinder.volume.manager [None req-e5707625-a49d-4e4a-b1aa-1b44e6d69737 tempest-ServersNegativeTestJSON-1281231932 None] Task 'cinder.volume.flows.manager.create_volume.CreateVolumeOnFinishTask;volume:create, create.end' (fa6df8c3-5a97-4560-bf5b-4da3acfe1f8c) transitioned into state 'SUCCESS' from state 'RUNNING' with result 'None' {{(pid=111731) _task_receiver /usr/local/lib/python3.8/dist-packages/taskflow/listeners/logging.py:178}}
Nov 25 19:37:20.767830 n-d-817303-9 cinder-volume[111731]: DEBUG cinder.volume.manager [None req-e5707625-a49d-4e4a-b1aa-1b44e6d69737 tempest-ServersNegativeTestJSON-1281231932 None] Flow 'volume_create_manager' (7cd123ea-d421-46d7-adbf-a0df589cf8e9) transitioned into state 'SUCCESS' from state 'RUNNING' {{(pid=111731) _flow_receiver /usr/local/lib/python3.8/dist-packages/taskflow/listeners/logging.py:141}}
Nov 25 19:37:20.786014 n-d-817303-9 cinder-volume[111731]: INFO cinder.volume.manager [None req-e5707625-a49d-4e4a-b1aa-1b44e6d69737 tempest-ServersNegativeTestJSON-1281231932 None] Created volume successfully.
Nov 25 19:37:20.938258 n-d-817303-9 sudo[137374]: pam_unix(sudo:session): session closed for user root
Nov 25 19:37:20.940206 n-d-817303-9 cinder-volume[111731]: DEBUG oslo_concurrency.processutils [req-b4c8fc97-8d23-425d-abad-b121b1fcc5a2 req-eaf12588-2dd3-4bca-8d2e-b60798ce5174 tempest-VolumesGetTestJSON-413730828 None] CMD "sudo cinder-rootwrap /etc/cinder/rootwrap.conf env LC_ALL=C lvs --noheadings --unit=g -o vg_name,name,size --nosuffix --readonly stack-volumes-lvmdriver-1" returned: 0 in 1.694s {{(pid=111731) execute /usr/local/lib/python3.8/dist-packages/oslo_concurrency/processutils.py:422}}
Nov 25 19:37:20.941951 n-d-817303-9 cinder-volume[111731]: DEBUG cinder.manager [req-b4c8fc97-8d23-425d-abad-b121b1fcc5a2 req-eaf12588-2dd3-4bca-8d2e-b60798ce5174 tempest-VolumesGetTestJSON-413730828 None] Notifying Schedulers of capabilities ... {{(pid=111731) _publish_service_capabilities /opt/stack/cinder/cinder/manager.py:202}}
Nov 25 19:37:20.947618 n-d-817303-9 cinder-volume[111731]: INFO cinder.volume.manager [req-b4c8fc97-8d23-425d-abad-b121b1fcc5a2 req-eaf12588-2dd3-4bca-8d2e-b60798ce5174 tempest-VolumesGetTestJSON-413730828 None] Deleted volume successfully.
Nov 25 19:37:20.968671 n-d-817303-9 cinder-volume[111731]: DEBUG cinder.coordination [req-b4c8fc97-8d23-425d-abad-b121b1fcc5a2 req-eaf12588-2dd3-4bca-8d2e-b60798ce5174 tempest-VolumesGetTestJSON-413730828 None] Lock "b'cinder-bdd549c7-77b8-4dda-8c85-f3ccd4c6cf61-delete_volume'" released by "delete_volume" :: held 9.073s {{(pid=111731) _synchronized /opt/stack/cinder/cinder/coordination.py:198}}
Nov 25 19:37:24.892552 n-d-817303-9 cinder-volume[111731]: DEBUG oslo_service.periodic_task [None req-9884eeaa-506d-4c89-aaa4-deba2e77fa8a None None] Running periodic task VolumeManager.publish_service_capabilities {{(pid=111731) run_periodic_tasks /usr/local/lib/python3.8/dist-packages/oslo_service/periodic_task.py:210}}
Nov 25 19:37:24.895393 n-d-817303-9 cinder-volume[111731]: DEBUG cinder.volume.drivers.lvm [None req-9884eeaa-506d-4c89-aaa4-deba2e77fa8a None None] Updating volume stats {{(pid=111731) _update_volume_stats /opt/stack/cinder/cinder/volume/drivers/lvm.py:213}}
Nov 25 19:37:24.897375 n-d-817303-9 cinder-volume[111731]: DEBUG oslo_concurrency.processutils [None req-9884eeaa-506d-4c89-aaa4-deba2e77fa8a None None] Running cmd (subprocess): sudo cinder-rootwrap /etc/cinder/rootwrap.conf env LC_ALL=C vgs --noheadings --unit=g -o name,size,free,lv_count,uuid --separator : --nosuffix stack-volumes-lvmdriver-1 {{(pid=111731) execute /usr/local/lib/python3.8/dist-packages/oslo_concurrency/processutils.py:384}}
Nov 25 19:37:24.982558 n-d-817303-9 sudo[137407]: ubuntu : TTY=unknown ; PWD=/ ; USER=root ; COMMAND=/usr/local/bin/cinder-rootwrap /etc/cinder/rootwrap.conf env LC_ALL=C vgs --noheadings --unit=g -o name,size,free,lv_count,uuid --separator : --nosuffix stack-volumes-lvmdriver-1
Nov 25 19:37:24.985130 n-d-817303-9 sudo[137407]: pam_unix(sudo:session): session opened for user root by (uid=0)
Nov 25 19:37:25.267036 n-d-817303-9 cinder-volume[111731]: INFO cinder.volume.manager [None req-6b096e92-1554-48aa-992a-578663c4de24 tempest-GroupsV314Test-1470233088 None] Group tempest-GroupsV314Test-Group-1717188516: creating
Nov 25 19:37:25.356492 n-d-817303-9 cinder-volume[111731]: INFO cinder.volume.manager [None req-6b096e92-1554-48aa-992a-578663c4de24 tempest-GroupsV314Test-1470233088 None] Group tempest-GroupsV314Test-Group-1717188516: created successfully
Nov 25 19:37:25.415413 n-d-817303-9 cinder-volume[111731]: INFO cinder.volume.manager [None req-6b096e92-1554-48aa-992a-578663c4de24 tempest-GroupsV314Test-1470233088 None] Create group completed successfully.
Nov 25 19:37:26.313354 n-d-817303-9 sudo[137407]: pam_unix(sudo:session): session closed for user root
Nov 25 19:37:26.316071 n-d-817303-9 cinder-volume[111731]: DEBUG oslo_concurrency.processutils [None req-9884eeaa-506d-4c89-aaa4-deba2e77fa8a None None] CMD "sudo cinder-rootwrap /etc/cinder/rootwrap.conf env LC_ALL=C vgs --noheadings --unit=g -o name,size,free,lv_count,uuid --separator : --nosuffix stack-volumes-lvmdriver-1" returned: 0 in 1.419s {{(pid=111731) execute /usr/local/lib/python3.8/dist-packages/oslo_concurrency/processutils.py:422}}
Nov 25 19:37:26.318258 n-d-817303-9 cinder-volume[111731]: DEBUG oslo_concurrency.processutils [None req-9884eeaa-506d-4c89-aaa4-deba2e77fa8a None None] Running cmd (subprocess): sudo cinder-rootwrap /etc/cinder/rootwrap.conf env LC_ALL=C lvs --noheadings --unit=g -o vg_name,name,size --nosuffix --readonly stack-volumes-lvmdriver-1 {{(pid=111731) execute /usr/local/lib/python3.8/dist-packages/oslo_concurrency/processutils.py:384}}
Nov 25 19:37:26.369498 n-d-817303-9 sudo[137411]: ubuntu : TTY=unknown ; PWD=/ ; USER=root ; COMMAND=/usr/local/bin/cinder-rootwrap /etc/cinder/rootwrap.conf env LC_ALL=C lvs --noheadings --unit=g -o vg_name,name,size --nosuffix --readonly stack-volumes-lvmdriver-1
Nov 25 19:37:26.370332 n-d-817303-9 sudo[137411]: pam_unix(sudo:session): session opened for user root by (uid=0)
Nov 25 19:37:27.440288 n-d-817303-9 cinder-volume[111731]: DEBUG cinder.volume.flows.manager.create_volume [None req-6fbe1a18-ec05-4153-bc04-51808e85c443 tempest-GroupsV314Test-1470233088 None] Volume reschedule parameters: True retry: {'num_attempts': 1, 'backends': ['n-d-817303-9@lvmdriver-1#lvmdriver-1'], 'hosts': ['n-d-817303-9@lvmdriver-1#lvmdriver-1']} {{(pid=111731) get_flow /opt/stack/cinder/cinder/volume/flows/manager/create_volume.py:1348}}
Nov 25 19:37:27.453841 n-d-817303-9 cinder-volume[111731]: WARNING stevedore.named [None req-6fbe1a18-ec05-4153-bc04-51808e85c443 tempest-GroupsV314Test-1470233088 None] Could not load cinder.keymgr.conf_key_mgr.ConfKeyManager
Nov 25 19:37:27.456619 n-d-817303-9 cinder-volume[111731]: WARNING castellan.key_manager [None req-6fbe1a18-ec05-4153-bc04-51808e85c443 tempest-GroupsV314Test-1470233088 None] Deprecation Warning : cinder.keymgr.conf_key_mgr.ConfKeyManager is not a stevedore based driver, trying to load it as a class: stevedore.exception.NoMatches: No 'castellan.drivers' driver found, looking for 'cinder.keymgr.conf_key_mgr.ConfKeyManager'
Nov 25 19:37:27.508057 n-d-817303-9 cinder-volume[111731]: DEBUG cinder.volume.manager [None req-6fbe1a18-ec05-4153-bc04-51808e85c443 tempest-GroupsV314Test-1470233088 None] Flow 'volume_create_manager' (2fe6d604-8a32-4620-b3b4-8ce83d3e52de) transitioned into state 'RUNNING' from state 'PENDING' {{(pid=111731) _flow_receiver /usr/local/lib/python3.8/dist-packages/taskflow/listeners/logging.py:141}}
Nov 25 19:37:27.521087 n-d-817303-9 cinder-volume[111731]: DEBUG cinder.volume.manager [None req-6fbe1a18-ec05-4153-bc04-51808e85c443 tempest-GroupsV314Test-1470233088 None] Task 'cinder.volume.flows.manager.create_volume.ExtractVolumeRefTask;volume:create' (be31f85b-15a1-4ce3-bf52-ed3bc757862c) transitioned into state 'RUNNING' from state 'PENDING' {{(pid=111731) _task_receiver /usr/local/lib/python3.8/dist-packages/taskflow/listeners/logging.py:190}}
Nov 25 19:37:27.559328 n-d-817303-9 cinder-volume[111731]: DEBUG oslo_db.sqlalchemy.engines [None req-6fbe1a18-ec05-4153-bc04-51808e85c443 tempest-GroupsV314Test-1470233088 None] MySQL server mode set to STRICT_TRANS_TABLES,STRICT_ALL_TABLES,NO_ZERO_IN_DATE,NO_ZERO_DATE,ERROR_FOR_DIVISION_BY_ZERO,TRADITIONAL,NO_ENGINE_SUBSTITUTION {{(pid=111731) _check_effective_sql_mode /usr/local/lib/python3.8/dist-packages/oslo_db/sqlalchemy/engines.py:314}}
Nov 25 19:37:27.580265 n-d-817303-9 cinder-volume[111731]: DEBUG cinder.volume.manager [None req-6fbe1a18-ec05-4153-bc04-51808e85c443 tempest-GroupsV314Test-1470233088 None] Task 'cinder.volume.flows.manager.create_volume.ExtractVolumeRefTask;volume:create' (be31f85b-15a1-4ce3-bf52-ed3bc757862c) transitioned into state 'SUCCESS' from state 'RUNNING' with result 'Volume(_name_id=None,admin_metadata=,attach_status='detached',availability_zone='nova',bootable=False,cluster=,cluster_name=None,consistencygroup=,consistencygroup_id=None,created_at=2021-11-25T19:37:27Z,deleted=False,deleted_at=None,display_description=None,display_name='tempest-GroupsV314Test-Volume-554848991',ec2_id=None,encryption_key_id=None,glance_metadata=,group=,group_id=767e0020-2865-459c-a67c-fa189c43454f,host='n-d-817303-9@lvmdriver-1#lvmdriver-1',id=493f7e63-642e-47cf-9c27-668d7fba8990,launched_at=None,metadata={},migration_status=None,multiattach=False,previous_status=None,project_id='16b6105eb5ad4639b7c78110f0a59d9d',provider_auth=None,provider_geometry=None,provider_id=None,provider_location=None,replication_driver_data=None,replication_extended_status=None,replication_status=None,scheduled_at=2021-11-25T19:37:27Z,service_uuid=None,shared_targets=True,size=1,snapshot_id=None,snapshots=,source_volid=None,status='creating',terminated_at=None,updated_at=2021-11-25T19:37:27Z,use_quota=True,user_id='19f6da962a31419383d642dfae7b2221',volume_attachment=VolumeAttachmentList,volume_type=VolumeType(53326ac6-6e9b-42e1-9b07-c8e4fa85256a),volume_type_id=53326ac6-6e9b-42e1-9b07-c8e4fa85256a)' {{(pid=111731) _task_receiver /usr/local/lib/python3.8/dist-packages/taskflow/listeners/logging.py:178}}
Nov 25 19:37:27.584930 n-d-817303-9 cinder-volume[111731]: DEBUG cinder.volume.manager [None req-6fbe1a18-ec05-4153-bc04-51808e85c443 tempest-GroupsV314Test-1470233088 None] Task 'cinder.volume.flows.manager.create_volume.OnFailureRescheduleTask;volume:create' (c2892e33-42a4-4089-b5b3-e163c98a8ec3) transitioned into state 'RUNNING' from state 'PENDING' {{(pid=111731) _task_receiver /usr/local/lib/python3.8/dist-packages/taskflow/listeners/logging.py:190}}
Nov 25 19:37:27.589379 n-d-817303-9 cinder-volume[111731]: DEBUG cinder.volume.manager [None req-6fbe1a18-ec05-4153-bc04-51808e85c443 tempest-GroupsV314Test-1470233088 None] Task 'cinder.volume.flows.manager.create_volume.OnFailureRescheduleTask;volume:create' (c2892e33-42a4-4089-b5b3-e163c98a8ec3) transitioned into state 'SUCCESS' from state 'RUNNING' with result 'None' {{(pid=111731) _task_receiver /usr/local/lib/python3.8/dist-packages/taskflow/listeners/logging.py:178}}
Nov 25 19:37:27.594924 n-d-817303-9 cinder-volume[111731]: DEBUG cinder.volume.manager [None req-6fbe1a18-ec05-4153-bc04-51808e85c443 tempest-GroupsV314Test-1470233088 None] Task 'cinder.volume.flows.manager.create_volume.ExtractVolumeSpecTask;volume:create' (60a89de0-a4a0-4551-aea7-afbfc017e5bc) transitioned into state 'RUNNING' from state 'PENDING' {{(pid=111731) _task_receiver /usr/local/lib/python3.8/dist-packages/taskflow/listeners/logging.py:190}}
Nov 25 19:37:27.598309 n-d-817303-9 cinder-volume[111731]: DEBUG cinder.volume.manager [None req-6fbe1a18-ec05-4153-bc04-51808e85c443 tempest-GroupsV314Test-1470233088 None] Task 'cinder.volume.flows.manager.create_volume.ExtractVolumeSpecTask;volume:create' (60a89de0-a4a0-4551-aea7-afbfc017e5bc) transitioned into state 'SUCCESS' from state 'RUNNING' with result '{'status': 'creating', 'type': 'raw', 'volume_id': '493f7e63-642e-47cf-9c27-668d7fba8990', 'volume_name': 'volume-493f7e63-642e-47cf-9c27-668d7fba8990', 'volume_size': 1}' {{(pid=111731) _task_receiver /usr/local/lib/python3.8/dist-packages/taskflow/listeners/logging.py:178}}
Nov 25 19:37:27.604189 n-d-817303-9 cinder-volume[111731]: DEBUG cinder.volume.manager [None req-6fbe1a18-ec05-4153-bc04-51808e85c443 tempest-GroupsV314Test-1470233088 None] Task 'cinder.volume.flows.manager.create_volume.NotifyVolumeActionTask;volume:create, create.start' (9ea55411-73cb-49f4-8933-73a36d216e4e) transitioned into state 'RUNNING' from state 'PENDING' {{(pid=111731) _task_receiver /usr/local/lib/python3.8/dist-packages/taskflow/listeners/logging.py:190}}
Nov 25 19:37:27.621322 n-d-817303-9 cinder-volume[111731]: DEBUG cinder.volume.manager [None req-6fbe1a18-ec05-4153-bc04-51808e85c443 tempest-GroupsV314Test-1470233088 None] Task 'cinder.volume.flows.manager.create_volume.NotifyVolumeActionTask;volume:create, create.start' (9ea55411-73cb-49f4-8933-73a36d216e4e) transitioned into state 'SUCCESS' from state 'RUNNING' with result 'None' {{(pid=111731) _task_receiver /usr/local/lib/python3.8/dist-packages/taskflow/listeners/logging.py:178}}
Nov 25 19:37:27.638410 n-d-817303-9 cinder-volume[111731]: DEBUG cinder.volume.manager [None req-6fbe1a18-ec05-4153-bc04-51808e85c443 tempest-GroupsV314Test-1470233088 None] Task 'cinder.volume.flows.manager.create_volume.CreateVolumeFromSpecTask;volume:create' (fa4e4627-9f00-4fd1-87a2-5211f9e69562) transitioned into state 'RUNNING' from state 'PENDING' {{(pid=111731) _task_receiver /usr/local/lib/python3.8/dist-packages/taskflow/listeners/logging.py:190}}
Nov 25 19:37:27.707007 n-d-817303-9 cinder-volume[111731]: INFO cinder.volume.flows.manager.create_volume [None req-6fbe1a18-ec05-4153-bc04-51808e85c443 tempest-GroupsV314Test-1470233088 None] Volume 493f7e63-642e-47cf-9c27-668d7fba8990: being created as raw with specification: {'status': 'creating', 'volume_name': 'volume-493f7e63-642e-47cf-9c27-668d7fba8990', 'volume_size': 1}
Nov 25 19:37:27.709447 n-d-817303-9 cinder-volume[111731]: DEBUG oslo_concurrency.processutils [None req-6fbe1a18-ec05-4153-bc04-51808e85c443 tempest-GroupsV314Test-1470233088 None] Running cmd (subprocess): sudo cinder-rootwrap /etc/cinder/rootwrap.conf env LC_ALL=C lvcreate -n volume-493f7e63-642e-47cf-9c27-668d7fba8990 stack-volumes-lvmdriver-1 -L 1g {{(pid=111731) execute /usr/local/lib/python3.8/dist-packages/oslo_concurrency/processutils.py:384}}
Nov 25 19:37:27.773910 n-d-817303-9 sudo[137423]: ubuntu : TTY=unknown ; PWD=/ ; USER=root ; COMMAND=/usr/local/bin/cinder-rootwrap /etc/cinder/rootwrap.conf env LC_ALL=C lvcreate -n volume-493f7e63-642e-47cf-9c27-668d7fba8990 stack-volumes-lvmdriver-1 -L 1g
Nov 25 19:37:27.775165 n-d-817303-9 sudo[137423]: pam_unix(sudo:session): session opened for user root by (uid=0)
Nov 25 19:37:27.964279 n-d-817303-9 sudo[137411]: pam_unix(sudo:session): session closed for user root
Nov 25 19:37:27.969325 n-d-817303-9 cinder-volume[111731]: DEBUG oslo_concurrency.processutils [None req-9884eeaa-506d-4c89-aaa4-deba2e77fa8a None None] CMD "sudo cinder-rootwrap /etc/cinder/rootwrap.conf env LC_ALL=C lvs --noheadings --unit=g -o vg_name,name,size --nosuffix --readonly stack-volumes-lvmdriver-1" returned: 0 in 1.649s {{(pid=111731) execute /usr/local/lib/python3.8/dist-packages/oslo_concurrency/processutils.py:422}}
Nov 25 19:37:27.974323 n-d-817303-9 cinder-volume[111731]: DEBUG cinder.manager [None req-9884eeaa-506d-4c89-aaa4-deba2e77fa8a None None] Notifying Schedulers of capabilities ... {{(pid=111731) _publish_service_capabilities /opt/stack/cinder/cinder/manager.py:202}}
Nov 25 19:37:29.607993 n-d-817303-9 sudo[137423]: pam_unix(sudo:session): session closed for user root
Nov 25 19:37:29.609935 n-d-817303-9 cinder-volume[111731]: DEBUG oslo_concurrency.processutils [None req-6fbe1a18-ec05-4153-bc04-51808e85c443 tempest-GroupsV314Test-1470233088 None] CMD "sudo cinder-rootwrap /etc/cinder/rootwrap.conf env LC_ALL=C lvcreate -n volume-493f7e63-642e-47cf-9c27-668d7fba8990 stack-volumes-lvmdriver-1 -L 1g" returned: 0 in 1.901s {{(pid=111731) execute /usr/local/lib/python3.8/dist-packages/oslo_concurrency/processutils.py:422}}
Nov 25 19:37:29.613851 n-d-817303-9 cinder-volume[111731]: DEBUG cinder.volume.manager [None req-6fbe1a18-ec05-4153-bc04-51808e85c443 tempest-GroupsV314Test-1470233088 None] Task 'cinder.volume.flows.manager.create_volume.CreateVolumeFromSpecTask;volume:create' (fa4e4627-9f00-4fd1-87a2-5211f9e69562) transitioned into state 'SUCCESS' from state 'RUNNING' with result '{'status': 'creating', 'volume_name': 'volume-493f7e63-642e-47cf-9c27-668d7fba8990', 'volume_size': 1}' {{(pid=111731) _task_receiver /usr/local/lib/python3.8/dist-packages/taskflow/listeners/logging.py:178}}
Nov 25 19:37:29.617770 n-d-817303-9 cinder-volume[111731]: DEBUG cinder.volume.manager [None req-6fbe1a18-ec05-4153-bc04-51808e85c443 tempest-GroupsV314Test-1470233088 None] Task 'cinder.volume.flows.manager.create_volume.CreateVolumeOnFinishTask;volume:create, create.end' (441e5902-914a-46f5-9ae6-f5538ef9d516) transitioned into state 'RUNNING' from state 'PENDING' {{(pid=111731) _task_receiver /usr/local/lib/python3.8/dist-packages/taskflow/listeners/logging.py:190}}
Nov 25 19:37:29.655442 n-d-817303-9 cinder-volume[111731]: INFO cinder.volume.flows.manager.create_volume [None req-6fbe1a18-ec05-4153-bc04-51808e85c443 tempest-GroupsV314Test-1470233088 None] Volume volume-493f7e63-642e-47cf-9c27-668d7fba8990 (493f7e63-642e-47cf-9c27-668d7fba8990): created successfully
Nov 25 19:37:29.662296 n-d-817303-9 cinder-volume[111731]: DEBUG cinder.volume.manager [None req-6fbe1a18-ec05-4153-bc04-51808e85c443 tempest-GroupsV314Test-1470233088 None] Task 'cinder.volume.flows.manager.create_volume.CreateVolumeOnFinishTask;volume:create, create.end' (441e5902-914a-46f5-9ae6-f5538ef9d516) transitioned into state 'SUCCESS' from state 'RUNNING' with result 'None' {{(pid=111731) _task_receiver /usr/local/lib/python3.8/dist-packages/taskflow/listeners/logging.py:178}}
Nov 25 19:37:29.676423 n-d-817303-9 cinder-volume[111731]: DEBUG cinder.volume.manager [None req-6fbe1a18-ec05-4153-bc04-51808e85c443 tempest-GroupsV314Test-1470233088 None] Flow 'volume_create_manager' (2fe6d604-8a32-4620-b3b4-8ce83d3e52de) transitioned into state 'SUCCESS' from state 'RUNNING' {{(pid=111731) _flow_receiver /usr/local/lib/python3.8/dist-packages/taskflow/listeners/logging.py:141}}
Nov 25 19:37:29.701794 n-d-817303-9 cinder-volume[111731]: INFO cinder.volume.manager [None req-6fbe1a18-ec05-4153-bc04-51808e85c443 tempest-GroupsV314Test-1470233088 None] Created volume successfully.
Nov 25 19:37:30.737637 n-d-817303-9 cinder-volume[111731]: INFO cinder.volume.drivers.lvm [None req-713fa9f1-5648-499c-9ae1-a0c43f63b52c tempest-GroupsV314Test-1470233088 None] Creating clone of volume: 493f7e63-642e-47cf-9c27-668d7fba8990
Nov 25 19:37:30.741380 n-d-817303-9 cinder-volume[111731]: DEBUG oslo_concurrency.processutils [None req-713fa9f1-5648-499c-9ae1-a0c43f63b52c tempest-GroupsV314Test-1470233088 None] Running cmd (subprocess): sudo cinder-rootwrap /etc/cinder/rootwrap.conf env LC_ALL=C lvs --noheadings --unit=g -o vg_name,name,size --nosuffix --readonly stack-volumes-lvmdriver-1/volume-493f7e63-642e-47cf-9c27-668d7fba8990 {{(pid=111731) execute /usr/local/lib/python3.8/dist-packages/oslo_concurrency/processutils.py:384}}
Nov 25 19:37:30.796576 n-d-817303-9 sudo[137477]: ubuntu : TTY=unknown ; PWD=/ ; USER=root ; COMMAND=/usr/local/bin/cinder-rootwrap /etc/cinder/rootwrap.conf env LC_ALL=C lvs --noheadings --unit=g -o vg_name,name,size --nosuffix --readonly stack-volumes-lvmdriver-1/volume-493f7e63-642e-47cf-9c27-668d7fba8990
Nov 25 19:37:30.807892 n-d-817303-9 sudo[137477]: pam_unix(sudo:session): session opened for user root by (uid=0)
Nov 25 19:37:32.075367 n-d-817303-9 sudo[137477]: pam_unix(sudo:session): session closed for user root
Nov 25 19:37:32.078576 n-d-817303-9 cinder-volume[111731]: DEBUG oslo_concurrency.processutils [None req-713fa9f1-5648-499c-9ae1-a0c43f63b52c tempest-GroupsV314Test-1470233088 None] CMD "sudo cinder-rootwrap /etc/cinder/rootwrap.conf env LC_ALL=C lvs --noheadings --unit=g -o vg_name,name,size --nosuffix --readonly stack-volumes-lvmdriver-1/volume-493f7e63-642e-47cf-9c27-668d7fba8990" returned: 0 in 1.337s {{(pid=111731) execute /usr/local/lib/python3.8/dist-packages/oslo_concurrency/processutils.py:422}}
Nov 25 19:37:32.080363 n-d-817303-9 cinder-volume[111731]: DEBUG oslo_concurrency.processutils [None req-713fa9f1-5648-499c-9ae1-a0c43f63b52c tempest-GroupsV314Test-1470233088 None] Running cmd (subprocess): sudo cinder-rootwrap /etc/cinder/rootwrap.conf env LC_ALL=C lvcreate --name clone-snap-ac665902-641c-4acf-a9d4-103314fc7d0a --snapshot stack-volumes-lvmdriver-1/volume-493f7e63-642e-47cf-9c27-668d7fba8990 -L 1.00g {{(pid=111731) execute /usr/local/lib/python3.8/dist-packages/oslo_concurrency/processutils.py:384}}
Nov 25 19:37:32.146153 n-d-817303-9 sudo[137480]: ubuntu : TTY=unknown ; PWD=/ ; USER=root ; COMMAND=/usr/local/bin/cinder-rootwrap /etc/cinder/rootwrap.conf env LC_ALL=C lvcreate --name clone-snap-ac665902-641c-4acf-a9d4-103314fc7d0a --snapshot stack-volumes-lvmdriver-1/volume-493f7e63-642e-47cf-9c27-668d7fba8990 -L 1.00g
Nov 25 19:37:32.155015 n-d-817303-9 sudo[137480]: pam_unix(sudo:session): session opened for user root by (uid=0)
Nov 25 19:37:33.584584 n-d-817303-9 sudo[137480]: pam_unix(sudo:session): session closed for user root
Nov 25 19:37:33.587534 n-d-817303-9 cinder-volume[111731]: DEBUG oslo_concurrency.processutils [None req-713fa9f1-5648-499c-9ae1-a0c43f63b52c tempest-GroupsV314Test-1470233088 None] CMD "sudo cinder-rootwrap /etc/cinder/rootwrap.conf env LC_ALL=C lvcreate --name clone-snap-ac665902-641c-4acf-a9d4-103314fc7d0a --snapshot stack-volumes-lvmdriver-1/volume-493f7e63-642e-47cf-9c27-668d7fba8990 -L 1.00g" returned: 0 in 1.506s {{(pid=111731) execute /usr/local/lib/python3.8/dist-packages/oslo_concurrency/processutils.py:422}}
Nov 25 19:37:33.589838 n-d-817303-9 cinder-volume[111731]: DEBUG oslo_concurrency.processutils [None req-713fa9f1-5648-499c-9ae1-a0c43f63b52c tempest-GroupsV314Test-1470233088 None] Running cmd (subprocess): sudo cinder-rootwrap /etc/cinder/rootwrap.conf env LC_ALL=C lvcreate -n volume-ac665902-641c-4acf-a9d4-103314fc7d0a stack-volumes-lvmdriver-1 -L 1g {{(pid=111731) execute /usr/local/lib/python3.8/dist-packages/oslo_concurrency/processutils.py:384}}
Nov 25 19:37:33.618416 n-d-817303-9 sudo[137605]: ubuntu : TTY=unknown ; PWD=/ ; USER=root ; COMMAND=/usr/local/bin/cinder-rootwrap /etc/cinder/rootwrap.conf env LC_ALL=C lvcreate -n volume-ac665902-641c-4acf-a9d4-103314fc7d0a stack-volumes-lvmdriver-1 -L 1g
Nov 25 19:37:33.620202 n-d-817303-9 sudo[137605]: pam_unix(sudo:session): session opened for user root by (uid=0)
Nov 25 19:37:34.742535 n-d-817303-9 sudo[137605]: pam_unix(sudo:session): session closed for user root
Nov 25 19:37:34.747829 n-d-817303-9 cinder-volume[111731]: DEBUG oslo_concurrency.processutils [None req-713fa9f1-5648-499c-9ae1-a0c43f63b52c tempest-GroupsV314Test-1470233088 None] CMD "sudo cinder-rootwrap /etc/cinder/rootwrap.conf env LC_ALL=C lvcreate -n volume-ac665902-641c-4acf-a9d4-103314fc7d0a stack-volumes-lvmdriver-1 -L 1g" returned: 0 in 1.156s {{(pid=111731) execute /usr/local/lib/python3.8/dist-packages/oslo_concurrency/processutils.py:422}}
Nov 25 19:37:34.752372 n-d-817303-9 cinder-volume[111731]: DEBUG oslo_concurrency.processutils [None req-713fa9f1-5648-499c-9ae1-a0c43f63b52c tempest-GroupsV314Test-1470233088 None] Running cmd (subprocess): env LC_ALL=C lvm version {{(pid=111731) execute /usr/local/lib/python3.8/dist-packages/oslo_concurrency/processutils.py:384}}
Nov 25 19:37:34.799199 n-d-817303-9 cinder-volume[111731]: DEBUG oslo_concurrency.processutils [None req-713fa9f1-5648-499c-9ae1-a0c43f63b52c tempest-GroupsV314Test-1470233088 None] CMD "env LC_ALL=C lvm version" returned: 0 in 0.044s {{(pid=111731) execute /usr/local/lib/python3.8/dist-packages/oslo_concurrency/processutils.py:422}}
Nov 25 19:37:34.802773 n-d-817303-9 cinder-volume[111731]: DEBUG oslo_concurrency.processutils [None req-713fa9f1-5648-499c-9ae1-a0c43f63b52c tempest-GroupsV314Test-1470233088 None] Running cmd (subprocess): sudo cinder-rootwrap /etc/cinder/rootwrap.conf lvchange -a y --yes -K stack-volumes-lvmdriver-1/clone-snap-ac665902-641c-4acf-a9d4-103314fc7d0a {{(pid=111731) execute /usr/local/lib/python3.8/dist-packages/oslo_concurrency/processutils.py:384}}
Nov 25 19:37:34.836073 n-d-817303-9 sudo[137637]: ubuntu : TTY=unknown ; PWD=/ ; USER=root ; COMMAND=/usr/local/bin/cinder-rootwrap /etc/cinder/rootwrap.conf lvchange -a y --yes -K stack-volumes-lvmdriver-1/clone-snap-ac665902-641c-4acf-a9d4-103314fc7d0a
Nov 25 19:37:34.838558 n-d-817303-9 sudo[137637]: pam_unix(sudo:session): session opened for user root by (uid=0)
Nov 25 19:37:35.698966 n-d-817303-9 sudo[137637]: pam_unix(sudo:session): session closed for user root
Nov 25 19:37:35.702121 n-d-817303-9 cinder-volume[111731]: DEBUG oslo_concurrency.processutils [None req-713fa9f1-5648-499c-9ae1-a0c43f63b52c tempest-GroupsV314Test-1470233088 None] CMD "sudo cinder-rootwrap /etc/cinder/rootwrap.conf lvchange -a y --yes -K stack-volumes-lvmdriver-1/clone-snap-ac665902-641c-4acf-a9d4-103314fc7d0a" returned: 0 in 0.900s {{(pid=111731) execute /usr/local/lib/python3.8/dist-packages/oslo_concurrency/processutils.py:422}}
Nov 25 19:37:35.704675 n-d-817303-9 cinder-volume[111731]: DEBUG oslo_concurrency.processutils [None req-713fa9f1-5648-499c-9ae1-a0c43f63b52c tempest-GroupsV314Test-1470233088 None] Running cmd (subprocess): sudo cinder-rootwrap /etc/cinder/rootwrap.conf dd count=0 if=/dev/mapper/stack--volumes--lvmdriver--1-clone--snap--ac665902--641c--4acf--a9d4--103314fc7d0a of=/dev/mapper/stack--volumes--lvmdriver--1-volume--ac665902--641c--4acf--a9d4--103314fc7d0a iflag=direct {{(pid=111731) execute /usr/local/lib/python3.8/dist-packages/oslo_concurrency/processutils.py:384}}
Nov 25 19:37:35.738916 n-d-817303-9 sudo[137640]: ubuntu : TTY=unknown ; PWD=/ ; USER=root ; COMMAND=/usr/local/bin/cinder-rootwrap /etc/cinder/rootwrap.conf dd count=0 if=/dev/mapper/stack--volumes--lvmdriver--1-clone--snap--ac665902--641c--4acf--a9d4--103314fc7d0a of=/dev/mapper/stack--volumes--lvmdriver--1-volume--ac665902--641c--4acf--a9d4--103314fc7d0a iflag=direct
Nov 25 19:37:35.739963 n-d-817303-9 sudo[137640]: pam_unix(sudo:session): session opened for user root by (uid=0)
Nov 25 19:37:36.550488 n-d-817303-9 sudo[137640]: pam_unix(sudo:session): session closed for user root
Nov 25 19:37:36.553341 n-d-817303-9 cinder-volume[111731]: DEBUG oslo_concurrency.processutils [None req-713fa9f1-5648-499c-9ae1-a0c43f63b52c tempest-GroupsV314Test-1470233088 None] CMD "sudo cinder-rootwrap /etc/cinder/rootwrap.conf dd count=0 if=/dev/mapper/stack--volumes--lvmdriver--1-clone--snap--ac665902--641c--4acf--a9d4--103314fc7d0a of=/dev/mapper/stack--volumes--lvmdriver--1-volume--ac665902--641c--4acf--a9d4--103314fc7d0a iflag=direct" returned: 0 in 0.848s {{(pid=111731) execute /usr/local/lib/python3.8/dist-packages/oslo_concurrency/processutils.py:422}}
Nov 25 19:37:36.555345 n-d-817303-9 cinder-volume[111731]: DEBUG oslo_concurrency.processutils [None req-713fa9f1-5648-499c-9ae1-a0c43f63b52c tempest-GroupsV314Test-1470233088 None] Running cmd (subprocess): sudo cinder-rootwrap /etc/cinder/rootwrap.conf dd count=0 if=/dev/mapper/stack--volumes--lvmdriver--1-clone--snap--ac665902--641c--4acf--a9d4--103314fc7d0a of=/dev/mapper/stack--volumes--lvmdriver--1-volume--ac665902--641c--4acf--a9d4--103314fc7d0a oflag=direct {{(pid=111731) execute /usr/local/lib/python3.8/dist-packages/oslo_concurrency/processutils.py:384}}
Nov 25 19:37:36.616513 n-d-817303-9 sudo[137652]: ubuntu : TTY=unknown ; PWD=/ ; USER=root ; COMMAND=/usr/local/bin/cinder-rootwrap /etc/cinder/rootwrap.conf dd count=0 if=/dev/mapper/stack--volumes--lvmdriver--1-clone--snap--ac665902--641c--4acf--a9d4--103314fc7d0a of=/dev/mapper/stack--volumes--lvmdriver--1-volume--ac665902--641c--4acf--a9d4--103314fc7d0a oflag=direct
Nov 25 19:37:36.621257 n-d-817303-9 sudo[137652]: pam_unix(sudo:session): session opened for user root by (uid=0)
Nov 25 19:37:37.735057 n-d-817303-9 sudo[137652]: pam_unix(sudo:session): session closed for user root
Nov 25 19:37:37.738918 n-d-817303-9 cinder-volume[111731]: DEBUG oslo_concurrency.processutils [None req-713fa9f1-5648-499c-9ae1-a0c43f63b52c tempest-GroupsV314Test-1470233088 None] CMD "sudo cinder-rootwrap /etc/cinder/rootwrap.conf dd count=0 if=/dev/mapper/stack--volumes--lvmdriver--1-clone--snap--ac665902--641c--4acf--a9d4--103314fc7d0a of=/dev/mapper/stack--volumes--lvmdriver--1-volume--ac665902--641c--4acf--a9d4--103314fc7d0a oflag=direct" returned: 0 in 1.183s {{(pid=111731) execute /usr/local/lib/python3.8/dist-packages/oslo_concurrency/processutils.py:422}}
Nov 25 19:37:37.741879 n-d-817303-9 cinder-volume[111731]: DEBUG oslo_concurrency.processutils [None req-713fa9f1-5648-499c-9ae1-a0c43f63b52c tempest-GroupsV314Test-1470233088 None] Running cmd (subprocess): sudo cinder-rootwrap /etc/cinder/rootwrap.conf dd if=/dev/mapper/stack--volumes--lvmdriver--1-clone--snap--ac665902--641c--4acf--a9d4--103314fc7d0a of=/dev/mapper/stack--volumes--lvmdriver--1-volume--ac665902--641c--4acf--a9d4--103314fc7d0a count=1073741824 bs=1M iflag=count_bytes,direct oflag=direct {{(pid=111731) execute /usr/local/lib/python3.8/dist-packages/oslo_concurrency/processutils.py:384}}
Nov 25 19:37:37.773366 n-d-817303-9 sudo[137664]: ubuntu : TTY=unknown ; PWD=/ ; USER=root ; COMMAND=/usr/local/bin/cinder-rootwrap /etc/cinder/rootwrap.conf dd if=/dev/mapper/stack--volumes--lvmdriver--1-clone--snap--ac665902--641c--4acf--a9d4--103314fc7d0a of=/dev/mapper/stack--volumes--lvmdriver--1-volume--ac665902--641c--4acf--a9d4--103314fc7d0a count=1073741824 bs=1M iflag=count_bytes,direct oflag=direct
Nov 25 19:37:37.775695 n-d-817303-9 sudo[137664]: pam_unix(sudo:session): session opened for user root by (uid=0)
Nov 25 19:37:46.210920 n-d-817303-9 sudo[137664]: pam_unix(sudo:session): session closed for user root
Nov 25 19:37:46.221528 n-d-817303-9 cinder-volume[111731]: DEBUG oslo_concurrency.processutils [None req-713fa9f1-5648-499c-9ae1-a0c43f63b52c tempest-GroupsV314Test-1470233088 None] CMD "sudo cinder-rootwrap /etc/cinder/rootwrap.conf dd if=/dev/mapper/stack--volumes--lvmdriver--1-clone--snap--ac665902--641c--4acf--a9d4--103314fc7d0a of=/dev/mapper/stack--volumes--lvmdriver--1-volume--ac665902--641c--4acf--a9d4--103314fc7d0a count=1073741824 bs=1M iflag=count_bytes,direct oflag=direct" returned: 0 in 8.479s {{(pid=111731) execute /usr/local/lib/python3.8/dist-packages/oslo_concurrency/processutils.py:422}}
Nov 25 19:37:46.222406 n-d-817303-9 cinder-volume[111731]: DEBUG cinder.volume.volume_utils [None req-713fa9f1-5648-499c-9ae1-a0c43f63b52c tempest-GroupsV314Test-1470233088 None] Volume copy details: src /dev/mapper/stack--volumes--lvmdriver--1-clone--snap--ac665902--641c--4acf--a9d4--103314fc7d0a, dest /dev/mapper/stack--volumes--lvmdriver--1-volume--ac665902--641c--4acf--a9d4--103314fc7d0a, size 1024.00 MB, duration 8.48 sec {{(pid=111731) _copy_volume_with_path /opt/stack/cinder/cinder/volume/volume_utils.py:550}}
Nov 25 19:37:46.223080 n-d-817303-9 cinder-volume[111731]: INFO cinder.volume.volume_utils [None req-713fa9f1-5648-499c-9ae1-a0c43f63b52c tempest-GroupsV314Test-1470233088 None] Volume copy 1024.00 MB at 120.74 MB/s
Nov 25 19:37:46.225401 n-d-817303-9 cinder-volume[111731]: DEBUG oslo_concurrency.processutils [None req-713fa9f1-5648-499c-9ae1-a0c43f63b52c tempest-GroupsV314Test-1470233088 None] Running cmd (subprocess): sudo cinder-rootwrap /etc/cinder/rootwrap.conf env LC_ALL=C lvs --noheadings --unit=g -o vg_name,name,size --nosuffix --readonly stack-volumes-lvmdriver-1/clone-snap-ac665902-641c-4acf-a9d4-103314fc7d0a {{(pid=111731) execute /usr/local/lib/python3.8/dist-packages/oslo_concurrency/processutils.py:384}}
Nov 25 19:37:46.271876 n-d-817303-9 sudo[137679]: ubuntu : TTY=unknown ; PWD=/ ; USER=root ; COMMAND=/usr/local/bin/cinder-rootwrap /etc/cinder/rootwrap.conf env LC_ALL=C lvs --noheadings --unit=g -o vg_name,name,size --nosuffix --readonly stack-volumes-lvmdriver-1/clone-snap-ac665902-641c-4acf-a9d4-103314fc7d0a
Nov 25 19:37:46.274006 n-d-817303-9 sudo[137679]: pam_unix(sudo:session): session opened for user root by (uid=0)
Nov 25 19:37:47.493346 n-d-817303-9 sudo[137679]: pam_unix(sudo:session): session closed for user root
Nov 25 19:37:47.495684 n-d-817303-9 cinder-volume[111731]: DEBUG oslo_concurrency.processutils [None req-713fa9f1-5648-499c-9ae1-a0c43f63b52c tempest-GroupsV314Test-1470233088 None] CMD "sudo cinder-rootwrap /etc/cinder/rootwrap.conf env LC_ALL=C lvs --noheadings --unit=g -o vg_name,name,size --nosuffix --readonly stack-volumes-lvmdriver-1/clone-snap-ac665902-641c-4acf-a9d4-103314fc7d0a" returned: 0 in 1.270s {{(pid=111731) execute /usr/local/lib/python3.8/dist-packages/oslo_concurrency/processutils.py:422}}
Nov 25 19:37:47.498752 n-d-817303-9 cinder-volume[111731]: DEBUG oslo_concurrency.processutils [None req-713fa9f1-5648-499c-9ae1-a0c43f63b52c tempest-GroupsV314Test-1470233088 None] Running cmd (subprocess): sudo cinder-rootwrap /etc/cinder/rootwrap.conf lvremove --config activation { retry_deactivation = 1} -f stack-volumes-lvmdriver-1/clone-snap-ac665902-641c-4acf-a9d4-103314fc7d0a {{(pid=111731) execute /usr/local/lib/python3.8/dist-packages/oslo_concurrency/processutils.py:384}}
Nov 25 19:37:47.541428 n-d-817303-9 sudo[137725]: ubuntu : TTY=unknown ; PWD=/ ; USER=root ; COMMAND=/usr/local/bin/cinder-rootwrap /etc/cinder/rootwrap.conf lvremove --config activation { retry_deactivation = 1} -f stack-volumes-lvmdriver-1/clone-snap-ac665902-641c-4acf-a9d4-103314fc7d0a
Nov 25 19:37:47.542259 n-d-817303-9 sudo[137725]: pam_unix(sudo:session): session opened for user root by (uid=0)
Nov 25 19:37:48.563329 n-d-817303-9 sudo[137725]: pam_unix(sudo:session): session closed for user root
Nov 25 19:37:48.567934 n-d-817303-9 cinder-volume[111731]: DEBUG oslo_concurrency.processutils [None req-713fa9f1-5648-499c-9ae1-a0c43f63b52c tempest-GroupsV314Test-1470233088 None] CMD "sudo cinder-rootwrap /etc/cinder/rootwrap.conf lvremove --config activation { retry_deactivation = 1} -f stack-volumes-lvmdriver-1/clone-snap-ac665902-641c-4acf-a9d4-103314fc7d0a" returned: 0 in 1.067s {{(pid=111731) execute /usr/local/lib/python3.8/dist-packages/oslo_concurrency/processutils.py:422}}
Nov 25 19:37:48.652646 n-d-817303-9 cinder-volume[111731]: INFO cinder.volume.manager [None req-713fa9f1-5648-499c-9ae1-a0c43f63b52c tempest-GroupsV314Test-1470233088 None] Create group from source-group-767e0020-2865-459c-a67c-fa189c43454f completed successfully.
Nov 25 19:37:50.348298 n-d-817303-9 cinder-volume[111731]: INFO cinder.volume.targets.iscsi [None req-7710b9e0-17fc-4575-a550-4294735165b8 tempest-GroupsV314Test-1470233088 None] Skipping remove_export. No iscsi_target is presently exported for volume: ac665902-641c-4acf-a9d4-103314fc7d0a
Nov 25 19:37:50.350109 n-d-817303-9 cinder-volume[111731]: DEBUG oslo_concurrency.processutils [None req-7710b9e0-17fc-4575-a550-4294735165b8 tempest-GroupsV314Test-1470233088 None] Running cmd (subprocess): sudo cinder-rootwrap /etc/cinder/rootwrap.conf env LC_ALL=C lvs --noheadings --unit=g -o vg_name,name,size --nosuffix --readonly stack-volumes-lvmdriver-1/volume-ac665902-641c-4acf-a9d4-103314fc7d0a {{(pid=111731) execute /usr/local/lib/python3.8/dist-packages/oslo_concurrency/processutils.py:384}}
Nov 25 19:37:50.402651 n-d-817303-9 sudo[137771]: ubuntu : TTY=unknown ; PWD=/ ; USER=root ; COMMAND=/usr/local/bin/cinder-rootwrap /etc/cinder/rootwrap.conf env LC_ALL=C lvs --noheadings --unit=g -o vg_name,name,size --nosuffix --readonly stack-volumes-lvmdriver-1/volume-ac665902-641c-4acf-a9d4-103314fc7d0a
Nov 25 19:37:50.406667 n-d-817303-9 sudo[137771]: pam_unix(sudo:session): session opened for user root by (uid=0)
Nov 25 19:37:51.337408 n-d-817303-9 sudo[137771]: pam_unix(sudo:session): session closed for user root
Nov 25 19:37:51.340539 n-d-817303-9 cinder-volume[111731]: DEBUG oslo_concurrency.processutils [None req-7710b9e0-17fc-4575-a550-4294735165b8 tempest-GroupsV314Test-1470233088 None] CMD "sudo cinder-rootwrap /etc/cinder/rootwrap.conf env LC_ALL=C lvs --noheadings --unit=g -o vg_name,name,size --nosuffix --readonly stack-volumes-lvmdriver-1/volume-ac665902-641c-4acf-a9d4-103314fc7d0a" returned: 0 in 0.990s {{(pid=111731) execute /usr/local/lib/python3.8/dist-packages/oslo_concurrency/processutils.py:422}}
Nov 25 19:37:51.343805 n-d-817303-9 cinder-volume[111731]: DEBUG oslo_concurrency.processutils [None req-7710b9e0-17fc-4575-a550-4294735165b8 tempest-GroupsV314Test-1470233088 None] Running cmd (subprocess): sudo cinder-rootwrap /etc/cinder/rootwrap.conf env LC_ALL=C lvdisplay --noheading -C -o Attr --readonly stack-volumes-lvmdriver-1/volume-ac665902-641c-4acf-a9d4-103314fc7d0a {{(pid=111731) execute /usr/local/lib/python3.8/dist-packages/oslo_concurrency/processutils.py:384}}
Nov 25 19:37:51.388442 n-d-817303-9 sudo[137774]: ubuntu : TTY=unknown ; PWD=/ ; USER=root ; COMMAND=/usr/local/bin/cinder-rootwrap /etc/cinder/rootwrap.conf env LC_ALL=C lvdisplay --noheading -C -o Attr --readonly stack-volumes-lvmdriver-1/volume-ac665902-641c-4acf-a9d4-103314fc7d0a
Nov 25 19:37:51.393290 n-d-817303-9 sudo[137774]: pam_unix(sudo:session): session opened for user root by (uid=0)
Nov 25 19:37:52.641227 n-d-817303-9 sudo[137774]: pam_unix(sudo:session): session closed for user root
Nov 25 19:37:52.644269 n-d-817303-9 cinder-volume[111731]: DEBUG oslo_concurrency.processutils [None req-7710b9e0-17fc-4575-a550-4294735165b8 tempest-GroupsV314Test-1470233088 None] CMD "sudo cinder-rootwrap /etc/cinder/rootwrap.conf env LC_ALL=C lvdisplay --noheading -C -o Attr --readonly stack-volumes-lvmdriver-1/volume-ac665902-641c-4acf-a9d4-103314fc7d0a" returned: 0 in 1.300s {{(pid=111731) execute /usr/local/lib/python3.8/dist-packages/oslo_concurrency/processutils.py:422}}
Nov 25 19:37:52.651076 n-d-817303-9 cinder-volume[111731]: DEBUG oslo_concurrency.processutils [None req-7710b9e0-17fc-4575-a550-4294735165b8 tempest-GroupsV314Test-1470233088 None] Running cmd (subprocess): sudo cinder-rootwrap /etc/cinder/rootwrap.conf lvremove --config activation { retry_deactivation = 1} -f stack-volumes-lvmdriver-1/volume-ac665902-641c-4acf-a9d4-103314fc7d0a {{(pid=111731) execute /usr/local/lib/python3.8/dist-packages/oslo_concurrency/processutils.py:384}}
Nov 25 19:37:52.703417 n-d-817303-9 sudo[137777]: ubuntu : TTY=unknown ; PWD=/ ; USER=root ; COMMAND=/usr/local/bin/cinder-rootwrap /etc/cinder/rootwrap.conf lvremove --config activation { retry_deactivation = 1} -f stack-volumes-lvmdriver-1/volume-ac665902-641c-4acf-a9d4-103314fc7d0a
Nov 25 19:37:52.705303 n-d-817303-9 sudo[137777]: pam_unix(sudo:session): session opened for user root by (uid=0)
Nov 25 19:37:53.934440 n-d-817303-9 sudo[137777]: pam_unix(sudo:session): session closed for user root
Nov 25 19:37:53.940678 n-d-817303-9 cinder-volume[111731]: DEBUG oslo_concurrency.processutils [None req-7710b9e0-17fc-4575-a550-4294735165b8 tempest-GroupsV314Test-1470233088 None] CMD "sudo cinder-rootwrap /etc/cinder/rootwrap.conf lvremove --config activation { retry_deactivation = 1} -f stack-volumes-lvmdriver-1/volume-ac665902-641c-4acf-a9d4-103314fc7d0a" returned: 0 in 1.291s {{(pid=111731) execute /usr/local/lib/python3.8/dist-packages/oslo_concurrency/processutils.py:422}}
Nov 25 19:37:53.943061 n-d-817303-9 cinder-volume[111731]: INFO cinder.volume.drivers.lvm [None req-7710b9e0-17fc-4575-a550-4294735165b8 tempest-GroupsV314Test-1470233088 None] Successfully deleted volume: ac665902-641c-4acf-a9d4-103314fc7d0a
