Nov 24 12:51:49.373893 n-d-817303-4 neutron-server[114985]: DEBUG neutron.pecan_wsgi.hooks.policy_enforcement [req-ebd49fac-c35e-49b0-817b-1800f726a4d2 req-1d14e8e5-f0c2-432a-af35-9337695fb450 service neutron] Attributes excluded by policy engine: ['standard_attr_id', 'shared'] {{(pid=114985) _exclude_attributes_by_policy /opt/stack/neutron/neutron/pecan_wsgi/hooks/policy_enforcement.py:255}}
Nov 24 12:51:49.379044 n-d-817303-4 neutron-server[114985]: INFO neutron.wsgi [req-ebd49fac-c35e-49b0-817b-1800f726a4d2 req-1d14e8e5-f0c2-432a-af35-9337695fb450 service neutron] 10.222.0.59 "GET /v2.0/subnets?id=d5769439-5245-4abd-9019-ca9dddd4ee48 HTTP/1.1" status: 200 len: 863 time: 0.0677850
Nov 24 12:51:49.389618 n-d-817303-4 neutron-server[114988]: DEBUG neutron.db.l3_dvr_db [None req-163eb566-4fc5-4653-a330-e5a3ad8b6277 None None] Set router 8e94e28f-c557-4d33-822a-6287461f9a21 gateway port host: n-d-817303-4 {{(pid=114988) _build_routers_list /opt/stack/neutron/neutron/db/l3_dvr_db.py:906}}
Nov 24 12:51:49.402645 n-d-817303-4 neutron-server[114986]: DEBUG neutron.plugins.ml2.managers [req-a3ea3504-1b87-4873-a73b-241ac0a7398c req-06b26d2f-431f-4b8b-93a1-778159d95a8f service neutron] Attempting to bind port 6c1ffb59-9950-4034-96d8-b510b1348504 on host n-h2-817303-4 for vnic_type normal with profile {{(pid=114986) bind_port /opt/stack/neutron/neutron/plugins/ml2/managers.py:795}}
Nov 24 12:51:49.403561 n-d-817303-4 neutron-server[114986]: DEBUG neutron.plugins.ml2.managers [req-a3ea3504-1b87-4873-a73b-241ac0a7398c req-06b26d2f-431f-4b8b-93a1-778159d95a8f service neutron] Attempting to bind port 6c1ffb59-9950-4034-96d8-b510b1348504 by drivers openvswitch,hyperv on host n-h2-817303-4 at level 0 using segments [{'id': 'aa4a90d1-d057-4215-b6de-7efd45fd8d87', 'network_type': 'vlan', 'physical_network': 'physnet1', 'segmentation_id': 606, 'network_id': '81418c15-a0ea-409a-bffa-85dc9db0ce64'}] {{(pid=114986) _bind_port_level /opt/stack/neutron/neutron/plugins/ml2/managers.py:820}}
Nov 24 12:51:49.403925 n-d-817303-4 neutron-server[114986]: DEBUG neutron.plugins.ml2.drivers.mech_agent [req-a3ea3504-1b87-4873-a73b-241ac0a7398c req-06b26d2f-431f-4b8b-93a1-778159d95a8f service neutron] Attempting to bind port 6c1ffb59-9950-4034-96d8-b510b1348504 on network 81418c15-a0ea-409a-bffa-85dc9db0ce64 {{(pid=114986) bind_port /opt/stack/neutron/neutron/plugins/ml2/drivers/mech_agent.py:91}}
Nov 24 12:51:49.418426 n-d-817303-4 neutron-server[114986]: DEBUG neutron.plugins.ml2.drivers.mech_agent [req-a3ea3504-1b87-4873-a73b-241ac0a7398c req-06b26d2f-431f-4b8b-93a1-778159d95a8f service neutron] Port 6c1ffb59-9950-4034-96d8-b510b1348504 on network 81418c15-a0ea-409a-bffa-85dc9db0ce64 not bound, no agent of type Open vSwitch agent registered on host n-h2-817303-4 {{(pid=114986) bind_port /opt/stack/neutron/neutron/plugins/ml2/drivers/mech_agent.py:103}}
Nov 24 12:51:49.419422 n-d-817303-4 neutron-server[114986]: DEBUG neutron.plugins.ml2.drivers.mech_agent [req-a3ea3504-1b87-4873-a73b-241ac0a7398c req-06b26d2f-431f-4b8b-93a1-778159d95a8f service neutron] Attempting to bind port 6c1ffb59-9950-4034-96d8-b510b1348504 on network 81418c15-a0ea-409a-bffa-85dc9db0ce64 {{(pid=114986) bind_port /opt/stack/neutron/neutron/plugins/ml2/drivers/mech_agent.py:91}}
Nov 24 12:51:49.446749 n-d-817303-4 neutron-server[114986]: DEBUG neutron.plugins.ml2.drivers.mech_agent [req-a3ea3504-1b87-4873-a73b-241ac0a7398c req-06b26d2f-431f-4b8b-93a1-778159d95a8f service neutron] Checking agent: {'id': 'db8d03dd-68e0-4984-b811-8f6e65d82d61', 'agent_type': 'HyperV agent', 'binary': 'neutron-hyperv-agent', 'topic': 'N/A', 'host': 'n-h2-817303-4', 'admin_state_up': True, 'created_at': datetime.datetime(2021, 11, 24, 12, 48, 39), 'started_at': datetime.datetime(2021, 11, 24, 12, 48, 39), 'heartbeat_timestamp': datetime.datetime(2021, 11, 24, 12, 51, 39), 'description': None, 'resources_synced': None, 'availability_zone': None, 'alive': True, 'configurations': {'vswitch_mappings': {'physnet1$': 'br-data'}}, 'resource_versions': {}} {{(pid=114986) bind_port /opt/stack/neutron/neutron/plugins/ml2/drivers/mech_agent.py:110}}
Nov 24 12:51:49.447133 n-d-817303-4 neutron-server[114986]: DEBUG neutron.plugins.ml2.drivers.mech_agent [req-a3ea3504-1b87-4873-a73b-241ac0a7398c req-06b26d2f-431f-4b8b-93a1-778159d95a8f service neutron] Checking segment: {'id': 'aa4a90d1-d057-4215-b6de-7efd45fd8d87', 'network_type': 'vlan', 'physical_network': 'physnet1', 'segmentation_id': 606, 'network_id': '81418c15-a0ea-409a-bffa-85dc9db0ce64'} for mappings: {'physnet1$': 'br-data'} with network types: ['local', 'flat', 'vlan'] {{(pid=114986) check_segment_for_agent /opt/stack/neutron/neutron/plugins/ml2/drivers/mech_agent.py:371}}
Nov 24 12:51:49.447540 n-d-817303-4 neutron-server[114986]: DEBUG neutron.plugins.ml2.drivers.mech_agent [req-a3ea3504-1b87-4873-a73b-241ac0a7398c req-06b26d2f-431f-4b8b-93a1-778159d95a8f service neutron] Bound using segment: {'id': 'aa4a90d1-d057-4215-b6de-7efd45fd8d87', 'network_type': 'vlan', 'physical_network': 'physnet1', 'segmentation_id': 606, 'network_id': '81418c15-a0ea-409a-bffa-85dc9db0ce64'} {{(pid=114986) bind_port /opt/stack/neutron/neutron/plugins/ml2/drivers/mech_agent.py:120}}
Nov 24 12:51:49.448024 n-d-817303-4 neutron-server[114986]: DEBUG neutron.plugins.ml2.managers [req-a3ea3504-1b87-4873-a73b-241ac0a7398c req-06b26d2f-431f-4b8b-93a1-778159d95a8f service neutron] Bound port: 6c1ffb59-9950-4034-96d8-b510b1348504, host: n-h2-817303-4, vif_type: hyperv, vif_details: {"connectivity": "legacy", "port_filter": false}, binding_levels: [{'bound_driver': 'hyperv', 'bound_segment': {'id': 'aa4a90d1-d057-4215-b6de-7efd45fd8d87', 'network_type': 'vlan', 'physical_network': 'physnet1', 'segmentation_id': 606, 'network_id': '81418c15-a0ea-409a-bffa-85dc9db0ce64'}}] {{(pid=114986) _bind_port_level /opt/stack/neutron/neutron/plugins/ml2/managers.py:932}}
Nov 24 12:51:49.448389 n-d-817303-4 neutron-server[114986]: DEBUG neutron_lib.callbacks.manager [req-a3ea3504-1b87-4873-a73b-241ac0a7398c req-06b26d2f-431f-4b8b-93a1-778159d95a8f service neutron] Publish callbacks ['neutron.plugins.ml2.plugin.SecurityGroupDbMixin._ensure_default_security_group_handler-1558408'] for port, before_update {{(pid=114986) _notify_loop /usr/local/lib/python3.8/dist-packages/neutron_lib/callbacks/manager.py:175}}
Nov 24 12:51:49.453497 n-d-817303-4 neutron-server[114985]: INFO neutron.wsgi [req-3e77957c-6d81-4d42-9a9d-17024c7e349d req-59971725-3465-4fcd-ac28-0b75abc95288 tempest-LiveMigrationNegativeTest-1712151538 tempest-LiveMigrationNegativeTest-1712151538-project] 10.222.0.48 "GET /v2.0/security-groups?id=f6006bcb-0417-4f92-9019-a76563ec6290&fields=id&fields=name HTTP/1.1" status: 200 len: 286 time: 0.2133703
Nov 24 12:51:49.507985 n-d-817303-4 neutron-server[114985]: DEBUG neutron.pecan_wsgi.hooks.policy_enforcement [req-ebd49fac-c35e-49b0-817b-1800f726a4d2 req-96bee679-e124-4669-ba33-1f0196b0b547 service neutron] Attributes excluded by policy engine: ['standard_attr_id'] {{(pid=114985) _exclude_attributes_by_policy /opt/stack/neutron/neutron/pecan_wsgi/hooks/policy_enforcement.py:255}}
Nov 24 12:51:49.513149 n-d-817303-4 neutron-server[114986]: INFO neutron.wsgi [req-66bcc45f-b3de-4582-a949-7c1d3c3ed75d req-74597234-6eb5-4b78-a3a7-6384832f3c06 tempest-LiveAutoBlockMigrationV225Test-1702697702 tempest-LiveAutoBlockMigrationV225Test-1702697702-project] 10.222.0.48 "GET /v2.0/security-groups?id=ef00cad3-468f-468c-9e24-d2580767138f&fields=id&fields=name HTTP/1.1" status: 200 len: 286 time: 0.1918964
Nov 24 12:51:49.521023 n-d-817303-4 neutron-server[114985]: INFO neutron.wsgi [req-ebd49fac-c35e-49b0-817b-1800f726a4d2 req-96bee679-e124-4669-ba33-1f0196b0b547 service neutron] 10.222.0.59 "GET /v2.0/ports?network_id=1bfce1e3-d0fb-443f-82e9-216fa2f4414e&device_owner=network%3Adhcp HTTP/1.1" status: 200 len: 1163 time: 0.1301939
Nov 24 12:51:49.526501 n-d-817303-4 neutron-server[114985]: DEBUG neutron_lib.callbacks.manager [None req-fb595057-5668-4035-8cc2-f47fadc03ebd admin admin] Publish callbacks [] for security_group, precommit_create {{(pid=114985) _notify_loop /usr/local/lib/python3.8/dist-packages/neutron_lib/callbacks/manager.py:175}}
Nov 24 12:51:49.538924 n-d-817303-4 neutron-server[114985]: DEBUG neutron_lib.callbacks.manager [None req-fb595057-5668-4035-8cc2-f47fadc03ebd admin admin] Publish callbacks ['neutron.plugins.ml2.ovo_rpc._ObjectChangeHandler.handle_event-7995175'] for security_group, after_create {{(pid=114985) _notify_loop /usr/local/lib/python3.8/dist-packages/neutron_lib/callbacks/manager.py:175}}
Nov 24 12:51:49.581612 n-d-817303-4 neutron-server[114985]: INFO neutron.wsgi [None req-fb595057-5668-4035-8cc2-f47fadc03ebd admin admin] 10.222.0.48 "GET /v2.0/security-groups?tenant_id=942682c797f04253ba6797a77dd18f35&name=default HTTP/1.1" status: 200 len: 2996 time: 1.1769245
Nov 24 12:51:49.584488 n-d-817303-4 neutron-server[114986]: DEBUG neutron.wsgi [-] (114986) accepted ('10.222.0.48', 49184) {{(pid=114986) server /usr/local/lib/python3.8/dist-packages/eventlet/wsgi.py:1004}}
Nov 24 12:51:49.619588 n-d-817303-4 neutron-server[114987]: DEBUG novaclient.v2.client [-] RESP: [200] Connection: close Content-Length: 183 Content-Type: application/json Date: Wed, 24 Nov 2021 12:51:49 GMT OpenStack-API-Version: compute 2.1 Server: Apache/2.4.41 (Ubuntu) Vary: OpenStack-API-Version,X-OpenStack-Nova-API-Version X-OpenStack-Nova-API-Version: 2.1 x-compute-request-id: req-5f3ccf77-a17e-423e-978d-c81a042018e6 x-openstack-request-id: req-5f3ccf77-a17e-423e-978d-c81a042018e6 {{(pid=114987) _http_log_response /usr/local/lib/python3.8/dist-packages/keystoneauth1/session.py:550}}
Nov 24 12:51:49.620129 n-d-817303-4 neutron-server[114987]: DEBUG novaclient.v2.client [-] RESP BODY: {"events": [{"server_uuid": "48a26c43-68c2-413f-9304-9c83fa257542", "name": "network-vif-plugged", "status": "completed", "tag": "96893ff9-5937-4b22-9a1e-82d0b6d7cd31", "code": 200}]} {{(pid=114987) _http_log_response /usr/local/lib/python3.8/dist-packages/keystoneauth1/session.py:582}}
Nov 24 12:51:49.620228 n-d-817303-4 neutron-server[114987]: DEBUG novaclient.v2.client [-] POST call to compute for http://10.222.0.48/compute/v2.1/os-server-external-events used request id req-5f3ccf77-a17e-423e-978d-c81a042018e6 {{(pid=114987) request /usr/local/lib/python3.8/dist-packages/keystoneauth1/session.py:954}}
Nov 24 12:51:49.620547 n-d-817303-4 neutron-server[114987]: INFO neutron.notifiers.nova [-] Nova event response: {'server_uuid': '48a26c43-68c2-413f-9304-9c83fa257542', 'name': 'network-vif-plugged', 'status': 'completed', 'tag': '96893ff9-5937-4b22-9a1e-82d0b6d7cd31', 'code': 200}
Nov 24 12:51:49.625480 n-d-817303-4 neutron-server[114986]: DEBUG neutron.plugins.ml2.db [req-a3ea3504-1b87-4873-a73b-241ac0a7398c req-06b26d2f-431f-4b8b-93a1-778159d95a8f service neutron] For port 6c1ffb59-9950-4034-96d8-b510b1348504, host n-h2-817303-4, cleared binding levels {{(pid=114986) clear_binding_levels /opt/stack/neutron/neutron/plugins/ml2/db.py:87}}
Nov 24 12:51:49.661757 n-d-817303-4 neutron-server[114986]: DEBUG neutron.plugins.ml2.db [req-a3ea3504-1b87-4873-a73b-241ac0a7398c req-06b26d2f-431f-4b8b-93a1-778159d95a8f service neutron] For port 6c1ffb59-9950-4034-96d8-b510b1348504, host n-h2-817303-4, set binding levels [PortBindingLevel(driver='hyperv',host='n-h2-817303-4',level=0,port_id=6c1ffb59-9950-4034-96d8-b510b1348504,segment=NetworkSegment(aa4a90d1-d057-4215-b6de-7efd45fd8d87),segment_id=aa4a90d1-d057-4215-b6de-7efd45fd8d87)] {{(pid=114986) set_binding_levels /opt/stack/neutron/neutron/plugins/ml2/db.py:59}}
Nov 24 12:51:49.669207 n-d-817303-4 neutron-server[114986]: DEBUG neutron_lib.callbacks.manager [req-a3ea3504-1b87-4873-a73b-241ac0a7398c req-06b26d2f-431f-4b8b-93a1-778159d95a8f service neutron] Publish callbacks ['neutron.plugins.ml2.plugin.SecurityGroupServerNotifierRpcMixin._notify_sg_on_port_change-1563469', 'neutron.plugins.ml2.ovo_rpc._ObjectChangeHandler.handle_event-51392', 'neutron.api.rpc.agentnotifiers.dhcp_rpc_agent_api.DhcpAgentNotifyAPI._native_event_send_dhcp_notification-7893798', 'neutron.db.l3_db.L3RpcNotifierMixin._notify_gateway_port_ip_changed-8788463949514', 'neutron.db.l3_dvrscheduler_db._notify_l3_agent_port_update-8788463532508', 'neutron.db.l3_hascheduler_db._notify_l3_agent_ha_port_update-8788463532526'] for port, after_update {{(pid=114986) _notify_loop /usr/local/lib/python3.8/dist-packages/neutron_lib/callbacks/manager.py:175}}
Nov 24 12:51:49.705899 n-d-817303-4 neutron-server[114985]: DEBUG neutron.api.rpc.handlers.resources_rpc [None req-fb595057-5668-4035-8cc2-f47fadc03ebd admin admin] Pushing event updated for resources: {'SecurityGroup': ['ID=d5e315f9-5352-46ba-b9f9-4205d0f8c910,revision_number=1']} {{(pid=114985) push /opt/stack/neutron/neutron/api/rpc/handlers/resources_rpc.py:237}}
Nov 24 12:51:49.730630 n-d-817303-4 neutron-server[114986]: DEBUG neutron.pecan_wsgi.hooks.policy_enforcement [req-a3ea3504-1b87-4873-a73b-241ac0a7398c req-06b26d2f-431f-4b8b-93a1-778159d95a8f service neutron] Attributes excluded by policy engine: ['standard_attr_id'] {{(pid=114986) _exclude_attributes_by_policy /opt/stack/neutron/neutron/pecan_wsgi/hooks/policy_enforcement.py:255}}
Nov 24 12:51:49.732218 n-d-817303-4 neutron-server[114986]: DEBUG neutron_lib.callbacks.manager [req-a3ea3504-1b87-4873-a73b-241ac0a7398c req-06b26d2f-431f-4b8b-93a1-778159d95a8f service neutron] Publish callbacks ['neutron.notifiers.nova.Notifier._send_nova_notification-216656'] for port, before_response {{(pid=114986) _notify_loop /usr/local/lib/python3.8/dist-packages/neutron_lib/callbacks/manager.py:175}}
Nov 24 12:51:49.734472 n-d-817303-4 neutron-server[114986]: INFO neutron.wsgi [req-a3ea3504-1b87-4873-a73b-241ac0a7398c req-06b26d2f-431f-4b8b-93a1-778159d95a8f service neutron] 10.222.0.59 "PUT /v2.0/ports/6c1ffb59-9950-4034-96d8-b510b1348504 HTTP/1.1" status: 200 len: 1095 time: 1.7147055
Nov 24 12:51:49.745112 n-d-817303-4 neutron-server[114986]: DEBUG neutron_lib.callbacks.manager [None req-0c231318-4b0e-45ae-91d4-d1f3b3ae53cc admin admin] Publish callbacks [] for security_group, before_delete {{(pid=114986) _notify_loop /usr/local/lib/python3.8/dist-packages/neutron_lib/callbacks/manager.py:175}}
Nov 24 12:51:49.759848 n-d-817303-4 neutron-server[114988]: DEBUG neutron.db.l3_hamode_db [None req-163eb566-4fc5-4653-a330-e5a3ad8b6277 None None] neutron.services.l3_router.l3_router_plugin.L3RouterPlugin method _process_sync_ha_data called with arguments (, [{'id': '8e94e28f-c557-4d33-822a-6287461f9a21', 'name': 'tempest-ServersWithSpecificFlavorTestJSON-1801503240-router', 'tenant_id': '6654e282f18448408886c9d51d38ee1a', 'admin_state_up': True, 'status': 'ACTIVE', 'external_gateway_info': {'network_id': 'eab2733c-8877-4c2f-a6e8-05bcbad7e8bd', 'external_fixed_ips': [{'subnet_id': '5119053c-f0c4-44db-824f-5fe110b31bc2', 'ip_address': '172.25.0.227'}], 'enable_snat': True}, 'gw_port_id': '085efbda-aa9a-45a5-a2cb-cd88697bb92f', 'description': '', 'availability_zones': ['nova'], 'distributed': False, 'ha': False, 'ha_vr_id': 0, 'availability_zone_hints': [], 'routes': [], 'flavor_id': None, 'tags': [], 'created_at': '2021-11-24T12:50:54Z', 'updated_at': '2021-11-24T12:50:58Z', 'revision_number': 4, 'project_id': '6654e282f18448408886c9d51d38ee1a', 'gw_port': {'id': '085efbda-aa9a-45a5-a2cb-cd88697bb92f', 'name': '', 'network_id': 'eab2733c-8877-4c2f-a6e8-05bcbad7e8bd', 'tenant_id': '', 'mac_address': 'fa:16:3e:ad:3a:71', 'admin_state_up': True, 'status': 'ACTIVE', 'device_id': '8e94e28f-c557-4d33-822a-6287461f9a21', 'device_owner': 'network:router_gateway', 'standard_attr_id': 46, 'fixed_ips': [{'subnet_id': '5119053c-f0c4-44db-824f-5fe110b31bc2', 'ip_address': '172.25.0.227', 'prefixlen': 24}], 'allowed_address_pairs': [], 'extra_dhcp_opts': [], 'security_groups': [], 'description': '', 'binding:vnic_type': 'normal', 'binding:profile': {}, 'binding:host_id': 'n-d-817303-4', 'binding:vif_type': 'ovs', 'binding:vif_details': {'connectivity': 'l2', 'port_filter': True, 'ovs_hybrid_plug': False, 'datapath_type': 'system', 'bridge_name': 'br-int'}, 'port_security_enabled': False, 'tags': [], 'created_at': '2021-11-24T12:50:54Z', 'updated_at': '2021-11-24T12:51:00Z', 'revision_number': 4, 'project_id': '', 'subnets': [{'id': '5119053c-f0c4-44db-824f-5fe110b31bc2', 'cidr': '172.25.0.0/24', 'gateway_ip': '172.25.0.1', 'dns_nameservers': [], 'ipv6_ra_mode': None, 'subnetpool_id': None}], 'extra_subnets': [], 'address_scopes': {4: None, 6: None}, 'mtu': 1500}, 'enable_snat': True, 'gw_port_host': 'n-d-817303-4', '_floatingips': [{'id': '5c53f2eb-db51-4bed-8cba-62bf11a9903c', 'tenant_id': '6654e282f18448408886c9d51d38ee1a', 'floating_ip_address': '172.25.0.159', 'floating_network_id': 'eab2733c-8877-4c2f-a6e8-05bcbad7e8bd', 'router_id': '8e94e28f-c557-4d33-822a-6287461f9a21', 'port_id': '2219e174-ccf2-473c-9388-436afbd8de5d', 'fixed_ip_address': '172.20.0.9', 'status': 'DOWN', 'standard_attr_id': 178, 'description': '', 'qos_policy_id': None, 'port_details': {'name': '', 'network_id': '1bfce1e3-d0fb-443f-82e9-216fa2f4414e', 'mac_address': 'fa:16:3e:7a:cc:b4', 'admin_state_up': True, 'status': 'ACTIVE', 'device_id': '5332d87a-727e-45cc-9ff1-8a88aea50d44', 'device_owner': 'compute:nova'}, 'dns_domain': '', 'dns_name': '', 'tags': [], 'created_at': '2021-11-24T12:51:24Z', 'updated_at': '2021-11-24T12:51:46Z', 'revision_number': 1, 'project_id': '6654e282f18448408886c9d51d38ee1a', 'fixed_ip_address_scope': None}], '_interfaces': [{'id': 'df63a4d3-38b2-4efc-97ed-0e4942af1a86', 'name': '', 'network_id': '1bfce1e3-d0fb-443f-82e9-216fa2f4414e', 'tenant_id': '6654e282f18448408886c9d51d38ee1a', 'mac_address': 'fa:16:3e:6f:78:3b', 'admin_state_up': True, 'status': 'ACTIVE', 'device_id': '8e94e28f-c557-4d33-822a-6287461f9a21', 'device_owner': 'network:router_interface', 'standard_attr_id': 52, 'fixed_ips': [{'subnet_id': 'd5769439-5245-4abd-9019-ca9dddd4ee48', 'ip_address': '172.20.0.1', 'prefixlen': 28}], 'allowed_address_pairs': [], 'extra_dhcp_opts': [], 'security_groups': [], 'description': '', 'binding:vnic_type': 'normal', 'binding:profile': {}, 'binding:host_id': 'n-d-817303-4', 'binding:vif_type': 'ovs', 'binding:vif_details': {'connectivity': 'l2', 'port_filter': True, 'ovs_hybrid_plug': False, 'datapath_type': 'system', 'bridge_name': 'br-int'}, 'port_security_enabled': False, 'tags': [], 'created_at': '2021-11-24T12:50:57Z', 'updated_at': '2021-11-24T12:51:04Z', 'revision_number': 5, 'project_id': '6654e282f18448408886c9d51d38ee1a', 'subnets': [{'id': 'd5769439-5245-4abd-9019-ca9dddd4ee48', 'cidr': '172.20.0.0/28', 'gateway_ip': '172.20.0.1', 'dns_nameservers': [], 'ipv6_ra_mode': None, 'subnetpool_id': None}], 'extra_subnets': [], 'address_scopes': {4: None, 6: None}, 'mtu': 1500}]}], 'n-d-817303-4', False) {} {{(pid=114988) wrapper /usr/local/lib/python3.8/dist-packages/oslo_log/helpers.py:65}}
Nov 24 12:51:49.806652 n-d-817303-4 neutron-server[114988]: DEBUG neutron.api.rpc.handlers.l3_rpc [None req-163eb566-4fc5-4653-a330-e5a3ad8b6277 None None] The sync data for ids ['8e94e28f-c557-4d33-822a-6287461f9a21'] in n-d-817303-4 is: [{'id': '8e94e28f-c557-4d33-822a-6287461f9a21', 'name': 'tempest-ServersWithSpecificFlavorTestJSON-1801503240-router', 'tenant_id': '6654e282f18448408886c9d51d38ee1a', 'admin_state_up': True, 'status': 'ACTIVE', 'external_gateway_info': {'network_id': 'eab2733c-8877-4c2f-a6e8-05bcbad7e8bd', 'external_fixed_ips': [{'subnet_id': '5119053c-f0c4-44db-824f-5fe110b31bc2', 'ip_address': '172.25.0.227'}], 'enable_snat': True}, 'gw_port_id': '085efbda-aa9a-45a5-a2cb-cd88697bb92f', 'description': '', 'availability_zones': ['nova'], 'distributed': False, 'ha': False, 'ha_vr_id': 0, 'availability_zone_hints': [], 'routes': [], 'flavor_id': None, 'tags': [], 'created_at': '2021-11-24T12:50:54Z', 'updated_at': '2021-11-24T12:50:58Z', 'revision_number': 4, 'project_id': '6654e282f18448408886c9d51d38ee1a', 'gw_port': {'id': '085efbda-aa9a-45a5-a2cb-cd88697bb92f', 'name': '', 'network_id': 'eab2733c-8877-4c2f-a6e8-05bcbad7e8bd', 'tenant_id': '', 'mac_address': 'fa:16:3e:ad:3a:71', 'admin_state_up': True, 'status': 'ACTIVE', 'device_id': '8e94e28f-c557-4d33-822a-6287461f9a21', 'device_owner': 'network:router_gateway', 'standard_attr_id': 46, 'fixed_ips': [{'subnet_id': '5119053c-f0c4-44db-824f-5fe110b31bc2', 'ip_address': '172.25.0.227', 'prefixlen': 24}], 'allowed_address_pairs': [], 'extra_dhcp_opts': [], 'security_groups': [], 'description': '', 'binding:vnic_type': 'normal', 'binding:profile': {}, 'binding:host_id': 'n-d-817303-4', 'binding:vif_type': 'ovs', 'binding:vif_details': {'connectivity': 'l2', 'port_filter': True, 'ovs_hybrid_plug': False, 'datapath_type': 'system', 'bridge_name': 'br-int'}, 'port_security_enabled': False, 'tags': [], 'created_at': '2021-11-24T12:50:54Z', 'updated_at': '2021-11-24T12:51:00Z', 'revision_number': 4, 'project_id': '', 'subnets': [{'id': '5119053c-f0c4-44db-824f-5fe110b31bc2', 'cidr': '172.25.0.0/24', 'gateway_ip': '172.25.0.1', 'dns_nameservers': [], 'ipv6_ra_mode': None, 'subnetpool_id': None}], 'extra_subnets': [], 'address_scopes': {4: None, 6: None}, 'mtu': 1500}, 'enable_snat': True, 'gw_port_host': 'n-d-817303-4', '_floatingips': [{'id': '5c53f2eb-db51-4bed-8cba-62bf11a9903c', 'tenant_id': '6654e282f18448408886c9d51d38ee1a', 'floating_ip_address': '172.25.0.159', 'floating_network_id': 'eab2733c-8877-4c2f-a6e8-05bcbad7e8bd', 'router_id': '8e94e28f-c557-4d33-822a-6287461f9a21', 'port_id': '2219e174-ccf2-473c-9388-436afbd8de5d', 'fixed_ip_address': '172.20.0.9', 'status': 'DOWN', 'standard_attr_id': 178, 'description': '', 'qos_policy_id': None, 'port_details': {'name': '', 'network_id': '1bfce1e3-d0fb-443f-82e9-216fa2f4414e', 'mac_address': 'fa:16:3e:7a:cc:b4', 'admin_state_up': True, 'status': 'ACTIVE', 'device_id': '5332d87a-727e-45cc-9ff1-8a88aea50d44', 'device_owner': 'compute:nova'}, 'dns_domain': '', 'dns_name': '', 'tags': [], 'created_at': '2021-11-24T12:51:24Z', 'updated_at': '2021-11-24T12:51:46Z', 'revision_number': 1, 'project_id': '6654e282f18448408886c9d51d38ee1a', 'fixed_ip_address_scope': None}], '_interfaces': [{'id': 'df63a4d3-38b2-4efc-97ed-0e4942af1a86', 'name': '', 'network_id': '1bfce1e3-d0fb-443f-82e9-216fa2f4414e', 'tenant_id': '6654e282f18448408886c9d51d38ee1a', 'mac_address': 'fa:16:3e:6f:78:3b', 'admin_state_up': True, 'status': 'ACTIVE', 'device_id': '8e94e28f-c557-4d33-822a-6287461f9a21', 'device_owner': 'network:router_interface', 'standard_attr_id': 52, 'fixed_ips': [{'subnet_id': 'd5769439-5245-4abd-9019-ca9dddd4ee48', 'ip_address': '172.20.0.1', 'prefixlen': 28}], 'allowed_address_pairs': [], 'extra_dhcp_opts': [], 'security_groups': [], 'description': '', 'binding:vnic_type': 'normal', 'binding:profile': {}, 'binding:host_id': 'n-d-817303-4', 'binding:vif_type': 'ovs', 'binding:vif_details': {'connectivity': 'l2', 'port_filter': True, 'ovs_hybrid_plug': False, 'datapath_type': 'system', 'bridge_name': 'br-int'}, 'port_security_enabled': False, 'tags': [], 'created_at': '2021-11-24T12:50:57Z', 'updated_at': '2021-11-24T12:51:04Z', 'revision_number': 5, 'project_id': '6654e282f18448408886c9d51d38ee1a', 'subnets': [{'id': 'd5769439-5245-4abd-9019-ca9dddd4ee48', 'cidr': '172.20.0.0/28', 'gateway_ip': '172.20.0.1', 'dns_nameservers': [], 'ipv6_ra_mode': None, 'subnetpool_id': None}], 'extra_subnets': [], 'address_scopes': {4: None, 6: None}, 'mtu': 1500}]}] {{(pid=114988) sync_routers /opt/stack/neutron/neutron/api/rpc/handlers/l3_rpc.py:137}}
Nov 24 12:51:49.818935 n-d-817303-4 neutron-server[114985]: INFO neutron.wsgi [req-ebd49fac-c35e-49b0-817b-1800f726a4d2 req-37025009-4836-4373-82c7-0dbd01e695b2 service neutron] 10.222.0.59 "GET /v2.0/networks/1bfce1e3-d0fb-443f-82e9-216fa2f4414e?fields=segments HTTP/1.1" status: 200 len: 212 time: 0.2891207
Nov 24 12:51:49.820167 n-d-817303-4 neutron-server[114986]: DEBUG neutron_lib.callbacks.manager [None req-0c231318-4b0e-45ae-91d4-d1f3b3ae53cc admin admin] Publish callbacks [] for security_group, precommit_delete {{(pid=114986) _notify_loop /usr/local/lib/python3.8/dist-packages/neutron_lib/callbacks/manager.py:175}}
Nov 24 12:51:49.830133 n-d-817303-4 neutron-server[114985]: DEBUG neutron.pecan_wsgi.hooks.policy_enforcement [req-f7056194-eae0-4c58-a5b9-5cc38d5d903e req-e9352c20-2bf0-494b-a7a8-2298de57cc2f service neutron] Attributes excluded by policy engine: ['standard_attr_id'] {{(pid=114985) _exclude_attributes_by_policy /opt/stack/neutron/neutron/pecan_wsgi/hooks/policy_enforcement.py:255}}
Nov 24 12:51:49.832107 n-d-817303-4 neutron-server[114985]: INFO neutron.wsgi [req-f7056194-eae0-4c58-a5b9-5cc38d5d903e req-e9352c20-2bf0-494b-a7a8-2298de57cc2f service neutron] 10.222.0.46 "GET /v2.0/ports?device_id=48a26c43-68c2-413f-9304-9c83fa257542 HTTP/1.1" status: 200 len: 1119 time: 0.1413300
Nov 24 12:51:49.842812 n-d-817303-4 neutron-server[114986]: DEBUG neutron.api.rpc.handlers.resources_rpc [None req-06b26d2f-431f-4b8b-93a1-778159d95a8f service neutron] Pushing event updated for resources: {'Port': ['ID=6c1ffb59-9950-4034-96d8-b510b1348504,revision_number=3']} {{(pid=114986) push /opt/stack/neutron/neutron/api/rpc/handlers/resources_rpc.py:237}}
Nov 24 12:51:49.881132 n-d-817303-4 neutron-server[114985]: DEBUG neutron.pecan_wsgi.hooks.policy_enforcement [req-f5072abb-be41-4198-8c34-8330052828f3 req-54379a55-77b1-41d2-8a94-79167aebfc9c tempest-DeleteServersAdminTestJSON-1984958815 tempest-DeleteServersAdminTestJSON-1984958815-project] Attributes excluded by policy engine: ['standard_attr_id', 'binding:profile', 'binding:host_id', 'binding:vif_type', 'binding:vif_details'] {{(pid=114985) _exclude_attributes_by_policy /opt/stack/neutron/neutron/pecan_wsgi/hooks/policy_enforcement.py:255}}
Nov 24 12:51:49.889331 n-d-817303-4 neutron-server[114985]: INFO neutron.wsgi [req-f5072abb-be41-4198-8c34-8330052828f3 req-54379a55-77b1-41d2-8a94-79167aebfc9c tempest-DeleteServersAdminTestJSON-1984958815 tempest-DeleteServersAdminTestJSON-1984958815-project] 10.222.0.48 "GET /v2.0/ports?device_id=fa543219-590e-4077-aeea-2b566d088e76 HTTP/1.1" status: 200 len: 947 time: 0.1960592
Nov 24 12:51:49.892057 n-d-817303-4 neutron-server[114986]: DEBUG neutron.pecan_wsgi.hooks.policy_enforcement [req-7904cd4a-e9ab-4a93-8b21-ab31bc6ee744 req-1324f1b6-40fd-4d8d-8f01-8feed0518dce tempest-MigrationsAdminTest-1198934414 tempest-MigrationsAdminTest-1198934414-project] Attributes excluded by policy engine: ['standard_attr_id', 'binding:profile', 'binding:host_id', 'binding:vif_type', 'binding:vif_details'] {{(pid=114986) _exclude_attributes_by_policy /opt/stack/neutron/neutron/pecan_wsgi/hooks/policy_enforcement.py:255}}
Nov 24 12:51:49.900273 n-d-817303-4 neutron-server[114986]: INFO neutron.wsgi [req-7904cd4a-e9ab-4a93-8b21-ab31bc6ee744 req-1324f1b6-40fd-4d8d-8f01-8feed0518dce tempest-MigrationsAdminTest-1198934414 tempest-MigrationsAdminTest-1198934414-project] 10.222.0.48 "GET /v2.0/ports?device_id=88d66a1d-ff32-441b-b189-057ded043af8 HTTP/1.1" status: 200 len: 972 time: 0.1951802
Nov 24 12:51:49.922281 n-d-817303-4 neutron-server[114986]: DEBUG neutron.pecan_wsgi.hooks.policy_enforcement [req-a3ea3504-1b87-4873-a73b-241ac0a7398c req-1def634a-b4fd-4d2b-a737-2756ddf468e7 service neutron] Attributes excluded by policy engine: ['standard_attr_id'] {{(pid=114986) _exclude_attributes_by_policy /opt/stack/neutron/neutron/pecan_wsgi/hooks/policy_enforcement.py:255}}
Nov 24 12:51:49.923821 n-d-817303-4 neutron-server[114986]: INFO neutron.wsgi [req-a3ea3504-1b87-4873-a73b-241ac0a7398c req-1def634a-b4fd-4d2b-a737-2756ddf468e7 service neutron] 10.222.0.59 "GET /v2.0/ports?tenant_id=731e2f38ddde4092a3d98304608757a3&device_id=fa543219-590e-4077-aeea-2b566d088e76 HTTP/1.1" status: 200 len: 1098 time: 0.1363132
Nov 24 12:51:49.992042 n-d-817303-4 neutron-server[114986]: DEBUG neutron_lib.callbacks.manager [None req-0c231318-4b0e-45ae-91d4-d1f3b3ae53cc admin admin] Publish callbacks ['neutron.plugins.ml2.ovo_rpc._ObjectChangeHandler.handle_event-7995175'] for security_group, after_delete {{(pid=114986) _notify_loop /usr/local/lib/python3.8/dist-packages/neutron_lib/callbacks/manager.py:175}}
Nov 24 12:51:49.994629 n-d-817303-4 neutron-server[114986]: DEBUG neutron_lib.callbacks.manager [None req-0c231318-4b0e-45ae-91d4-d1f3b3ae53cc admin admin] Publish callbacks [] for security_group, before_response {{(pid=114986) _notify_loop /usr/local/lib/python3.8/dist-packages/neutron_lib/callbacks/manager.py:175}}
Nov 24 12:51:49.995711 n-d-817303-4 neutron-server[114986]: INFO neutron.wsgi [None req-0c231318-4b0e-45ae-91d4-d1f3b3ae53cc admin admin] 10.222.0.48 "DELETE /v2.0/security-groups/d5e315f9-5352-46ba-b9f9-4205d0f8c910 HTTP/1.1" status: 204 len: 168 time: 0.4101737
Nov 24 12:51:49.997209 n-d-817303-4 neutron-server[114986]: INFO neutron.wsgi [req-a3ea3504-1b87-4873-a73b-241ac0a7398c req-6bcdedb3-cd8a-4f5a-8019-c7a91f7fc1da service neutron] 10.222.0.59 "GET /v2.0/floatingips?fixed_ip_address=192.168.233.37&port_id=6c1ffb59-9950-4034-96d8-b510b1348504 HTTP/1.1" status: 200 len: 217 time: 0.0604532
Nov 24 12:51:50.020131 n-d-817303-4 neutron-server[114986]: INFO neutron.wsgi [req-7904cd4a-e9ab-4a93-8b21-ab31bc6ee744 req-db1ddd6f-6b18-45d0-9e81-e419d2fa4739 tempest-MigrationsAdminTest-1198934414 tempest-MigrationsAdminTest-1198934414-project] 10.222.0.48 "GET /v2.0/security-groups?id=c5e683ab-8704-40b0-a728-9d0e839535b9&fields=id&fields=name HTTP/1.1" status: 200 len: 286 time: 0.1179492
Nov 24 12:51:50.022164 n-d-817303-4 neutron-server[114985]: INFO neutron.wsgi [req-f7056194-eae0-4c58-a5b9-5cc38d5d903e req-42726ce2-b466-4022-8452-239607b42a6f service neutron] 10.222.0.46 "GET /v2.0/security-groups?id=ef00cad3-468f-468c-9e24-d2580767138f&fields=id&fields=name HTTP/1.1" status: 200 len: 286 time: 0.1713378
Nov 24 12:51:50.048945 n-d-817303-4 neutron-server[114985]: INFO neutron.wsgi [req-f5072abb-be41-4198-8c34-8330052828f3 req-85adf987-f9c7-44b1-b298-3e457646b1d6 tempest-DeleteServersAdminTestJSON-1984958815 tempest-DeleteServersAdminTestJSON-1984958815-project] 10.222.0.48 "GET /v2.0/security-groups?id=18416116-2fdd-4a45-b6e2-4012c5c7651a&fields=id&fields=name HTTP/1.1" status: 200 len: 286 time: 0.1582475
Nov 24 12:51:50.052938 n-d-817303-4 neutron-server[114986]: DEBUG neutron.api.rpc.handlers.resources_rpc [None req-0c231318-4b0e-45ae-91d4-d1f3b3ae53cc admin admin] Pushing event deleted for resources: {'SecurityGroup': ['ID=d5e315f9-5352-46ba-b9f9-4205d0f8c910,revision_number=None']} {{(pid=114986) push /opt/stack/neutron/neutron/api/rpc/handlers/resources_rpc.py:237}}
Nov 24 12:51:50.056126 n-d-817303-4 neutron-server[114985]: INFO neutron.wsgi [req-ebd49fac-c35e-49b0-817b-1800f726a4d2 req-3ba01e63-cf32-4e11-8a65-df4820a993fa service neutron] 10.222.0.59 "GET /v2.0/networks/1bfce1e3-d0fb-443f-82e9-216fa2f4414e?fields=provider%3Aphysical_network&fields=provider%3Anetwork_type HTTP/1.1" status: 200 len: 281 time: 0.2229226
Nov 24 12:51:50.111289 n-d-817303-4 neutron-server[114986]: DEBUG neutron.pecan_wsgi.hooks.policy_enforcement [req-a3ea3504-1b87-4873-a73b-241ac0a7398c req-17729ec7-9ab7-4b23-9ed5-e17eef8fc2c4 service neutron] Attributes excluded by policy engine: ['standard_attr_id', 'shared'] {{(pid=114986) _exclude_attributes_by_policy /opt/stack/neutron/neutron/pecan_wsgi/hooks/policy_enforcement.py:255}}
Nov 24 12:51:50.121066 n-d-817303-4 neutron-server[114986]: INFO neutron.wsgi [req-a3ea3504-1b87-4873-a73b-241ac0a7398c req-17729ec7-9ab7-4b23-9ed5-e17eef8fc2c4 service neutron] 10.222.0.59 "GET /v2.0/subnets?id=199c2bfc-501f-4457-bc5a-c53115d25fe8 HTTP/1.1" status: 200 len: 843 time: 0.1070030
Nov 24 12:51:50.188988 n-d-817303-4 neutron-server[114986]: DEBUG neutron.pecan_wsgi.hooks.policy_enforcement [req-a3ea3504-1b87-4873-a73b-241ac0a7398c req-9b462548-8c48-4ff1-8761-bd3b7060a628 service neutron] Attributes excluded by policy engine: ['standard_attr_id'] {{(pid=114986) _exclude_attributes_by_policy /opt/stack/neutron/neutron/pecan_wsgi/hooks/policy_enforcement.py:255}}
Nov 24 12:51:50.191120 n-d-817303-4 neutron-server[114986]: INFO neutron.wsgi [req-a3ea3504-1b87-4873-a73b-241ac0a7398c req-9b462548-8c48-4ff1-8761-bd3b7060a628 service neutron] 10.222.0.59 "GET /v2.0/ports?network_id=81418c15-a0ea-409a-bffa-85dc9db0ce64&device_owner=network%3Adhcp HTTP/1.1" status: 200 len: 1166 time: 0.0656624
Nov 24 12:51:50.208655 n-d-817303-4 neutron-server[114987]: DEBUG neutron.api.rpc.handlers.l3_rpc [None req-133da497-3040-4670-836f-aba800c08d1f None None] New status for floating IP 5c53f2eb-db51-4bed-8cba-62bf11a9903c: ACTIVE {{(pid=114987) update_floatingip_statuses /opt/stack/neutron/neutron/api/rpc/handlers/l3_rpc.py:270}}
Nov 24 12:51:50.283540 n-d-817303-4 neutron-server[114987]: DEBUG neutron.plugins.ml2.rpc [None req-27e53d1b-303b-4568-90f9-b1c41b2303e6 None None] Device 302bc6d9-faa2-4a72-9103-9df37bb97f93 up at agent hyperv_n-h2-817303-4 {{(pid=114987) update_device_up /opt/stack/neutron/neutron/plugins/ml2/rpc.py:296}}
Nov 24 12:51:50.365796 n-d-817303-4 neutron-server[114986]: INFO neutron.wsgi [req-a3ea3504-1b87-4873-a73b-241ac0a7398c req-aeb7604e-9b78-4c39-9f7e-a70bfa52aeff service neutron] 10.222.0.59 "GET /v2.0/networks/81418c15-a0ea-409a-bffa-85dc9db0ce64?fields=segments HTTP/1.1" status: 200 len: 212 time: 0.1664231
Nov 24 12:51:50.429568 n-d-817303-4 neutron-server[114986]: INFO neutron.wsgi [req-10b3445d-119a-4db5-b631-b47258c13348 req-c1c87738-5403-43f9-9457-dbe36ca07efe tempest-ServersAdminTestJSON-1374224400 tempest-ServersAdminTestJSON-1374224400-project] 10.222.0.48 "GET /v2.0/networks?tenant_id=d454e8ac41cf4804941787e5d23e0fa9&shared=False HTTP/1.1" status: 200 len: 213 time: 0.0627820
Nov 24 12:51:50.466779 n-d-817303-4 neutron-server[114986]: DEBUG neutron.notifiers.nova [-] Sending events: [{'name': 'network-changed', 'server_uuid': 'fa543219-590e-4077-aeea-2b566d088e76', 'tag': '6c1ffb59-9950-4034-96d8-b510b1348504'}] {{(pid=114986) send_events /opt/stack/neutron/neutron/notifiers/nova.py:262}}
Nov 24 12:51:50.469706 n-d-817303-4 neutron-server[114986]: DEBUG novaclient.v2.client [-] REQ: curl -g -i --cacert "/opt/stack/data/ca-bundle.pem" -X POST http://10.222.0.48/compute/v2.1/os-server-external-events -H "Accept: application/json" -H "Content-Type: application/json" -H "User-Agent: python-novaclient" -H "X-Auth-Token: {SHA256}14ea8ea9d9579687e2df618b880b7cb294031476067df73a04619cc94cdffd3e" -H "X-OpenStack-Nova-API-Version: 2.1" -H "X-OpenStack-Request-ID: req-d41cc5f6-9484-4f63-8646-8df8c5058f79" -d '{"events": [{"name": "network-changed", "server_uuid": "fa543219-590e-4077-aeea-2b566d088e76", "tag": "6c1ffb59-9950-4034-96d8-b510b1348504"}]}' {{(pid=114986) _http_log_request /usr/local/lib/python3.8/dist-packages/keystoneauth1/session.py:519}}
Nov 24 12:51:50.498972 n-d-817303-4 neutron-server[114987]: DEBUG neutron.db.provisioning_blocks [None req-27e53d1b-303b-4568-90f9-b1c41b2303e6 None None] Provisioning for port 302bc6d9-faa2-4a72-9103-9df37bb97f93 completed by entity L2. {{(pid=114987) provisioning_complete /opt/stack/neutron/neutron/db/provisioning_blocks.py:133}}
Nov 24 12:51:50.503325 n-d-817303-4 neutron-server[114987]: DEBUG neutron.db.provisioning_blocks [None req-27e53d1b-303b-4568-90f9-b1c41b2303e6 None None] Provisioning complete for port 302bc6d9-faa2-4a72-9103-9df37bb97f93 triggered by entity L2. {{(pid=114987) provisioning_complete /opt/stack/neutron/neutron/db/provisioning_blocks.py:139}}
Nov 24 12:51:50.503745 n-d-817303-4 neutron-server[114987]: DEBUG neutron_lib.callbacks.manager [None req-27e53d1b-303b-4568-90f9-b1c41b2303e6 None None] Publish callbacks ['neutron.plugins.ml2.plugin.Ml2Plugin._port_provisioned-1386120'] for port, provisioning_complete {{(pid=114987) _notify_loop /usr/local/lib/python3.8/dist-packages/neutron_lib/callbacks/manager.py:175}}
Nov 24 12:51:50.579891 n-d-817303-4 neutron-server[114985]: DEBUG neutron.wsgi [-] (114985) accepted ('10.222.0.48', 49216) {{(pid=114985) server /usr/local/lib/python3.8/dist-packages/eventlet/wsgi.py:1004}}
Nov 24 12:51:50.595581 n-d-817303-4 neutron-server[114987]: DEBUG neutron_lib.callbacks.manager [None req-27e53d1b-303b-4568-90f9-b1c41b2303e6 None None] Publish callbacks ['neutron.plugins.ml2.plugin.SecurityGroupDbMixin._ensure_default_security_group_handler-1558408'] for port, before_update {{(pid=114987) _notify_loop /usr/local/lib/python3.8/dist-packages/neutron_lib/callbacks/manager.py:175}}
Nov 24 12:51:50.618536 n-d-817303-4 neutron-server[114985]: DEBUG neutron_lib.callbacks.manager [None req-dd5225ed-d722-4d9a-9bdd-fe21ac3e4512 admin admin] Publish callbacks [] for security_group, before_create {{(pid=114985) _notify_loop /usr/local/lib/python3.8/dist-packages/neutron_lib/callbacks/manager.py:175}}
Nov 24 12:51:50.627826 n-d-817303-4 neutron-server[114986]: INFO neutron.wsgi [req-a3ea3504-1b87-4873-a73b-241ac0a7398c req-930afcf4-c42c-40fd-a86a-d25c2c1a4e58 service neutron] 10.222.0.59 "GET /v2.0/networks/81418c15-a0ea-409a-bffa-85dc9db0ce64?fields=provider%3Aphysical_network&fields=provider%3Anetwork_type HTTP/1.1" status: 200 len: 281 time: 0.2437317
Nov 24 12:51:50.634246 n-d-817303-4 neutron-server[114987]: DEBUG neutron.plugins.ml2.db [None req-27e53d1b-303b-4568-90f9-b1c41b2303e6 None None] For port 302bc6d9-faa2-4a72-9103-9df37bb97f93, host n-h2-817303-4, got binding levels [PortBindingLevel(driver='hyperv',host='n-h2-817303-4',level=0,port_id=302bc6d9-faa2-4a72-9103-9df37bb97f93,segment=NetworkSegment(aa4a90d1-d057-4215-b6de-7efd45fd8d87),segment_id=aa4a90d1-d057-4215-b6de-7efd45fd8d87)] {{(pid=114987) get_binding_level_objs /opt/stack/neutron/neutron/plugins/ml2/db.py:74}}
Nov 24 12:51:50.641070 n-d-817303-4 neutron-server[114986]: DEBUG neutron.pecan_wsgi.hooks.policy_enforcement [req-10b3445d-119a-4db5-b631-b47258c13348 req-c1caebca-1658-4930-b412-9c0c94fb0145 tempest-ServersAdminTestJSON-1374224400 tempest-ServersAdminTestJSON-1374224400-project] Attributes excluded by policy engine: ['standard_attr_id', 'vlan_transparent', 'provider:network_type', 'provider:physical_network', 'provider:segmentation_id'] {{(pid=114986) _exclude_attributes_by_policy /opt/stack/neutron/neutron/pecan_wsgi/hooks/policy_enforcement.py:255}}
Nov 24 12:51:50.642524 n-d-817303-4 neutron-server[114987]: DEBUG neutron_lib.callbacks.manager [None req-27e53d1b-303b-4568-90f9-b1c41b2303e6 None None] Publish callbacks ['neutron.plugins.ml2.plugin.SecurityGroupServerNotifierRpcMixin._notify_sg_on_port_change-1563469', 'neutron.plugins.ml2.ovo_rpc._ObjectChangeHandler.handle_event-51392', 'neutron.api.rpc.agentnotifiers.dhcp_rpc_agent_api.DhcpAgentNotifyAPI._native_event_send_dhcp_notification-7893798', 'neutron.db.l3_db.L3RpcNotifierMixin._notify_gateway_port_ip_changed-8788463949514', 'neutron.db.l3_dvrscheduler_db._notify_l3_agent_port_update-8788463532508', 'neutron.db.l3_hascheduler_db._notify_l3_agent_ha_port_update-8788463532526'] for port, after_update {{(pid=114987) _notify_loop /usr/local/lib/python3.8/dist-packages/neutron_lib/callbacks/manager.py:175}}
Nov 24 12:51:50.642652 n-d-817303-4 neutron-server[114986]: INFO neutron.wsgi [req-10b3445d-119a-4db5-b631-b47258c13348 req-c1caebca-1658-4930-b412-9c0c94fb0145 tempest-ServersAdminTestJSON-1374224400 tempest-ServersAdminTestJSON-1374224400-project] 10.222.0.48 "GET /v2.0/networks?shared=True HTTP/1.1" status: 200 len: 769 time: 0.2120783
Nov 24 12:51:50.673473 n-d-817303-4 neutron-server[114986]: INFO neutron.wsgi [req-10b3445d-119a-4db5-b631-b47258c13348 req-5b492372-1cfa-4ed0-bea5-91ad4333f4f1 tempest-ServersAdminTestJSON-1374224400 tempest-ServersAdminTestJSON-1374224400-project] 10.222.0.48 "GET /v2.0/quotas/d454e8ac41cf4804941787e5d23e0fa9 HTTP/1.1" status: 200 len: 375 time: 0.0224082
Nov 24 12:51:50.681650 n-d-817303-4 neutron-server[114985]: DEBUG neutron.pecan_wsgi.hooks.policy_enforcement [req-da86ffee-e68c-4758-ba9a-752e5be889bd req-ad5e7a21-e66b-4518-90f3-46fc41475b05 tempest-MigrationsAdminTest-1626484302 tempest-MigrationsAdminTest-1626484302-project-admin] Attributes excluded by policy engine: ['standard_attr_id'] {{(pid=114985) _exclude_attributes_by_policy /opt/stack/neutron/neutron/pecan_wsgi/hooks/policy_enforcement.py:255}}
Nov 24 12:51:50.683297 n-d-817303-4 neutron-server[114985]: INFO neutron.wsgi [req-da86ffee-e68c-4758-ba9a-752e5be889bd req-ad5e7a21-e66b-4518-90f3-46fc41475b05 tempest-MigrationsAdminTest-1626484302 tempest-MigrationsAdminTest-1626484302-project-admin] 10.222.0.48 "GET /v2.0/ports?device_id=88d66a1d-ff32-441b-b189-057ded043af8 HTTP/1.1" status: 200 len: 1123 time: 0.0783165
Nov 24 12:51:50.702228 n-d-817303-4 neutron-server[114987]: DEBUG neutron.api.rpc.handlers.resources_rpc [None req-27e53d1b-303b-4568-90f9-b1c41b2303e6 None None] Pushing event updated for resources: {'Port': ['ID=302bc6d9-faa2-4a72-9103-9df37bb97f93,revision_number=5']} {{(pid=114987) push /opt/stack/neutron/neutron/api/rpc/handlers/resources_rpc.py:237}}
Nov 24 12:51:50.711553 n-d-817303-4 neutron-server[114986]: INFO neutron.wsgi [req-10b3445d-119a-4db5-b631-b47258c13348 req-b2717971-138e-4fe0-97e6-dfbf59f824cf tempest-ServersAdminTestJSON-1374224400 tempest-ServersAdminTestJSON-1374224400-project] 10.222.0.48 "GET /v2.0/ports?tenant_id=d454e8ac41cf4804941787e5d23e0fa9&fields=id HTTP/1.1" status: 200 len: 210 time: 0.0360653
Nov 24 12:51:50.719859 n-d-817303-4 neutron-server[114985]: DEBUG neutron_lib.callbacks.manager [req-da86ffee-e68c-4758-ba9a-752e5be889bd req-5531b7f8-6a45-47c9-9b49-917f12c0f478 tempest-MigrationsAdminTest-1626484302 tempest-MigrationsAdminTest-1626484302-project-admin] Publish callbacks [] for security_group, before_create {{(pid=114985) _notify_loop /usr/local/lib/python3.8/dist-packages/neutron_lib/callbacks/manager.py:175}}
Nov 24 12:51:50.774106 n-d-817303-4 neutron-server[114985]: DEBUG neutron_lib.callbacks.manager [None req-dd5225ed-d722-4d9a-9bdd-fe21ac3e4512 admin admin] Publish callbacks [] for security_group, precommit_create {{(pid=114985) _notify_loop /usr/local/lib/python3.8/dist-packages/neutron_lib/callbacks/manager.py:175}}
Nov 24 12:51:50.781508 n-d-817303-4 neutron-server[114987]: DEBUG neutron_lib.callbacks.manager [None req-1c8c3a0d-2fab-4665-8e0b-7b726af9849f None None] Publish callbacks ['neutron.services.segments.db._update_segment_host_mapping_for_agent-8788464076993', 'neutron.plugins.ml2.plugin.Ml2Plugin._retry_binding_revived_agents-1385567'] for agent, after_update {{(pid=114987) _notify_loop /usr/local/lib/python3.8/dist-packages/neutron_lib/callbacks/manager.py:175}}
Nov 24 12:51:50.783708 n-d-817303-4 neutron-server[114985]: DEBUG neutron_lib.callbacks.manager [None req-dd5225ed-d722-4d9a-9bdd-fe21ac3e4512 admin admin] Publish callbacks ['neutron.plugins.ml2.ovo_rpc._ObjectChangeHandler.handle_event-7995175'] for security_group, after_create {{(pid=114985) _notify_loop /usr/local/lib/python3.8/dist-packages/neutron_lib/callbacks/manager.py:175}}
Nov 24 12:51:50.846518 n-d-817303-4 neutron-server[114985]: DEBUG neutron.api.rpc.handlers.resources_rpc [None req-dd5225ed-d722-4d9a-9bdd-fe21ac3e4512 admin admin] Pushing event updated for resources: {'SecurityGroup': ['ID=0cfddbc0-68f4-4a7e-9700-e56962d86a6e,revision_number=1']} {{(pid=114985) push /opt/stack/neutron/neutron/api/rpc/handlers/resources_rpc.py:237}}
Nov 24 12:51:50.852008 n-d-817303-4 neutron-server[114985]: INFO neutron.wsgi [None req-dd5225ed-d722-4d9a-9bdd-fe21ac3e4512 admin admin] 10.222.0.48 "GET /v2.0/security-groups?tenant_id=19fae038452d4f0b8fa6aa48183ff5ac&name=default HTTP/1.1" status: 200 len: 2996 time: 0.2698653
Nov 24 12:51:50.855162 n-d-817303-4 neutron-server[114986]: DEBUG neutron.wsgi [-] (114986) accepted ('10.222.0.48', 49224) {{(pid=114986) server /usr/local/lib/python3.8/dist-packages/eventlet/wsgi.py:1004}}
Nov 24 12:51:50.873794 n-d-817303-4 neutron-server[114985]: DEBUG neutron_lib.callbacks.manager [req-da86ffee-e68c-4758-ba9a-752e5be889bd req-5531b7f8-6a45-47c9-9b49-917f12c0f478 tempest-MigrationsAdminTest-1626484302 tempest-MigrationsAdminTest-1626484302-project-admin] Publish callbacks [] for security_group, precommit_create {{(pid=114985) _notify_loop /usr/local/lib/python3.8/dist-packages/neutron_lib/callbacks/manager.py:175}}
Nov 24 12:51:50.878260 n-d-817303-4 neutron-server[114985]: DEBUG neutron_lib.callbacks.manager [req-da86ffee-e68c-4758-ba9a-752e5be889bd req-5531b7f8-6a45-47c9-9b49-917f12c0f478 tempest-MigrationsAdminTest-1626484302 tempest-MigrationsAdminTest-1626484302-project-admin] Publish callbacks ['neutron.plugins.ml2.ovo_rpc._ObjectChangeHandler.handle_event-7995175'] for security_group, after_create {{(pid=114985) _notify_loop /usr/local/lib/python3.8/dist-packages/neutron_lib/callbacks/manager.py:175}}
Nov 24 12:51:50.905475 n-d-817303-4 neutron-server[114986]: DEBUG novaclient.v2.client [-] RESP: [200] Connection: close Content-Length: 179 Content-Type: application/json Date: Wed, 24 Nov 2021 12:51:50 GMT OpenStack-API-Version: compute 2.1 Server: Apache/2.4.41 (Ubuntu) Vary: OpenStack-API-Version,X-OpenStack-Nova-API-Version X-OpenStack-Nova-API-Version: 2.1 x-compute-request-id: req-7c960f6d-025c-4d13-8921-9e5e53c27b6d x-openstack-request-id: req-7c960f6d-025c-4d13-8921-9e5e53c27b6d {{(pid=114986) _http_log_response /usr/local/lib/python3.8/dist-packages/keystoneauth1/session.py:550}}
Nov 24 12:51:50.906007 n-d-817303-4 neutron-server[114986]: DEBUG novaclient.v2.client [-] RESP BODY: {"events": [{"name": "network-changed", "server_uuid": "fa543219-590e-4077-aeea-2b566d088e76", "tag": "6c1ffb59-9950-4034-96d8-b510b1348504", "status": "completed", "code": 200}]} {{(pid=114986) _http_log_response /usr/local/lib/python3.8/dist-packages/keystoneauth1/session.py:582}}
Nov 24 12:51:50.906377 n-d-817303-4 neutron-server[114986]: DEBUG novaclient.v2.client [-] POST call to compute for http://10.222.0.48/compute/v2.1/os-server-external-events used request id req-7c960f6d-025c-4d13-8921-9e5e53c27b6d {{(pid=114986) request /usr/local/lib/python3.8/dist-packages/keystoneauth1/session.py:954}}
Nov 24 12:51:50.906811 n-d-817303-4 neutron-server[114986]: INFO neutron.notifiers.nova [-] Nova event response: {'name': 'network-changed', 'server_uuid': 'fa543219-590e-4077-aeea-2b566d088e76', 'tag': '6c1ffb59-9950-4034-96d8-b510b1348504', 'status': 'completed', 'code': 200}
Nov 24 12:51:50.924616 n-d-817303-4 neutron-server[114985]: DEBUG neutron.api.rpc.handlers.resources_rpc [None req-5531b7f8-6a45-47c9-9b49-917f12c0f478 tempest-MigrationsAdminTest-1626484302 tempest-MigrationsAdminTest-1626484302-project-admin] Pushing event updated for resources: {'SecurityGroup': ['ID=adedc323-b6c5-46a2-85da-5d4823a429e8,revision_number=1']} {{(pid=114985) push /opt/stack/neutron/neutron/api/rpc/handlers/resources_rpc.py:237}}
Nov 24 12:51:50.939439 n-d-817303-4 neutron-server[114985]: INFO neutron.wsgi [req-da86ffee-e68c-4758-ba9a-752e5be889bd req-5531b7f8-6a45-47c9-9b49-917f12c0f478 tempest-MigrationsAdminTest-1626484302 tempest-MigrationsAdminTest-1626484302-project-admin] 10.222.0.48 "GET /v2.0/security-groups?id=c5e683ab-8704-40b0-a728-9d0e839535b9&fields=id&fields=name HTTP/1.1" status: 200 len: 286 time: 0.2403991
Nov 24 12:51:51.023282 n-d-817303-4 neutron-server[114986]: DEBUG neutron_lib.callbacks.manager [None req-f44d7cd5-d8fc-4cb9-ab6c-faa18bdb3c8b admin admin] Publish callbacks [] for security_group, before_delete {{(pid=114986) _notify_loop /usr/local/lib/python3.8/dist-packages/neutron_lib/callbacks/manager.py:175}}
Nov 24 12:51:51.045458 n-d-817303-4 neutron-server[114986]: DEBUG neutron.pecan_wsgi.hooks.policy_enforcement [req-d41cc5f6-9484-4f63-8646-8df8c5058f79 req-09cc9bf1-0a07-4130-afc7-ccca09f6ded7 service neutron] Attributes excluded by policy engine: ['standard_attr_id'] {{(pid=114986) _exclude_attributes_by_policy /opt/stack/neutron/neutron/pecan_wsgi/hooks/policy_enforcement.py:255}}
Nov 24 12:51:51.046960 n-d-817303-4 neutron-server[114986]: INFO neutron.wsgi [req-d41cc5f6-9484-4f63-8646-8df8c5058f79 req-09cc9bf1-0a07-4130-afc7-ccca09f6ded7 service neutron] 10.222.0.59 "GET /v2.0/ports?tenant_id=731e2f38ddde4092a3d98304608757a3&device_id=fa543219-590e-4077-aeea-2b566d088e76 HTTP/1.1" status: 200 len: 1098 time: 0.1217308
Nov 24 12:51:51.054305 n-d-817303-4 neutron-server[114985]: DEBUG neutron.pecan_wsgi.hooks.policy_enforcement [req-f6172bb3-361e-4415-a88e-44f3df212e57 req-20026bac-7612-4394-924a-e1e7d43545b8 tempest-LiveAutoBlockMigrationV225Test-1702697702 tempest-LiveAutoBlockMigrationV225Test-1702697702-project] Attributes excluded by policy engine: ['standard_attr_id', 'binding:profile', 'binding:host_id', 'binding:vif_type', 'binding:vif_details'] {{(pid=114985) _exclude_attributes_by_policy /opt/stack/neutron/neutron/pecan_wsgi/hooks/policy_enforcement.py:255}}
Nov 24 12:51:51.061968 n-d-817303-4 neutron-server[114985]: INFO neutron.wsgi [req-f6172bb3-361e-4415-a88e-44f3df212e57 req-20026bac-7612-4394-924a-e1e7d43545b8 tempest-LiveAutoBlockMigrationV225Test-1702697702 tempest-LiveAutoBlockMigrationV225Test-1702697702-project] 10.222.0.48 "GET /v2.0/ports?device_id=48a26c43-68c2-413f-9304-9c83fa257542 HTTP/1.1" status: 200 len: 968 time: 0.0595210
Nov 24 12:51:51.071985 n-d-817303-4 neutron-server[114986]: DEBUG neutron_lib.callbacks.manager [None req-f44d7cd5-d8fc-4cb9-ab6c-faa18bdb3c8b admin admin] Publish callbacks [] for security_group, precommit_delete {{(pid=114986) _notify_loop /usr/local/lib/python3.8/dist-packages/neutron_lib/callbacks/manager.py:175}}
