Nov 24 12:51:30.686871 n-d-817303-4 neutron-server[114986]: DEBUG neutron.pecan_wsgi.hooks.policy_enforcement [req-dfa0bc76-a3f2-47f8-b3fa-62ed1fd51038 req-363dfd02-3aa7-49e0-9ee9-015ecd775fac tempest-AggregatesAdminTestJSON-2018197097 tempest-AggregatesAdminTestJSON-2018197097-project] Attributes excluded by policy engine: ['standard_attr_id', 'binding:profile', 'binding:host_id', 'binding:vif_type', 'binding:vif_details'] {{(pid=114986) _exclude_attributes_by_policy /opt/stack/neutron/neutron/pecan_wsgi/hooks/policy_enforcement.py:255}}
Nov 24 12:51:30.688364 n-d-817303-4 neutron-server[114986]: INFO neutron.wsgi [req-dfa0bc76-a3f2-47f8-b3fa-62ed1fd51038 req-363dfd02-3aa7-49e0-9ee9-015ecd775fac tempest-AggregatesAdminTestJSON-2018197097 tempest-AggregatesAdminTestJSON-2018197097-project] 10.222.0.48 "GET /v2.0/ports?device_id=d54c0c59-8dc4-47c5-887d-c30acb5e353f HTTP/1.1" status: 200 len: 970 time: 0.0691464
Nov 24 12:51:30.797722 n-d-817303-4 neutron-server[114986]: INFO neutron.wsgi [req-dfa0bc76-a3f2-47f8-b3fa-62ed1fd51038 req-fc07aef5-d6e2-41d0-9276-8949c9cbfa64 tempest-AggregatesAdminTestJSON-2018197097 tempest-AggregatesAdminTestJSON-2018197097-project] 10.222.0.48 "GET /v2.0/security-groups?id=b1316bec-906d-444d-b107-2348fd464fc7&fields=id&fields=name HTTP/1.1" status: 200 len: 286 time: 0.0988648
Nov 24 12:51:30.848252 n-d-817303-4 neutron-server[114985]: INFO neutron.wsgi [req-f603ab34-fa65-4423-a9fb-221bfe4295b5 req-a6bfe665-e823-4980-99d6-f6a404a71aa3 tempest-ServersWithSpecificFlavorTestJSON-959704300 tempest-ServersWithSpecificFlavorTestJSON-959704300-project] 10.222.0.48 "GET /v2.0/ports?device_id=5332d87a-727e-45cc-9ff1-8a88aea50d44 HTTP/1.1" status: 200 len: 210 time: 0.0392666
Nov 24 12:51:30.867002 n-d-817303-4 neutron-server[114986]: DEBUG neutron.db.db_base_plugin_common [req-c3dd0a26-74ec-4350-a8a9-bddbb8e4e32a req-500b64ce-3f2a-4a21-8094-781069e929f9 tempest-ServersWithSpecificFlavorTestJSON-959704300 tempest-ServersWithSpecificFlavorTestJSON-959704300-project] Allocated IP 172.20.0.9 (1bfce1e3-d0fb-443f-82e9-216fa2f4414e/d5769439-5245-4abd-9019-ca9dddd4ee48/2219e174-ccf2-473c-9388-436afbd8de5d) {{(pid=114986) _store_ip_allocation /opt/stack/neutron/neutron/db/db_base_plugin_common.py:131}}
Nov 24 12:51:30.878549 n-d-817303-4 neutron-server[114987]: DEBUG neutron.plugins.ml2.db [None req-27e53d1b-303b-4568-90f9-b1c41b2303e6 None None] get_ports_and_sgs() called for port_ids ['f5165f39-b473-45b9-81d2-63c70d0bbba7'] {{(pid=114987) get_ports_and_sgs /opt/stack/neutron/neutron/plugins/ml2/db.py:156}}
Nov 24 12:51:31.044197 n-d-817303-4 neutron-server[114985]: DEBUG neutron.pecan_wsgi.hooks.policy_enforcement [req-b06e86b3-2a8c-47cc-b734-0b3c0ca5c820 req-e8f482b1-4c9b-449b-986e-b55a19c8f0cf tempest-DeleteServersAdminTestJSON-1984958815 tempest-DeleteServersAdminTestJSON-1984958815-project] Attributes excluded by policy engine: ['standard_attr_id', 'binding:profile', 'binding:host_id', 'binding:vif_type', 'binding:vif_details'] {{(pid=114985) _exclude_attributes_by_policy /opt/stack/neutron/neutron/pecan_wsgi/hooks/policy_enforcement.py:255}}
Nov 24 12:51:31.045806 n-d-817303-4 neutron-server[114985]: INFO neutron.wsgi [req-b06e86b3-2a8c-47cc-b734-0b3c0ca5c820 req-e8f482b1-4c9b-449b-986e-b55a19c8f0cf tempest-DeleteServersAdminTestJSON-1984958815 tempest-DeleteServersAdminTestJSON-1984958815-project] 10.222.0.48 "GET /v2.0/ports?device_id=effa4bf5-5ea9-423c-a58a-c233896525ba HTTP/1.1" status: 200 len: 948 time: 0.0564528
Nov 24 12:51:31.111159 n-d-817303-4 neutron-server[114985]: INFO neutron.wsgi [req-b06e86b3-2a8c-47cc-b734-0b3c0ca5c820 req-15525e12-ce98-4d23-92d6-7c3e0cf4b186 tempest-DeleteServersAdminTestJSON-1984958815 tempest-DeleteServersAdminTestJSON-1984958815-project] 10.222.0.48 "GET /v2.0/security-groups?id=18416116-2fdd-4a45-b6e2-4012c5c7651a&fields=id&fields=name HTTP/1.1" status: 200 len: 286 time: 0.0592444
Nov 24 12:51:31.147297 n-d-817303-4 neutron-server[114986]: DEBUG neutron_lib.callbacks.manager [req-c3dd0a26-74ec-4350-a8a9-bddbb8e4e32a req-500b64ce-3f2a-4a21-8094-781069e929f9 tempest-ServersWithSpecificFlavorTestJSON-959704300 tempest-ServersWithSpecificFlavorTestJSON-959704300-project] Publish callbacks [] for port, precommit_create {{(pid=114986) _notify_loop /usr/local/lib/python3.8/dist-packages/neutron_lib/callbacks/manager.py:175}}
Nov 24 12:51:31.196041 n-d-817303-4 neutron-server[114986]: DEBUG neutron_lib.callbacks.manager [req-c3dd0a26-74ec-4350-a8a9-bddbb8e4e32a req-500b64ce-3f2a-4a21-8094-781069e929f9 tempest-ServersWithSpecificFlavorTestJSON-959704300 tempest-ServersWithSpecificFlavorTestJSON-959704300-project] Publish callbacks ['neutron.plugins.ml2.plugin.SecurityGroupServerNotifierRpcMixin._notify_sg_on_port_change-1563469', 'neutron.plugins.ml2.ovo_rpc._ObjectChangeHandler.handle_event-51392', 'neutron.api.rpc.agentnotifiers.dhcp_rpc_agent_api.DhcpAgentNotifyAPI._native_event_send_dhcp_notification-7893798', 'neutron.db.l3_dvrscheduler_db._notify_l3_agent_new_port-8788463532490'] for port, after_create {{(pid=114986) _notify_loop /usr/local/lib/python3.8/dist-packages/neutron_lib/callbacks/manager.py:175}}
Nov 24 12:51:31.244164 n-d-817303-4 neutron-server[114986]: DEBUG neutron.scheduler.dhcp_agent_scheduler [req-c3dd0a26-74ec-4350-a8a9-bddbb8e4e32a req-500b64ce-3f2a-4a21-8094-781069e929f9 tempest-ServersWithSpecificFlavorTestJSON-959704300 tempest-ServersWithSpecificFlavorTestJSON-959704300-project] Network 1bfce1e3-d0fb-443f-82e9-216fa2f4414e is already hosted by enough agents. {{(pid=114986) _get_dhcp_agents_hosting_network /opt/stack/neutron/neutron/scheduler/dhcp_agent_scheduler.py:275}}
Nov 24 12:51:31.247566 n-d-817303-4 neutron-server[114986]: DEBUG neutron.scheduler.base_scheduler [req-c3dd0a26-74ec-4350-a8a9-bddbb8e4e32a req-500b64ce-3f2a-4a21-8094-781069e929f9 tempest-ServersWithSpecificFlavorTestJSON-959704300 tempest-ServersWithSpecificFlavorTestJSON-959704300-project] Resources bound (agent type, host, resource id): {{(pid=114986) schedule /opt/stack/neutron/neutron/scheduler/base_scheduler.py:57}}
Nov 24 12:51:31.251779 n-d-817303-4 neutron-server[114986]: DEBUG neutron.db.l3_dvrscheduler_db [req-c3dd0a26-74ec-4350-a8a9-bddbb8e4e32a req-500b64ce-3f2a-4a21-8094-781069e929f9 tempest-ServersWithSpecificFlavorTestJSON-959704300 tempest-ServersWithSpecificFlavorTestJSON-959704300-project] Received port after_create {{(pid=114986) _notify_l3_agent_new_port /opt/stack/neutron/neutron/db/l3_dvrscheduler_db.py:535}}
Nov 24 12:51:31.257639 n-d-817303-4 neutron-server[114986]: DEBUG neutron.pecan_wsgi.hooks.policy_enforcement [req-c3dd0a26-74ec-4350-a8a9-bddbb8e4e32a req-500b64ce-3f2a-4a21-8094-781069e929f9 tempest-ServersWithSpecificFlavorTestJSON-959704300 tempest-ServersWithSpecificFlavorTestJSON-959704300-project] Attributes excluded by policy engine: ['standard_attr_id', 'binding:profile', 'binding:host_id', 'binding:vif_type', 'binding:vif_details', 'network'] {{(pid=114986) _exclude_attributes_by_policy /opt/stack/neutron/neutron/pecan_wsgi/hooks/policy_enforcement.py:255}}
Nov 24 12:51:31.258457 n-d-817303-4 neutron-server[114986]: DEBUG neutron_lib.callbacks.manager [req-c3dd0a26-74ec-4350-a8a9-bddbb8e4e32a req-500b64ce-3f2a-4a21-8094-781069e929f9 tempest-ServersWithSpecificFlavorTestJSON-959704300 tempest-ServersWithSpecificFlavorTestJSON-959704300-project] Publish callbacks ['neutron.notifiers.nova.Notifier._send_nova_notification-216656', 'neutron.api.rpc.agentnotifiers.dhcp_rpc_agent_api.DhcpAgentNotifyAPI._send_dhcp_notification-7893812'] for port, before_response {{(pid=114986) _notify_loop /usr/local/lib/python3.8/dist-packages/neutron_lib/callbacks/manager.py:175}}
Nov 24 12:51:31.275619 n-d-817303-4 neutron-server[114985]: DEBUG neutron.wsgi [-] (114985) accepted ('10.222.0.48', 48428) {{(pid=114985) server /usr/local/lib/python3.8/dist-packages/eventlet/wsgi.py:1004}}
Nov 24 12:51:31.309758 n-d-817303-4 neutron-server[114986]: DEBUG neutron.api.rpc.handlers.resources_rpc [None req-500b64ce-3f2a-4a21-8094-781069e929f9 tempest-ServersWithSpecificFlavorTestJSON-959704300 tempest-ServersWithSpecificFlavorTestJSON-959704300-project] Pushing event updated for resources: {'Port': ['ID=2219e174-ccf2-473c-9388-436afbd8de5d,revision_number=1']} {{(pid=114986) push /opt/stack/neutron/neutron/api/rpc/handlers/resources_rpc.py:237}}
Nov 24 12:51:31.311166 n-d-817303-4 neutron-server[114985]: DEBUG neutron.wsgi [-] (114985) accepted ('10.222.0.48', 48434) {{(pid=114985) server /usr/local/lib/python3.8/dist-packages/eventlet/wsgi.py:1004}}
Nov 24 12:51:31.316338 n-d-817303-4 neutron-server[114985]: DEBUG neutron.api.v2.base [None req-c1603cbd-5d65-4b13-888d-e8926572e293 admin admin] Request body: {'network': {'name': 'tempest-LiveAutoBlockMigrationV225Test-1680410093-network', 'tenant_id': '9696669ffc1a423abaaa016fe376b86d'}} {{(pid=114985) prepare_request_body /opt/stack/neutron/neutron/api/v2/base.py:729}}
Nov 24 12:51:31.338433 n-d-817303-4 neutron-server[114986]: INFO neutron.wsgi [req-c3dd0a26-74ec-4350-a8a9-bddbb8e4e32a req-500b64ce-3f2a-4a21-8094-781069e929f9 tempest-ServersWithSpecificFlavorTestJSON-959704300 tempest-ServersWithSpecificFlavorTestJSON-959704300-project] 10.222.0.59 "POST /v2.0/ports HTTP/1.1" status: 201 len: 933 time: 0.8679464
Nov 24 12:51:31.359599 n-d-817303-4 neutron-server[114986]: DEBUG neutron.api.v2.base [req-c3dd0a26-74ec-4350-a8a9-bddbb8e4e32a req-192a60b0-875b-4be4-b828-856dee497506 service neutron] Request body: {'port': {'device_id': '5332d87a-727e-45cc-9ff1-8a88aea50d44', 'device_owner': 'compute:nova', 'binding:host_id': 'n-h2-817303-4'}} {{(pid=114986) prepare_request_body /opt/stack/neutron/neutron/api/v2/base.py:729}}
Nov 24 12:51:31.369540 n-d-817303-4 neutron-server[114985]: DEBUG neutron.pecan_wsgi.hooks.quota_enforcement [None req-c1603cbd-5d65-4b13-888d-e8926572e293 admin admin] Made reservation on behalf of 9696669ffc1a423abaaa016fe376b86d for: {'network': 1} {{(pid=114985) before /opt/stack/neutron/neutron/pecan_wsgi/hooks/quota_enforcement.py:53}}
Nov 24 12:51:31.374865 n-d-817303-4 neutron-server[114985]: DEBUG neutron_lib.callbacks.manager [None req-c1603cbd-5d65-4b13-888d-e8926572e293 admin admin] Publish callbacks ['neutron.plugins.ml2.plugin.SecurityGroupDbMixin._ensure_default_security_group_handler-1558408'] for network, before_create {{(pid=114985) _notify_loop /usr/local/lib/python3.8/dist-packages/neutron_lib/callbacks/manager.py:175}}
Nov 24 12:51:31.398333 n-d-817303-4 neutron-server[114985]: DEBUG neutron_lib.callbacks.manager [None req-c1603cbd-5d65-4b13-888d-e8926572e293 admin admin] Publish callbacks [] for security_group, before_create {{(pid=114985) _notify_loop /usr/local/lib/python3.8/dist-packages/neutron_lib/callbacks/manager.py:175}}
Nov 24 12:51:31.459552 n-d-817303-4 neutron-server[114986]: DEBUG neutron_lib.callbacks.manager [req-c3dd0a26-74ec-4350-a8a9-bddbb8e4e32a req-192a60b0-875b-4be4-b828-856dee497506 service neutron] Publish callbacks ['neutron.plugins.ml2.plugin.SecurityGroupDbMixin._ensure_default_security_group_handler-1558408'] for port, before_update {{(pid=114986) _notify_loop /usr/local/lib/python3.8/dist-packages/neutron_lib/callbacks/manager.py:175}}
Nov 24 12:51:31.539268 n-d-817303-4 neutron-server[114985]: DEBUG neutron_lib.callbacks.manager [None req-c1603cbd-5d65-4b13-888d-e8926572e293 admin admin] Publish callbacks [] for security_group, precommit_create {{(pid=114985) _notify_loop /usr/local/lib/python3.8/dist-packages/neutron_lib/callbacks/manager.py:175}}
Nov 24 12:51:31.546144 n-d-817303-4 neutron-server[114985]: DEBUG neutron_lib.callbacks.manager [None req-c1603cbd-5d65-4b13-888d-e8926572e293 admin admin] Publish callbacks ['neutron.plugins.ml2.ovo_rpc._ObjectChangeHandler.handle_event-7995175'] for security_group, after_create {{(pid=114985) _notify_loop /usr/local/lib/python3.8/dist-packages/neutron_lib/callbacks/manager.py:175}}
Nov 24 12:51:31.615992 n-d-817303-4 neutron-server[114987]: DEBUG neutron.db.provisioning_blocks [None req-d605e369-cfb6-4bc1-b7a4-2a63236594e1 None None] Provisioning complete for port 2219e174-ccf2-473c-9388-436afbd8de5d triggered by entity DHCP. {{(pid=114987) provisioning_complete /opt/stack/neutron/neutron/db/provisioning_blocks.py:139}}
Nov 24 12:51:31.615992 n-d-817303-4 neutron-server[114987]: DEBUG neutron_lib.callbacks.manager [None req-d605e369-cfb6-4bc1-b7a4-2a63236594e1 None None] Publish callbacks ['neutron.plugins.ml2.plugin.Ml2Plugin._port_provisioned-1386120'] for port, provisioning_complete {{(pid=114987) _notify_loop /usr/local/lib/python3.8/dist-packages/neutron_lib/callbacks/manager.py:175}}
Nov 24 12:51:31.617684 n-d-817303-4 neutron-server[114985]: DEBUG neutron_lib.callbacks.manager [None req-b275d4dd-ec54-4d5c-926e-57cad8a21f8f admin admin] Publish callbacks [] for security_group, before_create {{(pid=114985) _notify_loop /usr/local/lib/python3.8/dist-packages/neutron_lib/callbacks/manager.py:175}}
Nov 24 12:51:31.620084 n-d-817303-4 neutron-server[114985]: DEBUG neutron.plugins.ml2.drivers.helpers [None req-c1603cbd-5d65-4b13-888d-e8926572e293 admin admin] vlan segment allocate from pool success with {'vlan_id': 634, 'physical_network': 'physnet1'} {{(pid=114985) allocate_partially_specified_segment /opt/stack/neutron/neutron/plugins/ml2/drivers/helpers.py:153}}
Nov 24 12:51:31.639793 n-d-817303-4 neutron-server[114985]: DEBUG neutron.api.rpc.handlers.resources_rpc [None req-c1603cbd-5d65-4b13-888d-e8926572e293 admin admin] Pushing event updated for resources: {'SecurityGroup': ['ID=43fa9b04-2e40-4d58-b3e9-158cd71ad8a6,revision_number=1']} {{(pid=114985) push /opt/stack/neutron/neutron/api/rpc/handlers/resources_rpc.py:237}}
Nov 24 12:51:31.646818 n-d-817303-4 neutron-server[114985]: DEBUG neutron_lib.callbacks.manager [None req-c1603cbd-5d65-4b13-888d-e8926572e293 admin admin] Publish callbacks ['neutron.plugins.ml2.plugin.Ml2Plugin._handle_segment_change-1388931'] for segment, precommit_create {{(pid=114985) _notify_loop /usr/local/lib/python3.8/dist-packages/neutron_lib/callbacks/manager.py:175}}
Nov 24 12:51:31.647476 n-d-817303-4 neutron-server[114985]: INFO neutron.db.segments_db [None req-c1603cbd-5d65-4b13-888d-e8926572e293 admin admin] Added segment caf2d275-07ef-4474-a666-5c4f109be41e of type vlan for network be9d40ba-b441-4863-8fc5-0eea836ac962
Nov 24 12:51:31.691680 n-d-817303-4 neutron-server[114987]: DEBUG neutron.plugins.ml2.plugin [None req-d605e369-cfb6-4bc1-b7a4-2a63236594e1 None None] Port 2219e174-ccf2-473c-9388-436afbd8de5d cannot update to ACTIVE because it is not bound. {{(pid=114987) _port_provisioned /opt/stack/neutron/neutron/plugins/ml2/plugin.py:342}}
Nov 24 12:51:31.726019 n-d-817303-4 neutron-server[114985]: DEBUG neutron_lib.callbacks.manager [None req-c1603cbd-5d65-4b13-888d-e8926572e293 admin admin] Publish callbacks ['neutron.services.auto_allocate.db._ensure_external_network_default_value_callback-8788463521832'] for network, precommit_create {{(pid=114985) _notify_loop /usr/local/lib/python3.8/dist-packages/neutron_lib/callbacks/manager.py:175}}
Nov 24 12:51:31.782850 n-d-817303-4 neutron-server[114985]: DEBUG neutron_lib.callbacks.manager [None req-c1603cbd-5d65-4b13-888d-e8926572e293 admin admin] Publish callbacks ['neutron.plugins.ml2.ovo_rpc._ObjectChangeHandler.handle_event-7932879', 'neutron.api.rpc.agentnotifiers.dhcp_rpc_agent_api.DhcpAgentNotifyAPI._native_event_send_dhcp_notification-7893798'] for network, after_create {{(pid=114985) _notify_loop /usr/local/lib/python3.8/dist-packages/neutron_lib/callbacks/manager.py:175}}
Nov 24 12:51:31.783802 n-d-817303-4 neutron-server[114985]: DEBUG neutron.pecan_wsgi.hooks.policy_enforcement [None req-c1603cbd-5d65-4b13-888d-e8926572e293 admin admin] Attributes excluded by policy engine: ['standard_attr_id', 'vlan_transparent'] {{(pid=114985) _exclude_attributes_by_policy /opt/stack/neutron/neutron/pecan_wsgi/hooks/policy_enforcement.py:255}}
Nov 24 12:51:31.784405 n-d-817303-4 neutron-server[114985]: DEBUG neutron_lib.callbacks.manager [None req-c1603cbd-5d65-4b13-888d-e8926572e293 admin admin] Publish callbacks ['neutron.api.rpc.agentnotifiers.dhcp_rpc_agent_api.DhcpAgentNotifyAPI._send_dhcp_notification-7893812'] for network, before_response {{(pid=114985) _notify_loop /usr/local/lib/python3.8/dist-packages/neutron_lib/callbacks/manager.py:175}}
Nov 24 12:51:31.807349 n-d-817303-4 neutron-server[114985]: INFO neutron.wsgi [None req-c1603cbd-5d65-4b13-888d-e8926572e293 admin admin] 10.222.0.48 "POST /v2.0/networks HTTP/1.1" status: 201 len: 894 time: 0.4925709
Nov 24 12:51:31.812117 n-d-817303-4 neutron-server[114986]: DEBUG neutron.wsgi [-] (114986) accepted ('10.222.0.48', 48454) {{(pid=114986) server /usr/local/lib/python3.8/dist-packages/eventlet/wsgi.py:1004}}
Nov 24 12:51:31.817898 n-d-817303-4 neutron-server[114986]: DEBUG neutron.api.v2.base [None req-1e3a0a28-2566-487d-9379-d7ff100b2b89 admin admin] Request body: {'subnet': {'network_id': 'be9d40ba-b441-4863-8fc5-0eea836ac962', 'cidr': '172.20.0.0/28', 'name': 'tempest-LiveAutoBlockMigrationV225Test-1680410093-subnet', 'tenant_id': '9696669ffc1a423abaaa016fe376b86d', 'enable_dhcp': False, 'ip_version': 4}} {{(pid=114986) prepare_request_body /opt/stack/neutron/neutron/api/v2/base.py:729}}
Nov 24 12:51:31.825391 n-d-817303-4 neutron-server[114985]: DEBUG neutron_lib.callbacks.manager [None req-b275d4dd-ec54-4d5c-926e-57cad8a21f8f admin admin] Publish callbacks [] for security_group, precommit_create {{(pid=114985) _notify_loop /usr/local/lib/python3.8/dist-packages/neutron_lib/callbacks/manager.py:175}}
Nov 24 12:51:31.837062 n-d-817303-4 neutron-server[114985]: DEBUG neutron_lib.callbacks.manager [None req-b275d4dd-ec54-4d5c-926e-57cad8a21f8f admin admin] Publish callbacks ['neutron.plugins.ml2.ovo_rpc._ObjectChangeHandler.handle_event-7995175'] for security_group, after_create {{(pid=114985) _notify_loop /usr/local/lib/python3.8/dist-packages/neutron_lib/callbacks/manager.py:175}}
Nov 24 12:51:31.854475 n-d-817303-4 neutron-server[114986]: DEBUG neutron.notifiers.nova [req-c3dd0a26-74ec-4350-a8a9-bddbb8e4e32a req-192a60b0-875b-4be4-b828-856dee497506 service neutron] Ignoring state change previous_port_status: DOWN current_port_status: DOWN port_id 2219e174-ccf2-473c-9388-436afbd8de5d {{(pid=114986) record_port_status_changed /opt/stack/neutron/neutron/notifiers/nova.py:224}}
Nov 24 12:51:31.862682 n-d-817303-4 neutron-server[114986]: DEBUG neutron.wsgi [-] (114986) accepted ('10.222.0.48', 48458) {{(pid=114986) server /usr/local/lib/python3.8/dist-packages/eventlet/wsgi.py:1004}}
Nov 24 12:51:31.879499 n-d-817303-4 neutron-server[114986]: DEBUG neutron_lib.callbacks.manager [req-c3dd0a26-74ec-4350-a8a9-bddbb8e4e32a req-192a60b0-875b-4be4-b828-856dee497506 service neutron] Publish callbacks [] for port, precommit_update {{(pid=114986) _notify_loop /usr/local/lib/python3.8/dist-packages/neutron_lib/callbacks/manager.py:175}}
Nov 24 12:51:31.897575 n-d-817303-4 neutron-server[114986]: DEBUG neutron.pecan_wsgi.hooks.quota_enforcement [None req-1e3a0a28-2566-487d-9379-d7ff100b2b89 admin admin] Made reservation on behalf of 9696669ffc1a423abaaa016fe376b86d for: {'subnet': 1} {{(pid=114986) before /opt/stack/neutron/neutron/pecan_wsgi/hooks/quota_enforcement.py:53}}
Nov 24 12:51:31.899936 n-d-817303-4 neutron-server[114986]: DEBUG neutron_lib.callbacks.manager [None req-1e3a0a28-2566-487d-9379-d7ff100b2b89 admin admin] Publish callbacks [] for subnet, before_create {{(pid=114986) _notify_loop /usr/local/lib/python3.8/dist-packages/neutron_lib/callbacks/manager.py:175}}
Nov 24 12:51:31.904903 n-d-817303-4 neutron-server[114986]: DEBUG neutron.db.provisioning_blocks [req-c3dd0a26-74ec-4350-a8a9-bddbb8e4e32a req-192a60b0-875b-4be4-b828-856dee497506 service neutron] Transition to ACTIVE for port object 2219e174-ccf2-473c-9388-436afbd8de5d will not be triggered until provisioned by entity L2. {{(pid=114986) add_provisioning_component /opt/stack/neutron/neutron/db/provisioning_blocks.py:73}}
Nov 24 12:51:31.919894 n-d-817303-4 neutron-server[114986]: DEBUG neutron_lib.callbacks.manager [req-c3dd0a26-74ec-4350-a8a9-bddbb8e4e32a req-192a60b0-875b-4be4-b828-856dee497506 service neutron] Publish callbacks ['neutron.plugins.ml2.plugin.SecurityGroupServerNotifierRpcMixin._notify_sg_on_port_change-1563469', 'neutron.plugins.ml2.ovo_rpc._ObjectChangeHandler.handle_event-51392', 'neutron.api.rpc.agentnotifiers.dhcp_rpc_agent_api.DhcpAgentNotifyAPI._native_event_send_dhcp_notification-7893798', 'neutron.db.l3_db.L3RpcNotifierMixin._notify_gateway_port_ip_changed-8788463949514', 'neutron.db.l3_dvrscheduler_db._notify_l3_agent_port_update-8788463532508', 'neutron.db.l3_hascheduler_db._notify_l3_agent_ha_port_update-8788463532526'] for port, after_update {{(pid=114986) _notify_loop /usr/local/lib/python3.8/dist-packages/neutron_lib/callbacks/manager.py:175}}
Nov 24 12:51:31.940481 n-d-817303-4 neutron-server[114985]: DEBUG neutron.api.rpc.handlers.resources_rpc [None req-c1603cbd-5d65-4b13-888d-e8926572e293 admin admin] Pushing event updated for resources: {'Network': ['ID=be9d40ba-b441-4863-8fc5-0eea836ac962,revision_number=1']} {{(pid=114985) push /opt/stack/neutron/neutron/api/rpc/handlers/resources_rpc.py:237}}
Nov 24 12:51:31.970354 n-d-817303-4 neutron-server[114987]: DEBUG neutron.plugins.ml2.rpc [None req-a438aa36-c7a0-4034-9339-aa6d75698cb5 None None] Network be9d40ba-b441-4863-8fc5-0eea836ac962 details requested by agent ovs-agent-n-d-817303-4 with host n-d-817303-4 {{(pid=114987) get_network_details /opt/stack/neutron/neutron/plugins/ml2/rpc.py:248}}
Nov 24 12:51:32.072245 n-d-817303-4 neutron-server[114985]: INFO neutron.wsgi [None req-b275d4dd-ec54-4d5c-926e-57cad8a21f8f admin admin] 10.222.0.48 "GET /v2.0/security-groups?tenant_id=99c6029b68dc4c42946d4c83c2070123&name=default HTTP/1.1" status: 200 len: 2996 time: 0.7926385
Nov 24 12:51:32.072245 n-d-817303-4 neutron-server[114985]: DEBUG neutron.api.rpc.handlers.resources_rpc [None req-b275d4dd-ec54-4d5c-926e-57cad8a21f8f admin admin] Pushing event updated for resources: {'SecurityGroup': ['ID=82e2c395-3574-4d74-b36a-4d9e09df5d28,revision_number=1']} {{(pid=114985) push /opt/stack/neutron/neutron/api/rpc/handlers/resources_rpc.py:237}}
Nov 24 12:51:32.087973 n-d-817303-4 neutron-server[114986]: DEBUG neutron.wsgi [-] (114986) accepted ('10.222.0.48', 48468) {{(pid=114986) server /usr/local/lib/python3.8/dist-packages/eventlet/wsgi.py:1004}}
Nov 24 12:51:32.135868 n-d-817303-4 neutron-server[114985]: DEBUG neutron.pecan_wsgi.hooks.policy_enforcement [req-f3aefafb-06fa-4fa6-bbe9-c392d7ca0a75 req-ed4e3af6-c4a9-4eaa-95b1-8d3b1f91eae3 tempest-AggregatesAdminTestJSON-2018197097 tempest-AggregatesAdminTestJSON-2018197097-project] Attributes excluded by policy engine: ['standard_attr_id', 'binding:profile', 'binding:host_id', 'binding:vif_type', 'binding:vif_details'] {{(pid=114985) _exclude_attributes_by_policy /opt/stack/neutron/neutron/pecan_wsgi/hooks/policy_enforcement.py:255}}
Nov 24 12:51:32.148972 n-d-817303-4 neutron-server[114985]: INFO neutron.wsgi [req-f3aefafb-06fa-4fa6-bbe9-c392d7ca0a75 req-ed4e3af6-c4a9-4eaa-95b1-8d3b1f91eae3 tempest-AggregatesAdminTestJSON-2018197097 tempest-AggregatesAdminTestJSON-2018197097-project] 10.222.0.48 "GET /v2.0/ports?device_id=d54c0c59-8dc4-47c5-887d-c30acb5e353f HTTP/1.1" status: 200 len: 970 time: 0.2100570
Nov 24 12:51:32.154216 n-d-817303-4 neutron-server[114987]: DEBUG neutron.plugins.ml2.rpc [None req-27e53d1b-303b-4568-90f9-b1c41b2303e6 None None] Device f5165f39-b473-45b9-81d2-63c70d0bbba7 up at agent hyperv_n-h2-817303-4 {{(pid=114987) update_device_up /opt/stack/neutron/neutron/plugins/ml2/rpc.py:296}}
Nov 24 12:51:32.170503 n-d-817303-4 neutron-server[114986]: DEBUG neutron.api.rpc.handlers.resources_rpc [None req-192a60b0-875b-4be4-b828-856dee497506 service neutron] Pushing event updated for resources: {'Port': ['ID=2219e174-ccf2-473c-9388-436afbd8de5d,revision_number=2']} {{(pid=114986) push /opt/stack/neutron/neutron/api/rpc/handlers/resources_rpc.py:237}}
Nov 24 12:51:32.201037 n-d-817303-4 neutron-server[114986]: DEBUG neutron_lib.callbacks.manager [None req-ad73b6d9-e1fe-4c7a-9586-0d8f6e5ee0d7 admin admin] Publish callbacks [] for security_group, before_create {{(pid=114986) _notify_loop /usr/local/lib/python3.8/dist-packages/neutron_lib/callbacks/manager.py:175}}
Nov 24 12:51:32.246763 n-d-817303-4 neutron-server[114987]: DEBUG neutron.db.provisioning_blocks [None req-27e53d1b-303b-4568-90f9-b1c41b2303e6 None None] Provisioning for port f5165f39-b473-45b9-81d2-63c70d0bbba7 completed by entity L2. {{(pid=114987) provisioning_complete /opt/stack/neutron/neutron/db/provisioning_blocks.py:133}}
Nov 24 12:51:32.258683 n-d-817303-4 neutron-server[114987]: DEBUG neutron.db.provisioning_blocks [None req-27e53d1b-303b-4568-90f9-b1c41b2303e6 None None] Provisioning complete for port f5165f39-b473-45b9-81d2-63c70d0bbba7 triggered by entity L2. {{(pid=114987) provisioning_complete /opt/stack/neutron/neutron/db/provisioning_blocks.py:139}}
Nov 24 12:51:32.259161 n-d-817303-4 neutron-server[114987]: DEBUG neutron_lib.callbacks.manager [None req-27e53d1b-303b-4568-90f9-b1c41b2303e6 None None] Publish callbacks ['neutron.plugins.ml2.plugin.Ml2Plugin._port_provisioned-1386120'] for port, provisioning_complete {{(pid=114987) _notify_loop /usr/local/lib/python3.8/dist-packages/neutron_lib/callbacks/manager.py:175}}
Nov 24 12:51:32.277116 n-d-817303-4 neutron-server[114985]: INFO neutron.wsgi [req-f3aefafb-06fa-4fa6-bbe9-c392d7ca0a75 req-750e906e-1070-4b58-8018-b82040a034eb tempest-AggregatesAdminTestJSON-2018197097 tempest-AggregatesAdminTestJSON-2018197097-project] 10.222.0.48 "GET /v2.0/security-groups?id=b1316bec-906d-444d-b107-2348fd464fc7&fields=id&fields=name HTTP/1.1" status: 200 len: 286 time: 0.1247547
Nov 24 12:51:32.334550 n-d-817303-4 neutron-server[114986]: DEBUG neutron.pecan_wsgi.hooks.policy_enforcement [req-cd090f22-c8fb-4182-ab97-022ccbc4fa0b req-52533e76-4247-4f5a-9e17-83c238db9da4 tempest-ServersWithSpecificFlavorTestJSON-959704300 tempest-ServersWithSpecificFlavorTestJSON-959704300-project] Attributes excluded by policy engine: ['standard_attr_id', 'binding:profile', 'binding:host_id', 'binding:vif_type', 'binding:vif_details'] {{(pid=114986) _exclude_attributes_by_policy /opt/stack/neutron/neutron/pecan_wsgi/hooks/policy_enforcement.py:255}}
Nov 24 12:51:32.342012 n-d-817303-4 neutron-server[114986]: INFO neutron.wsgi [req-cd090f22-c8fb-4182-ab97-022ccbc4fa0b req-52533e76-4247-4f5a-9e17-83c238db9da4 tempest-ServersWithSpecificFlavorTestJSON-959704300 tempest-ServersWithSpecificFlavorTestJSON-959704300-project] 10.222.0.48 "GET /v2.0/ports?device_id=5332d87a-727e-45cc-9ff1-8a88aea50d44 HTTP/1.1" status: 200 len: 943 time: 0.3726830
Nov 24 12:51:32.415296 n-d-817303-4 neutron-server[114987]: DEBUG neutron_lib.callbacks.manager [None req-27e53d1b-303b-4568-90f9-b1c41b2303e6 None None] Publish callbacks ['neutron.plugins.ml2.plugin.SecurityGroupDbMixin._ensure_default_security_group_handler-1558408'] for port, before_update {{(pid=114987) _notify_loop /usr/local/lib/python3.8/dist-packages/neutron_lib/callbacks/manager.py:175}}
Nov 24 12:51:32.456326 n-d-817303-4 neutron-server[114987]: DEBUG neutron.notifiers.nova [-] Sending events: [{'server_uuid': 'effa4bf5-5ea9-423c-a58a-c233896525ba', 'name': 'network-vif-plugged', 'status': 'completed', 'tag': 'f5165f39-b473-45b9-81d2-63c70d0bbba7'}] {{(pid=114987) send_events /opt/stack/neutron/neutron/notifiers/nova.py:262}}
Nov 24 12:51:32.469936 n-d-817303-4 neutron-server[114985]: DEBUG neutron.pecan_wsgi.hooks.policy_enforcement [req-c87c38de-b2ce-415c-a6ba-b5b27b519845 req-bdc1113f-d8f5-4902-80aa-38e3feec56fb tempest-DeleteServersAdminTestJSON-1984958815 tempest-DeleteServersAdminTestJSON-1984958815-project] Attributes excluded by policy engine: ['standard_attr_id', 'binding:profile', 'binding:host_id', 'binding:vif_type', 'binding:vif_details'] {{(pid=114985) _exclude_attributes_by_policy /opt/stack/neutron/neutron/pecan_wsgi/hooks/policy_enforcement.py:255}}
Nov 24 12:51:32.477164 n-d-817303-4 neutron-server[114985]: INFO neutron.wsgi [req-c87c38de-b2ce-415c-a6ba-b5b27b519845 req-bdc1113f-d8f5-4902-80aa-38e3feec56fb tempest-DeleteServersAdminTestJSON-1984958815 tempest-DeleteServersAdminTestJSON-1984958815-project] 10.222.0.48 "GET /v2.0/ports?device_id=effa4bf5-5ea9-423c-a58a-c233896525ba HTTP/1.1" status: 200 len: 948 time: 0.1041377
Nov 24 12:51:32.483249 n-d-817303-4 neutron-server[114986]: DEBUG neutron_lib.callbacks.manager [None req-9a2e64c1-6a30-4962-9914-40078c73fc57 admin admin] Publish callbacks [] for security_group, before_delete {{(pid=114986) _notify_loop /usr/local/lib/python3.8/dist-packages/neutron_lib/callbacks/manager.py:175}}
Nov 24 12:51:32.490128 n-d-817303-4 neutron-server[114986]: DEBUG neutron.plugins.ml2.managers [req-c3dd0a26-74ec-4350-a8a9-bddbb8e4e32a req-192a60b0-875b-4be4-b828-856dee497506 service neutron] Attempting to bind port 2219e174-ccf2-473c-9388-436afbd8de5d on host n-h2-817303-4 for vnic_type normal with profile {{(pid=114986) bind_port /opt/stack/neutron/neutron/plugins/ml2/managers.py:795}}
Nov 24 12:51:32.490483 n-d-817303-4 neutron-server[114986]: DEBUG neutron.plugins.ml2.managers [req-c3dd0a26-74ec-4350-a8a9-bddbb8e4e32a req-192a60b0-875b-4be4-b828-856dee497506 service neutron] Attempting to bind port 2219e174-ccf2-473c-9388-436afbd8de5d by drivers openvswitch,hyperv on host n-h2-817303-4 at level 0 using segments [{'id': '8826b5fc-084f-4dfe-aa20-d99030ee2fdf', 'network_type': 'vlan', 'physical_network': 'physnet1', 'segmentation_id': 605, 'network_id': '1bfce1e3-d0fb-443f-82e9-216fa2f4414e'}] {{(pid=114986) _bind_port_level /opt/stack/neutron/neutron/plugins/ml2/managers.py:820}}
Nov 24 12:51:32.490798 n-d-817303-4 neutron-server[114986]: DEBUG neutron.plugins.ml2.drivers.mech_agent [req-c3dd0a26-74ec-4350-a8a9-bddbb8e4e32a req-192a60b0-875b-4be4-b828-856dee497506 service neutron] Attempting to bind port 2219e174-ccf2-473c-9388-436afbd8de5d on network 1bfce1e3-d0fb-443f-82e9-216fa2f4414e {{(pid=114986) bind_port /opt/stack/neutron/neutron/plugins/ml2/drivers/mech_agent.py:91}}
Nov 24 12:51:32.552912 n-d-817303-4 neutron-server[114987]: DEBUG neutron.plugins.ml2.db [None req-27e53d1b-303b-4568-90f9-b1c41b2303e6 None None] For port f5165f39-b473-45b9-81d2-63c70d0bbba7, host n-h2-817303-4, got binding levels [PortBindingLevel(driver='hyperv',host='n-h2-817303-4',level=0,port_id=f5165f39-b473-45b9-81d2-63c70d0bbba7,segment=NetworkSegment(aa4a90d1-d057-4215-b6de-7efd45fd8d87),segment_id=aa4a90d1-d057-4215-b6de-7efd45fd8d87)] {{(pid=114987) get_binding_level_objs /opt/stack/neutron/neutron/plugins/ml2/db.py:74}}
Nov 24 12:51:32.559113 n-d-817303-4 neutron-server[114987]: DEBUG neutron_lib.callbacks.manager [None req-27e53d1b-303b-4568-90f9-b1c41b2303e6 None None] Publish callbacks ['neutron.plugins.ml2.plugin.SecurityGroupServerNotifierRpcMixin._notify_sg_on_port_change-1563469', 'neutron.plugins.ml2.ovo_rpc._ObjectChangeHandler.handle_event-51392', 'neutron.api.rpc.agentnotifiers.dhcp_rpc_agent_api.DhcpAgentNotifyAPI._native_event_send_dhcp_notification-7893798', 'neutron.db.l3_db.L3RpcNotifierMixin._notify_gateway_port_ip_changed-8788463949514', 'neutron.db.l3_dvrscheduler_db._notify_l3_agent_port_update-8788463532508', 'neutron.db.l3_hascheduler_db._notify_l3_agent_ha_port_update-8788463532526'] for port, after_update {{(pid=114987) _notify_loop /usr/local/lib/python3.8/dist-packages/neutron_lib/callbacks/manager.py:175}}
Nov 24 12:51:32.575343 n-d-817303-4 neutron-server[114986]: DEBUG neutron_lib.callbacks.manager [None req-ad73b6d9-e1fe-4c7a-9586-0d8f6e5ee0d7 admin admin] Publish callbacks [] for security_group, precommit_create {{(pid=114986) _notify_loop /usr/local/lib/python3.8/dist-packages/neutron_lib/callbacks/manager.py:175}}
Nov 24 12:51:32.577970 n-d-817303-4 neutron-server[114986]: DEBUG neutron.plugins.ml2.drivers.mech_agent [req-c3dd0a26-74ec-4350-a8a9-bddbb8e4e32a req-192a60b0-875b-4be4-b828-856dee497506 service neutron] Port 2219e174-ccf2-473c-9388-436afbd8de5d on network 1bfce1e3-d0fb-443f-82e9-216fa2f4414e not bound, no agent of type Open vSwitch agent registered on host n-h2-817303-4 {{(pid=114986) bind_port /opt/stack/neutron/neutron/plugins/ml2/drivers/mech_agent.py:103}}
Nov 24 12:51:32.578350 n-d-817303-4 neutron-server[114986]: DEBUG neutron.plugins.ml2.drivers.mech_agent [req-c3dd0a26-74ec-4350-a8a9-bddbb8e4e32a req-192a60b0-875b-4be4-b828-856dee497506 service neutron] Attempting to bind port 2219e174-ccf2-473c-9388-436afbd8de5d on network 1bfce1e3-d0fb-443f-82e9-216fa2f4414e {{(pid=114986) bind_port /opt/stack/neutron/neutron/plugins/ml2/drivers/mech_agent.py:91}}
Nov 24 12:51:32.589863 n-d-817303-4 neutron-server[114985]: INFO neutron.wsgi [req-c87c38de-b2ce-415c-a6ba-b5b27b519845 req-75594888-4f11-45c5-9245-d71b1fffa0cd tempest-DeleteServersAdminTestJSON-1984958815 tempest-DeleteServersAdminTestJSON-1984958815-project] 10.222.0.48 "GET /v2.0/security-groups?id=18416116-2fdd-4a45-b6e2-4012c5c7651a&fields=id&fields=name HTTP/1.1" status: 200 len: 286 time: 0.1110990
Nov 24 12:51:32.599345 n-d-817303-4 neutron-server[114986]: DEBUG neutron_lib.callbacks.manager [None req-ad73b6d9-e1fe-4c7a-9586-0d8f6e5ee0d7 admin admin] Publish callbacks ['neutron.plugins.ml2.ovo_rpc._ObjectChangeHandler.handle_event-7995175'] for security_group, after_create {{(pid=114986) _notify_loop /usr/local/lib/python3.8/dist-packages/neutron_lib/callbacks/manager.py:175}}
Nov 24 12:51:32.627704 n-d-817303-4 neutron-server[114987]: DEBUG neutron.api.rpc.handlers.resources_rpc [None req-27e53d1b-303b-4568-90f9-b1c41b2303e6 None None] Pushing event updated for resources: {'Port': ['ID=f5165f39-b473-45b9-81d2-63c70d0bbba7,revision_number=5']} {{(pid=114987) push /opt/stack/neutron/neutron/api/rpc/handlers/resources_rpc.py:237}}
Nov 24 12:51:32.641129 n-d-817303-4 neutron-server[114986]: INFO neutron.wsgi [None req-ad73b6d9-e1fe-4c7a-9586-0d8f6e5ee0d7 admin admin] 10.222.0.48 "GET /v2.0/security-groups?tenant_id=d9e92a1d4147484ab5de90a1ec3855cc&name=default HTTP/1.1" status: 200 len: 2996 time: 0.7746756
Nov 24 12:51:32.641484 n-d-817303-4 neutron-server[114985]: DEBUG neutron.wsgi [-] (114985) accepted ('10.222.0.48', 48494) {{(pid=114985) server /usr/local/lib/python3.8/dist-packages/eventlet/wsgi.py:1004}}
Nov 24 12:51:32.646646 n-d-817303-4 neutron-server[114986]: DEBUG neutron.plugins.ml2.drivers.mech_agent [req-c3dd0a26-74ec-4350-a8a9-bddbb8e4e32a req-192a60b0-875b-4be4-b828-856dee497506 service neutron] Checking agent: {'id': 'db8d03dd-68e0-4984-b811-8f6e65d82d61', 'agent_type': 'HyperV agent', 'binary': 'neutron-hyperv-agent', 'topic': 'N/A', 'host': 'n-h2-817303-4', 'admin_state_up': True, 'created_at': datetime.datetime(2021, 11, 24, 12, 48, 39), 'started_at': datetime.datetime(2021, 11, 24, 12, 48, 39), 'heartbeat_timestamp': datetime.datetime(2021, 11, 24, 12, 51, 9), 'description': None, 'resources_synced': None, 'availability_zone': None, 'alive': True, 'configurations': {'vswitch_mappings': {'physnet1$': 'br-data'}}, 'resource_versions': {}} {{(pid=114986) bind_port /opt/stack/neutron/neutron/plugins/ml2/drivers/mech_agent.py:110}}
Nov 24 12:51:32.646985 n-d-817303-4 neutron-server[114986]: DEBUG neutron.plugins.ml2.drivers.mech_agent [req-c3dd0a26-74ec-4350-a8a9-bddbb8e4e32a req-192a60b0-875b-4be4-b828-856dee497506 service neutron] Checking segment: {'id': '8826b5fc-084f-4dfe-aa20-d99030ee2fdf', 'network_type': 'vlan', 'physical_network': 'physnet1', 'segmentation_id': 605, 'network_id': '1bfce1e3-d0fb-443f-82e9-216fa2f4414e'} for mappings: {'physnet1$': 'br-data'} with network types: ['local', 'flat', 'vlan'] {{(pid=114986) check_segment_for_agent /opt/stack/neutron/neutron/plugins/ml2/drivers/mech_agent.py:371}}
Nov 24 12:51:32.647363 n-d-817303-4 neutron-server[114986]: DEBUG neutron.plugins.ml2.drivers.mech_agent [req-c3dd0a26-74ec-4350-a8a9-bddbb8e4e32a req-192a60b0-875b-4be4-b828-856dee497506 service neutron] Bound using segment: {'id': '8826b5fc-084f-4dfe-aa20-d99030ee2fdf', 'network_type': 'vlan', 'physical_network': 'physnet1', 'segmentation_id': 605, 'network_id': '1bfce1e3-d0fb-443f-82e9-216fa2f4414e'} {{(pid=114986) bind_port /opt/stack/neutron/neutron/plugins/ml2/drivers/mech_agent.py:120}}
Nov 24 12:51:32.647797 n-d-817303-4 neutron-server[114986]: DEBUG neutron.plugins.ml2.managers [req-c3dd0a26-74ec-4350-a8a9-bddbb8e4e32a req-192a60b0-875b-4be4-b828-856dee497506 service neutron] Bound port: 2219e174-ccf2-473c-9388-436afbd8de5d, host: n-h2-817303-4, vif_type: hyperv, vif_details: {"connectivity": "legacy", "port_filter": false}, binding_levels: [{'bound_driver': 'hyperv', 'bound_segment': {'id': '8826b5fc-084f-4dfe-aa20-d99030ee2fdf', 'network_type': 'vlan', 'physical_network': 'physnet1', 'segmentation_id': 605, 'network_id': '1bfce1e3-d0fb-443f-82e9-216fa2f4414e'}}] {{(pid=114986) _bind_port_level /opt/stack/neutron/neutron/plugins/ml2/managers.py:932}}
Nov 24 12:51:32.648152 n-d-817303-4 neutron-server[114986]: DEBUG neutron_lib.callbacks.manager [req-c3dd0a26-74ec-4350-a8a9-bddbb8e4e32a req-192a60b0-875b-4be4-b828-856dee497506 service neutron] Publish callbacks ['neutron.plugins.ml2.plugin.SecurityGroupDbMixin._ensure_default_security_group_handler-1558408'] for port, before_update {{(pid=114986) _notify_loop /usr/local/lib/python3.8/dist-packages/neutron_lib/callbacks/manager.py:175}}
Nov 24 12:51:32.706694 n-d-817303-4 neutron-server[114986]: DEBUG neutron_lib.callbacks.manager [None req-9a2e64c1-6a30-4962-9914-40078c73fc57 admin admin] Publish callbacks [] for security_group, precommit_delete {{(pid=114986) _notify_loop /usr/local/lib/python3.8/dist-packages/neutron_lib/callbacks/manager.py:175}}
Nov 24 12:51:32.711159 n-d-817303-4 neutron-server[114985]: DEBUG neutron_lib.callbacks.manager [None req-90ca22cc-4556-4a51-9f32-84e4882cb8ee admin admin] Publish callbacks [] for security_group, before_delete {{(pid=114985) _notify_loop /usr/local/lib/python3.8/dist-packages/neutron_lib/callbacks/manager.py:175}}
Nov 24 12:51:32.725254 n-d-817303-4 neutron-server[114986]: DEBUG neutron.api.rpc.handlers.resources_rpc [None req-ad73b6d9-e1fe-4c7a-9586-0d8f6e5ee0d7 admin admin] Pushing event updated for resources: {'SecurityGroup': ['ID=e44c1793-57f2-4c10-8552-407c7994423a,revision_number=1']} {{(pid=114986) push /opt/stack/neutron/neutron/api/rpc/handlers/resources_rpc.py:237}}
Nov 24 12:51:32.736123 n-d-817303-4 neutron-server[114985]: DEBUG neutron_lib.callbacks.manager [None req-90ca22cc-4556-4a51-9f32-84e4882cb8ee admin admin] Publish callbacks [] for security_group, precommit_delete {{(pid=114985) _notify_loop /usr/local/lib/python3.8/dist-packages/neutron_lib/callbacks/manager.py:175}}
Nov 24 12:51:32.750781 n-d-817303-4 neutron-server[114987]: DEBUG novaclient.v2.client [-] REQ: curl -g -i --cacert "/opt/stack/data/ca-bundle.pem" -X POST http://10.222.0.48/compute/v2.1/os-server-external-events -H "Accept: application/json" -H "Content-Type: application/json" -H "User-Agent: python-novaclient" -H "X-Auth-Token: {SHA256}9e5425b9475cae73450bff35b45f57174ab2c7a8b94cd5b886fc48d7251382ba" -H "X-OpenStack-Nova-API-Version: 2.1" -H "X-OpenStack-Request-ID: req-03d8abd2-f05a-48f4-8a51-4e6a01264e8b" -d '{"events": [{"server_uuid": "effa4bf5-5ea9-423c-a58a-c233896525ba", "name": "network-vif-plugged", "status": "completed", "tag": "f5165f39-b473-45b9-81d2-63c70d0bbba7"}]}' {{(pid=114987) _http_log_request /usr/local/lib/python3.8/dist-packages/keystoneauth1/session.py:519}}
Nov 24 12:51:32.773538 n-d-817303-4 neutron-server[114986]: INFO neutron.wsgi [req-cd090f22-c8fb-4182-ab97-022ccbc4fa0b req-25ebf39c-92ee-4453-a71f-adc96192934e tempest-ServersWithSpecificFlavorTestJSON-959704300 tempest-ServersWithSpecificFlavorTestJSON-959704300-project] 10.222.0.48 "GET /v2.0/security-groups?id=057966b1-62c6-426d-a8e0-55ae45a4b905&fields=id&fields=name HTTP/1.1" status: 200 len: 313 time: 0.4262142
Nov 24 12:51:32.809206 n-d-817303-4 neutron-server[114985]: DEBUG neutron_lib.callbacks.manager [None req-90ca22cc-4556-4a51-9f32-84e4882cb8ee admin admin] Publish callbacks ['neutron.plugins.ml2.ovo_rpc._ObjectChangeHandler.handle_event-7995175'] for security_group, after_delete {{(pid=114985) _notify_loop /usr/local/lib/python3.8/dist-packages/neutron_lib/callbacks/manager.py:175}}
Nov 24 12:51:32.813281 n-d-817303-4 neutron-server[114985]: DEBUG neutron_lib.callbacks.manager [None req-90ca22cc-4556-4a51-9f32-84e4882cb8ee admin admin] Publish callbacks [] for security_group, before_response {{(pid=114985) _notify_loop /usr/local/lib/python3.8/dist-packages/neutron_lib/callbacks/manager.py:175}}
Nov 24 12:51:32.818184 n-d-817303-4 neutron-server[114985]: INFO neutron.wsgi [None req-90ca22cc-4556-4a51-9f32-84e4882cb8ee admin admin] 10.222.0.48 "DELETE /v2.0/security-groups/e44c1793-57f2-4c10-8552-407c7994423a HTTP/1.1" status: 204 len: 168 time: 0.1757109
Nov 24 12:51:32.829807 n-d-817303-4 neutron-server[114985]: DEBUG neutron.api.rpc.handlers.resources_rpc [None req-90ca22cc-4556-4a51-9f32-84e4882cb8ee admin admin] Pushing event deleted for resources: {'SecurityGroup': ['ID=e44c1793-57f2-4c10-8552-407c7994423a,revision_number=None']} {{(pid=114985) push /opt/stack/neutron/neutron/api/rpc/handlers/resources_rpc.py:237}}
Nov 24 12:51:32.866894 n-d-817303-4 neutron-server[114986]: DEBUG neutron.plugins.ml2.db [req-c3dd0a26-74ec-4350-a8a9-bddbb8e4e32a req-192a60b0-875b-4be4-b828-856dee497506 service neutron] For port 2219e174-ccf2-473c-9388-436afbd8de5d, host n-h2-817303-4, cleared binding levels {{(pid=114986) clear_binding_levels /opt/stack/neutron/neutron/plugins/ml2/db.py:87}}
Nov 24 12:51:32.870326 n-d-817303-4 neutron-server[114986]: DEBUG neutron.plugins.ml2.db [req-c3dd0a26-74ec-4350-a8a9-bddbb8e4e32a req-192a60b0-875b-4be4-b828-856dee497506 service neutron] For port 2219e174-ccf2-473c-9388-436afbd8de5d, host n-h2-817303-4, set binding levels [PortBindingLevel(driver='hyperv',host='n-h2-817303-4',level=0,port_id=2219e174-ccf2-473c-9388-436afbd8de5d,segment=NetworkSegment(8826b5fc-084f-4dfe-aa20-d99030ee2fdf),segment_id=8826b5fc-084f-4dfe-aa20-d99030ee2fdf)] {{(pid=114986) set_binding_levels /opt/stack/neutron/neutron/plugins/ml2/db.py:59}}
Nov 24 12:51:32.875737 n-d-817303-4 neutron-server[114986]: DEBUG neutron_lib.callbacks.manager [None req-1e3a0a28-2566-487d-9379-d7ff100b2b89 admin admin] Publish callbacks ['neutron.plugins.ml2.ovo_rpc._ObjectChangeHandler.handle_event-7932820', 'neutron.api.rpc.agentnotifiers.dhcp_rpc_agent_api.DhcpAgentNotifyAPI._native_event_send_dhcp_notification-7893798'] for subnet, after_create {{(pid=114986) _notify_loop /usr/local/lib/python3.8/dist-packages/neutron_lib/callbacks/manager.py:175}}
Nov 24 12:51:32.884004 n-d-817303-4 neutron-server[114986]: DEBUG neutron_lib.callbacks.manager [req-c3dd0a26-74ec-4350-a8a9-bddbb8e4e32a req-192a60b0-875b-4be4-b828-856dee497506 service neutron] Publish callbacks ['neutron.plugins.ml2.plugin.SecurityGroupServerNotifierRpcMixin._notify_sg_on_port_change-1563469', 'neutron.plugins.ml2.ovo_rpc._ObjectChangeHandler.handle_event-51392', 'neutron.api.rpc.agentnotifiers.dhcp_rpc_agent_api.DhcpAgentNotifyAPI._native_event_send_dhcp_notification-7893798', 'neutron.db.l3_db.L3RpcNotifierMixin._notify_gateway_port_ip_changed-8788463949514', 'neutron.db.l3_dvrscheduler_db._notify_l3_agent_port_update-8788463532508', 'neutron.db.l3_hascheduler_db._notify_l3_agent_ha_port_update-8788463532526'] for port, after_update {{(pid=114986) _notify_loop /usr/local/lib/python3.8/dist-packages/neutron_lib/callbacks/manager.py:175}}
Nov 24 12:51:32.891202 n-d-817303-4 neutron-server[114986]: DEBUG neutron_lib.callbacks.manager [None req-9a2e64c1-6a30-4962-9914-40078c73fc57 admin admin] Publish callbacks ['neutron.plugins.ml2.ovo_rpc._ObjectChangeHandler.handle_event-7995175'] for security_group, after_delete {{(pid=114986) _notify_loop /usr/local/lib/python3.8/dist-packages/neutron_lib/callbacks/manager.py:175}}
Nov 24 12:51:32.894530 n-d-817303-4 neutron-server[114986]: DEBUG neutron_lib.callbacks.manager [None req-9a2e64c1-6a30-4962-9914-40078c73fc57 admin admin] Publish callbacks [] for security_group, before_response {{(pid=114986) _notify_loop /usr/local/lib/python3.8/dist-packages/neutron_lib/callbacks/manager.py:175}}
Nov 24 12:51:32.895666 n-d-817303-4 neutron-server[114986]: INFO neutron.wsgi [None req-9a2e64c1-6a30-4962-9914-40078c73fc57 admin admin] 10.222.0.48 "DELETE /v2.0/security-groups/82e2c395-3574-4d74-b36a-4d9e09df5d28 HTTP/1.1" status: 204 len: 168 time: 0.8047891
Nov 24 12:51:32.911107 n-d-817303-4 neutron-server[114987]: DEBUG novaclient.v2.client [-] RESP: [200] Connection: close Content-Length: 183 Content-Type: application/json Date: Wed, 24 Nov 2021 12:51:32 GMT OpenStack-API-Version: compute 2.1 Server: Apache/2.4.41 (Ubuntu) Vary: OpenStack-API-Version,X-OpenStack-Nova-API-Version X-OpenStack-Nova-API-Version: 2.1 x-compute-request-id: req-14b1e90a-ea63-46c5-8c22-e4369aeea52f x-openstack-request-id: req-14b1e90a-ea63-46c5-8c22-e4369aeea52f {{(pid=114987) _http_log_response /usr/local/lib/python3.8/dist-packages/keystoneauth1/session.py:550}}
Nov 24 12:51:32.911443 n-d-817303-4 neutron-server[114987]: DEBUG novaclient.v2.client [-] RESP BODY: {"events": [{"server_uuid": "effa4bf5-5ea9-423c-a58a-c233896525ba", "name": "network-vif-plugged", "status": "completed", "tag": "f5165f39-b473-45b9-81d2-63c70d0bbba7", "code": 200}]} {{(pid=114987) _http_log_response /usr/local/lib/python3.8/dist-packages/keystoneauth1/session.py:582}}
Nov 24 12:51:32.911712 n-d-817303-4 neutron-server[114987]: DEBUG novaclient.v2.client [-] POST call to compute for http://10.222.0.48/compute/v2.1/os-server-external-events used request id req-14b1e90a-ea63-46c5-8c22-e4369aeea52f {{(pid=114987) request /usr/local/lib/python3.8/dist-packages/keystoneauth1/session.py:954}}
Nov 24 12:51:32.912169 n-d-817303-4 neutron-server[114987]: INFO neutron.notifiers.nova [-] Nova event response: {'server_uuid': 'effa4bf5-5ea9-423c-a58a-c233896525ba', 'name': 'network-vif-plugged', 'status': 'completed', 'tag': 'f5165f39-b473-45b9-81d2-63c70d0bbba7', 'code': 200}
Nov 24 12:51:32.996475 n-d-817303-4 neutron-server[114985]: DEBUG neutron.wsgi [-] (114985) accepted ('10.222.0.59', 60783) {{(pid=114985) server /usr/local/lib/python3.8/dist-packages/eventlet/wsgi.py:1004}}
Nov 24 12:51:33.076472 n-d-817303-4 neutron-server[114985]: DEBUG neutron.pecan_wsgi.hooks.policy_enforcement [req-f1352607-fe09-4ce8-9ad4-85f9ec9ebc58 req-8437390b-1c8c-4793-a115-fea3da99250c service neutron] Attributes excluded by policy engine: ['standard_attr_id'] {{(pid=114985) _exclude_attributes_by_policy /opt/stack/neutron/neutron/pecan_wsgi/hooks/policy_enforcement.py:255}}
Nov 24 12:51:33.077974 n-d-817303-4 neutron-server[114985]: INFO neutron.wsgi [req-f1352607-fe09-4ce8-9ad4-85f9ec9ebc58 req-8437390b-1c8c-4793-a115-fea3da99250c service neutron] 10.222.0.59 "GET /v2.0/ports?device_id=effa4bf5-5ea9-423c-a58a-c233896525ba HTTP/1.1" status: 200 len: 1100 time: 0.0804007
Nov 24 12:51:33.103927 n-d-817303-4 neutron-server[114985]: DEBUG neutron_lib.callbacks.manager [req-f1352607-fe09-4ce8-9ad4-85f9ec9ebc58 req-2ad5fdd6-eb5a-474d-9319-781253d4a6f1 service neutron] Publish callbacks [] for security_group, before_create {{(pid=114985) _notify_loop /usr/local/lib/python3.8/dist-packages/neutron_lib/callbacks/manager.py:175}}
Nov 24 12:51:33.158642 n-d-817303-4 neutron-server[114986]: DEBUG neutron.pecan_wsgi.hooks.policy_enforcement [req-c3dd0a26-74ec-4350-a8a9-bddbb8e4e32a req-192a60b0-875b-4be4-b828-856dee497506 service neutron] Attributes excluded by policy engine: ['standard_attr_id'] {{(pid=114986) _exclude_attributes_by_policy /opt/stack/neutron/neutron/pecan_wsgi/hooks/policy_enforcement.py:255}}
Nov 24 12:51:33.159583 n-d-817303-4 neutron-server[114986]: DEBUG neutron_lib.callbacks.manager [req-c3dd0a26-74ec-4350-a8a9-bddbb8e4e32a req-192a60b0-875b-4be4-b828-856dee497506 service neutron] Publish callbacks ['neutron.notifiers.nova.Notifier._send_nova_notification-216656', 'neutron.api.rpc.agentnotifiers.dhcp_rpc_agent_api.DhcpAgentNotifyAPI._send_dhcp_notification-7893812'] for port, before_response {{(pid=114986) _notify_loop /usr/local/lib/python3.8/dist-packages/neutron_lib/callbacks/manager.py:175}}
Nov 24 12:51:33.161193 n-d-817303-4 neutron-server[114986]: INFO neutron.wsgi [req-c3dd0a26-74ec-4350-a8a9-bddbb8e4e32a req-192a60b0-875b-4be4-b828-856dee497506 service neutron] 10.222.0.59 "PUT /v2.0/ports/2219e174-ccf2-473c-9388-436afbd8de5d HTTP/1.1" status: 200 len: 1091 time: 1.8142531
Nov 24 12:51:33.171739 n-d-817303-4 neutron-server[114986]: DEBUG neutron.notifiers.nova [-] Sending events: [{'name': 'network-changed', 'server_uuid': '5332d87a-727e-45cc-9ff1-8a88aea50d44', 'tag': '2219e174-ccf2-473c-9388-436afbd8de5d'}] {{(pid=114986) send_events /opt/stack/neutron/neutron/notifiers/nova.py:262}}
Nov 24 12:51:33.174157 n-d-817303-4 neutron-server[114986]: DEBUG novaclient.v2.client [-] REQ: curl -g -i --cacert "/opt/stack/data/ca-bundle.pem" -X POST http://10.222.0.48/compute/v2.1/os-server-external-events -H "Accept: application/json" -H "Content-Type: application/json" -H "User-Agent: python-novaclient" -H "X-Auth-Token: {SHA256}14ea8ea9d9579687e2df618b880b7cb294031476067df73a04619cc94cdffd3e" -H "X-OpenStack-Nova-API-Version: 2.1" -H "X-OpenStack-Request-ID: req-ba423498-d1d9-4d05-a7e3-1e7370ac6952" -d '{"events": [{"name": "network-changed", "server_uuid": "5332d87a-727e-45cc-9ff1-8a88aea50d44", "tag": "2219e174-ccf2-473c-9388-436afbd8de5d"}]}' {{(pid=114986) _http_log_request /usr/local/lib/python3.8/dist-packages/keystoneauth1/session.py:519}}
