Nov 23 22:35:47.984289 n-d-817303-3 devstack@n-api.service[124244]: DEBUG nova.policy [None req-c5483411-f645-49b8-87dd-62f1b7365230 tempest-DeleteServersAdminTestJSON-922240029 tempest-DeleteServersAdminTestJSON-922240029-project] Policy check for os_compute_api:os-extended-server-attributes failed with credentials {'is_admin': False, 'user_id': '8f50e81c7b9f4c50bddf65e232cd4207', 'user_domain_id': 'default', 'system_scope': None, 'domain_id': None, 'project_id': '6e70b4a31c5344df8590f9ca36ee3f5d', 'project_domain_id': 'default', 'roles': ['reader', 'member'], 'is_admin_project': True, 'service_user_id': None, 'service_user_domain_id': None, 'service_project_id': None, 'service_project_domain_id': None, 'service_roles': []} {{(pid=124244) authorize /opt/stack/nova/nova/policy.py:199}}
Nov 23 22:35:47.997686 n-d-817303-3 devstack@n-api.service[124244]: INFO nova.api.openstack.requestlog [None req-c5483411-f645-49b8-87dd-62f1b7365230 tempest-DeleteServersAdminTestJSON-922240029 tempest-DeleteServersAdminTestJSON-922240029-project] 10.222.0.11 "GET /compute/v2.1/servers/545728c9-2d9e-447d-a2a4-e2d8c98dc46a" status: 200 len: 1310 microversion: 2.1 time: 0.371722
Nov 23 22:35:48.003929 n-d-817303-3 devstack@n-api.service[124244]: [pid: 124244|app: 0|req: 116/206] 10.222.0.11 () {58 vars in 1235 bytes} [Tue Nov 23 22:35:47 2021] GET /compute/v2.1/servers/545728c9-2d9e-447d-a2a4-e2d8c98dc46a => generated 1310 bytes in 378 msecs (HTTP/1.1 200) 9 headers in 358 bytes (2 switches on core 0)
Nov 23 22:35:48.005031 n-d-817303-3 devstack@n-api.service[124245]: INFO nova.api.openstack.requestlog [None req-9ba79cb1-2571-4476-9ee3-9c615cbf6158 tempest-AggregatesAdminTestJSON-818669530 tempest-AggregatesAdminTestJSON-818669530-project-admin] 10.222.0.11 "POST /compute/v2.1/os-aggregates/11/action" status: 200 len: 228 microversion: 2.1 time: 0.203992
Nov 23 22:35:48.008551 n-d-817303-3 devstack@n-api.service[124245]: [pid: 124245|app: 0|req: 91/207] 10.222.0.11 () {60 vars in 1193 bytes} [Tue Nov 23 22:35:47 2021] POST /compute/v2.1/os-aggregates/11/action => generated 228 bytes in 210 msecs (HTTP/1.1 200) 9 headers in 357 bytes (1 switches on core 0)
Nov 23 22:35:48.024016 n-d-817303-3 devstack@n-api.service[124244]: DEBUG nova.api.openstack.wsgi [None req-d744d471-527b-4b95-8429-fd081abfb293 tempest-AggregatesAdminTestJSON-818669530 tempest-AggregatesAdminTestJSON-818669530-project-admin] Calling method '>' {{(pid=124244) _process_stack /opt/stack/nova/nova/api/openstack/wsgi.py:513}}
Nov 23 22:35:48.028277 n-d-817303-3 devstack@n-api.service[124244]: /usr/local/lib/python3.8/dist-packages/oslo_policy/policy.py:1075: UserWarning: Policy os_compute_api:os-aggregates:delete failed scope check. The token used to make the request was project scoped but the policy requires ['system'] scope. This behavior may change in the future where using the intended scope is required
Nov 23 22:35:48.028277 n-d-817303-3 devstack@n-api.service[124244]: warnings.warn(msg)
Nov 23 22:35:48.099753 n-d-817303-3 devstack@n-api.service[124244]: INFO nova.api.openstack.requestlog [None req-d744d471-527b-4b95-8429-fd081abfb293 tempest-AggregatesAdminTestJSON-818669530 tempest-AggregatesAdminTestJSON-818669530-project-admin] 10.222.0.11 "DELETE /compute/v2.1/os-aggregates/11" status: 200 len: 0 microversion: 2.1 time: 0.079939
Nov 23 22:35:48.101386 n-d-817303-3 devstack@n-api.service[124244]: [pid: 124244|app: 0|req: 117/208] 10.222.0.11 () {58 vars in 1154 bytes} [Tue Nov 23 22:35:48 2021] DELETE /compute/v2.1/os-aggregates/11 => generated 0 bytes in 82 msecs (HTTP/1.1 200) 9 headers in 355 bytes (1 switches on core 0)
Nov 23 22:35:48.101702 n-d-817303-3 devstack@n-api.service[124245]: DEBUG nova.api.openstack.wsgi [None req-8b1b6e00-69a6-4c82-9d50-9f5857404aeb tempest-ServersAdminNegativeTestJSON-458594258 tempest-ServersAdminNegativeTestJSON-458594258-project] Calling method '>' {{(pid=124245) _process_stack /opt/stack/nova/nova/api/openstack/wsgi.py:513}}
Nov 23 22:35:48.102424 n-d-817303-3 devstack@n-api.service[124245]: DEBUG nova.compute.api [None req-8b1b6e00-69a6-4c82-9d50-9f5857404aeb tempest-ServersAdminNegativeTestJSON-458594258 tempest-ServersAdminNegativeTestJSON-458594258-project] [instance: d207e046-f8be-4b7a-9728-80f0c7729ed5] Fetching instance by UUID {{(pid=124245) get /opt/stack/nova/nova/compute/api.py:2865}}
Nov 23 22:35:48.111312 n-d-817303-3 devstack@n-api.service[124244]: DEBUG nova.api.openstack.wsgi [None req-f9bfd6fb-bac5-4e65-b30b-dc0f4ebe46a3 tempest-AggregatesAdminTestJSON-818669530 tempest-AggregatesAdminTestJSON-818669530-project-admin] Action: 'create', calling method: >, body: {"aggregate": {"name": "tempest-test_aggregate-653694165"}} {{(pid=124244) _process_stack /opt/stack/nova/nova/api/openstack/wsgi.py:511}}
Nov 23 22:35:48.116906 n-d-817303-3 devstack@n-api.service[124245]: DEBUG oslo_concurrency.lockutils [None req-8b1b6e00-69a6-4c82-9d50-9f5857404aeb tempest-ServersAdminNegativeTestJSON-458594258 tempest-ServersAdminNegativeTestJSON-458594258-project] Lock "16c14356-f08d-4cea-bd62-81c61c84063a" acquired by "nova.context.set_target_cell..get_or_set_cached_cell_and_set_connections" :: waited 0.000s {{(pid=124245) inner /usr/local/lib/python3.8/dist-packages/oslo_concurrency/lockutils.py:386}}
Nov 23 22:35:48.117701 n-d-817303-3 devstack@n-api.service[124245]: DEBUG oslo_concurrency.lockutils [None req-8b1b6e00-69a6-4c82-9d50-9f5857404aeb tempest-ServersAdminNegativeTestJSON-458594258 tempest-ServersAdminNegativeTestJSON-458594258-project] Lock "16c14356-f08d-4cea-bd62-81c61c84063a" "released" by "nova.context.set_target_cell..get_or_set_cached_cell_and_set_connections" :: held 0.001s {{(pid=124245) inner /usr/local/lib/python3.8/dist-packages/oslo_concurrency/lockutils.py:400}}
Nov 23 22:35:48.118665 n-d-817303-3 devstack@n-api.service[124245]: DEBUG oslo_concurrency.lockutils [None req-8b1b6e00-69a6-4c82-9d50-9f5857404aeb tempest-ServersAdminNegativeTestJSON-458594258 tempest-ServersAdminNegativeTestJSON-458594258-project] Lock "16c14356-f08d-4cea-bd62-81c61c84063a" acquired by "nova.context.set_target_cell..get_or_set_cached_cell_and_set_connections" :: waited 0.000s {{(pid=124245) inner /usr/local/lib/python3.8/dist-packages/oslo_concurrency/lockutils.py:386}}
Nov 23 22:35:48.118817 n-d-817303-3 devstack@n-api.service[124244]: /usr/local/lib/python3.8/dist-packages/oslo_policy/policy.py:1075: UserWarning: Policy os_compute_api:os-aggregates:create failed scope check. The token used to make the request was project scoped but the policy requires ['system'] scope. This behavior may change in the future where using the intended scope is required
Nov 23 22:35:48.118817 n-d-817303-3 devstack@n-api.service[124244]: warnings.warn(msg)
Nov 23 22:35:48.119503 n-d-817303-3 devstack@n-api.service[124245]: DEBUG oslo_concurrency.lockutils [None req-8b1b6e00-69a6-4c82-9d50-9f5857404aeb tempest-ServersAdminNegativeTestJSON-458594258 tempest-ServersAdminNegativeTestJSON-458594258-project] Lock "16c14356-f08d-4cea-bd62-81c61c84063a" "released" by "nova.context.set_target_cell..get_or_set_cached_cell_and_set_connections" :: held 0.001s {{(pid=124245) inner /usr/local/lib/python3.8/dist-packages/oslo_concurrency/lockutils.py:400}}
Nov 23 22:35:48.122653 n-d-817303-3 devstack@n-api.service[124244]: DEBUG nova.objects.aggregate [None req-f9bfd6fb-bac5-4e65-b30b-dc0f4ebe46a3 tempest-AggregatesAdminTestJSON-818669530 tempest-AggregatesAdminTestJSON-818669530-project-admin] Generated uuid 75df1a02-ac4a-41e0-8177-bd52d2a208c9 for aggregate {{(pid=124244) create /opt/stack/nova/nova/objects/aggregate.py:298}}
Nov 23 22:35:48.174272 n-d-817303-3 devstack@n-api.service[124244]: INFO nova.api.openstack.requestlog [None req-f9bfd6fb-bac5-4e65-b30b-dc0f4ebe46a3 tempest-AggregatesAdminTestJSON-818669530 tempest-AggregatesAdminTestJSON-818669530-project-admin] 10.222.0.11 "POST /compute/v2.1/os-aggregates" status: 200 len: 198 microversion: 2.1 time: 0.066773
Nov 23 22:35:48.175055 n-d-817303-3 devstack@n-api.service[124244]: [pid: 124244|app: 0|req: 118/209] 10.222.0.11 () {60 vars in 1163 bytes} [Tue Nov 23 22:35:48 2021] POST /compute/v2.1/os-aggregates => generated 198 bytes in 69 msecs (HTTP/1.1 200) 9 headers in 357 bytes (1 switches on core 0)
Nov 23 22:35:48.185474 n-d-817303-3 devstack@n-api.service[124244]: DEBUG nova.api.openstack.wsgi [None req-09e3fa9f-f3f3-4726-a43f-03b4e82ba3bb tempest-AggregatesAdminTestJSON-818669530 tempest-AggregatesAdminTestJSON-818669530-project-admin] Calling method '>' {{(pid=124244) _process_stack /opt/stack/nova/nova/api/openstack/wsgi.py:513}}
Nov 23 22:35:48.190266 n-d-817303-3 devstack@n-api.service[124244]: /usr/local/lib/python3.8/dist-packages/oslo_policy/policy.py:1075: UserWarning: Policy os_compute_api:os-aggregates:delete failed scope check. The token used to make the request was project scoped but the policy requires ['system'] scope. This behavior may change in the future where using the intended scope is required
Nov 23 22:35:48.190266 n-d-817303-3 devstack@n-api.service[124244]: warnings.warn(msg)
Nov 23 22:35:48.228985 n-d-817303-3 devstack@n-api.service[124245]: DEBUG nova.policy [None req-8b1b6e00-69a6-4c82-9d50-9f5857404aeb tempest-ServersAdminNegativeTestJSON-458594258 tempest-ServersAdminNegativeTestJSON-458594258-project] Policy check for os_compute_api:os-extended-server-attributes failed with credentials {'is_admin': False, 'user_id': 'dfdce0c4aa5e41d19c20e693887d2ca5', 'user_domain_id': 'default', 'system_scope': None, 'domain_id': None, 'project_id': 'cc7d45c0bc1b4c6ba5b8dbce7741f67c', 'project_domain_id': 'default', 'roles': ['reader', 'member'], 'is_admin_project': True, 'service_user_id': None, 'service_user_domain_id': None, 'service_project_id': None, 'service_project_domain_id': None, 'service_roles': []} {{(pid=124245) authorize /opt/stack/nova/nova/policy.py:199}}
Nov 23 22:35:48.233129 n-d-817303-3 devstack@n-api.service[124244]: INFO nova.api.openstack.requestlog [None req-09e3fa9f-f3f3-4726-a43f-03b4e82ba3bb tempest-AggregatesAdminTestJSON-818669530 tempest-AggregatesAdminTestJSON-818669530-project-admin] 10.222.0.11 "DELETE /compute/v2.1/os-aggregates/12" status: 200 len: 0 microversion: 2.1 time: 0.051361
Nov 23 22:35:48.234624 n-d-817303-3 devstack@n-api.service[124244]: [pid: 124244|app: 0|req: 119/210] 10.222.0.11 () {58 vars in 1154 bytes} [Tue Nov 23 22:35:48 2021] DELETE /compute/v2.1/os-aggregates/12 => generated 0 bytes in 54 msecs (HTTP/1.1 200) 9 headers in 355 bytes (2 switches on core 0)
Nov 23 22:35:48.241085 n-d-817303-3 devstack@n-api.service[124245]: INFO nova.api.openstack.requestlog [None req-8b1b6e00-69a6-4c82-9d50-9f5857404aeb tempest-ServersAdminNegativeTestJSON-458594258 tempest-ServersAdminNegativeTestJSON-458594258-project] 10.222.0.11 "GET /compute/v2.1/servers/d207e046-f8be-4b7a-9728-80f0c7729ed5" status: 200 len: 1280 microversion: 2.1 time: 0.151021
Nov 23 22:35:48.241880 n-d-817303-3 devstack@n-api.service[124245]: [pid: 124245|app: 0|req: 92/211] 10.222.0.11 () {58 vars in 1235 bytes} [Tue Nov 23 22:35:48 2021] GET /compute/v2.1/servers/d207e046-f8be-4b7a-9728-80f0c7729ed5 => generated 1280 bytes in 153 msecs (HTTP/1.1 200) 9 headers in 358 bytes (2 switches on core 0)
Nov 23 22:35:48.247984 n-d-817303-3 devstack@n-api.service[124244]: DEBUG nova.api.openstack.wsgi [None req-9c08c2db-b9c8-463d-8cd9-554862e92aa4 tempest-AggregatesAdminNegativeTestJSON-61944871 tempest-AggregatesAdminNegativeTestJSON-61944871-project-admin] Action: 'create', calling method: >, body: {"aggregate": {"name": "tempest-test_aggregate-2114421277"}} {{(pid=124244) _process_stack /opt/stack/nova/nova/api/openstack/wsgi.py:511}}
Nov 23 22:35:48.249838 n-d-817303-3 devstack@n-api.service[124244]: /usr/local/lib/python3.8/dist-packages/oslo_policy/policy.py:1075: UserWarning: Policy os_compute_api:os-aggregates:create failed scope check. The token used to make the request was project scoped but the policy requires ['system'] scope. This behavior may change in the future where using the intended scope is required
Nov 23 22:35:48.249838 n-d-817303-3 devstack@n-api.service[124244]: warnings.warn(msg)
Nov 23 22:35:48.251491 n-d-817303-3 devstack@n-api.service[124244]: DEBUG nova.objects.aggregate [None req-9c08c2db-b9c8-463d-8cd9-554862e92aa4 tempest-AggregatesAdminNegativeTestJSON-61944871 tempest-AggregatesAdminNegativeTestJSON-61944871-project-admin] Generated uuid ebf5a487-7731-484f-9174-38c2274ea8cc for aggregate {{(pid=124244) create /opt/stack/nova/nova/objects/aggregate.py:298}}
Nov 23 22:35:48.254392 n-d-817303-3 devstack@n-api.service[124245]: DEBUG nova.api.openstack.wsgi [None req-495438e2-0aa0-4c05-bcc9-3b2cc2b2153b tempest-AggregatesAdminTestJSON-818669530 tempest-AggregatesAdminTestJSON-818669530-project-admin] Calling method '>' {{(pid=124245) _process_stack /opt/stack/nova/nova/api/openstack/wsgi.py:513}}
Nov 23 22:35:48.255325 n-d-817303-3 devstack@n-api.service[124245]: /usr/local/lib/python3.8/dist-packages/oslo_policy/policy.py:1075: UserWarning: Policy os_compute_api:os-aggregates:show failed scope check. The token used to make the request was project scoped but the policy requires ['system'] scope. This behavior may change in the future where using the intended scope is required
Nov 23 22:35:48.255325 n-d-817303-3 devstack@n-api.service[124245]: warnings.warn(msg)
Nov 23 22:35:48.269597 n-d-817303-3 devstack@n-api.service[124245]: INFO nova.api.openstack.wsgi [None req-495438e2-0aa0-4c05-bcc9-3b2cc2b2153b tempest-AggregatesAdminTestJSON-818669530 tempest-AggregatesAdminTestJSON-818669530-project-admin] HTTP exception thrown: Aggregate 12 could not be found.
Nov 23 22:35:48.270183 n-d-817303-3 devstack@n-api.service[124245]: DEBUG nova.api.openstack.wsgi [None req-495438e2-0aa0-4c05-bcc9-3b2cc2b2153b tempest-AggregatesAdminTestJSON-818669530 tempest-AggregatesAdminTestJSON-818669530-project-admin] Returning 404 to user: Aggregate 12 could not be found. {{(pid=124245) __call__ /opt/stack/nova/nova/api/openstack/wsgi.py:936}}
Nov 23 22:35:48.271013 n-d-817303-3 devstack@n-api.service[124245]: INFO nova.api.openstack.requestlog [None req-495438e2-0aa0-4c05-bcc9-3b2cc2b2153b tempest-AggregatesAdminTestJSON-818669530 tempest-AggregatesAdminTestJSON-818669530-project-admin] 10.222.0.11 "GET /compute/v2.1/os-aggregates/12" status: 404 len: 78 microversion: 2.1 time: 0.026670
Nov 23 22:35:48.271563 n-d-817303-3 devstack@n-api.service[124245]: [pid: 124245|app: 0|req: 93/212] 10.222.0.11 () {58 vars in 1151 bytes} [Tue Nov 23 22:35:48 2021] GET /compute/v2.1/os-aggregates/12 => generated 78 bytes in 28 msecs (HTTP/1.1 404) 9 headers in 378 bytes (1 switches on core 0)
Nov 23 22:35:48.287535 n-d-817303-3 devstack@n-api.service[124245]: DEBUG nova.api.openstack.wsgi [None req-3a5dbb0d-091a-4836-bb70-0e764ad8e749 tempest-LiveMigrationTest-570966934 tempest-LiveMigrationTest-570966934-project] Calling method '>' {{(pid=124245) _process_stack /opt/stack/nova/nova/api/openstack/wsgi.py:513}}
Nov 23 22:35:48.288094 n-d-817303-3 devstack@n-api.service[124245]: DEBUG nova.compute.api [None req-3a5dbb0d-091a-4836-bb70-0e764ad8e749 tempest-LiveMigrationTest-570966934 tempest-LiveMigrationTest-570966934-project] [instance: 9d492ceb-9a87-4442-bdb1-1df1f48ed326] Fetching instance by UUID {{(pid=124245) get /opt/stack/nova/nova/compute/api.py:2865}}
Nov 23 22:35:48.297756 n-d-817303-3 devstack@n-api.service[124244]: INFO nova.api.openstack.requestlog [None req-9c08c2db-b9c8-463d-8cd9-554862e92aa4 tempest-AggregatesAdminNegativeTestJSON-61944871 tempest-AggregatesAdminNegativeTestJSON-61944871-project-admin] 10.222.0.11 "POST /compute/v2.1/os-aggregates" status: 200 len: 199 microversion: 2.1 time: 0.060629
Nov 23 22:35:48.299726 n-d-817303-3 devstack@n-api.service[124245]: DEBUG oslo_concurrency.lockutils [None req-3a5dbb0d-091a-4836-bb70-0e764ad8e749 tempest-LiveMigrationTest-570966934 tempest-LiveMigrationTest-570966934-project] Lock "16c14356-f08d-4cea-bd62-81c61c84063a" acquired by "nova.context.set_target_cell..get_or_set_cached_cell_and_set_connections" :: waited 0.000s {{(pid=124245) inner /usr/local/lib/python3.8/dist-packages/oslo_concurrency/lockutils.py:386}}
Nov 23 22:35:48.300386 n-d-817303-3 devstack@n-api.service[124245]: DEBUG oslo_concurrency.lockutils [None req-3a5dbb0d-091a-4836-bb70-0e764ad8e749 tempest-LiveMigrationTest-570966934 tempest-LiveMigrationTest-570966934-project] Lock "16c14356-f08d-4cea-bd62-81c61c84063a" "released" by "nova.context.set_target_cell..get_or_set_cached_cell_and_set_connections" :: held 0.004s {{(pid=124245) inner /usr/local/lib/python3.8/dist-packages/oslo_concurrency/lockutils.py:400}}
Nov 23 22:35:48.302286 n-d-817303-3 devstack@n-api.service[124245]: DEBUG oslo_concurrency.lockutils [None req-3a5dbb0d-091a-4836-bb70-0e764ad8e749 tempest-LiveMigrationTest-570966934 tempest-LiveMigrationTest-570966934-project] Lock "16c14356-f08d-4cea-bd62-81c61c84063a" acquired by "nova.context.set_target_cell..get_or_set_cached_cell_and_set_connections" :: waited 0.000s {{(pid=124245) inner /usr/local/lib/python3.8/dist-packages/oslo_concurrency/lockutils.py:386}}
Nov 23 22:35:48.306016 n-d-817303-3 devstack@n-api.service[124245]: DEBUG oslo_concurrency.lockutils [None req-3a5dbb0d-091a-4836-bb70-0e764ad8e749 tempest-LiveMigrationTest-570966934 tempest-LiveMigrationTest-570966934-project] Lock "16c14356-f08d-4cea-bd62-81c61c84063a" "released" by "nova.context.set_target_cell..get_or_set_cached_cell_and_set_connections" :: held 0.004s {{(pid=124245) inner /usr/local/lib/python3.8/dist-packages/oslo_concurrency/lockutils.py:400}}
Nov 23 22:35:48.310856 n-d-817303-3 devstack@n-api.service[124244]: [pid: 124244|app: 0|req: 120/213] 10.222.0.11 () {60 vars in 1163 bytes} [Tue Nov 23 22:35:48 2021] POST /compute/v2.1/os-aggregates => generated 199 bytes in 75 msecs (HTTP/1.1 200) 9 headers in 357 bytes (1 switches on core 0)
Nov 23 22:35:48.322092 n-d-817303-3 devstack@n-api.service[124244]: DEBUG nova.api.openstack.wsgi [None req-d3820066-6029-4ebe-9c1a-22a9fe071cdf tempest-AggregatesAdminTestJSON-818669530 tempest-AggregatesAdminTestJSON-818669530-project-admin] Calling method '>' {{(pid=124244) _process_stack /opt/stack/nova/nova/api/openstack/wsgi.py:513}}
Nov 23 22:35:48.326325 n-d-817303-3 devstack@n-api.service[124244]: /usr/local/lib/python3.8/dist-packages/oslo_policy/policy.py:1075: UserWarning: Policy os_compute_api:os-aggregates:delete failed scope check. The token used to make the request was project scoped but the policy requires ['system'] scope. This behavior may change in the future where using the intended scope is required
Nov 23 22:35:48.326325 n-d-817303-3 devstack@n-api.service[124244]: warnings.warn(msg)
Nov 23 22:35:48.355301 n-d-817303-3 devstack@n-api.service[124244]: INFO nova.api.openstack.wsgi [None req-d3820066-6029-4ebe-9c1a-22a9fe071cdf tempest-AggregatesAdminTestJSON-818669530 tempest-AggregatesAdminTestJSON-818669530-project-admin] HTTP exception thrown: Aggregate 12 could not be found.
Nov 23 22:35:48.356497 n-d-817303-3 devstack@n-api.service[124244]: DEBUG nova.api.openstack.wsgi [None req-d3820066-6029-4ebe-9c1a-22a9fe071cdf tempest-AggregatesAdminTestJSON-818669530 tempest-AggregatesAdminTestJSON-818669530-project-admin] Returning 404 to user: Aggregate 12 could not be found. {{(pid=124244) __call__ /opt/stack/nova/nova/api/openstack/wsgi.py:936}}
Nov 23 22:35:48.357724 n-d-817303-3 devstack@n-api.service[124244]: INFO nova.api.openstack.requestlog [None req-d3820066-6029-4ebe-9c1a-22a9fe071cdf tempest-AggregatesAdminTestJSON-818669530 tempest-AggregatesAdminTestJSON-818669530-project-admin] 10.222.0.11 "DELETE /compute/v2.1/os-aggregates/12" status: 404 len: 78 microversion: 2.1 time: 0.045180
Nov 23 22:35:48.358448 n-d-817303-3 devstack@n-api.service[124244]: [pid: 124244|app: 0|req: 121/214] 10.222.0.11 () {58 vars in 1154 bytes} [Tue Nov 23 22:35:48 2021] DELETE /compute/v2.1/os-aggregates/12 => generated 78 bytes in 47 msecs (HTTP/1.1 404) 9 headers in 378 bytes (1 switches on core 0)
Nov 23 22:35:48.367063 n-d-817303-3 devstack@n-api.service[124244]: DEBUG nova.api.openstack.wsgi [None req-7f04d4e3-06e5-4483-abf6-c2e58ef49340 tempest-AggregatesAdminNegativeTestJSON-61944871 tempest-AggregatesAdminNegativeTestJSON-61944871-project-admin] Action: 'action', calling method: >, body: {"add_host": {"host": "n-h2-817303-3"}} {{(pid=124244) _process_stack /opt/stack/nova/nova/api/openstack/wsgi.py:511}}
Nov 23 22:35:48.368344 n-d-817303-3 devstack@n-api.service[124244]: /usr/local/lib/python3.8/dist-packages/oslo_policy/policy.py:1075: UserWarning: Policy os_compute_api:os-aggregates:add_host failed scope check. The token used to make the request was project scoped but the policy requires ['system'] scope. This behavior may change in the future where using the intended scope is required
Nov 23 22:35:48.368344 n-d-817303-3 devstack@n-api.service[124244]: warnings.warn(msg)
Nov 23 22:35:48.384245 n-d-817303-3 devstack@n-api.service[124244]: DEBUG oslo_concurrency.lockutils [None req-7f04d4e3-06e5-4483-abf6-c2e58ef49340 tempest-AggregatesAdminNegativeTestJSON-61944871 tempest-AggregatesAdminNegativeTestJSON-61944871-project-admin] Lock "16c14356-f08d-4cea-bd62-81c61c84063a" acquired by "nova.context.set_target_cell..get_or_set_cached_cell_and_set_connections" :: waited 0.000s {{(pid=124244) inner /usr/local/lib/python3.8/dist-packages/oslo_concurrency/lockutils.py:386}}
Nov 23 22:35:48.384697 n-d-817303-3 devstack@n-api.service[124244]: DEBUG oslo_concurrency.lockutils [None req-7f04d4e3-06e5-4483-abf6-c2e58ef49340 tempest-AggregatesAdminNegativeTestJSON-61944871 tempest-AggregatesAdminNegativeTestJSON-61944871-project-admin] Lock "16c14356-f08d-4cea-bd62-81c61c84063a" "released" by "nova.context.set_target_cell..get_or_set_cached_cell_and_set_connections" :: held 0.001s {{(pid=124244) inner /usr/local/lib/python3.8/dist-packages/oslo_concurrency/lockutils.py:400}}
Nov 23 22:35:48.570842 n-d-817303-3 devstack@n-api.service[124244]: INFO nova.api.openstack.requestlog [None req-7f04d4e3-06e5-4483-abf6-c2e58ef49340 tempest-AggregatesAdminNegativeTestJSON-61944871 tempest-AggregatesAdminNegativeTestJSON-61944871-project-admin] 10.222.0.11 "POST /compute/v2.1/os-aggregates/13/action" status: 200 len: 243 microversion: 2.1 time: 0.211030
Nov 23 22:35:48.571448 n-d-817303-3 devstack@n-api.service[124244]: [pid: 124244|app: 0|req: 122/215] 10.222.0.11 () {60 vars in 1193 bytes} [Tue Nov 23 22:35:48 2021] POST /compute/v2.1/os-aggregates/13/action => generated 243 bytes in 212 msecs (HTTP/1.1 200) 9 headers in 357 bytes (1 switches on core 0)
Nov 23 22:35:48.581645 n-d-817303-3 devstack@n-api.service[124244]: DEBUG nova.api.openstack.wsgi [None req-9f3ccfd8-87ef-45f8-9fb4-de475bd009f4 tempest-AggregatesAdminTestJSON-818669530 tempest-AggregatesAdminTestJSON-818669530-project-admin] Action: 'create', calling method: >, body: {"aggregate": {"availability_zone": "tempest-test_az-953714085", "name": "tempest-test_aggregate-1313288696"}} {{(pid=124244) _process_stack /opt/stack/nova/nova/api/openstack/wsgi.py:511}}
Nov 23 22:35:48.583058 n-d-817303-3 devstack@n-api.service[124244]: /usr/local/lib/python3.8/dist-packages/oslo_policy/policy.py:1075: UserWarning: Policy os_compute_api:os-aggregates:create failed scope check. The token used to make the request was project scoped but the policy requires ['system'] scope. This behavior may change in the future where using the intended scope is required
Nov 23 22:35:48.583058 n-d-817303-3 devstack@n-api.service[124244]: warnings.warn(msg)
Nov 23 22:35:48.584437 n-d-817303-3 devstack@n-api.service[124244]: DEBUG nova.objects.aggregate [None req-9f3ccfd8-87ef-45f8-9fb4-de475bd009f4 tempest-AggregatesAdminTestJSON-818669530 tempest-AggregatesAdminTestJSON-818669530-project-admin] Generated uuid b724fa3f-9e34-4679-86d0-efab4b91916d for aggregate {{(pid=124244) create /opt/stack/nova/nova/objects/aggregate.py:298}}
Nov 23 22:35:48.631043 n-d-817303-3 devstack@n-api.service[124244]: INFO nova.api.openstack.requestlog [None req-9f3ccfd8-87ef-45f8-9fb4-de475bd009f4 tempest-AggregatesAdminTestJSON-818669530 tempest-AggregatesAdminTestJSON-818669530-project-admin] 10.222.0.11 "POST /compute/v2.1/os-aggregates" status: 200 len: 222 microversion: 2.1 time: 0.058556
Nov 23 22:35:48.631993 n-d-817303-3 devstack@n-api.service[124244]: [pid: 124244|app: 0|req: 123/216] 10.222.0.11 () {60 vars in 1164 bytes} [Tue Nov 23 22:35:48 2021] POST /compute/v2.1/os-aggregates => generated 222 bytes in 60 msecs (HTTP/1.1 200) 9 headers in 357 bytes (1 switches on core 0)
Nov 23 22:35:48.641798 n-d-817303-3 devstack@n-api.service[124244]: DEBUG nova.api.openstack.wsgi [None req-e218dfe4-292d-46d4-964e-7ba649588d49 tempest-AggregatesAdminNegativeTestJSON-61560792 tempest-AggregatesAdminNegativeTestJSON-61560792-project] Action: 'action', calling method: >, body: {"remove_host": {"host": "n-h2-817303-3"}} {{(pid=124244) _process_stack /opt/stack/nova/nova/api/openstack/wsgi.py:511}}
Nov 23 22:35:48.643090 n-d-817303-3 devstack@n-api.service[124244]: /usr/local/lib/python3.8/dist-packages/oslo_policy/policy.py:1075: UserWarning: Policy os_compute_api:os-aggregates:remove_host failed scope check. The token used to make the request was project scoped but the policy requires ['system'] scope. This behavior may change in the future where using the intended scope is required
Nov 23 22:35:48.643090 n-d-817303-3 devstack@n-api.service[124244]: warnings.warn(msg)
Nov 23 22:35:48.644205 n-d-817303-3 devstack@n-api.service[124244]: DEBUG nova.policy [None req-e218dfe4-292d-46d4-964e-7ba649588d49 tempest-AggregatesAdminNegativeTestJSON-61560792 tempest-AggregatesAdminNegativeTestJSON-61560792-project] Policy check for os_compute_api:os-aggregates:remove_host failed with credentials {'is_admin': False, 'user_id': '32aaede21a3b40e7a4b8cd6b75c5f6d7', 'user_domain_id': 'default', 'system_scope': None, 'domain_id': None, 'project_id': '2bed5c63f8594d5fa0c1bcab89ee5a15', 'project_domain_id': 'default', 'roles': ['reader', 'member'], 'is_admin_project': True, 'service_user_id': None, 'service_user_domain_id': None, 'service_project_id': None, 'service_project_domain_id': None, 'service_roles': []} {{(pid=124244) authorize /opt/stack/nova/nova/policy.py:199}}
Nov 23 22:35:48.645075 n-d-817303-3 devstack@n-api.service[124244]: DEBUG nova.api.openstack.wsgi [None req-e218dfe4-292d-46d4-964e-7ba649588d49 tempest-AggregatesAdminNegativeTestJSON-61560792 tempest-AggregatesAdminNegativeTestJSON-61560792-project] Returning 403 to user: Policy doesn't allow os_compute_api:os-aggregates:remove_host to be performed. {{(pid=124244) __call__ /opt/stack/nova/nova/api/openstack/wsgi.py:936}}
Nov 23 22:35:48.645666 n-d-817303-3 devstack@n-api.service[124244]: INFO nova.api.openstack.requestlog [None req-e218dfe4-292d-46d4-964e-7ba649588d49 tempest-AggregatesAdminNegativeTestJSON-61560792 tempest-AggregatesAdminNegativeTestJSON-61560792-project] 10.222.0.11 "POST /compute/v2.1/os-aggregates/13/action" status: 403 len: 121 microversion: 2.1 time: 0.012714
Nov 23 22:35:48.646217 n-d-817303-3 devstack@n-api.service[124244]: [pid: 124244|app: 0|req: 124/217] 10.222.0.11 () {60 vars in 1193 bytes} [Tue Nov 23 22:35:48 2021] POST /compute/v2.1/os-aggregates/13/action => generated 121 bytes in 14 msecs (HTTP/1.1 403) 9 headers in 379 bytes (1 switches on core 0)
Nov 23 22:35:48.660711 n-d-817303-3 devstack@n-api.service[124244]: DEBUG nova.api.openstack.wsgi [None req-c5a4a42b-8fa8-4fe1-afc7-3c73a496a527 tempest-AggregatesAdminTestJSON-818669530 tempest-AggregatesAdminTestJSON-818669530-project-admin] Calling method '>' {{(pid=124244) _process_stack /opt/stack/nova/nova/api/openstack/wsgi.py:513}}
Nov 23 22:35:48.662070 n-d-817303-3 devstack@n-api.service[124244]: /usr/local/lib/python3.8/dist-packages/oslo_policy/policy.py:1075: UserWarning: Policy os_compute_api:os-aggregates:delete failed scope check. The token used to make the request was project scoped but the policy requires ['system'] scope. This behavior may change in the future where using the intended scope is required
Nov 23 22:35:48.662070 n-d-817303-3 devstack@n-api.service[124244]: warnings.warn(msg)
Nov 23 22:35:48.692232 n-d-817303-3 devstack@n-api.service[124244]: INFO nova.api.openstack.requestlog [None req-c5a4a42b-8fa8-4fe1-afc7-3c73a496a527 tempest-AggregatesAdminTestJSON-818669530 tempest-AggregatesAdminTestJSON-818669530-project-admin] 10.222.0.11 "DELETE /compute/v2.1/os-aggregates/14" status: 200 len: 0 microversion: 2.1 time: 0.044379
Nov 23 22:35:48.692903 n-d-817303-3 devstack@n-api.service[124244]: [pid: 124244|app: 0|req: 125/218] 10.222.0.11 () {58 vars in 1154 bytes} [Tue Nov 23 22:35:48 2021] DELETE /compute/v2.1/os-aggregates/14 => generated 0 bytes in 46 msecs (HTTP/1.1 200) 9 headers in 355 bytes (1 switches on core 0)
Nov 23 22:35:48.700193 n-d-817303-3 devstack@n-api.service[124244]: DEBUG nova.api.openstack.wsgi [None req-877a24ba-33e8-4dfd-a5fb-30e9e161807b tempest-AggregatesAdminNegativeTestJSON-61944871 tempest-AggregatesAdminNegativeTestJSON-61944871-project-admin] Action: 'action', calling method: >, body: {"remove_host": {"host": "n-h2-817303-3"}} {{(pid=124244) _process_stack /opt/stack/nova/nova/api/openstack/wsgi.py:511}}
Nov 23 22:35:48.701657 n-d-817303-3 devstack@n-api.service[124244]: /usr/local/lib/python3.8/dist-packages/oslo_policy/policy.py:1075: UserWarning: Policy os_compute_api:os-aggregates:remove_host failed scope check. The token used to make the request was project scoped but the policy requires ['system'] scope. This behavior may change in the future where using the intended scope is required
Nov 23 22:35:48.701657 n-d-817303-3 devstack@n-api.service[124244]: warnings.warn(msg)
Nov 23 22:35:48.710405 n-d-817303-3 devstack@n-api.service[124244]: DEBUG oslo_concurrency.lockutils [None req-877a24ba-33e8-4dfd-a5fb-30e9e161807b tempest-AggregatesAdminNegativeTestJSON-61944871 tempest-AggregatesAdminNegativeTestJSON-61944871-project-admin] Lock "16c14356-f08d-4cea-bd62-81c61c84063a" acquired by "nova.context.set_target_cell..get_or_set_cached_cell_and_set_connections" :: waited 0.000s {{(pid=124244) inner /usr/local/lib/python3.8/dist-packages/oslo_concurrency/lockutils.py:386}}
Nov 23 22:35:48.710953 n-d-817303-3 devstack@n-api.service[124244]: DEBUG oslo_concurrency.lockutils [None req-877a24ba-33e8-4dfd-a5fb-30e9e161807b tempest-AggregatesAdminNegativeTestJSON-61944871 tempest-AggregatesAdminNegativeTestJSON-61944871-project-admin] Lock "16c14356-f08d-4cea-bd62-81c61c84063a" "released" by "nova.context.set_target_cell..get_or_set_cached_cell_and_set_connections" :: held 0.001s {{(pid=124244) inner /usr/local/lib/python3.8/dist-packages/oslo_concurrency/lockutils.py:400}}
Nov 23 22:35:48.753250 n-d-817303-3 devstack@n-api.service[124245]: DEBUG nova.policy [None req-3a5dbb0d-091a-4836-bb70-0e764ad8e749 tempest-LiveMigrationTest-570966934 tempest-LiveMigrationTest-570966934-project] Policy check for os_compute_api:os-extended-server-attributes failed with credentials {'is_admin': False, 'user_id': 'be3171b6a3904e1b912cb480167893a7', 'user_domain_id': 'default', 'system_scope': None, 'domain_id': None, 'project_id': '69239f0e29434091bfe5a4af5be34fbe', 'project_domain_id': 'default', 'roles': ['reader', 'member'], 'is_admin_project': True, 'service_user_id': None, 'service_user_domain_id': None, 'service_project_id': None, 'service_project_domain_id': None, 'service_roles': []} {{(pid=124245) authorize /opt/stack/nova/nova/policy.py:199}}
Nov 23 22:35:48.764583 n-d-817303-3 devstack@n-api.service[124245]: INFO nova.api.openstack.requestlog [None req-3a5dbb0d-091a-4836-bb70-0e764ad8e749 tempest-LiveMigrationTest-570966934 tempest-LiveMigrationTest-570966934-project] 10.222.0.11 "GET /compute/v2.1/servers/9d492ceb-9a87-4442-bdb1-1df1f48ed326" status: 200 len: 1311 microversion: 2.1 time: 0.491086
Nov 23 22:35:48.769862 n-d-817303-3 devstack@n-api.service[124245]: [pid: 124245|app: 0|req: 94/219] 10.222.0.11 () {58 vars in 1235 bytes} [Tue Nov 23 22:35:48 2021] GET /compute/v2.1/servers/9d492ceb-9a87-4442-bdb1-1df1f48ed326 => generated 1311 bytes in 494 msecs (HTTP/1.1 200) 9 headers in 358 bytes (1 switches on core 0)
Nov 23 22:35:48.774991 n-d-817303-3 devstack@n-api.service[124245]: DEBUG nova.api.openstack.wsgi [None req-469513b5-0952-4b4c-b284-bffaa81c69b7 tempest-AggregatesAdminTestJSON-818669530 tempest-AggregatesAdminTestJSON-818669530-project-admin] Calling method '>' {{(pid=124245) _process_stack /opt/stack/nova/nova/api/openstack/wsgi.py:513}}
Nov 23 22:35:48.779279 n-d-817303-3 devstack@n-api.service[124245]: /usr/local/lib/python3.8/dist-packages/oslo_policy/policy.py:1075: UserWarning: Policy os_compute_api:os-aggregates:show failed scope check. The token used to make the request was project scoped but the policy requires ['system'] scope. This behavior may change in the future where using the intended scope is required
Nov 23 22:35:48.779279 n-d-817303-3 devstack@n-api.service[124245]: warnings.warn(msg)
Nov 23 22:35:48.808542 n-d-817303-3 devstack@n-api.service[124245]: INFO nova.api.openstack.wsgi [None req-469513b5-0952-4b4c-b284-bffaa81c69b7 tempest-AggregatesAdminTestJSON-818669530 tempest-AggregatesAdminTestJSON-818669530-project-admin] HTTP exception thrown: Aggregate 14 could not be found.
Nov 23 22:35:48.809445 n-d-817303-3 devstack@n-api.service[124245]: DEBUG nova.api.openstack.wsgi [None req-469513b5-0952-4b4c-b284-bffaa81c69b7 tempest-AggregatesAdminTestJSON-818669530 tempest-AggregatesAdminTestJSON-818669530-project-admin] Returning 404 to user: Aggregate 14 could not be found. {{(pid=124245) __call__ /opt/stack/nova/nova/api/openstack/wsgi.py:936}}
Nov 23 22:35:48.810502 n-d-817303-3 devstack@n-api.service[124245]: INFO nova.api.openstack.requestlog [None req-469513b5-0952-4b4c-b284-bffaa81c69b7 tempest-AggregatesAdminTestJSON-818669530 tempest-AggregatesAdminTestJSON-818669530-project-admin] 10.222.0.11 "GET /compute/v2.1/os-aggregates/14" status: 404 len: 78 microversion: 2.1 time: 0.043449
Nov 23 22:35:48.811477 n-d-817303-3 devstack@n-api.service[124245]: [pid: 124245|app: 0|req: 95/220] 10.222.0.11 () {58 vars in 1151 bytes} [Tue Nov 23 22:35:48 2021] GET /compute/v2.1/os-aggregates/14 => generated 78 bytes in 45 msecs (HTTP/1.1 404) 9 headers in 378 bytes (1 switches on core 0)
Nov 23 22:35:48.827917 n-d-817303-3 devstack@n-api.service[124245]: DEBUG nova.api.openstack.wsgi [None req-7bda9d25-b1dd-4015-80ff-3a5458a0ee0b tempest-AggregatesAdminTestJSON-818669530 tempest-AggregatesAdminTestJSON-818669530-project-admin] Calling method '>' {{(pid=124245) _process_stack /opt/stack/nova/nova/api/openstack/wsgi.py:513}}
Nov 23 22:35:48.830789 n-d-817303-3 devstack@n-api.service[124245]: /usr/local/lib/python3.8/dist-packages/oslo_policy/policy.py:1075: UserWarning: Policy os_compute_api:os-aggregates:delete failed scope check. The token used to make the request was project scoped but the policy requires ['system'] scope. This behavior may change in the future where using the intended scope is required
Nov 23 22:35:48.830789 n-d-817303-3 devstack@n-api.service[124245]: warnings.warn(msg)
Nov 23 22:35:48.860587 n-d-817303-3 devstack@n-api.service[124245]: INFO nova.api.openstack.wsgi [None req-7bda9d25-b1dd-4015-80ff-3a5458a0ee0b tempest-AggregatesAdminTestJSON-818669530 tempest-AggregatesAdminTestJSON-818669530-project-admin] HTTP exception thrown: Aggregate 14 could not be found.
Nov 23 22:35:48.861660 n-d-817303-3 devstack@n-api.service[124245]: DEBUG nova.api.openstack.wsgi [None req-7bda9d25-b1dd-4015-80ff-3a5458a0ee0b tempest-AggregatesAdminTestJSON-818669530 tempest-AggregatesAdminTestJSON-818669530-project-admin] Returning 404 to user: Aggregate 14 could not be found. {{(pid=124245) __call__ /opt/stack/nova/nova/api/openstack/wsgi.py:936}}
Nov 23 22:35:48.862807 n-d-817303-3 devstack@n-api.service[124245]: INFO nova.api.openstack.requestlog [None req-7bda9d25-b1dd-4015-80ff-3a5458a0ee0b tempest-AggregatesAdminTestJSON-818669530 tempest-AggregatesAdminTestJSON-818669530-project-admin] 10.222.0.11 "DELETE /compute/v2.1/os-aggregates/14" status: 404 len: 78 microversion: 2.1 time: 0.041416
Nov 23 22:35:48.867950 n-d-817303-3 devstack@n-api.service[124245]: [pid: 124245|app: 0|req: 96/221] 10.222.0.11 () {58 vars in 1154 bytes} [Tue Nov 23 22:35:48 2021] DELETE /compute/v2.1/os-aggregates/14 => generated 78 bytes in 47 msecs (HTTP/1.1 404) 9 headers in 378 bytes (1 switches on core 0)
Nov 23 22:35:48.874632 n-d-817303-3 devstack@n-api.service[124244]: INFO nova.api.openstack.requestlog [None req-877a24ba-33e8-4dfd-a5fb-30e9e161807b tempest-AggregatesAdminNegativeTestJSON-61944871 tempest-AggregatesAdminNegativeTestJSON-61944871-project-admin] 10.222.0.11 "POST /compute/v2.1/os-aggregates/13/action" status: 200 len: 228 microversion: 2.1 time: 0.180558
Nov 23 22:35:48.880259 n-d-817303-3 devstack@n-api.service[124244]: [pid: 124244|app: 0|req: 126/222] 10.222.0.11 () {60 vars in 1193 bytes} [Tue Nov 23 22:35:48 2021] POST /compute/v2.1/os-aggregates/13/action => generated 228 bytes in 182 msecs (HTTP/1.1 200) 9 headers in 357 bytes (1 switches on core 0)
Nov 23 22:35:48.880410 n-d-817303-3 devstack@n-api.service[124245]: DEBUG nova.api.openstack.wsgi [None req-3fa73f8d-674e-43ba-a778-799ff0f9c69f tempest-AggregatesAdminTestJSON-818669530 tempest-AggregatesAdminTestJSON-818669530-project-admin] Action: 'create', calling method: >, body: {"aggregate": {"name": "tempest-test_aggregate-1808646135"}} {{(pid=124245) _process_stack /opt/stack/nova/nova/api/openstack/wsgi.py:511}}
Nov 23 22:35:48.880502 n-d-817303-3 devstack@n-api.service[124245]: /usr/local/lib/python3.8/dist-packages/oslo_policy/policy.py:1075: UserWarning: Policy os_compute_api:os-aggregates:create failed scope check. The token used to make the request was project scoped but the policy requires ['system'] scope. This behavior may change in the future where using the intended scope is required
Nov 23 22:35:48.880502 n-d-817303-3 devstack@n-api.service[124245]: warnings.warn(msg)
Nov 23 22:35:48.885625 n-d-817303-3 devstack@n-api.service[124244]: DEBUG nova.api.openstack.wsgi [None req-dac88bb9-97cd-4490-9e3d-55ab954b4c28 tempest-AggregatesAdminNegativeTestJSON-61944871 tempest-AggregatesAdminNegativeTestJSON-61944871-project-admin] Calling method '>' {{(pid=124244) _process_stack /opt/stack/nova/nova/api/openstack/wsgi.py:513}}
Nov 23 22:35:48.887404 n-d-817303-3 devstack@n-api.service[124244]: /usr/local/lib/python3.8/dist-packages/oslo_policy/policy.py:1075: UserWarning: Policy os_compute_api:os-aggregates:delete failed scope check. The token used to make the request was project scoped but the policy requires ['system'] scope. This behavior may change in the future where using the intended scope is required
Nov 23 22:35:48.887404 n-d-817303-3 devstack@n-api.service[124244]: warnings.warn(msg)
Nov 23 22:35:48.888748 n-d-817303-3 devstack@n-api.service[124245]: DEBUG nova.objects.aggregate [None req-3fa73f8d-674e-43ba-a778-799ff0f9c69f tempest-AggregatesAdminTestJSON-818669530 tempest-AggregatesAdminTestJSON-818669530-project-admin] Generated uuid ab77a15f-456e-4868-a9f5-daf217d255d7 for aggregate {{(pid=124245) create /opt/stack/nova/nova/objects/aggregate.py:298}}
Nov 23 22:35:48.926823 n-d-817303-3 devstack@n-api.service[124244]: INFO nova.api.openstack.requestlog [None req-dac88bb9-97cd-4490-9e3d-55ab954b4c28 tempest-AggregatesAdminNegativeTestJSON-61944871 tempest-AggregatesAdminNegativeTestJSON-61944871-project-admin] 10.222.0.11 "DELETE /compute/v2.1/os-aggregates/13" status: 200 len: 0 microversion: 2.1 time: 0.045306
Nov 23 22:35:48.927708 n-d-817303-3 devstack@n-api.service[124244]: [pid: 124244|app: 0|req: 127/223] 10.222.0.11 () {58 vars in 1154 bytes} [Tue Nov 23 22:35:48 2021] DELETE /compute/v2.1/os-aggregates/13 => generated 0 bytes in 47 msecs (HTTP/1.1 200) 9 headers in 355 bytes (2 switches on core 0)
Nov 23 22:35:48.938082 n-d-817303-3 devstack@n-api.service[124244]: DEBUG nova.api.openstack.wsgi [None req-2f21ea89-d31f-4823-b1d2-73834ac0c937 tempest-AggregatesAdminNegativeTestJSON-61944871 tempest-AggregatesAdminNegativeTestJSON-61944871-project-admin] Action: 'create', calling method: >, body: {"aggregate": {"name": "tempest-test_aggregate-441624771"}} {{(pid=124244) _process_stack /opt/stack/nova/nova/api/openstack/wsgi.py:511}}
Nov 23 22:35:48.939386 n-d-817303-3 devstack@n-api.service[124244]: /usr/local/lib/python3.8/dist-packages/oslo_policy/policy.py:1075: UserWarning: Policy os_compute_api:os-aggregates:create failed scope check. The token used to make the request was project scoped but the policy requires ['system'] scope. This behavior may change in the future where using the intended scope is required
Nov 23 22:35:48.939386 n-d-817303-3 devstack@n-api.service[124244]: warnings.warn(msg)
Nov 23 22:35:48.939707 n-d-817303-3 devstack@n-api.service[124245]: INFO nova.api.openstack.requestlog [None req-3fa73f8d-674e-43ba-a778-799ff0f9c69f tempest-AggregatesAdminTestJSON-818669530 tempest-AggregatesAdminTestJSON-818669530-project-admin] 10.222.0.11 "POST /compute/v2.1/os-aggregates" status: 200 len: 199 microversion: 2.1 time: 0.060071
Nov 23 22:35:48.940592 n-d-817303-3 devstack@n-api.service[124244]: DEBUG nova.objects.aggregate [None req-2f21ea89-d31f-4823-b1d2-73834ac0c937 tempest-AggregatesAdminNegativeTestJSON-61944871 tempest-AggregatesAdminNegativeTestJSON-61944871-project-admin] Generated uuid 605fc04c-e50a-4896-abd0-7872e9af2688 for aggregate {{(pid=124244) create /opt/stack/nova/nova/objects/aggregate.py:298}}
Nov 23 22:35:48.940789 n-d-817303-3 devstack@n-api.service[124245]: [pid: 124245|app: 0|req: 97/224] 10.222.0.11 () {60 vars in 1163 bytes} [Tue Nov 23 22:35:48 2021] POST /compute/v2.1/os-aggregates => generated 199 bytes in 68 msecs (HTTP/1.1 200) 9 headers in 357 bytes (2 switches on core 0)
Nov 23 22:35:48.952738 n-d-817303-3 devstack@n-api.service[124245]: DEBUG nova.api.openstack.wsgi [None req-ec89a598-7244-42db-9d4c-47261d9cbf9a tempest-AggregatesAdminTestJSON-818669530 tempest-AggregatesAdminTestJSON-818669530-project-admin] Calling method '>' {{(pid=124245) _process_stack /opt/stack/nova/nova/api/openstack/wsgi.py:513}}
Nov 23 22:35:48.953495 n-d-817303-3 devstack@n-api.service[124245]: /usr/local/lib/python3.8/dist-packages/oslo_policy/policy.py:1075: UserWarning: Policy os_compute_api:os-aggregates:show failed scope check. The token used to make the request was project scoped but the policy requires ['system'] scope. This behavior may change in the future where using the intended scope is required
Nov 23 22:35:48.953495 n-d-817303-3 devstack@n-api.service[124245]: warnings.warn(msg)
Nov 23 22:35:48.972065 n-d-817303-3 devstack@n-api.service[124245]: INFO nova.api.openstack.requestlog [None req-ec89a598-7244-42db-9d4c-47261d9cbf9a tempest-AggregatesAdminTestJSON-818669530 tempest-AggregatesAdminTestJSON-818669530-project-admin] 10.222.0.11 "GET /compute/v2.1/os-aggregates/15" status: 200 len: 228 microversion: 2.1 time: 0.023279
Nov 23 22:35:48.972651 n-d-817303-3 devstack@n-api.service[124245]: [pid: 124245|app: 0|req: 98/225] 10.222.0.11 () {58 vars in 1151 bytes} [Tue Nov 23 22:35:48 2021] GET /compute/v2.1/os-aggregates/15 => generated 228 bytes in 26 msecs (HTTP/1.1 200) 9 headers in 357 bytes (2 switches on core 0)
Nov 23 22:35:48.985348 n-d-817303-3 devstack@n-api.service[124245]: DEBUG nova.api.openstack.wsgi [None req-12de8b92-5974-4614-81c1-54d5ca4ecc4b tempest-AggregatesAdminTestJSON-818669530 tempest-AggregatesAdminTestJSON-818669530-project-admin] Action: 'action', calling method: >, body: {"set_metadata": {"metadata": {"key": "value"}}} {{(pid=124245) _process_stack /opt/stack/nova/nova/api/openstack/wsgi.py:511}}
Nov 23 22:35:48.988282 n-d-817303-3 devstack@n-api.service[124244]: INFO nova.api.openstack.requestlog [None req-2f21ea89-d31f-4823-b1d2-73834ac0c937 tempest-AggregatesAdminNegativeTestJSON-61944871 tempest-AggregatesAdminNegativeTestJSON-61944871-project-admin] 10.222.0.11 "POST /compute/v2.1/os-aggregates" status: 200 len: 198 microversion: 2.1 time: 0.054941
Nov 23 22:35:48.989353 n-d-817303-3 devstack@n-api.service[124244]: [pid: 124244|app: 0|req: 128/226] 10.222.0.11 () {60 vars in 1163 bytes} [Tue Nov 23 22:35:48 2021] POST /compute/v2.1/os-aggregates => generated 198 bytes in 56 msecs (HTTP/1.1 200) 9 headers in 357 bytes (1 switches on core 0)
Nov 23 22:35:48.990993 n-d-817303-3 devstack@n-api.service[124245]: /usr/local/lib/python3.8/dist-packages/oslo_policy/policy.py:1075: UserWarning: Policy os_compute_api:os-aggregates:set_metadata failed scope check. The token used to make the request was project scoped but the policy requires ['system'] scope. This behavior may change in the future where using the intended scope is required
Nov 23 22:35:48.990993 n-d-817303-3 devstack@n-api.service[124245]: warnings.warn(msg)
Nov 23 22:35:49.000044 n-d-817303-3 devstack@n-api.service[124244]: DEBUG nova.api.openstack.wsgi [None req-60e94fb1-0107-4832-9fd0-6635862a76e0 tempest-AggregatesAdminNegativeTestJSON-61944871 tempest-AggregatesAdminNegativeTestJSON-61944871-project-admin] Action: 'action', calling method: >, body: {"remove_host": {"host": "nonexist_host"}} {{(pid=124244) _process_stack /opt/stack/nova/nova/api/openstack/wsgi.py:511}}
Nov 23 22:35:49.001283 n-d-817303-3 devstack@n-api.service[124244]: /usr/local/lib/python3.8/dist-packages/oslo_policy/policy.py:1075: UserWarning: Policy os_compute_api:os-aggregates:remove_host failed scope check. The token used to make the request was project scoped but the policy requires ['system'] scope. This behavior may change in the future where using the intended scope is required
Nov 23 22:35:49.001283 n-d-817303-3 devstack@n-api.service[124244]: warnings.warn(msg)
Nov 23 22:35:49.018512 n-d-817303-3 devstack@n-api.service[124244]: DEBUG oslo_concurrency.lockutils [None req-60e94fb1-0107-4832-9fd0-6635862a76e0 tempest-AggregatesAdminNegativeTestJSON-61944871 tempest-AggregatesAdminNegativeTestJSON-61944871-project-admin] Lock "00000000-0000-0000-0000-000000000000" acquired by "nova.context.set_target_cell..get_or_set_cached_cell_and_set_connections" :: waited 0.000s {{(pid=124244) inner /usr/local/lib/python3.8/dist-packages/oslo_concurrency/lockutils.py:386}}
Nov 23 22:35:49.020142 n-d-817303-3 devstack@n-api.service[124244]: DEBUG oslo_concurrency.lockutils [None req-60e94fb1-0107-4832-9fd0-6635862a76e0 tempest-AggregatesAdminNegativeTestJSON-61944871 tempest-AggregatesAdminNegativeTestJSON-61944871-project-admin] Lock "00000000-0000-0000-0000-000000000000" "released" by "nova.context.set_target_cell..get_or_set_cached_cell_and_set_connections" :: held 0.001s {{(pid=124244) inner /usr/local/lib/python3.8/dist-packages/oslo_concurrency/lockutils.py:400}}
Nov 23 22:35:49.041556 n-d-817303-3 devstack@n-api.service[124244]: DEBUG oslo_concurrency.lockutils [None req-60e94fb1-0107-4832-9fd0-6635862a76e0 tempest-AggregatesAdminNegativeTestJSON-61944871 tempest-AggregatesAdminNegativeTestJSON-61944871-project-admin] Lock "16c14356-f08d-4cea-bd62-81c61c84063a" acquired by "nova.context.set_target_cell..get_or_set_cached_cell_and_set_connections" :: waited 0.000s {{(pid=124244) inner /usr/local/lib/python3.8/dist-packages/oslo_concurrency/lockutils.py:386}}
Nov 23 22:35:49.041933 n-d-817303-3 devstack@n-api.service[124244]: DEBUG oslo_concurrency.lockutils [None req-60e94fb1-0107-4832-9fd0-6635862a76e0 tempest-AggregatesAdminNegativeTestJSON-61944871 tempest-AggregatesAdminNegativeTestJSON-61944871-project-admin] Lock "16c14356-f08d-4cea-bd62-81c61c84063a" "released" by "nova.context.set_target_cell..get_or_set_cached_cell_and_set_connections" :: held 0.001s {{(pid=124244) inner /usr/local/lib/python3.8/dist-packages/oslo_concurrency/lockutils.py:400}}
Nov 23 22:35:49.047755 n-d-817303-3 devstack@n-api.service[124245]: INFO nova.api.openstack.requestlog [None req-12de8b92-5974-4614-81c1-54d5ca4ecc4b tempest-AggregatesAdminTestJSON-818669530 tempest-AggregatesAdminTestJSON-818669530-project-admin] 10.222.0.11 "POST /compute/v2.1/os-aggregates/15/action" status: 200 len: 266 microversion: 2.1 time: 0.066409
Nov 23 22:35:49.048536 n-d-817303-3 devstack@n-api.service[124245]: [pid: 124245|app: 0|req: 99/227] 10.222.0.11 () {60 vars in 1193 bytes} [Tue Nov 23 22:35:48 2021] POST /compute/v2.1/os-aggregates/15/action => generated 266 bytes in 69 msecs (HTTP/1.1 200) 9 headers in 357 bytes (1 switches on core 0)
Nov 23 22:35:49.059910 n-d-817303-3 devstack@n-api.service[124245]: DEBUG nova.api.openstack.wsgi [None req-05dd9bf1-7d38-4289-b335-46604ab8d141 tempest-DeleteServersAdminTestJSON-922240029 tempest-DeleteServersAdminTestJSON-922240029-project] Calling method '>' {{(pid=124245) _process_stack /opt/stack/nova/nova/api/openstack/wsgi.py:513}}
Nov 23 22:35:49.062278 n-d-817303-3 devstack@n-api.service[124245]: DEBUG nova.compute.api [None req-05dd9bf1-7d38-4289-b335-46604ab8d141 tempest-DeleteServersAdminTestJSON-922240029 tempest-DeleteServersAdminTestJSON-922240029-project] [instance: 545728c9-2d9e-447d-a2a4-e2d8c98dc46a] Fetching instance by UUID {{(pid=124245) get /opt/stack/nova/nova/compute/api.py:2865}}
Nov 23 22:35:49.073990 n-d-817303-3 devstack@n-api.service[124244]: ERROR nova.api.openstack.compute.aggregates [None req-60e94fb1-0107-4832-9fd0-6635862a76e0 tempest-AggregatesAdminNegativeTestJSON-61944871 tempest-AggregatesAdminNegativeTestJSON-61944871-project-admin] Failed to remove host nonexist_host from aggregate 16. Error: Compute host nonexist_host could not be found.: nova.exception.ComputeHostNotFound: Compute host nonexist_host could not be found.
