Nov 09 21:06:49.945131 n-d-817303-2 devstack@placement-api.service[102894]: DEBUG placement.handlers.allocation [req-7b850b1b-a789-4c75-beb9-1eced532ee65 req-407cdfb2-dcf7-40ff-9508-2b6029590bba service placement] Successfully deleted allocations [, , ] {{(pid=102894) delete_allocations /opt/stack/placement/placement/handlers/allocation.py:627}}
Nov 09 21:06:49.946956 n-d-817303-2 devstack@placement-api.service[102894]: INFO placement.requestlog [req-7b850b1b-a789-4c75-beb9-1eced532ee65 req-407cdfb2-dcf7-40ff-9508-2b6029590bba service placement] 10.222.0.15 "DELETE /placement/allocations/c6359ed5-c95a-4936-88cd-6594dc231d76" status: 204 len: 0 microversion: 1.0
Nov 09 21:06:49.948013 n-d-817303-2 devstack@placement-api.service[102894]: [pid: 102894|app: 0|req: 92/185] 10.222.0.15 () {60 vars in 1355 bytes} [Tue Nov 9 21:06:49 2021] DELETE /placement/allocations/c6359ed5-c95a-4936-88cd-6594dc231d76 => generated 0 bytes in 60 msecs (HTTP/1.1 204) 5 headers in 198 bytes (1 switches on core 0)
Nov 09 21:06:51.683522 n-d-817303-2 devstack@placement-api.service[102895]: DEBUG placement.requestlog [req-0695e274-37a0-494b-8845-8bcef741bacf req-59093fe9-d2f5-4a6f-96e9-83b532906d7a None None] Starting request: 10.222.0.36 "GET /placement/allocation_candidates?limit=1000&resources=DISK_GB%3A1%2CMEMORY_MB%3A1024%2CVCPU%3A1&root_required=%21COMPUTE_STATUS_DISABLED" {{(pid=102895) __call__ /opt/stack/placement/placement/requestlog.py:55}}
Nov 09 21:06:51.739039 n-d-817303-2 devstack@placement-api.service[102895]: DEBUG placement.objects.research_context [req-0695e274-37a0-494b-8845-8bcef741bacf req-59093fe9-d2f5-4a6f-96e9-83b532906d7a service placement] getting providers with 1 DISK_GB {{(pid=102895) __init__ /opt/stack/placement/placement/objects/research_context.py:126}}
Nov 09 21:06:51.751502 n-d-817303-2 devstack@placement-api.service[102895]: DEBUG placement.objects.research_context [req-0695e274-37a0-494b-8845-8bcef741bacf req-59093fe9-d2f5-4a6f-96e9-83b532906d7a service placement] getting providers with 1024 MEMORY_MB {{(pid=102895) __init__ /opt/stack/placement/placement/objects/research_context.py:126}}
Nov 09 21:06:51.759961 n-d-817303-2 devstack@placement-api.service[102895]: DEBUG placement.objects.research_context [req-0695e274-37a0-494b-8845-8bcef741bacf req-59093fe9-d2f5-4a6f-96e9-83b532906d7a service placement] getting providers with 1 VCPU {{(pid=102895) __init__ /opt/stack/placement/placement/objects/research_context.py:126}}
Nov 09 21:06:51.775427 n-d-817303-2 devstack@placement-api.service[102895]: DEBUG placement.objects.research_context [req-0695e274-37a0-494b-8845-8bcef741bacf req-59093fe9-d2f5-4a6f-96e9-83b532906d7a service placement] found 2 providers with available 1 DISK_GB {{(pid=102895) get_provider_ids_matching /opt/stack/placement/placement/objects/research_context.py:549}}
Nov 09 21:06:51.775712 n-d-817303-2 devstack@placement-api.service[102895]: DEBUG placement.objects.research_context [req-0695e274-37a0-494b-8845-8bcef741bacf req-59093fe9-d2f5-4a6f-96e9-83b532906d7a service placement] found 2 providers with available 1024 MEMORY_MB {{(pid=102895) get_provider_ids_matching /opt/stack/placement/placement/objects/research_context.py:549}}
Nov 09 21:06:51.776257 n-d-817303-2 devstack@placement-api.service[102895]: DEBUG placement.objects.research_context [req-0695e274-37a0-494b-8845-8bcef741bacf req-59093fe9-d2f5-4a6f-96e9-83b532906d7a service placement] found 2 providers after filtering by previous result {{(pid=102895) get_provider_ids_matching /opt/stack/placement/placement/objects/research_context.py:580}}
Nov 09 21:06:51.781274 n-d-817303-2 devstack@placement-api.service[102895]: DEBUG placement.objects.research_context [req-0695e274-37a0-494b-8845-8bcef741bacf req-59093fe9-d2f5-4a6f-96e9-83b532906d7a service placement] found 2 providers with available 1 VCPU {{(pid=102895) get_provider_ids_matching /opt/stack/placement/placement/objects/research_context.py:549}}
Nov 09 21:06:51.782337 n-d-817303-2 devstack@placement-api.service[102895]: DEBUG placement.objects.research_context [req-0695e274-37a0-494b-8845-8bcef741bacf req-59093fe9-d2f5-4a6f-96e9-83b532906d7a service placement] found 2 providers after filtering by previous result {{(pid=102895) get_provider_ids_matching /opt/stack/placement/placement/objects/research_context.py:580}}
Nov 09 21:06:51.815834 n-d-817303-2 devstack@placement-api.service[102895]: DEBUG placement.objects.allocation_candidate [req-0695e274-37a0-494b-8845-8bcef741bacf req-59093fe9-d2f5-4a6f-96e9-83b532906d7a service placement] RequestGroup(use_same_provider=False, resources={DISK_GB:1, MEMORY_MB:1024, VCPU:1}, traits=[], aggregates=[]) (suffix '') returned 2 matches {{(pid=102895) _get_by_requests /opt/stack/placement/placement/objects/allocation_candidate.py:145}}
Nov 09 21:06:51.816687 n-d-817303-2 devstack@placement-api.service[102895]: DEBUG placement.objects.allocation_candidate [req-0695e274-37a0-494b-8845-8bcef741bacf req-59093fe9-d2f5-4a6f-96e9-83b532906d7a service placement] Merging candidates yields 2 allocation requests and 2 provider summaries {{(pid=102895) _merge_candidates /opt/stack/placement/placement/objects/allocation_candidate.py:783}}
Nov 09 21:06:51.819312 n-d-817303-2 devstack@placement-api.service[102895]: INFO placement.requestlog [req-0695e274-37a0-494b-8845-8bcef741bacf req-59093fe9-d2f5-4a6f-96e9-83b532906d7a service placement] 10.222.0.36 "GET /placement/allocation_candidates?limit=1000&resources=DISK_GB%3A1%2CMEMORY_MB%3A1024%2CVCPU%3A1&root_required=%21COMPUTE_STATUS_DISABLED" status: 200 len: 1309 microversion: 1.36
Nov 09 21:06:51.820867 n-d-817303-2 devstack@placement-api.service[102895]: [pid: 102895|app: 0|req: 94/186] 10.222.0.36 () {60 vars in 1506 bytes} [Tue Nov 9 21:06:51 2021] GET /placement/allocation_candidates?limit=1000&resources=DISK_GB%3A1%2CMEMORY_MB%3A1024%2CVCPU%3A1&root_required=%21COMPUTE_STATUS_DISABLED => generated 1309 bytes in 137 msecs (HTTP/1.1 200) 8 headers in 297 bytes (2 switches on core 0)
Nov 09 21:06:51.938478 n-d-817303-2 devstack@placement-api.service[102894]: DEBUG placement.requestlog [req-0695e274-37a0-494b-8845-8bcef741bacf req-398a5a9f-2635-4811-9e89-d760f332e4f1 None None] Starting request: 10.222.0.36 "GET /placement/allocations/3ed00fc1-f6b3-498e-8862-89d69006d156" {{(pid=102894) __call__ /opt/stack/placement/placement/requestlog.py:55}}
Nov 09 21:06:51.955461 n-d-817303-2 devstack@placement-api.service[102894]: INFO placement.requestlog [req-0695e274-37a0-494b-8845-8bcef741bacf req-398a5a9f-2635-4811-9e89-d760f332e4f1 service placement] 10.222.0.36 "GET /placement/allocations/3ed00fc1-f6b3-498e-8862-89d69006d156" status: 200 len: 19 microversion: 1.28
Nov 09 21:06:51.957210 n-d-817303-2 devstack@placement-api.service[102894]: [pid: 102894|app: 0|req: 93/187] 10.222.0.36 () {60 vars in 1380 bytes} [Tue Nov 9 21:06:51 2021] GET /placement/allocations/3ed00fc1-f6b3-498e-8862-89d69006d156 => generated 19 bytes in 19 msecs (HTTP/1.1 200) 8 headers in 295 bytes (1 switches on core 0)
Nov 09 21:06:51.964519 n-d-817303-2 devstack@placement-api.service[102895]: DEBUG placement.requestlog [req-0695e274-37a0-494b-8845-8bcef741bacf req-feb5b811-6412-47b0-9e89-f3092a0f4533 None None] Starting request: 10.222.0.36 "PUT /placement/allocations/3ed00fc1-f6b3-498e-8862-89d69006d156" {{(pid=102895) __call__ /opt/stack/placement/placement/requestlog.py:55}}
Nov 09 21:06:52.076944 n-d-817303-2 devstack@placement-api.service[102894]: DEBUG placement.requestlog [None req-6af5b92b-9fcd-45a1-8121-898971dec18b None None] Starting request: 10.222.0.36 "GET /placement/" {{(pid=102894) __call__ /opt/stack/placement/placement/requestlog.py:55}}
Nov 09 21:06:52.077957 n-d-817303-2 devstack@placement-api.service[102894]: INFO placement.requestlog [None req-6af5b92b-9fcd-45a1-8121-898971dec18b None None] 10.222.0.36 "GET /placement/" status: 200 len: 136 microversion: 1.0
Nov 09 21:06:52.078525 n-d-817303-2 devstack@placement-api.service[102894]: [pid: 102894|app: 0|req: 94/188] 10.222.0.36 () {54 vars in 916 bytes} [Tue Nov 9 21:06:52 2021] GET /placement => generated 136 bytes in 2 msecs (HTTP/1.1 200) 6 headers in 224 bytes (1 switches on core 0)
Nov 09 21:06:52.095224 n-d-817303-2 devstack@placement-api.service[102894]: DEBUG placement.requestlog [req-d54ef641-f6d3-4771-b291-d43ea5e09ba7 req-9611f052-5b5a-4b4a-9fac-4b59de318f53 None None] Starting request: 10.222.0.36 "GET /placement/allocations/ff5e4b11-778e-4870-a20d-dbc0e0a6be36" {{(pid=102894) __call__ /opt/stack/placement/placement/requestlog.py:55}}
Nov 09 21:06:52.104228 n-d-817303-2 devstack@placement-api.service[102895]: DEBUG placement.handlers.allocation [req-0695e274-37a0-494b-8845-8bcef741bacf req-feb5b811-6412-47b0-9e89-f3092a0f4533 service placement] Successfully wrote allocations [, , ] {{(pid=102895) _update_consumers_and_create_allocations /opt/stack/placement/placement/handlers/allocation.py:462}}
Nov 09 21:06:52.110834 n-d-817303-2 devstack@placement-api.service[102895]: INFO placement.requestlog [req-0695e274-37a0-494b-8845-8bcef741bacf req-feb5b811-6412-47b0-9e89-f3092a0f4533 service placement] 10.222.0.36 "PUT /placement/allocations/3ed00fc1-f6b3-498e-8862-89d69006d156" status: 204 len: 0 microversion: 1.36
Nov 09 21:06:52.111661 n-d-817303-2 devstack@placement-api.service[102895]: [pid: 102895|app: 0|req: 95/189] 10.222.0.36 () {64 vars in 1433 bytes} [Tue Nov 9 21:06:51 2021] PUT /placement/allocations/3ed00fc1-f6b3-498e-8862-89d69006d156 => generated 0 bytes in 147 msecs (HTTP/1.1 204) 5 headers in 199 bytes (1 switches on core 0)
Nov 09 21:06:52.212167 n-d-817303-2 devstack@placement-api.service[102894]: INFO placement.requestlog [req-d54ef641-f6d3-4771-b291-d43ea5e09ba7 req-9611f052-5b5a-4b4a-9fac-4b59de318f53 service placement] 10.222.0.36 "GET /placement/allocations/ff5e4b11-778e-4870-a20d-dbc0e0a6be36" status: 200 len: 259 microversion: 1.28
Nov 09 21:06:52.212814 n-d-817303-2 devstack@placement-api.service[102894]: [pid: 102894|app: 0|req: 95/190] 10.222.0.36 () {60 vars in 1380 bytes} [Tue Nov 9 21:06:52 2021] GET /placement/allocations/ff5e4b11-778e-4870-a20d-dbc0e0a6be36 => generated 259 bytes in 118 msecs (HTTP/1.1 200) 8 headers in 296 bytes (2 switches on core 0)
Nov 09 21:06:52.220610 n-d-817303-2 devstack@placement-api.service[102895]: DEBUG placement.requestlog [req-d54ef641-f6d3-4771-b291-d43ea5e09ba7 req-ee6a8b27-6963-4ec1-8a20-361de251d077 None None] Starting request: 10.222.0.36 "GET /placement/allocations/ff5e4b11-778e-4870-a20d-dbc0e0a6be36" {{(pid=102895) __call__ /opt/stack/placement/placement/requestlog.py:55}}
Nov 09 21:06:52.247812 n-d-817303-2 devstack@placement-api.service[102895]: INFO placement.requestlog [req-d54ef641-f6d3-4771-b291-d43ea5e09ba7 req-ee6a8b27-6963-4ec1-8a20-361de251d077 service placement] 10.222.0.36 "GET /placement/allocations/ff5e4b11-778e-4870-a20d-dbc0e0a6be36" status: 200 len: 259 microversion: 1.28
Nov 09 21:06:52.249238 n-d-817303-2 devstack@placement-api.service[102895]: [pid: 102895|app: 0|req: 96/191] 10.222.0.36 () {60 vars in 1380 bytes} [Tue Nov 9 21:06:52 2021] GET /placement/allocations/ff5e4b11-778e-4870-a20d-dbc0e0a6be36 => generated 259 bytes in 29 msecs (HTTP/1.1 200) 8 headers in 296 bytes (1 switches on core 0)
Nov 09 21:06:52.256438 n-d-817303-2 devstack@placement-api.service[102894]: DEBUG placement.requestlog [req-d54ef641-f6d3-4771-b291-d43ea5e09ba7 req-d6b6527a-ffcd-44ee-a481-7ad2a73f8a78 None None] Starting request: 10.222.0.36 "GET /placement/allocations/fe2716d6-76e5-4795-8963-214f7db7c3e5" {{(pid=102894) __call__ /opt/stack/placement/placement/requestlog.py:55}}
Nov 09 21:06:52.271861 n-d-817303-2 devstack@placement-api.service[102894]: INFO placement.requestlog [req-d54ef641-f6d3-4771-b291-d43ea5e09ba7 req-d6b6527a-ffcd-44ee-a481-7ad2a73f8a78 service placement] 10.222.0.36 "GET /placement/allocations/fe2716d6-76e5-4795-8963-214f7db7c3e5" status: 200 len: 19 microversion: 1.28
Nov 09 21:06:52.279927 n-d-817303-2 devstack@placement-api.service[102894]: [pid: 102894|app: 0|req: 96/192] 10.222.0.36 () {60 vars in 1380 bytes} [Tue Nov 9 21:06:52 2021] GET /placement/allocations/fe2716d6-76e5-4795-8963-214f7db7c3e5 => generated 19 bytes in 24 msecs (HTTP/1.1 200) 8 headers in 295 bytes (1 switches on core 0)
Nov 09 21:06:52.280409 n-d-817303-2 devstack@placement-api.service[102895]: DEBUG placement.requestlog [req-d54ef641-f6d3-4771-b291-d43ea5e09ba7 req-694ca82d-db14-428d-82e9-fef94ab15e0d None None] Starting request: 10.222.0.36 "POST /placement/allocations" {{(pid=102895) __call__ /opt/stack/placement/placement/requestlog.py:55}}
Nov 09 21:06:52.389354 n-d-817303-2 devstack@placement-api.service[102895]: DEBUG placement.handlers.allocation [req-d54ef641-f6d3-4771-b291-d43ea5e09ba7 req-694ca82d-db14-428d-82e9-fef94ab15e0d service placement] Successfully wrote allocations [, , , , , ] {{(pid=102895) _update_consumers_and_create_allocations /opt/stack/placement/placement/handlers/allocation.py:572}}
Nov 09 21:06:52.396301 n-d-817303-2 devstack@placement-api.service[102895]: INFO placement.requestlog [req-d54ef641-f6d3-4771-b291-d43ea5e09ba7 req-694ca82d-db14-428d-82e9-fef94ab15e0d service placement] 10.222.0.36 "POST /placement/allocations" status: 204 len: 0 microversion: 1.28
Nov 09 21:06:52.397317 n-d-817303-2 devstack@placement-api.service[102895]: [pid: 102895|app: 0|req: 97/193] 10.222.0.36 () {64 vars in 1323 bytes} [Tue Nov 9 21:06:52 2021] POST /placement/allocations => generated 0 bytes in 117 msecs (HTTP/1.1 204) 5 headers in 199 bytes (1 switches on core 0)
Nov 09 21:06:52.475335 n-d-817303-2 devstack@placement-api.service[102894]: DEBUG placement.requestlog [req-d54ef641-f6d3-4771-b291-d43ea5e09ba7 req-2f2e5b08-a2b2-4df7-8c93-d2ad13801903 None None] Starting request: 10.222.0.36 "GET /placement/allocations/ff5e4b11-778e-4870-a20d-dbc0e0a6be36" {{(pid=102894) __call__ /opt/stack/placement/placement/requestlog.py:55}}
Nov 09 21:06:52.486760 n-d-817303-2 devstack@placement-api.service[102894]: INFO placement.requestlog [req-d54ef641-f6d3-4771-b291-d43ea5e09ba7 req-2f2e5b08-a2b2-4df7-8c93-d2ad13801903 service placement] 10.222.0.36 "GET /placement/allocations/ff5e4b11-778e-4870-a20d-dbc0e0a6be36" status: 200 len: 19 microversion: 1.28
Nov 09 21:06:52.493350 n-d-817303-2 devstack@placement-api.service[102894]: [pid: 102894|app: 0|req: 97/194] 10.222.0.36 () {60 vars in 1380 bytes} [Tue Nov 9 21:06:52 2021] GET /placement/allocations/ff5e4b11-778e-4870-a20d-dbc0e0a6be36 => generated 19 bytes in 18 msecs (HTTP/1.1 200) 8 headers in 295 bytes (1 switches on core 0)
Nov 09 21:06:52.495201 n-d-817303-2 devstack@placement-api.service[102895]: DEBUG placement.requestlog [req-d54ef641-f6d3-4771-b291-d43ea5e09ba7 req-9a1ca5ce-8a48-4010-babb-9e016189b727 None None] Starting request: 10.222.0.36 "PUT /placement/allocations/ff5e4b11-778e-4870-a20d-dbc0e0a6be36" {{(pid=102895) __call__ /opt/stack/placement/placement/requestlog.py:55}}
Nov 09 21:06:52.565775 n-d-817303-2 devstack@placement-api.service[102895]: DEBUG placement.handlers.allocation [req-d54ef641-f6d3-4771-b291-d43ea5e09ba7 req-9a1ca5ce-8a48-4010-babb-9e016189b727 service placement] Successfully wrote allocations [, , ] {{(pid=102895) _update_consumers_and_create_allocations /opt/stack/placement/placement/handlers/allocation.py:462}}
Nov 09 21:06:52.572604 n-d-817303-2 devstack@placement-api.service[102895]: INFO placement.requestlog [req-d54ef641-f6d3-4771-b291-d43ea5e09ba7 req-9a1ca5ce-8a48-4010-babb-9e016189b727 service placement] 10.222.0.36 "PUT /placement/allocations/ff5e4b11-778e-4870-a20d-dbc0e0a6be36" status: 204 len: 0 microversion: 1.28
Nov 09 21:06:52.573395 n-d-817303-2 devstack@placement-api.service[102895]: [pid: 102895|app: 0|req: 98/195] 10.222.0.36 () {64 vars in 1433 bytes} [Tue Nov 9 21:06:52 2021] PUT /placement/allocations/ff5e4b11-778e-4870-a20d-dbc0e0a6be36 => generated 0 bytes in 78 msecs (HTTP/1.1 204) 5 headers in 199 bytes (1 switches on core 0)
Nov 09 21:06:52.642779 n-d-817303-2 devstack@placement-api.service[102894]: DEBUG placement.requestlog [req-0695e274-37a0-494b-8845-8bcef741bacf req-b3a64461-7bcf-4f48-9752-c422562210ee None None] Starting request: 10.222.0.15 "GET /placement/allocations/3ed00fc1-f6b3-498e-8862-89d69006d156" {{(pid=102894) __call__ /opt/stack/placement/placement/requestlog.py:55}}
Nov 09 21:06:52.684339 n-d-817303-2 devstack@placement-api.service[102894]: INFO placement.requestlog [req-0695e274-37a0-494b-8845-8bcef741bacf req-b3a64461-7bcf-4f48-9752-c422562210ee service placement] 10.222.0.15 "GET /placement/allocations/3ed00fc1-f6b3-498e-8862-89d69006d156" status: 200 len: 259 microversion: 1.28
Nov 09 21:06:52.684831 n-d-817303-2 devstack@placement-api.service[102894]: [pid: 102894|app: 0|req: 98/196] 10.222.0.15 () {60 vars in 1377 bytes} [Tue Nov 9 21:06:52 2021] GET /placement/allocations/3ed00fc1-f6b3-498e-8862-89d69006d156 => generated 259 bytes in 42 msecs (HTTP/1.1 200) 8 headers in 296 bytes (1 switches on core 0)
Nov 09 21:06:52.762242 n-d-817303-2 devstack@placement-api.service[102895]: DEBUG placement.requestlog [req-d54ef641-f6d3-4771-b291-d43ea5e09ba7 req-ad4518f7-6e38-410d-91fb-452902cf451e None None] Starting request: 10.222.0.39 "GET /placement/allocations/ff5e4b11-778e-4870-a20d-dbc0e0a6be36" {{(pid=102895) __call__ /opt/stack/placement/placement/requestlog.py:55}}
Nov 09 21:06:52.798238 n-d-817303-2 devstack@placement-api.service[102895]: INFO placement.requestlog [req-d54ef641-f6d3-4771-b291-d43ea5e09ba7 req-ad4518f7-6e38-410d-91fb-452902cf451e service placement] 10.222.0.39 "GET /placement/allocations/ff5e4b11-778e-4870-a20d-dbc0e0a6be36" status: 200 len: 259 microversion: 1.28
Nov 09 21:06:52.798971 n-d-817303-2 devstack@placement-api.service[102895]: [pid: 102895|app: 0|req: 99/197] 10.222.0.39 () {60 vars in 1377 bytes} [Tue Nov 9 21:06:52 2021] GET /placement/allocations/ff5e4b11-778e-4870-a20d-dbc0e0a6be36 => generated 259 bytes in 37 msecs (HTTP/1.1 200) 8 headers in 296 bytes (1 switches on core 0)
Nov 09 21:06:57.694982 n-d-817303-2 devstack@placement-api.service[102894]: DEBUG placement.requestlog [req-c92f9a11-7c55-4b4a-8138-fb1272122b0d req-613148c9-fc9d-4bab-854a-4cce0db1d059 None None] Starting request: 10.222.0.36 "GET /placement/allocation_candidates?resources=DISK_GB%3A1%2CMEMORY_MB%3A1024%2CVCPU%3A1&root_required=%21COMPUTE_STATUS_DISABLED" {{(pid=102894) __call__ /opt/stack/placement/placement/requestlog.py:55}}
Nov 09 21:06:57.733247 n-d-817303-2 devstack@placement-api.service[102894]: DEBUG placement.objects.research_context [req-c92f9a11-7c55-4b4a-8138-fb1272122b0d req-613148c9-fc9d-4bab-854a-4cce0db1d059 service placement] getting providers with 1 DISK_GB {{(pid=102894) __init__ /opt/stack/placement/placement/objects/research_context.py:126}}
Nov 09 21:06:57.746534 n-d-817303-2 devstack@placement-api.service[102894]: DEBUG placement.objects.research_context [req-c92f9a11-7c55-4b4a-8138-fb1272122b0d req-613148c9-fc9d-4bab-854a-4cce0db1d059 service placement] getting providers with 1024 MEMORY_MB {{(pid=102894) __init__ /opt/stack/placement/placement/objects/research_context.py:126}}
Nov 09 21:06:57.753507 n-d-817303-2 devstack@placement-api.service[102894]: DEBUG placement.objects.research_context [req-c92f9a11-7c55-4b4a-8138-fb1272122b0d req-613148c9-fc9d-4bab-854a-4cce0db1d059 service placement] getting providers with 1 VCPU {{(pid=102894) __init__ /opt/stack/placement/placement/objects/research_context.py:126}}
Nov 09 21:06:57.762196 n-d-817303-2 devstack@placement-api.service[102894]: DEBUG placement.objects.research_context [req-c92f9a11-7c55-4b4a-8138-fb1272122b0d req-613148c9-fc9d-4bab-854a-4cce0db1d059 service placement] found 2 providers with available 1 DISK_GB {{(pid=102894) get_provider_ids_matching /opt/stack/placement/placement/objects/research_context.py:549}}
Nov 09 21:06:57.762871 n-d-817303-2 devstack@placement-api.service[102894]: DEBUG placement.objects.research_context [req-c92f9a11-7c55-4b4a-8138-fb1272122b0d req-613148c9-fc9d-4bab-854a-4cce0db1d059 service placement] found 2 providers with available 1024 MEMORY_MB {{(pid=102894) get_provider_ids_matching /opt/stack/placement/placement/objects/research_context.py:549}}
Nov 09 21:06:57.763334 n-d-817303-2 devstack@placement-api.service[102894]: DEBUG placement.objects.research_context [req-c92f9a11-7c55-4b4a-8138-fb1272122b0d req-613148c9-fc9d-4bab-854a-4cce0db1d059 service placement] found 2 providers after filtering by previous result {{(pid=102894) get_provider_ids_matching /opt/stack/placement/placement/objects/research_context.py:580}}
Nov 09 21:06:57.763700 n-d-817303-2 devstack@placement-api.service[102894]: DEBUG placement.objects.research_context [req-c92f9a11-7c55-4b4a-8138-fb1272122b0d req-613148c9-fc9d-4bab-854a-4cce0db1d059 service placement] found 2 providers with available 1 VCPU {{(pid=102894) get_provider_ids_matching /opt/stack/placement/placement/objects/research_context.py:549}}
Nov 09 21:06:57.764024 n-d-817303-2 devstack@placement-api.service[102894]: DEBUG placement.objects.research_context [req-c92f9a11-7c55-4b4a-8138-fb1272122b0d req-613148c9-fc9d-4bab-854a-4cce0db1d059 service placement] found 2 providers after filtering by previous result {{(pid=102894) get_provider_ids_matching /opt/stack/placement/placement/objects/research_context.py:580}}
Nov 09 21:06:57.779771 n-d-817303-2 devstack@placement-api.service[102894]: DEBUG placement.objects.allocation_candidate [req-c92f9a11-7c55-4b4a-8138-fb1272122b0d req-613148c9-fc9d-4bab-854a-4cce0db1d059 service placement] RequestGroup(use_same_provider=False, resources={DISK_GB:1, MEMORY_MB:1024, VCPU:1}, traits=[], aggregates=[]) (suffix '') returned 2 matches {{(pid=102894) _get_by_requests /opt/stack/placement/placement/objects/allocation_candidate.py:145}}
Nov 09 21:06:57.780140 n-d-817303-2 devstack@placement-api.service[102894]: DEBUG placement.objects.allocation_candidate [req-c92f9a11-7c55-4b4a-8138-fb1272122b0d req-613148c9-fc9d-4bab-854a-4cce0db1d059 service placement] Merging candidates yields 2 allocation requests and 2 provider summaries {{(pid=102894) _merge_candidates /opt/stack/placement/placement/objects/allocation_candidate.py:783}}
Nov 09 21:06:57.782102 n-d-817303-2 devstack@placement-api.service[102894]: INFO placement.requestlog [req-c92f9a11-7c55-4b4a-8138-fb1272122b0d req-613148c9-fc9d-4bab-854a-4cce0db1d059 service placement] 10.222.0.36 "GET /placement/allocation_candidates?resources=DISK_GB%3A1%2CMEMORY_MB%3A1024%2CVCPU%3A1&root_required=%21COMPUTE_STATUS_DISABLED" status: 200 len: 1309 microversion: 1.36
Nov 09 21:06:57.786550 n-d-817303-2 devstack@placement-api.service[102894]: [pid: 102894|app: 0|req: 99/198] 10.222.0.36 () {60 vars in 1484 bytes} [Tue Nov 9 21:06:57 2021] GET /placement/allocation_candidates?resources=DISK_GB%3A1%2CMEMORY_MB%3A1024%2CVCPU%3A1&root_required=%21COMPUTE_STATUS_DISABLED => generated 1309 bytes in 92 msecs (HTTP/1.1 200) 8 headers in 297 bytes (1 switches on core 0)
Nov 09 21:06:57.837660 n-d-817303-2 devstack@placement-api.service[102895]: DEBUG placement.requestlog [req-c92f9a11-7c55-4b4a-8138-fb1272122b0d req-d6721e0a-2f89-43cf-9ffc-bc250418a596 None None] Starting request: 10.222.0.36 "GET /placement/allocations/5583a0d1-6c9e-4ba3-b98f-9ebdfe371abe" {{(pid=102895) __call__ /opt/stack/placement/placement/requestlog.py:55}}
Nov 09 21:06:57.849071 n-d-817303-2 devstack@placement-api.service[102895]: INFO placement.requestlog [req-c92f9a11-7c55-4b4a-8138-fb1272122b0d req-d6721e0a-2f89-43cf-9ffc-bc250418a596 service placement] 10.222.0.36 "GET /placement/allocations/5583a0d1-6c9e-4ba3-b98f-9ebdfe371abe" status: 200 len: 19 microversion: 1.28
Nov 09 21:06:57.849927 n-d-817303-2 devstack@placement-api.service[102895]: [pid: 102895|app: 0|req: 100/199] 10.222.0.36 () {60 vars in 1380 bytes} [Tue Nov 9 21:06:57 2021] GET /placement/allocations/5583a0d1-6c9e-4ba3-b98f-9ebdfe371abe => generated 19 bytes in 13 msecs (HTTP/1.1 200) 8 headers in 295 bytes (1 switches on core 0)
Nov 09 21:06:57.856645 n-d-817303-2 devstack@placement-api.service[102894]: DEBUG placement.requestlog [req-c92f9a11-7c55-4b4a-8138-fb1272122b0d req-4c53c769-70cb-4635-b34c-84a5e666f081 None None] Starting request: 10.222.0.36 "PUT /placement/allocations/5583a0d1-6c9e-4ba3-b98f-9ebdfe371abe" {{(pid=102894) __call__ /opt/stack/placement/placement/requestlog.py:55}}
Nov 09 21:06:57.921926 n-d-817303-2 devstack@placement-api.service[102894]: DEBUG placement.handlers.allocation [req-c92f9a11-7c55-4b4a-8138-fb1272122b0d req-4c53c769-70cb-4635-b34c-84a5e666f081 service placement] Successfully wrote allocations [, , ] {{(pid=102894) _update_consumers_and_create_allocations /opt/stack/placement/placement/handlers/allocation.py:462}}
Nov 09 21:06:57.931103 n-d-817303-2 devstack@placement-api.service[102894]: INFO placement.requestlog [req-c92f9a11-7c55-4b4a-8138-fb1272122b0d req-4c53c769-70cb-4635-b34c-84a5e666f081 service placement] 10.222.0.36 "PUT /placement/allocations/5583a0d1-6c9e-4ba3-b98f-9ebdfe371abe" status: 204 len: 0 microversion: 1.36
Nov 09 21:06:57.946285 n-d-817303-2 devstack@placement-api.service[102894]: [pid: 102894|app: 0|req: 100/200] 10.222.0.36 () {64 vars in 1433 bytes} [Tue Nov 9 21:06:57 2021] PUT /placement/allocations/5583a0d1-6c9e-4ba3-b98f-9ebdfe371abe => generated 0 bytes in 77 msecs (HTTP/1.1 204) 5 headers in 199 bytes (1 switches on core 0)
Nov 09 21:06:57.949491 n-d-817303-2 devstack@placement-api.service[102895]: DEBUG placement.requestlog [req-c92f9a11-7c55-4b4a-8138-fb1272122b0d req-52f9a63e-6e17-422a-8155-0990620693af None None] Starting request: 10.222.0.36 "GET /placement/allocations/fd776ffd-286e-4860-8b70-feb971ea925f" {{(pid=102895) __call__ /opt/stack/placement/placement/requestlog.py:55}}
Nov 09 21:06:57.964818 n-d-817303-2 devstack@placement-api.service[102895]: INFO placement.requestlog [req-c92f9a11-7c55-4b4a-8138-fb1272122b0d req-52f9a63e-6e17-422a-8155-0990620693af service placement] 10.222.0.36 "GET /placement/allocations/fd776ffd-286e-4860-8b70-feb971ea925f" status: 200 len: 19 microversion: 1.28
Nov 09 21:06:57.970327 n-d-817303-2 devstack@placement-api.service[102895]: [pid: 102895|app: 0|req: 101/201] 10.222.0.36 () {60 vars in 1380 bytes} [Tue Nov 9 21:06:57 2021] GET /placement/allocations/fd776ffd-286e-4860-8b70-feb971ea925f => generated 19 bytes in 21 msecs (HTTP/1.1 200) 8 headers in 295 bytes (1 switches on core 0)
Nov 09 21:06:57.974663 n-d-817303-2 devstack@placement-api.service[102894]: DEBUG placement.requestlog [req-c92f9a11-7c55-4b4a-8138-fb1272122b0d req-8bd3a23a-6df6-4c5d-8a65-b817dc79f6ce None None] Starting request: 10.222.0.36 "PUT /placement/allocations/fd776ffd-286e-4860-8b70-feb971ea925f" {{(pid=102894) __call__ /opt/stack/placement/placement/requestlog.py:55}}
Nov 09 21:06:58.035657 n-d-817303-2 devstack@placement-api.service[102894]: DEBUG placement.handlers.allocation [req-c92f9a11-7c55-4b4a-8138-fb1272122b0d req-8bd3a23a-6df6-4c5d-8a65-b817dc79f6ce service placement] Successfully wrote allocations [, , ] {{(pid=102894) _update_consumers_and_create_allocations /opt/stack/placement/placement/handlers/allocation.py:462}}
Nov 09 21:06:58.046391 n-d-817303-2 devstack@placement-api.service[102894]: INFO placement.requestlog [req-c92f9a11-7c55-4b4a-8138-fb1272122b0d req-8bd3a23a-6df6-4c5d-8a65-b817dc79f6ce service placement] 10.222.0.36 "PUT /placement/allocations/fd776ffd-286e-4860-8b70-feb971ea925f" status: 204 len: 0 microversion: 1.36
Nov 09 21:06:58.046391 n-d-817303-2 devstack@placement-api.service[102894]: [pid: 102894|app: 0|req: 101/202] 10.222.0.36 () {64 vars in 1433 bytes} [Tue Nov 9 21:06:57 2021] PUT /placement/allocations/fd776ffd-286e-4860-8b70-feb971ea925f => generated 0 bytes in 67 msecs (HTTP/1.1 204) 5 headers in 199 bytes (1 switches on core 0)
Nov 09 21:06:58.480865 n-d-817303-2 devstack@placement-api.service[102895]: DEBUG placement.requestlog [req-c92f9a11-7c55-4b4a-8138-fb1272122b0d req-8ccc77a6-2d76-49e9-8691-6e1004edfe59 None None] Starting request: 10.222.0.15 "GET /placement/allocations/5583a0d1-6c9e-4ba3-b98f-9ebdfe371abe" {{(pid=102895) __call__ /opt/stack/placement/placement/requestlog.py:55}}
Nov 09 21:06:58.503124 n-d-817303-2 devstack@placement-api.service[102895]: INFO placement.requestlog [req-c92f9a11-7c55-4b4a-8138-fb1272122b0d req-8ccc77a6-2d76-49e9-8691-6e1004edfe59 service placement] 10.222.0.15 "GET /placement/allocations/5583a0d1-6c9e-4ba3-b98f-9ebdfe371abe" status: 200 len: 259 microversion: 1.28
Nov 09 21:06:58.524741 n-d-817303-2 devstack@placement-api.service[102895]: [pid: 102895|app: 0|req: 102/203] 10.222.0.15 () {60 vars in 1377 bytes} [Tue Nov 9 21:06:58 2021] GET /placement/allocations/5583a0d1-6c9e-4ba3-b98f-9ebdfe371abe => generated 259 bytes in 24 msecs (HTTP/1.1 200) 8 headers in 296 bytes (1 switches on core 0)
Nov 09 21:06:58.590010 n-d-817303-2 devstack@placement-api.service[102894]: DEBUG placement.requestlog [req-c92f9a11-7c55-4b4a-8138-fb1272122b0d req-24fad709-92ce-4f0c-8de5-df733edd2fe5 None None] Starting request: 10.222.0.15 "GET /placement/allocations/fd776ffd-286e-4860-8b70-feb971ea925f" {{(pid=102894) __call__ /opt/stack/placement/placement/requestlog.py:55}}
Nov 09 21:06:58.614303 n-d-817303-2 devstack@placement-api.service[102894]: INFO placement.requestlog [req-c92f9a11-7c55-4b4a-8138-fb1272122b0d req-24fad709-92ce-4f0c-8de5-df733edd2fe5 service placement] 10.222.0.15 "GET /placement/allocations/fd776ffd-286e-4860-8b70-feb971ea925f" status: 200 len: 259 microversion: 1.28
Nov 09 21:06:58.615246 n-d-817303-2 devstack@placement-api.service[102894]: [pid: 102894|app: 0|req: 102/204] 10.222.0.15 () {60 vars in 1377 bytes} [Tue Nov 9 21:06:58 2021] GET /placement/allocations/fd776ffd-286e-4860-8b70-feb971ea925f => generated 259 bytes in 25 msecs (HTTP/1.1 200) 8 headers in 296 bytes (1 switches on core 0)
Nov 09 21:07:08.633953 n-d-817303-2 devstack@placement-api.service[102895]: DEBUG placement.requestlog [req-d54ef641-f6d3-4771-b291-d43ea5e09ba7 req-5d7366b3-791c-4f3d-bf6e-051ce37bd812 None None] Starting request: 10.222.0.15 "GET /placement/resource_providers/f515f5b0-0509-4da4-a938-66b6e63a3a4d/allocations" {{(pid=102895) __call__ /opt/stack/placement/placement/requestlog.py:55}}
Nov 09 21:07:08.724956 n-d-817303-2 devstack@placement-api.service[102895]: INFO placement.requestlog [req-d54ef641-f6d3-4771-b291-d43ea5e09ba7 req-5d7366b3-791c-4f3d-bf6e-051ce37bd812 service placement] 10.222.0.15 "GET /placement/resource_providers/f515f5b0-0509-4da4-a938-66b6e63a3a4d/allocations" status: 200 len: 659 microversion: 1.0
Nov 09 21:07:08.727832 n-d-817303-2 devstack@placement-api.service[102895]: [pid: 102895|app: 0|req: 103/205] 10.222.0.15 () {58 vars in 1390 bytes} [Tue Nov 9 21:07:08 2021] GET /placement/resource_providers/f515f5b0-0509-4da4-a938-66b6e63a3a4d/allocations => generated 659 bytes in 94 msecs (HTTP/1.1 200) 6 headers in 224 bytes (1 switches on core 0)
Nov 09 21:07:09.147551 n-d-817303-2 devstack@placement-api.service[102894]: DEBUG placement.requestlog [req-d54ef641-f6d3-4771-b291-d43ea5e09ba7 req-c99fdfa8-9e34-4fb1-ba95-7678ba10e4db None None] Starting request: 10.222.0.15 "GET /placement/allocations/fe2716d6-76e5-4795-8963-214f7db7c3e5" {{(pid=102894) __call__ /opt/stack/placement/placement/requestlog.py:55}}
Nov 09 21:07:09.175148 n-d-817303-2 devstack@placement-api.service[102894]: INFO placement.requestlog [req-d54ef641-f6d3-4771-b291-d43ea5e09ba7 req-c99fdfa8-9e34-4fb1-ba95-7678ba10e4db service placement] 10.222.0.15 "GET /placement/allocations/fe2716d6-76e5-4795-8963-214f7db7c3e5" status: 200 len: 259 microversion: 1.28
Nov 09 21:07:09.175872 n-d-817303-2 devstack@placement-api.service[102894]: [pid: 102894|app: 0|req: 103/206] 10.222.0.15 () {60 vars in 1377 bytes} [Tue Nov 9 21:07:09 2021] GET /placement/allocations/fe2716d6-76e5-4795-8963-214f7db7c3e5 => generated 259 bytes in 28 msecs (HTTP/1.1 200) 8 headers in 296 bytes (1 switches on core 0)
Nov 09 21:07:09.186192 n-d-817303-2 devstack@placement-api.service[102895]: DEBUG placement.requestlog [req-d54ef641-f6d3-4771-b291-d43ea5e09ba7 req-9a1d5400-13a5-40da-a6f9-c5ad6d86d592 None None] Starting request: 10.222.0.15 "PUT /placement/allocations/fe2716d6-76e5-4795-8963-214f7db7c3e5" {{(pid=102895) __call__ /opt/stack/placement/placement/requestlog.py:55}}
Nov 09 21:07:09.255434 n-d-817303-2 devstack@placement-api.service[102895]: DEBUG placement.handlers.allocation [req-d54ef641-f6d3-4771-b291-d43ea5e09ba7 req-9a1d5400-13a5-40da-a6f9-c5ad6d86d592 service placement] Successfully wrote allocations [, , ] {{(pid=102895) _update_consumers_and_create_allocations /opt/stack/placement/placement/handlers/allocation.py:462}}
Nov 09 21:07:09.264224 n-d-817303-2 devstack@placement-api.service[102895]: INFO placement.requestlog [req-d54ef641-f6d3-4771-b291-d43ea5e09ba7 req-9a1d5400-13a5-40da-a6f9-c5ad6d86d592 service placement] 10.222.0.15 "PUT /placement/allocations/fe2716d6-76e5-4795-8963-214f7db7c3e5" status: 204 len: 0 microversion: 1.28
Nov 09 21:07:09.265385 n-d-817303-2 devstack@placement-api.service[102895]: [pid: 102895|app: 0|req: 104/207] 10.222.0.15 () {64 vars in 1430 bytes} [Tue Nov 9 21:07:09 2021] PUT /placement/allocations/fe2716d6-76e5-4795-8963-214f7db7c3e5 => generated 0 bytes in 79 msecs (HTTP/1.1 204) 5 headers in 199 bytes (1 switches on core 0)
Nov 09 21:07:10.248929 n-d-817303-2 devstack@placement-api.service[102894]: DEBUG placement.requestlog [req-eda943da-6462-4338-b1cc-cf3017408383 req-3ae053e3-4542-4e8e-830f-13d1e035b7c6 None None] Starting request: 10.222.0.36 "GET /placement/allocation_candidates?limit=1000&resources=DISK_GB%3A1%2CMEMORY_MB%3A1024%2CVCPU%3A1&root_required=%21COMPUTE_STATUS_DISABLED" {{(pid=102894) __call__ /opt/stack/placement/placement/requestlog.py:55}}
Nov 09 21:07:10.304203 n-d-817303-2 devstack@placement-api.service[102894]: DEBUG placement.objects.research_context [req-eda943da-6462-4338-b1cc-cf3017408383 req-3ae053e3-4542-4e8e-830f-13d1e035b7c6 service placement] getting providers with 1 DISK_GB {{(pid=102894) __init__ /opt/stack/placement/placement/objects/research_context.py:126}}
Nov 09 21:07:10.313621 n-d-817303-2 devstack@placement-api.service[102894]: DEBUG placement.objects.research_context [req-eda943da-6462-4338-b1cc-cf3017408383 req-3ae053e3-4542-4e8e-830f-13d1e035b7c6 service placement] getting providers with 1024 MEMORY_MB {{(pid=102894) __init__ /opt/stack/placement/placement/objects/research_context.py:126}}
Nov 09 21:07:10.324561 n-d-817303-2 devstack@placement-api.service[102894]: DEBUG placement.objects.research_context [req-eda943da-6462-4338-b1cc-cf3017408383 req-3ae053e3-4542-4e8e-830f-13d1e035b7c6 service placement] getting providers with 1 VCPU {{(pid=102894) __init__ /opt/stack/placement/placement/objects/research_context.py:126}}
Nov 09 21:07:10.334350 n-d-817303-2 devstack@placement-api.service[102894]: DEBUG placement.objects.research_context [req-eda943da-6462-4338-b1cc-cf3017408383 req-3ae053e3-4542-4e8e-830f-13d1e035b7c6 service placement] found 2 providers with available 1 DISK_GB {{(pid=102894) get_provider_ids_matching /opt/stack/placement/placement/objects/research_context.py:549}}
Nov 09 21:07:10.334877 n-d-817303-2 devstack@placement-api.service[102894]: DEBUG placement.objects.research_context [req-eda943da-6462-4338-b1cc-cf3017408383 req-3ae053e3-4542-4e8e-830f-13d1e035b7c6 service placement] found 2 providers with available 1024 MEMORY_MB {{(pid=102894) get_provider_ids_matching /opt/stack/placement/placement/objects/research_context.py:549}}
Nov 09 21:07:10.335408 n-d-817303-2 devstack@placement-api.service[102894]: DEBUG placement.objects.research_context [req-eda943da-6462-4338-b1cc-cf3017408383 req-3ae053e3-4542-4e8e-830f-13d1e035b7c6 service placement] found 2 providers after filtering by previous result {{(pid=102894) get_provider_ids_matching /opt/stack/placement/placement/objects/research_context.py:580}}
Nov 09 21:07:10.336708 n-d-817303-2 devstack@placement-api.service[102894]: DEBUG placement.objects.research_context [req-eda943da-6462-4338-b1cc-cf3017408383 req-3ae053e3-4542-4e8e-830f-13d1e035b7c6 service placement] found 2 providers with available 1 VCPU {{(pid=102894) get_provider_ids_matching /opt/stack/placement/placement/objects/research_context.py:549}}
Nov 09 21:07:10.337170 n-d-817303-2 devstack@placement-api.service[102894]: DEBUG placement.objects.research_context [req-eda943da-6462-4338-b1cc-cf3017408383 req-3ae053e3-4542-4e8e-830f-13d1e035b7c6 service placement] found 2 providers after filtering by previous result {{(pid=102894) get_provider_ids_matching /opt/stack/placement/placement/objects/research_context.py:580}}
Nov 09 21:07:10.364372 n-d-817303-2 devstack@placement-api.service[102894]: DEBUG placement.objects.allocation_candidate [req-eda943da-6462-4338-b1cc-cf3017408383 req-3ae053e3-4542-4e8e-830f-13d1e035b7c6 service placement] RequestGroup(use_same_provider=False, resources={DISK_GB:1, MEMORY_MB:1024, VCPU:1}, traits=[], aggregates=[]) (suffix '') returned 2 matches {{(pid=102894) _get_by_requests /opt/stack/placement/placement/objects/allocation_candidate.py:145}}
Nov 09 21:07:10.365025 n-d-817303-2 devstack@placement-api.service[102894]: DEBUG placement.objects.allocation_candidate [req-eda943da-6462-4338-b1cc-cf3017408383 req-3ae053e3-4542-4e8e-830f-13d1e035b7c6 service placement] Merging candidates yields 2 allocation requests and 2 provider summaries {{(pid=102894) _merge_candidates /opt/stack/placement/placement/objects/allocation_candidate.py:783}}
Nov 09 21:07:10.368043 n-d-817303-2 devstack@placement-api.service[102894]: INFO placement.requestlog [req-eda943da-6462-4338-b1cc-cf3017408383 req-3ae053e3-4542-4e8e-830f-13d1e035b7c6 service placement] 10.222.0.36 "GET /placement/allocation_candidates?limit=1000&resources=DISK_GB%3A1%2CMEMORY_MB%3A1024%2CVCPU%3A1&root_required=%21COMPUTE_STATUS_DISABLED" status: 200 len: 1309 microversion: 1.36
Nov 09 21:07:10.372497 n-d-817303-2 devstack@placement-api.service[102894]: [pid: 102894|app: 0|req: 104/208] 10.222.0.36 () {60 vars in 1506 bytes} [Tue Nov 9 21:07:10 2021] GET /placement/allocation_candidates?limit=1000&resources=DISK_GB%3A1%2CMEMORY_MB%3A1024%2CVCPU%3A1&root_required=%21COMPUTE_STATUS_DISABLED => generated 1309 bytes in 124 msecs (HTTP/1.1 200) 8 headers in 297 bytes (1 switches on core 0)
Nov 09 21:07:10.449026 n-d-817303-2 devstack@placement-api.service[102895]: DEBUG placement.requestlog [req-eda943da-6462-4338-b1cc-cf3017408383 req-0b94b6b0-0f38-4890-97e5-00f3c1141b24 None None] Starting request: 10.222.0.36 "GET /placement/allocations/984cb7e1-0708-40be-b5b9-b41413ba7126" {{(pid=102895) __call__ /opt/stack/placement/placement/requestlog.py:55}}
Nov 09 21:07:10.462246 n-d-817303-2 devstack@placement-api.service[102895]: INFO placement.requestlog [req-eda943da-6462-4338-b1cc-cf3017408383 req-0b94b6b0-0f38-4890-97e5-00f3c1141b24 service placement] 10.222.0.36 "GET /placement/allocations/984cb7e1-0708-40be-b5b9-b41413ba7126" status: 200 len: 19 microversion: 1.28
Nov 09 21:07:10.462874 n-d-817303-2 devstack@placement-api.service[102895]: [pid: 102895|app: 0|req: 105/209] 10.222.0.36 () {60 vars in 1380 bytes} [Tue Nov 9 21:07:10 2021] GET /placement/allocations/984cb7e1-0708-40be-b5b9-b41413ba7126 => generated 19 bytes in 14 msecs (HTTP/1.1 200) 8 headers in 295 bytes (1 switches on core 0)
Nov 09 21:07:10.474020 n-d-817303-2 devstack@placement-api.service[102894]: DEBUG placement.requestlog [req-eda943da-6462-4338-b1cc-cf3017408383 req-88352721-d47a-4637-9e5f-cb02427488f7 None None] Starting request: 10.222.0.36 "PUT /placement/allocations/984cb7e1-0708-40be-b5b9-b41413ba7126" {{(pid=102894) __call__ /opt/stack/placement/placement/requestlog.py:55}}
Nov 09 21:07:10.565667 n-d-817303-2 devstack@placement-api.service[102894]: DEBUG placement.handlers.allocation [req-eda943da-6462-4338-b1cc-cf3017408383 req-88352721-d47a-4637-9e5f-cb02427488f7 service placement] Successfully wrote allocations [, , ] {{(pid=102894) _update_consumers_and_create_allocations /opt/stack/placement/placement/handlers/allocation.py:462}}
Nov 09 21:07:10.576143 n-d-817303-2 devstack@placement-api.service[102894]: INFO placement.requestlog [req-eda943da-6462-4338-b1cc-cf3017408383 req-88352721-d47a-4637-9e5f-cb02427488f7 service placement] 10.222.0.36 "PUT /placement/allocations/984cb7e1-0708-40be-b5b9-b41413ba7126" status: 204 len: 0 microversion: 1.36
Nov 09 21:07:10.593534 n-d-817303-2 devstack@placement-api.service[102894]: [pid: 102894|app: 0|req: 105/210] 10.222.0.36 () {64 vars in 1433 bytes} [Tue Nov 9 21:07:10 2021] PUT /placement/allocations/984cb7e1-0708-40be-b5b9-b41413ba7126 => generated 0 bytes in 103 msecs (HTTP/1.1 204) 5 headers in 199 bytes (1 switches on core 0)
Nov 09 21:07:11.210245 n-d-817303-2 devstack@placement-api.service[102895]: DEBUG placement.requestlog [req-43aaf1bd-72a8-4dab-8663-a7d4a40be6f6 req-0879db12-9228-4dfd-84e1-d8e00ee47621 None None] Starting request: 10.222.0.36 "GET /placement/allocation_candidates?limit=1000&resources=DISK_GB%3A1%2CMEMORY_MB%3A1024%2CVCPU%3A1&root_required=%21COMPUTE_STATUS_DISABLED" {{(pid=102895) __call__ /opt/stack/placement/placement/requestlog.py:55}}
Nov 09 21:07:11.228712 n-d-817303-2 devstack@placement-api.service[102894]: DEBUG placement.requestlog [req-eda943da-6462-4338-b1cc-cf3017408383 req-e99a10ef-6448-49a9-9408-287a1abfb3a2 None None] Starting request: 10.222.0.15 "GET /placement/allocations/984cb7e1-0708-40be-b5b9-b41413ba7126" {{(pid=102894) __call__ /opt/stack/placement/placement/requestlog.py:55}}
Nov 09 21:07:11.260578 n-d-817303-2 devstack@placement-api.service[102894]: INFO placement.requestlog [req-eda943da-6462-4338-b1cc-cf3017408383 req-e99a10ef-6448-49a9-9408-287a1abfb3a2 service placement] 10.222.0.15 "GET /placement/allocations/984cb7e1-0708-40be-b5b9-b41413ba7126" status: 200 len: 259 microversion: 1.28
Nov 09 21:07:11.261771 n-d-817303-2 devstack@placement-api.service[102894]: [pid: 102894|app: 0|req: 106/211] 10.222.0.15 () {60 vars in 1377 bytes} [Tue Nov 9 21:07:11 2021] GET /placement/allocations/984cb7e1-0708-40be-b5b9-b41413ba7126 => generated 259 bytes in 33 msecs (HTTP/1.1 200) 8 headers in 296 bytes (1 switches on core 0)
Nov 09 21:07:11.281868 n-d-817303-2 devstack@placement-api.service[102895]: DEBUG placement.objects.research_context [req-43aaf1bd-72a8-4dab-8663-a7d4a40be6f6 req-0879db12-9228-4dfd-84e1-d8e00ee47621 service placement] getting providers with 1 DISK_GB {{(pid=102895) __init__ /opt/stack/placement/placement/objects/research_context.py:126}}
Nov 09 21:07:11.294060 n-d-817303-2 devstack@placement-api.service[102895]: DEBUG placement.objects.research_context [req-43aaf1bd-72a8-4dab-8663-a7d4a40be6f6 req-0879db12-9228-4dfd-84e1-d8e00ee47621 service placement] getting providers with 1024 MEMORY_MB {{(pid=102895) __init__ /opt/stack/placement/placement/objects/research_context.py:126}}
Nov 09 21:07:11.308531 n-d-817303-2 devstack@placement-api.service[102895]: DEBUG placement.objects.research_context [req-43aaf1bd-72a8-4dab-8663-a7d4a40be6f6 req-0879db12-9228-4dfd-84e1-d8e00ee47621 service placement] getting providers with 1 VCPU {{(pid=102895) __init__ /opt/stack/placement/placement/objects/research_context.py:126}}
Nov 09 21:07:11.320549 n-d-817303-2 devstack@placement-api.service[102895]: DEBUG placement.objects.research_context [req-43aaf1bd-72a8-4dab-8663-a7d4a40be6f6 req-0879db12-9228-4dfd-84e1-d8e00ee47621 service placement] found 2 providers with available 1 DISK_GB {{(pid=102895) get_provider_ids_matching /opt/stack/placement/placement/objects/research_context.py:549}}
Nov 09 21:07:11.321017 n-d-817303-2 devstack@placement-api.service[102895]: DEBUG placement.objects.research_context [req-43aaf1bd-72a8-4dab-8663-a7d4a40be6f6 req-0879db12-9228-4dfd-84e1-d8e00ee47621 service placement] found 2 providers with available 1024 MEMORY_MB {{(pid=102895) get_provider_ids_matching /opt/stack/placement/placement/objects/research_context.py:549}}
Nov 09 21:07:11.321445 n-d-817303-2 devstack@placement-api.service[102895]: DEBUG placement.objects.research_context [req-43aaf1bd-72a8-4dab-8663-a7d4a40be6f6 req-0879db12-9228-4dfd-84e1-d8e00ee47621 service placement] found 2 providers after filtering by previous result {{(pid=102895) get_provider_ids_matching /opt/stack/placement/placement/objects/research_context.py:580}}
Nov 09 21:07:11.321872 n-d-817303-2 devstack@placement-api.service[102895]: DEBUG placement.objects.research_context [req-43aaf1bd-72a8-4dab-8663-a7d4a40be6f6 req-0879db12-9228-4dfd-84e1-d8e00ee47621 service placement] found 2 providers with available 1 VCPU {{(pid=102895) get_provider_ids_matching /opt/stack/placement/placement/objects/research_context.py:549}}
Nov 09 21:07:11.322286 n-d-817303-2 devstack@placement-api.service[102895]: DEBUG placement.objects.research_context [req-43aaf1bd-72a8-4dab-8663-a7d4a40be6f6 req-0879db12-9228-4dfd-84e1-d8e00ee47621 service placement] found 2 providers after filtering by previous result {{(pid=102895) get_provider_ids_matching /opt/stack/placement/placement/objects/research_context.py:580}}
Nov 09 21:07:11.348913 n-d-817303-2 devstack@placement-api.service[102895]: DEBUG placement.objects.allocation_candidate [req-43aaf1bd-72a8-4dab-8663-a7d4a40be6f6 req-0879db12-9228-4dfd-84e1-d8e00ee47621 service placement] RequestGroup(use_same_provider=False, resources={DISK_GB:1, MEMORY_MB:1024, VCPU:1}, traits=[], aggregates=[]) (suffix '') returned 2 matches {{(pid=102895) _get_by_requests /opt/stack/placement/placement/objects/allocation_candidate.py:145}}
Nov 09 21:07:11.349655 n-d-817303-2 devstack@placement-api.service[102895]: DEBUG placement.objects.allocation_candidate [req-43aaf1bd-72a8-4dab-8663-a7d4a40be6f6 req-0879db12-9228-4dfd-84e1-d8e00ee47621 service placement] Merging candidates yields 2 allocation requests and 2 provider summaries {{(pid=102895) _merge_candidates /opt/stack/placement/placement/objects/allocation_candidate.py:783}}
Nov 09 21:07:11.352559 n-d-817303-2 devstack@placement-api.service[102895]: INFO placement.requestlog [req-43aaf1bd-72a8-4dab-8663-a7d4a40be6f6 req-0879db12-9228-4dfd-84e1-d8e00ee47621 service placement] 10.222.0.36 "GET /placement/allocation_candidates?limit=1000&resources=DISK_GB%3A1%2CMEMORY_MB%3A1024%2CVCPU%3A1&root_required=%21COMPUTE_STATUS_DISABLED" status: 200 len: 1309 microversion: 1.36
Nov 09 21:07:11.353107 n-d-817303-2 devstack@placement-api.service[102895]: [pid: 102895|app: 0|req: 106/212] 10.222.0.36 () {60 vars in 1506 bytes} [Tue Nov 9 21:07:11 2021] GET /placement/allocation_candidates?limit=1000&resources=DISK_GB%3A1%2CMEMORY_MB%3A1024%2CVCPU%3A1&root_required=%21COMPUTE_STATUS_DISABLED => generated 1309 bytes in 143 msecs (HTTP/1.1 200) 8 headers in 297 bytes (1 switches on core 0)
Nov 09 21:07:11.475529 n-d-817303-2 devstack@placement-api.service[102894]: DEBUG placement.requestlog [req-43aaf1bd-72a8-4dab-8663-a7d4a40be6f6 req-da179c38-919c-47cf-ac57-415ed93a1067 None None] Starting request: 10.222.0.36 "GET /placement/allocations/07a9e927-c799-4bd0-bb57-b81057dea0b9" {{(pid=102894) __call__ /opt/stack/placement/placement/requestlog.py:55}}
Nov 09 21:07:11.494994 n-d-817303-2 devstack@placement-api.service[102894]: INFO placement.requestlog [req-43aaf1bd-72a8-4dab-8663-a7d4a40be6f6 req-da179c38-919c-47cf-ac57-415ed93a1067 service placement] 10.222.0.36 "GET /placement/allocations/07a9e927-c799-4bd0-bb57-b81057dea0b9" status: 200 len: 19 microversion: 1.28
Nov 09 21:07:11.506011 n-d-817303-2 devstack@placement-api.service[102894]: [pid: 102894|app: 0|req: 107/213] 10.222.0.36 () {60 vars in 1380 bytes} [Tue Nov 9 21:07:11 2021] GET /placement/allocations/07a9e927-c799-4bd0-bb57-b81057dea0b9 => generated 19 bytes in 31 msecs (HTTP/1.1 200) 8 headers in 295 bytes (1 switches on core 0)
Nov 09 21:07:11.506505 n-d-817303-2 devstack@placement-api.service[102895]: DEBUG placement.requestlog [req-43aaf1bd-72a8-4dab-8663-a7d4a40be6f6 req-3ab60d57-b0e2-47ed-92bc-8b3f684a8834 None None] Starting request: 10.222.0.36 "PUT /placement/allocations/07a9e927-c799-4bd0-bb57-b81057dea0b9" {{(pid=102895) __call__ /opt/stack/placement/placement/requestlog.py:55}}
Nov 09 21:07:11.596915 n-d-817303-2 devstack@placement-api.service[102895]: DEBUG placement.handlers.allocation [req-43aaf1bd-72a8-4dab-8663-a7d4a40be6f6 req-3ab60d57-b0e2-47ed-92bc-8b3f684a8834 service placement] Successfully wrote allocations [, , ] {{(pid=102895) _update_consumers_and_create_allocations /opt/stack/placement/placement/handlers/allocation.py:462}}
Nov 09 21:07:11.604379 n-d-817303-2 devstack@placement-api.service[102895]: INFO placement.requestlog [req-43aaf1bd-72a8-4dab-8663-a7d4a40be6f6 req-3ab60d57-b0e2-47ed-92bc-8b3f684a8834 service placement] 10.222.0.36 "PUT /placement/allocations/07a9e927-c799-4bd0-bb57-b81057dea0b9" status: 204 len: 0 microversion: 1.36
Nov 09 21:07:11.612173 n-d-817303-2 devstack@placement-api.service[102895]: [pid: 102895|app: 0|req: 107/214] 10.222.0.36 () {64 vars in 1433 bytes} [Tue Nov 9 21:07:11 2021] PUT /placement/allocations/07a9e927-c799-4bd0-bb57-b81057dea0b9 => generated 0 bytes in 99 msecs (HTTP/1.1 204) 5 headers in 199 bytes (1 switches on core 0)
Nov 09 21:07:12.437018 n-d-817303-2 devstack@placement-api.service[102894]: DEBUG placement.requestlog [req-43aaf1bd-72a8-4dab-8663-a7d4a40be6f6 req-b9924050-42a1-4778-9430-2946e4f755b2 None None] Starting request: 10.222.0.15 "GET /placement/allocations/07a9e927-c799-4bd0-bb57-b81057dea0b9" {{(pid=102894) __call__ /opt/stack/placement/placement/requestlog.py:55}}
Nov 09 21:07:12.479415 n-d-817303-2 devstack@placement-api.service[102894]: INFO placement.requestlog [req-43aaf1bd-72a8-4dab-8663-a7d4a40be6f6 req-b9924050-42a1-4778-9430-2946e4f755b2 service placement] 10.222.0.15 "GET /placement/allocations/07a9e927-c799-4bd0-bb57-b81057dea0b9" status: 200 len: 259 microversion: 1.28
