Nov 09 21:17:07.903080 n-d-817303-2 devstack@c-api.service[109417]: DEBUG cinder.volume.api [None req-906a94a4-f684-4333-b6cb-d182bfb20da0 tempest-UserMessagesTest-320314262 tempest-UserMessagesTest-320314262-project] Task 'cinder.volume.flows.api.create_volume.QuotaReserveTask;volume:create' (37f629f1-421d-4b91-8af3-27d4a7372516) transitioned into state 'SUCCESS' from state 'RUNNING' with result '{'reservations': ['bd4da91b-a172-4bf1-b30a-dd43bc3afcd7', 'b7c29b65-b249-4b44-8db8-90dcb2fcd6f4', '7723b735-204e-423e-9453-598f1b5964c0', '24a6302c-f865-4bc6-90b6-c4deb7d15ff5']}' {{(pid=109417) _task_receiver /usr/local/lib/python3.8/dist-packages/taskflow/listeners/logging.py:178}}
Nov 09 21:17:07.907778 n-d-817303-2 devstack@c-api.service[109417]: DEBUG cinder.volume.api [None req-906a94a4-f684-4333-b6cb-d182bfb20da0 tempest-UserMessagesTest-320314262 tempest-UserMessagesTest-320314262-project] Task 'cinder.volume.flows.api.create_volume.EntryCreateTask;volume:create' (723c6b57-40dd-4d57-a6ac-91679c0b4095) transitioned into state 'RUNNING' from state 'PENDING' {{(pid=109417) _task_receiver /usr/local/lib/python3.8/dist-packages/taskflow/listeners/logging.py:190}}
Nov 09 21:17:07.961418 n-d-817303-2 devstack@c-api.service[109417]: DEBUG cinder.volume.api [None req-906a94a4-f684-4333-b6cb-d182bfb20da0 tempest-UserMessagesTest-320314262 tempest-UserMessagesTest-320314262-project] Task 'cinder.volume.flows.api.create_volume.EntryCreateTask;volume:create' (723c6b57-40dd-4d57-a6ac-91679c0b4095) transitioned into state 'SUCCESS' from state 'RUNNING' with result '{'volume_id': '19a17849-6d5f-46ac-9e3f-5e6dd3ed2074', 'volume_properties': VolumeProperties(attach_status='detached',availability_zone='nova',cgsnapshot_id=None,consistencygroup_id=None,display_description=None,display_name='tempest-UserMessagesTest-Volume-1038168521',encryption_key_id=None,group_id=None,group_type_id=,metadata={},multiattach=False,project_id='75987291fe9b41dabb79c1d4735e07e9',qos_specs=None,replication_status=,reservations=['bd4da91b-a172-4bf1-b30a-dd43bc3afcd7','b7c29b65-b249-4b44-8db8-90dcb2fcd6f4','7723b735-204e-423e-9453-598f1b5964c0','24a6302c-f865-4bc6-90b6-c4deb7d15ff5'],size=1,snapshot_id=None,source_replicaid=,source_volid=None,status='creating',user_id='35e39d68e0514f03bd0d5a8f142e0e91',volume_type_id=25ce13be-d8a8-43e2-a04f-0260200aab6f), 'volume': Volume(_name_id=None,admin_metadata=,attach_status='detached',availability_zone='nova',bootable=False,cluster=,cluster_name=None,consistencygroup=,consistencygroup_id=None,created_at=2021-11-09T21:17:07Z,deleted=False,deleted_at=None,display_description=None,display_name='tempest-UserMessagesTest-Volume-1038168521',ec2_id=None,encryption_key_id=None,glance_metadata=,group=,group_id=None,host=None,id=19a17849-6d5f-46ac-9e3f-5e6dd3ed2074,launched_at=None,metadata={},migration_status=None,multiattach=False,previous_status=None,project_id='75987291fe9b41dabb79c1d4735e07e9',provider_auth=None,provider_geometry=None,provider_id=None,provider_location=None,replication_driver_data=None,replication_extended_status=None,replication_status=None,scheduled_at=None,service_uuid=None,shared_targets=True,size=1,snapshot_id=None,snapshots=,source_volid=None,status='creating',terminated_at=None,updated_at=None,use_quota=True,user_id='35e39d68e0514f03bd0d5a8f142e0e91',volume_attachment=VolumeAttachmentList,volume_type=VolumeType(25ce13be-d8a8-43e2-a04f-0260200aab6f),volume_type_id=25ce13be-d8a8-43e2-a04f-0260200aab6f)}' {{(pid=109417) _task_receiver /usr/local/lib/python3.8/dist-packages/taskflow/listeners/logging.py:178}}
Nov 09 21:17:07.967689 n-d-817303-2 devstack@c-api.service[109417]: DEBUG cinder.volume.api [None req-906a94a4-f684-4333-b6cb-d182bfb20da0 tempest-UserMessagesTest-320314262 tempest-UserMessagesTest-320314262-project] Task 'cinder.volume.flows.api.create_volume.QuotaCommitTask;volume:create' (fc82254a-6ac2-4fb8-af21-f6fd88d3fc20) transitioned into state 'RUNNING' from state 'PENDING' {{(pid=109417) _task_receiver /usr/local/lib/python3.8/dist-packages/taskflow/listeners/logging.py:190}}
Nov 09 21:17:08.019208 n-d-817303-2 devstack@c-api.service[109417]: DEBUG cinder.volume.api [None req-906a94a4-f684-4333-b6cb-d182bfb20da0 tempest-UserMessagesTest-320314262 tempest-UserMessagesTest-320314262-project] Task 'cinder.volume.flows.api.create_volume.QuotaCommitTask;volume:create' (fc82254a-6ac2-4fb8-af21-f6fd88d3fc20) transitioned into state 'SUCCESS' from state 'RUNNING' with result '{'volume_properties': VolumeProperties(attach_status='detached',availability_zone='nova',cgsnapshot_id=None,consistencygroup_id=None,display_description=None,display_name='tempest-UserMessagesTest-Volume-1038168521',encryption_key_id=None,group_id=None,group_type_id=,metadata={},multiattach=False,project_id='75987291fe9b41dabb79c1d4735e07e9',qos_specs=None,replication_status=,reservations=['bd4da91b-a172-4bf1-b30a-dd43bc3afcd7','b7c29b65-b249-4b44-8db8-90dcb2fcd6f4','7723b735-204e-423e-9453-598f1b5964c0','24a6302c-f865-4bc6-90b6-c4deb7d15ff5'],size=1,snapshot_id=None,source_replicaid=,source_volid=None,status='creating',user_id='35e39d68e0514f03bd0d5a8f142e0e91',volume_type_id=25ce13be-d8a8-43e2-a04f-0260200aab6f)}' {{(pid=109417) _task_receiver /usr/local/lib/python3.8/dist-packages/taskflow/listeners/logging.py:178}}
Nov 09 21:17:08.026414 n-d-817303-2 devstack@c-api.service[109417]: DEBUG cinder.volume.api [None req-906a94a4-f684-4333-b6cb-d182bfb20da0 tempest-UserMessagesTest-320314262 tempest-UserMessagesTest-320314262-project] Task 'cinder.volume.flows.api.create_volume.VolumeCastTask;volume:create' (435d3893-7bf9-4678-9fac-bd084f77169e) transitioned into state 'RUNNING' from state 'PENDING' {{(pid=109417) _task_receiver /usr/local/lib/python3.8/dist-packages/taskflow/listeners/logging.py:190}}
Nov 09 21:17:08.073612 n-d-817303-2 devstack@c-api.service[109417]: DEBUG cinder.volume.api [None req-906a94a4-f684-4333-b6cb-d182bfb20da0 tempest-UserMessagesTest-320314262 tempest-UserMessagesTest-320314262-project] Task 'cinder.volume.flows.api.create_volume.VolumeCastTask;volume:create' (435d3893-7bf9-4678-9fac-bd084f77169e) transitioned into state 'SUCCESS' from state 'RUNNING' with result 'None' {{(pid=109417) _task_receiver /usr/local/lib/python3.8/dist-packages/taskflow/listeners/logging.py:178}}
Nov 09 21:17:08.085318 n-d-817303-2 devstack@c-api.service[109417]: DEBUG cinder.volume.api [None req-906a94a4-f684-4333-b6cb-d182bfb20da0 tempest-UserMessagesTest-320314262 tempest-UserMessagesTest-320314262-project] Flow 'volume_create_api' (80d6a35e-ed35-4b16-9eab-2b63a804037f) transitioned into state 'SUCCESS' from state 'RUNNING' {{(pid=109417) _flow_receiver /usr/local/lib/python3.8/dist-packages/taskflow/listeners/logging.py:141}}
Nov 09 21:17:08.090605 n-d-817303-2 devstack@c-api.service[109417]: INFO cinder.volume.api [None req-906a94a4-f684-4333-b6cb-d182bfb20da0 tempest-UserMessagesTest-320314262 tempest-UserMessagesTest-320314262-project] Create volume request issued successfully.
Nov 09 21:17:08.092979 n-d-817303-2 devstack@c-api.service[109417]: INFO cinder.api.openstack.wsgi [None req-906a94a4-f684-4333-b6cb-d182bfb20da0 tempest-UserMessagesTest-320314262 tempest-UserMessagesTest-320314262-project] http://10.222.0.36/volume/v3/75987291fe9b41dabb79c1d4735e07e9/volumes returned with HTTP 202
Nov 09 21:17:08.098177 n-d-817303-2 devstack@c-api.service[109417]: [pid: 109417|app: 0|req: 217/456] 10.222.0.36 () {62 vars in 1275 bytes} [Tue Nov 9 21:17:07 2021] POST /volume/v3/75987291fe9b41dabb79c1d4735e07e9/volumes => generated 851 bytes in 402 msecs (HTTP/1.1 202) 7 headers in 291 bytes (1 switches on core 0)
Nov 09 21:17:08.111933 n-d-817303-2 devstack@c-api.service[109418]: INFO cinder.api.openstack.wsgi [None req-2ede4074-c0a8-497e-95fe-fcdeb6cbbaba tempest-UserMessagesTest-320314262 tempest-UserMessagesTest-320314262-project] GET http://10.222.0.36/volume/v3/75987291fe9b41dabb79c1d4735e07e9/volumes/19a17849-6d5f-46ac-9e3f-5e6dd3ed2074
Nov 09 21:17:08.112431 n-d-817303-2 devstack@c-api.service[109418]: DEBUG cinder.api.openstack.wsgi [None req-2ede4074-c0a8-497e-95fe-fcdeb6cbbaba tempest-UserMessagesTest-320314262 tempest-UserMessagesTest-320314262-project] Empty body provided in request {{(pid=109418) get_body /opt/stack/cinder/cinder/api/openstack/wsgi.py:703}}
Nov 09 21:17:08.112902 n-d-817303-2 devstack@c-api.service[109418]: DEBUG cinder.api.openstack.wsgi [None req-2ede4074-c0a8-497e-95fe-fcdeb6cbbaba tempest-UserMessagesTest-320314262 tempest-UserMessagesTest-320314262-project] Calling method 'show' {{(pid=109418) _process_stack /opt/stack/cinder/cinder/api/openstack/wsgi.py:856}}
Nov 09 21:17:08.127421 n-d-817303-2 devstack@c-api.service[109417]: INFO cinder.api.openstack.wsgi [None req-6e2c0c3c-3d59-4b82-afc1-00b5dead54de tempest-DeleteServersTestJSON-527565491 tempest-DeleteServersTestJSON-527565491-project] GET http://10.222.0.36/volume/v3/e2403187725b4ec4a0c57df06ad7b3ef/volumes/40a5cae4-aa36-4ae0-8a16-465d16c67734
Nov 09 21:17:08.127972 n-d-817303-2 devstack@c-api.service[109417]: DEBUG cinder.api.openstack.wsgi [None req-6e2c0c3c-3d59-4b82-afc1-00b5dead54de tempest-DeleteServersTestJSON-527565491 tempest-DeleteServersTestJSON-527565491-project] Empty body provided in request {{(pid=109417) get_body /opt/stack/cinder/cinder/api/openstack/wsgi.py:703}}
Nov 09 21:17:08.128151 n-d-817303-2 devstack@c-api.service[109417]: /usr/local/lib/python3.8/dist-packages/webob/acceptparse.py:1047: DeprecationWarning: The behavior of AcceptValidHeader.best_match is currently being maintained for backward compatibility, but it will be deprecated in the future, as it does not conform to the RFC.
Nov 09 21:17:08.128151 n-d-817303-2 devstack@c-api.service[109417]: warnings.warn(
Nov 09 21:17:08.128473 n-d-817303-2 devstack@c-api.service[109417]: DEBUG cinder.api.openstack.wsgi [None req-6e2c0c3c-3d59-4b82-afc1-00b5dead54de tempest-DeleteServersTestJSON-527565491 tempest-DeleteServersTestJSON-527565491-project] Calling method 'show' {{(pid=109417) _process_stack /opt/stack/cinder/cinder/api/openstack/wsgi.py:856}}
Nov 09 21:17:08.169713 n-d-817303-2 devstack@c-api.service[109418]: /usr/local/lib/python3.8/dist-packages/oslo_context/context.py:105: DeprecationWarning: Policy enforcement is depending on the value of is_admin. This key is deprecated. Please update your policy file to use the standard policy values.
Nov 09 21:17:08.169713 n-d-817303-2 devstack@c-api.service[109418]: warnings.warn('Policy enforcement is depending on the value of '
Nov 09 21:17:08.196882 n-d-817303-2 devstack@c-api.service[109417]: /usr/local/lib/python3.8/dist-packages/oslo_context/context.py:105: DeprecationWarning: Policy enforcement is depending on the value of is_admin. This key is deprecated. Please update your policy file to use the standard policy values.
Nov 09 21:17:08.196882 n-d-817303-2 devstack@c-api.service[109417]: warnings.warn('Policy enforcement is depending on the value of '
Nov 09 21:17:08.210962 n-d-817303-2 devstack@c-api.service[109418]: INFO cinder.volume.api [None req-2ede4074-c0a8-497e-95fe-fcdeb6cbbaba tempest-UserMessagesTest-320314262 tempest-UserMessagesTest-320314262-project] Volume info retrieved successfully.
Nov 09 21:17:08.242351 n-d-817303-2 devstack@c-api.service[109417]: INFO cinder.volume.api [None req-6e2c0c3c-3d59-4b82-afc1-00b5dead54de tempest-DeleteServersTestJSON-527565491 tempest-DeleteServersTestJSON-527565491-project] Volume info retrieved successfully.
Nov 09 21:17:08.253146 n-d-817303-2 devstack@c-api.service[109418]: INFO cinder.api.openstack.wsgi [None req-2ede4074-c0a8-497e-95fe-fcdeb6cbbaba tempest-UserMessagesTest-320314262 tempest-UserMessagesTest-320314262-project] http://10.222.0.36/volume/v3/75987291fe9b41dabb79c1d4735e07e9/volumes/19a17849-6d5f-46ac-9e3f-5e6dd3ed2074 returned with HTTP 200
Nov 09 21:17:08.264640 n-d-817303-2 devstack@c-api.service[109418]: [pid: 109418|app: 0|req: 240/457] 10.222.0.36 () {60 vars in 1364 bytes} [Tue Nov 9 21:17:08 2021] GET /volume/v3/75987291fe9b41dabb79c1d4735e07e9/volumes/19a17849-6d5f-46ac-9e3f-5e6dd3ed2074 => generated 919 bytes in 157 msecs (HTTP/1.1 200) 7 headers in 285 bytes (1 switches on core 0)
Nov 09 21:17:08.295586 n-d-817303-2 devstack@c-api.service[109417]: INFO cinder.api.openstack.wsgi [None req-6e2c0c3c-3d59-4b82-afc1-00b5dead54de tempest-DeleteServersTestJSON-527565491 tempest-DeleteServersTestJSON-527565491-project] http://10.222.0.36/volume/v3/e2403187725b4ec4a0c57df06ad7b3ef/volumes/40a5cae4-aa36-4ae0-8a16-465d16c67734 returned with HTTP 200
Nov 09 21:17:08.300306 n-d-817303-2 devstack@c-api.service[109417]: [pid: 109417|app: 0|req: 218/458] 10.222.0.36 () {58 vars in 1324 bytes} [Tue Nov 9 21:17:08 2021] GET /volume/v3/e2403187725b4ec4a0c57df06ad7b3ef/volumes/40a5cae4-aa36-4ae0-8a16-465d16c67734 => generated 913 bytes in 184 msecs (HTTP/1.1 200) 7 headers in 285 bytes (2 switches on core 0)
Nov 09 21:17:09.281494 n-d-817303-2 devstack@c-api.service[109418]: INFO cinder.api.openstack.wsgi [None req-499f853e-9928-4b17-924f-7031e4b3bf94 tempest-UserMessagesTest-320314262 tempest-UserMessagesTest-320314262-project] GET http://10.222.0.36/volume/v3/75987291fe9b41dabb79c1d4735e07e9/volumes/19a17849-6d5f-46ac-9e3f-5e6dd3ed2074
Nov 09 21:17:09.282158 n-d-817303-2 devstack@c-api.service[109418]: DEBUG cinder.api.openstack.wsgi [None req-499f853e-9928-4b17-924f-7031e4b3bf94 tempest-UserMessagesTest-320314262 tempest-UserMessagesTest-320314262-project] Empty body provided in request {{(pid=109418) get_body /opt/stack/cinder/cinder/api/openstack/wsgi.py:703}}
Nov 09 21:17:09.283423 n-d-817303-2 devstack@c-api.service[109418]: /usr/local/lib/python3.8/dist-packages/webob/acceptparse.py:1047: DeprecationWarning: The behavior of AcceptValidHeader.best_match is currently being maintained for backward compatibility, but it will be deprecated in the future, as it does not conform to the RFC.
Nov 09 21:17:09.283423 n-d-817303-2 devstack@c-api.service[109418]: warnings.warn(
Nov 09 21:17:09.283989 n-d-817303-2 devstack@c-api.service[109418]: DEBUG cinder.api.openstack.wsgi [None req-499f853e-9928-4b17-924f-7031e4b3bf94 tempest-UserMessagesTest-320314262 tempest-UserMessagesTest-320314262-project] Calling method 'show' {{(pid=109418) _process_stack /opt/stack/cinder/cinder/api/openstack/wsgi.py:856}}
Nov 09 21:17:09.315200 n-d-817303-2 devstack@c-api.service[109417]: INFO cinder.api.openstack.wsgi [None req-b56ba09e-ee86-472c-8bc6-4ab305840dd1 tempest-DeleteServersTestJSON-527565491 tempest-DeleteServersTestJSON-527565491-project] GET http://10.222.0.36/volume/v3/e2403187725b4ec4a0c57df06ad7b3ef/volumes/40a5cae4-aa36-4ae0-8a16-465d16c67734
Nov 09 21:17:09.316240 n-d-817303-2 devstack@c-api.service[109417]: DEBUG cinder.api.openstack.wsgi [None req-b56ba09e-ee86-472c-8bc6-4ab305840dd1 tempest-DeleteServersTestJSON-527565491 tempest-DeleteServersTestJSON-527565491-project] Empty body provided in request {{(pid=109417) get_body /opt/stack/cinder/cinder/api/openstack/wsgi.py:703}}
Nov 09 21:17:09.316588 n-d-817303-2 devstack@c-api.service[109417]: /usr/local/lib/python3.8/dist-packages/webob/acceptparse.py:1047: DeprecationWarning: The behavior of AcceptValidHeader.best_match is currently being maintained for backward compatibility, but it will be deprecated in the future, as it does not conform to the RFC.
Nov 09 21:17:09.316588 n-d-817303-2 devstack@c-api.service[109417]: warnings.warn(
Nov 09 21:17:09.317138 n-d-817303-2 devstack@c-api.service[109417]: DEBUG cinder.api.openstack.wsgi [None req-b56ba09e-ee86-472c-8bc6-4ab305840dd1 tempest-DeleteServersTestJSON-527565491 tempest-DeleteServersTestJSON-527565491-project] Calling method 'show' {{(pid=109417) _process_stack /opt/stack/cinder/cinder/api/openstack/wsgi.py:856}}
Nov 09 21:17:09.335418 n-d-817303-2 devstack@c-api.service[109418]: /usr/local/lib/python3.8/dist-packages/oslo_context/context.py:105: DeprecationWarning: Policy enforcement is depending on the value of is_admin. This key is deprecated. Please update your policy file to use the standard policy values.
Nov 09 21:17:09.335418 n-d-817303-2 devstack@c-api.service[109418]: warnings.warn('Policy enforcement is depending on the value of '
Nov 09 21:17:09.345355 n-d-817303-2 devstack@c-api.service[109417]: INFO cinder.api.openstack.wsgi [None req-b56ba09e-ee86-472c-8bc6-4ab305840dd1 tempest-DeleteServersTestJSON-527565491 tempest-DeleteServersTestJSON-527565491-project] http://10.222.0.36/volume/v3/e2403187725b4ec4a0c57df06ad7b3ef/volumes/40a5cae4-aa36-4ae0-8a16-465d16c67734 returned with HTTP 404
Nov 09 21:17:09.349827 n-d-817303-2 devstack@c-api.service[109417]: [pid: 109417|app: 0|req: 219/459] 10.222.0.36 () {58 vars in 1324 bytes} [Tue Nov 9 21:17:09 2021] GET /volume/v3/e2403187725b4ec4a0c57df06ad7b3ef/volumes/40a5cae4-aa36-4ae0-8a16-465d16c67734 => generated 109 bytes in 38 msecs (HTTP/1.1 404) 7 headers in 292 bytes (1 switches on core 0)
Nov 09 21:17:09.356305 n-d-817303-2 devstack@c-api.service[109418]: INFO cinder.volume.api [None req-499f853e-9928-4b17-924f-7031e4b3bf94 tempest-UserMessagesTest-320314262 tempest-UserMessagesTest-320314262-project] Volume info retrieved successfully.
Nov 09 21:17:09.372145 n-d-817303-2 devstack@c-api.service[109418]: INFO cinder.api.openstack.wsgi [None req-499f853e-9928-4b17-924f-7031e4b3bf94 tempest-UserMessagesTest-320314262 tempest-UserMessagesTest-320314262-project] http://10.222.0.36/volume/v3/75987291fe9b41dabb79c1d4735e07e9/volumes/19a17849-6d5f-46ac-9e3f-5e6dd3ed2074 returned with HTTP 200
Nov 09 21:17:09.376791 n-d-817303-2 devstack@c-api.service[109418]: [pid: 109418|app: 0|req: 241/460] 10.222.0.36 () {60 vars in 1364 bytes} [Tue Nov 9 21:17:09 2021] GET /volume/v3/75987291fe9b41dabb79c1d4735e07e9/volumes/19a17849-6d5f-46ac-9e3f-5e6dd3ed2074 => generated 940 bytes in 99 msecs (HTTP/1.1 200) 7 headers in 285 bytes (1 switches on core 0)
Nov 09 21:17:09.395097 n-d-817303-2 devstack@c-api.service[109417]: INFO cinder.api.openstack.wsgi [None req-6bea25e4-9de5-498c-b365-61eb04d7d6ee tempest-UserMessagesTest-320314262 tempest-UserMessagesTest-320314262-project] GET http://10.222.0.36/volume/v3/75987291fe9b41dabb79c1d4735e07e9/messages
Nov 09 21:17:09.395732 n-d-817303-2 devstack@c-api.service[109417]: DEBUG cinder.api.openstack.wsgi [None req-6bea25e4-9de5-498c-b365-61eb04d7d6ee tempest-UserMessagesTest-320314262 tempest-UserMessagesTest-320314262-project] Empty body provided in request {{(pid=109417) get_body /opt/stack/cinder/cinder/api/openstack/wsgi.py:703}}
Nov 09 21:17:09.396145 n-d-817303-2 devstack@c-api.service[109417]: DEBUG cinder.api.openstack.wsgi [None req-6bea25e4-9de5-498c-b365-61eb04d7d6ee tempest-UserMessagesTest-320314262 tempest-UserMessagesTest-320314262-project] Calling method 'version_select' {{(pid=109417) _process_stack /opt/stack/cinder/cinder/api/openstack/wsgi.py:856}}
Nov 09 21:17:09.411256 n-d-817303-2 devstack@c-api.service[109417]: INFO cinder.api.openstack.wsgi [None req-6bea25e4-9de5-498c-b365-61eb04d7d6ee tempest-UserMessagesTest-320314262 tempest-UserMessagesTest-320314262-project] http://10.222.0.36/volume/v3/75987291fe9b41dabb79c1d4735e07e9/messages returned with HTTP 200
Nov 09 21:17:09.412043 n-d-817303-2 devstack@c-api.service[109417]: [pid: 109417|app: 0|req: 220/461] 10.222.0.36 () {60 vars in 1256 bytes} [Tue Nov 9 21:17:09 2021] GET /volume/v3/75987291fe9b41dabb79c1d4735e07e9/messages => generated 736 bytes in 21 msecs (HTTP/1.1 200) 7 headers in 285 bytes (1 switches on core 0)
Nov 09 21:17:09.421548 n-d-817303-2 devstack@c-api.service[109418]: INFO cinder.api.openstack.wsgi [None req-af9338c0-b421-441a-965f-fbe078e73a4d tempest-UserMessagesTest-320314262 tempest-UserMessagesTest-320314262-project] GET http://10.222.0.36/volume/v3/75987291fe9b41dabb79c1d4735e07e9/messages/70bb6af2-8eea-4ed9-b8a0-15c2cd5ede31
Nov 09 21:17:09.422346 n-d-817303-2 devstack@c-api.service[109418]: DEBUG cinder.api.openstack.wsgi [None req-af9338c0-b421-441a-965f-fbe078e73a4d tempest-UserMessagesTest-320314262 tempest-UserMessagesTest-320314262-project] Empty body provided in request {{(pid=109418) get_body /opt/stack/cinder/cinder/api/openstack/wsgi.py:703}}
Nov 09 21:17:09.422517 n-d-817303-2 devstack@c-api.service[109418]: /usr/local/lib/python3.8/dist-packages/webob/acceptparse.py:1047: DeprecationWarning: The behavior of AcceptValidHeader.best_match is currently being maintained for backward compatibility, but it will be deprecated in the future, as it does not conform to the RFC.
Nov 09 21:17:09.422517 n-d-817303-2 devstack@c-api.service[109418]: warnings.warn(
Nov 09 21:17:09.423059 n-d-817303-2 devstack@c-api.service[109418]: DEBUG cinder.api.openstack.wsgi [None req-af9338c0-b421-441a-965f-fbe078e73a4d tempest-UserMessagesTest-320314262 tempest-UserMessagesTest-320314262-project] Calling method 'version_select' {{(pid=109418) _process_stack /opt/stack/cinder/cinder/api/openstack/wsgi.py:856}}
Nov 09 21:17:09.444480 n-d-817303-2 devstack@c-api.service[109418]: INFO cinder.api.openstack.wsgi [None req-af9338c0-b421-441a-965f-fbe078e73a4d tempest-UserMessagesTest-320314262 tempest-UserMessagesTest-320314262-project] http://10.222.0.36/volume/v3/75987291fe9b41dabb79c1d4735e07e9/messages/70bb6af2-8eea-4ed9-b8a0-15c2cd5ede31 returned with HTTP 200
Nov 09 21:17:09.445714 n-d-817303-2 devstack@c-api.service[109418]: [pid: 109418|app: 0|req: 242/462] 10.222.0.36 () {60 vars in 1367 bytes} [Tue Nov 9 21:17:09 2021] GET /volume/v3/75987291fe9b41dabb79c1d4735e07e9/messages/70bb6af2-8eea-4ed9-b8a0-15c2cd5ede31 => generated 733 bytes in 27 msecs (HTTP/1.1 200) 7 headers in 285 bytes (1 switches on core 0)
Nov 09 21:17:09.456256 n-d-817303-2 devstack@c-api.service[109417]: INFO cinder.api.openstack.wsgi [None req-92477f93-d8bc-437e-968e-e3025288ef03 tempest-UserMessagesTest-320314262 tempest-UserMessagesTest-320314262-project] GET http://10.222.0.36/volume/v3/75987291fe9b41dabb79c1d4735e07e9/messages
Nov 09 21:17:09.456963 n-d-817303-2 devstack@c-api.service[109417]: DEBUG cinder.api.openstack.wsgi [None req-92477f93-d8bc-437e-968e-e3025288ef03 tempest-UserMessagesTest-320314262 tempest-UserMessagesTest-320314262-project] Empty body provided in request {{(pid=109417) get_body /opt/stack/cinder/cinder/api/openstack/wsgi.py:703}}
Nov 09 21:17:09.457375 n-d-817303-2 devstack@c-api.service[109417]: DEBUG cinder.api.openstack.wsgi [None req-92477f93-d8bc-437e-968e-e3025288ef03 tempest-UserMessagesTest-320314262 tempest-UserMessagesTest-320314262-project] Calling method 'version_select' {{(pid=109417) _process_stack /opt/stack/cinder/cinder/api/openstack/wsgi.py:856}}
Nov 09 21:17:09.472774 n-d-817303-2 devstack@c-api.service[109417]: INFO cinder.api.openstack.wsgi [None req-92477f93-d8bc-437e-968e-e3025288ef03 tempest-UserMessagesTest-320314262 tempest-UserMessagesTest-320314262-project] http://10.222.0.36/volume/v3/75987291fe9b41dabb79c1d4735e07e9/messages returned with HTTP 200
Nov 09 21:17:09.474090 n-d-817303-2 devstack@c-api.service[109417]: [pid: 109417|app: 0|req: 221/463] 10.222.0.36 () {60 vars in 1256 bytes} [Tue Nov 9 21:17:09 2021] GET /volume/v3/75987291fe9b41dabb79c1d4735e07e9/messages => generated 736 bytes in 23 msecs (HTTP/1.1 200) 7 headers in 285 bytes (1 switches on core 0)
Nov 09 21:17:09.484004 n-d-817303-2 devstack@c-api.service[109418]: INFO cinder.api.openstack.wsgi [None req-a754a10f-b23b-4e60-bb92-2bbc08e4e2d7 tempest-UserMessagesTest-320314262 tempest-UserMessagesTest-320314262-project] DELETE http://10.222.0.36/volume/v3/75987291fe9b41dabb79c1d4735e07e9/messages/70bb6af2-8eea-4ed9-b8a0-15c2cd5ede31
Nov 09 21:17:09.485314 n-d-817303-2 devstack@c-api.service[109418]: DEBUG cinder.api.openstack.wsgi [None req-a754a10f-b23b-4e60-bb92-2bbc08e4e2d7 tempest-UserMessagesTest-320314262 tempest-UserMessagesTest-320314262-project] Empty body provided in request {{(pid=109418) get_body /opt/stack/cinder/cinder/api/openstack/wsgi.py:703}}
Nov 09 21:17:09.485906 n-d-817303-2 devstack@c-api.service[109418]: DEBUG cinder.api.openstack.wsgi [None req-a754a10f-b23b-4e60-bb92-2bbc08e4e2d7 tempest-UserMessagesTest-320314262 tempest-UserMessagesTest-320314262-project] Calling method 'version_select' {{(pid=109418) _process_stack /opt/stack/cinder/cinder/api/openstack/wsgi.py:856}}
Nov 09 21:17:09.522532 n-d-817303-2 devstack@c-api.service[109418]: INFO cinder.api.openstack.wsgi [None req-a754a10f-b23b-4e60-bb92-2bbc08e4e2d7 tempest-UserMessagesTest-320314262 tempest-UserMessagesTest-320314262-project] http://10.222.0.36/volume/v3/75987291fe9b41dabb79c1d4735e07e9/messages/70bb6af2-8eea-4ed9-b8a0-15c2cd5ede31 returned with HTTP 204
Nov 09 21:17:09.530717 n-d-817303-2 devstack@c-api.service[109418]: [pid: 109418|app: 0|req: 243/464] 10.222.0.36 () {60 vars in 1370 bytes} [Tue Nov 9 21:17:09 2021] DELETE /volume/v3/75987291fe9b41dabb79c1d4735e07e9/messages/70bb6af2-8eea-4ed9-b8a0-15c2cd5ede31 => generated 0 bytes in 47 msecs (HTTP/1.1 204) 6 headers in 235 bytes (1 switches on core 0)
Nov 09 21:17:09.535725 n-d-817303-2 devstack@c-api.service[109417]: INFO cinder.api.openstack.wsgi [None req-e29c19b7-ca6c-483f-9fa9-e8a960f819bb tempest-UserMessagesTest-320314262 tempest-UserMessagesTest-320314262-project] DELETE http://10.222.0.36/volume/v3/75987291fe9b41dabb79c1d4735e07e9/volumes/19a17849-6d5f-46ac-9e3f-5e6dd3ed2074
Nov 09 21:17:09.536208 n-d-817303-2 devstack@c-api.service[109417]: DEBUG cinder.api.openstack.wsgi [None req-e29c19b7-ca6c-483f-9fa9-e8a960f819bb tempest-UserMessagesTest-320314262 tempest-UserMessagesTest-320314262-project] Empty body provided in request {{(pid=109417) get_body /opt/stack/cinder/cinder/api/openstack/wsgi.py:703}}
Nov 09 21:17:09.536637 n-d-817303-2 devstack@c-api.service[109417]: DEBUG cinder.api.openstack.wsgi [None req-e29c19b7-ca6c-483f-9fa9-e8a960f819bb tempest-UserMessagesTest-320314262 tempest-UserMessagesTest-320314262-project] Calling method 'delete' {{(pid=109417) _process_stack /opt/stack/cinder/cinder/api/openstack/wsgi.py:856}}
Nov 09 21:17:09.537027 n-d-817303-2 devstack@c-api.service[109417]: INFO cinder.api.v3.volumes [None req-e29c19b7-ca6c-483f-9fa9-e8a960f819bb tempest-UserMessagesTest-320314262 tempest-UserMessagesTest-320314262-project] Delete volume with id: 19a17849-6d5f-46ac-9e3f-5e6dd3ed2074
Nov 09 21:17:09.553896 n-d-817303-2 devstack@c-api.service[109417]: /usr/local/lib/python3.8/dist-packages/oslo_context/context.py:105: DeprecationWarning: Policy enforcement is depending on the value of is_admin. This key is deprecated. Please update your policy file to use the standard policy values.
Nov 09 21:17:09.553896 n-d-817303-2 devstack@c-api.service[109417]: warnings.warn('Policy enforcement is depending on the value of '
Nov 09 21:17:09.554931 n-d-817303-2 devstack@c-api.service[109417]: INFO cinder.volume.api [None req-e29c19b7-ca6c-483f-9fa9-e8a960f819bb tempest-UserMessagesTest-320314262 tempest-UserMessagesTest-320314262-project] Volume info retrieved successfully.
Nov 09 21:17:09.564801 n-d-817303-2 devstack@c-api.service[109417]: DEBUG cinder.volume.api [None req-e29c19b7-ca6c-483f-9fa9-e8a960f819bb tempest-UserMessagesTest-320314262 tempest-UserMessagesTest-320314262-project] Decrease volume quotas for non temporary volume in non error_managing status. {{(pid=109417) delete /opt/stack/cinder/cinder/volume/api.py:406}}
Nov 09 21:17:09.674173 n-d-817303-2 devstack@c-api.service[109417]: DEBUG cinder.quota [None req-e29c19b7-ca6c-483f-9fa9-e8a960f819bb tempest-UserMessagesTest-320314262 tempest-UserMessagesTest-320314262-project] Created reservations ['064b3c1d-e25b-4d39-9398-1372ef5978f2', '72ea78c1-4b9f-423c-a824-a3e882fdbe39', '09eb3f5b-3c45-4fdc-b6d5-682ef5cf48f6', '287ceb0a-425a-4105-80bf-a496a5aaaaa4'] {{(pid=109417) reserve /opt/stack/cinder/cinder/quota.py:755}}
Nov 09 21:17:09.785699 n-d-817303-2 devstack@c-api.service[109417]: INFO cinder.volume.api [None req-e29c19b7-ca6c-483f-9fa9-e8a960f819bb tempest-UserMessagesTest-320314262 tempest-UserMessagesTest-320314262-project] Delete volume request issued successfully.
Nov 09 21:17:09.786552 n-d-817303-2 devstack@c-api.service[109417]: INFO cinder.api.openstack.wsgi [None req-e29c19b7-ca6c-483f-9fa9-e8a960f819bb tempest-UserMessagesTest-320314262 tempest-UserMessagesTest-320314262-project] http://10.222.0.36/volume/v3/75987291fe9b41dabb79c1d4735e07e9/volumes/19a17849-6d5f-46ac-9e3f-5e6dd3ed2074 returned with HTTP 202
Nov 09 21:17:09.800345 n-d-817303-2 devstack@c-api.service[109418]: INFO cinder.api.openstack.wsgi [None req-c034caf6-975b-463c-b987-e82c43966ab1 tempest-UserMessagesTest-320314262 tempest-UserMessagesTest-320314262-project] GET http://10.222.0.36/volume/v3/75987291fe9b41dabb79c1d4735e07e9/volumes/19a17849-6d5f-46ac-9e3f-5e6dd3ed2074
Nov 09 21:17:09.800996 n-d-817303-2 devstack@c-api.service[109418]: DEBUG cinder.api.openstack.wsgi [None req-c034caf6-975b-463c-b987-e82c43966ab1 tempest-UserMessagesTest-320314262 tempest-UserMessagesTest-320314262-project] Empty body provided in request {{(pid=109418) get_body /opt/stack/cinder/cinder/api/openstack/wsgi.py:703}}
Nov 09 21:17:09.801601 n-d-817303-2 devstack@c-api.service[109418]: DEBUG cinder.api.openstack.wsgi [None req-c034caf6-975b-463c-b987-e82c43966ab1 tempest-UserMessagesTest-320314262 tempest-UserMessagesTest-320314262-project] Calling method 'show' {{(pid=109418) _process_stack /opt/stack/cinder/cinder/api/openstack/wsgi.py:856}}
Nov 09 21:17:09.810779 n-d-817303-2 devstack@c-api.service[109417]: [pid: 109417|app: 0|req: 222/465] 10.222.0.36 () {58 vars in 1327 bytes} [Tue Nov 9 21:17:09 2021] DELETE /volume/v3/75987291fe9b41dabb79c1d4735e07e9/volumes/19a17849-6d5f-46ac-9e3f-5e6dd3ed2074 => generated 0 bytes in 279 msecs (HTTP/1.1 202) 6 headers in 233 bytes (1 switches on core 0)
Nov 09 21:17:09.817032 n-d-817303-2 devstack@c-api.service[109418]: INFO cinder.api.openstack.wsgi [None req-c034caf6-975b-463c-b987-e82c43966ab1 tempest-UserMessagesTest-320314262 tempest-UserMessagesTest-320314262-project] http://10.222.0.36/volume/v3/75987291fe9b41dabb79c1d4735e07e9/volumes/19a17849-6d5f-46ac-9e3f-5e6dd3ed2074 returned with HTTP 404
Nov 09 21:17:09.819221 n-d-817303-2 devstack@c-api.service[109418]: [pid: 109418|app: 0|req: 244/466] 10.222.0.36 () {58 vars in 1324 bytes} [Tue Nov 9 21:17:09 2021] GET /volume/v3/75987291fe9b41dabb79c1d4735e07e9/volumes/19a17849-6d5f-46ac-9e3f-5e6dd3ed2074 => generated 109 bytes in 24 msecs (HTTP/1.1 404) 7 headers in 292 bytes (1 switches on core 0)
Nov 09 21:17:09.827482 n-d-817303-2 devstack@c-api.service[109417]: INFO cinder.api.openstack.wsgi [None req-f351157b-d606-4c69-a582-79eb36c42ae0 tempest-UserMessagesTest-1797717130 tempest-UserMessagesTest-1797717130-project-admin] DELETE http://10.222.0.36/volume/v3/951448a9f5ae4e6494ec10e17e099eef/types/25ce13be-d8a8-43e2-a04f-0260200aab6f
Nov 09 21:17:09.827687 n-d-817303-2 devstack@c-api.service[109417]: DEBUG cinder.api.openstack.wsgi [None req-f351157b-d606-4c69-a582-79eb36c42ae0 tempest-UserMessagesTest-1797717130 tempest-UserMessagesTest-1797717130-project-admin] Empty body provided in request {{(pid=109417) get_body /opt/stack/cinder/cinder/api/openstack/wsgi.py:703}}
Nov 09 21:17:09.827854 n-d-817303-2 devstack@c-api.service[109417]: /usr/local/lib/python3.8/dist-packages/webob/acceptparse.py:1047: DeprecationWarning: The behavior of AcceptValidHeader.best_match is currently being maintained for backward compatibility, but it will be deprecated in the future, as it does not conform to the RFC.
Nov 09 21:17:09.827854 n-d-817303-2 devstack@c-api.service[109417]: warnings.warn(
Nov 09 21:17:09.828594 n-d-817303-2 devstack@c-api.service[109417]: DEBUG cinder.api.openstack.wsgi [None req-f351157b-d606-4c69-a582-79eb36c42ae0 tempest-UserMessagesTest-1797717130 tempest-UserMessagesTest-1797717130-project-admin] Calling method '_delete' {{(pid=109417) _process_stack /opt/stack/cinder/cinder/api/openstack/wsgi.py:856}}
Nov 09 21:17:09.981747 n-d-817303-2 devstack@c-api.service[109417]: INFO cinder.api.openstack.wsgi [None req-f351157b-d606-4c69-a582-79eb36c42ae0 tempest-UserMessagesTest-1797717130 tempest-UserMessagesTest-1797717130-project-admin] http://10.222.0.36/volume/v3/951448a9f5ae4e6494ec10e17e099eef/types/25ce13be-d8a8-43e2-a04f-0260200aab6f returned with HTTP 202
Nov 09 21:17:09.982904 n-d-817303-2 devstack@c-api.service[109417]: [pid: 109417|app: 0|req: 223/467] 10.222.0.36 () {58 vars in 1321 bytes} [Tue Nov 9 21:17:09 2021] DELETE /volume/v3/951448a9f5ae4e6494ec10e17e099eef/types/25ce13be-d8a8-43e2-a04f-0260200aab6f => generated 0 bytes in 160 msecs (HTTP/1.1 202) 6 headers in 233 bytes (1 switches on core 0)
Nov 09 21:17:09.996565 n-d-817303-2 devstack@c-api.service[109418]: INFO cinder.api.openstack.wsgi [None req-fc5e3985-5001-4387-85fd-7f48b7dda014 tempest-UserMessagesTest-1797717130 tempest-UserMessagesTest-1797717130-project-admin] GET http://10.222.0.36/volume/v3/951448a9f5ae4e6494ec10e17e099eef/types/25ce13be-d8a8-43e2-a04f-0260200aab6f
Nov 09 21:17:09.998455 n-d-817303-2 devstack@c-api.service[109418]: DEBUG cinder.api.openstack.wsgi [None req-fc5e3985-5001-4387-85fd-7f48b7dda014 tempest-UserMessagesTest-1797717130 tempest-UserMessagesTest-1797717130-project-admin] Empty body provided in request {{(pid=109418) get_body /opt/stack/cinder/cinder/api/openstack/wsgi.py:703}}
Nov 09 21:17:10.000846 n-d-817303-2 devstack@c-api.service[109418]: DEBUG cinder.api.openstack.wsgi [None req-fc5e3985-5001-4387-85fd-7f48b7dda014 tempest-UserMessagesTest-1797717130 tempest-UserMessagesTest-1797717130-project-admin] Calling method 'show' {{(pid=109418) _process_stack /opt/stack/cinder/cinder/api/openstack/wsgi.py:856}}
Nov 09 21:17:10.011048 n-d-817303-2 devstack@c-api.service[109418]: INFO cinder.api.openstack.wsgi [None req-fc5e3985-5001-4387-85fd-7f48b7dda014 tempest-UserMessagesTest-1797717130 tempest-UserMessagesTest-1797717130-project-admin] http://10.222.0.36/volume/v3/951448a9f5ae4e6494ec10e17e099eef/types/25ce13be-d8a8-43e2-a04f-0260200aab6f returned with HTTP 404
Nov 09 21:17:10.020219 n-d-817303-2 devstack@c-api.service[109418]: [pid: 109418|app: 0|req: 245/468] 10.222.0.36 () {58 vars in 1318 bytes} [Tue Nov 9 21:17:09 2021] GET /volume/v3/951448a9f5ae4e6494ec10e17e099eef/types/25ce13be-d8a8-43e2-a04f-0260200aab6f => generated 114 bytes in 33 msecs (HTTP/1.1 404) 7 headers in 292 bytes (1 switches on core 0)
Nov 09 21:17:10.021378 n-d-817303-2 devstack@c-api.service[109417]: INFO cinder.api.openstack.wsgi [None req-97ff3731-0ad8-4946-8514-6388afb1f3b6 tempest-UserMessagesTest-320314262 tempest-UserMessagesTest-320314262-project] DELETE http://10.222.0.36/volume/v3/75987291fe9b41dabb79c1d4735e07e9/volumes/a584dbf1-b208-4c07-aa00-b3ae4758fc27
Nov 09 21:17:10.021828 n-d-817303-2 devstack@c-api.service[109417]: DEBUG cinder.api.openstack.wsgi [None req-97ff3731-0ad8-4946-8514-6388afb1f3b6 tempest-UserMessagesTest-320314262 tempest-UserMessagesTest-320314262-project] Empty body provided in request {{(pid=109417) get_body /opt/stack/cinder/cinder/api/openstack/wsgi.py:703}}
Nov 09 21:17:10.022367 n-d-817303-2 devstack@c-api.service[109417]: DEBUG cinder.api.openstack.wsgi [None req-97ff3731-0ad8-4946-8514-6388afb1f3b6 tempest-UserMessagesTest-320314262 tempest-UserMessagesTest-320314262-project] Calling method 'delete' {{(pid=109417) _process_stack /opt/stack/cinder/cinder/api/openstack/wsgi.py:856}}
Nov 09 21:17:10.022768 n-d-817303-2 devstack@c-api.service[109417]: INFO cinder.api.v3.volumes [None req-97ff3731-0ad8-4946-8514-6388afb1f3b6 tempest-UserMessagesTest-320314262 tempest-UserMessagesTest-320314262-project] Delete volume with id: a584dbf1-b208-4c07-aa00-b3ae4758fc27
Nov 09 21:17:10.052240 n-d-817303-2 devstack@c-api.service[109417]: /usr/local/lib/python3.8/dist-packages/oslo_context/context.py:105: DeprecationWarning: Policy enforcement is depending on the value of is_admin. This key is deprecated. Please update your policy file to use the standard policy values.
Nov 09 21:17:10.052240 n-d-817303-2 devstack@c-api.service[109417]: warnings.warn('Policy enforcement is depending on the value of '
Nov 09 21:17:10.054029 n-d-817303-2 devstack@c-api.service[109417]: INFO cinder.volume.api [None req-97ff3731-0ad8-4946-8514-6388afb1f3b6 tempest-UserMessagesTest-320314262 tempest-UserMessagesTest-320314262-project] Volume info retrieved successfully.
Nov 09 21:17:10.057785 n-d-817303-2 devstack@c-api.service[109417]: DEBUG cinder.volume.api [None req-97ff3731-0ad8-4946-8514-6388afb1f3b6 tempest-UserMessagesTest-320314262 tempest-UserMessagesTest-320314262-project] Decrease volume quotas for non temporary volume in non error_managing status. {{(pid=109417) delete /opt/stack/cinder/cinder/volume/api.py:406}}
Nov 09 21:17:10.107698 n-d-817303-2 devstack@c-api.service[109417]: DEBUG cinder.quota [None req-97ff3731-0ad8-4946-8514-6388afb1f3b6 tempest-UserMessagesTest-320314262 tempest-UserMessagesTest-320314262-project] Created reservations ['a73d1d70-f341-442c-8109-26ec20877c76', 'ed2a5c6c-f5f0-4fb3-bec5-c20d63d429d7', 'ef427af8-0020-4d18-ab80-e01c4347024c', 'eed038a3-3201-49cc-947a-3b7c89446370'] {{(pid=109417) reserve /opt/stack/cinder/cinder/quota.py:755}}
Nov 09 21:17:10.174619 n-d-817303-2 devstack@c-api.service[109417]: INFO cinder.volume.api [None req-97ff3731-0ad8-4946-8514-6388afb1f3b6 tempest-UserMessagesTest-320314262 tempest-UserMessagesTest-320314262-project] Delete volume request issued successfully.
Nov 09 21:17:10.175095 n-d-817303-2 devstack@c-api.service[109417]: INFO cinder.api.openstack.wsgi [None req-97ff3731-0ad8-4946-8514-6388afb1f3b6 tempest-UserMessagesTest-320314262 tempest-UserMessagesTest-320314262-project] http://10.222.0.36/volume/v3/75987291fe9b41dabb79c1d4735e07e9/volumes/a584dbf1-b208-4c07-aa00-b3ae4758fc27 returned with HTTP 202
Nov 09 21:17:10.181649 n-d-817303-2 devstack@c-api.service[109417]: [pid: 109417|app: 0|req: 224/469] 10.222.0.36 () {58 vars in 1327 bytes} [Tue Nov 9 21:17:10 2021] DELETE /volume/v3/75987291fe9b41dabb79c1d4735e07e9/volumes/a584dbf1-b208-4c07-aa00-b3ae4758fc27 => generated 0 bytes in 164 msecs (HTTP/1.1 202) 6 headers in 233 bytes (1 switches on core 0)
Nov 09 21:17:10.184238 n-d-817303-2 devstack@c-api.service[109418]: INFO cinder.api.openstack.wsgi [None req-60582426-2f01-480b-b5c0-90a497cc1fd6 tempest-UserMessagesTest-320314262 tempest-UserMessagesTest-320314262-project] GET http://10.222.0.36/volume/v3/75987291fe9b41dabb79c1d4735e07e9/volumes/a584dbf1-b208-4c07-aa00-b3ae4758fc27
Nov 09 21:17:10.185053 n-d-817303-2 devstack@c-api.service[109418]: DEBUG cinder.api.openstack.wsgi [None req-60582426-2f01-480b-b5c0-90a497cc1fd6 tempest-UserMessagesTest-320314262 tempest-UserMessagesTest-320314262-project] Empty body provided in request {{(pid=109418) get_body /opt/stack/cinder/cinder/api/openstack/wsgi.py:703}}
Nov 09 21:17:10.185678 n-d-817303-2 devstack@c-api.service[109418]: DEBUG cinder.api.openstack.wsgi [None req-60582426-2f01-480b-b5c0-90a497cc1fd6 tempest-UserMessagesTest-320314262 tempest-UserMessagesTest-320314262-project] Calling method 'show' {{(pid=109418) _process_stack /opt/stack/cinder/cinder/api/openstack/wsgi.py:856}}
Nov 09 21:17:10.197724 n-d-817303-2 devstack@c-api.service[109418]: INFO cinder.api.openstack.wsgi [None req-60582426-2f01-480b-b5c0-90a497cc1fd6 tempest-UserMessagesTest-320314262 tempest-UserMessagesTest-320314262-project] http://10.222.0.36/volume/v3/75987291fe9b41dabb79c1d4735e07e9/volumes/a584dbf1-b208-4c07-aa00-b3ae4758fc27 returned with HTTP 404
Nov 09 21:17:10.199427 n-d-817303-2 devstack@c-api.service[109418]: [pid: 109418|app: 0|req: 246/470] 10.222.0.36 () {58 vars in 1324 bytes} [Tue Nov 9 21:17:10 2021] GET /volume/v3/75987291fe9b41dabb79c1d4735e07e9/volumes/a584dbf1-b208-4c07-aa00-b3ae4758fc27 => generated 109 bytes in 20 msecs (HTTP/1.1 404) 7 headers in 292 bytes (2 switches on core 0)
Nov 09 21:17:10.208066 n-d-817303-2 devstack@c-api.service[109417]: INFO cinder.api.openstack.wsgi [None req-1bd2b84b-076b-4165-8ac9-ef72df2c0470 tempest-UserMessagesTest-1797717130 tempest-UserMessagesTest-1797717130-project-admin] DELETE http://10.222.0.36/volume/v3/951448a9f5ae4e6494ec10e17e099eef/types/408de833-d8c3-442c-8833-7c63fc20fedf
Nov 09 21:17:10.208942 n-d-817303-2 devstack@c-api.service[109417]: DEBUG cinder.api.openstack.wsgi [None req-1bd2b84b-076b-4165-8ac9-ef72df2c0470 tempest-UserMessagesTest-1797717130 tempest-UserMessagesTest-1797717130-project-admin] Empty body provided in request {{(pid=109417) get_body /opt/stack/cinder/cinder/api/openstack/wsgi.py:703}}
Nov 09 21:17:10.209510 n-d-817303-2 devstack@c-api.service[109417]: /usr/local/lib/python3.8/dist-packages/webob/acceptparse.py:1047: DeprecationWarning: The behavior of AcceptValidHeader.best_match is currently being maintained for backward compatibility, but it will be deprecated in the future, as it does not conform to the RFC.
Nov 09 21:17:10.209510 n-d-817303-2 devstack@c-api.service[109417]: warnings.warn(
Nov 09 21:17:10.210291 n-d-817303-2 devstack@c-api.service[109417]: DEBUG cinder.api.openstack.wsgi [None req-1bd2b84b-076b-4165-8ac9-ef72df2c0470 tempest-UserMessagesTest-1797717130 tempest-UserMessagesTest-1797717130-project-admin] Calling method '_delete' {{(pid=109417) _process_stack /opt/stack/cinder/cinder/api/openstack/wsgi.py:856}}
Nov 09 21:17:10.261452 n-d-817303-2 devstack@c-api.service[109417]: INFO cinder.api.openstack.wsgi [None req-1bd2b84b-076b-4165-8ac9-ef72df2c0470 tempest-UserMessagesTest-1797717130 tempest-UserMessagesTest-1797717130-project-admin] http://10.222.0.36/volume/v3/951448a9f5ae4e6494ec10e17e099eef/types/408de833-d8c3-442c-8833-7c63fc20fedf returned with HTTP 202
Nov 09 21:17:10.262870 n-d-817303-2 devstack@c-api.service[109417]: [pid: 109417|app: 0|req: 225/471] 10.222.0.36 () {58 vars in 1321 bytes} [Tue Nov 9 21:17:10 2021] DELETE /volume/v3/951448a9f5ae4e6494ec10e17e099eef/types/408de833-d8c3-442c-8833-7c63fc20fedf => generated 0 bytes in 60 msecs (HTTP/1.1 202) 6 headers in 233 bytes (1 switches on core 0)
Nov 09 21:17:10.273105 n-d-817303-2 devstack@c-api.service[109418]: INFO cinder.api.openstack.wsgi [None req-673cb122-5f57-4697-a5ca-271eb50a608f tempest-UserMessagesTest-1797717130 tempest-UserMessagesTest-1797717130-project-admin] GET http://10.222.0.36/volume/v3/951448a9f5ae4e6494ec10e17e099eef/types/408de833-d8c3-442c-8833-7c63fc20fedf
Nov 09 21:17:10.287380 n-d-817303-2 devstack@c-api.service[109418]: DEBUG cinder.api.openstack.wsgi [None req-673cb122-5f57-4697-a5ca-271eb50a608f tempest-UserMessagesTest-1797717130 tempest-UserMessagesTest-1797717130-project-admin] Empty body provided in request {{(pid=109418) get_body /opt/stack/cinder/cinder/api/openstack/wsgi.py:703}}
Nov 09 21:17:10.288680 n-d-817303-2 devstack@c-api.service[109418]: DEBUG cinder.api.openstack.wsgi [None req-673cb122-5f57-4697-a5ca-271eb50a608f tempest-UserMessagesTest-1797717130 tempest-UserMessagesTest-1797717130-project-admin] Calling method 'show' {{(pid=109418) _process_stack /opt/stack/cinder/cinder/api/openstack/wsgi.py:856}}
Nov 09 21:17:10.302688 n-d-817303-2 devstack@c-api.service[109418]: INFO cinder.api.openstack.wsgi [None req-673cb122-5f57-4697-a5ca-271eb50a608f tempest-UserMessagesTest-1797717130 tempest-UserMessagesTest-1797717130-project-admin] http://10.222.0.36/volume/v3/951448a9f5ae4e6494ec10e17e099eef/types/408de833-d8c3-442c-8833-7c63fc20fedf returned with HTTP 404
Nov 09 21:17:10.306456 n-d-817303-2 devstack@c-api.service[109418]: [pid: 109418|app: 0|req: 247/472] 10.222.0.36 () {58 vars in 1318 bytes} [Tue Nov 9 21:17:10 2021] GET /volume/v3/951448a9f5ae4e6494ec10e17e099eef/types/408de833-d8c3-442c-8833-7c63fc20fedf => generated 114 bytes in 40 msecs (HTTP/1.1 404) 7 headers in 292 bytes (1 switches on core 0)
Nov 09 21:17:12.912232 n-d-817303-2 devstack@c-api.service[109417]: INFO cinder.api.openstack.wsgi [None req-d03f6f0c-6ec3-43cb-863f-8230706fe0a7 tempest-ServerRescueNegativeTestJSON-1206950618 tempest-ServerRescueNegativeTestJSON-1206950618-project] POST http://10.222.0.36/volume/v3/95f25e8ddd0542ffb54ecaf6e63acca8/volumes
Nov 09 21:17:12.913611 n-d-817303-2 devstack@c-api.service[109417]: DEBUG cinder.api.openstack.wsgi [None req-d03f6f0c-6ec3-43cb-863f-8230706fe0a7 tempest-ServerRescueNegativeTestJSON-1206950618 tempest-ServerRescueNegativeTestJSON-1206950618-project] Action: 'create', calling method: create, body: {"volume": {"size": 1, "display_name": "tempest-ServerRescueNegativeTestJSON-volume-1918838062"}} {{(pid=109417) _process_stack /opt/stack/cinder/cinder/api/openstack/wsgi.py:854}}
Nov 09 21:17:12.914807 n-d-817303-2 devstack@c-api.service[109417]: DEBUG cinder.api.v3.volumes [None req-d03f6f0c-6ec3-43cb-863f-8230706fe0a7 tempest-ServerRescueNegativeTestJSON-1206950618 tempest-ServerRescueNegativeTestJSON-1206950618-project] Create volume request body: {'volume': {'size': 1, 'display_name': 'tempest-ServerRescueNegativeTestJSON-volume-1918838062'}} {{(pid=109417) create /opt/stack/cinder/cinder/api/v3/volumes.py:298}}
Nov 09 21:17:12.915493 n-d-817303-2 devstack@c-api.service[109417]: INFO cinder.api.v3.volumes [None req-d03f6f0c-6ec3-43cb-863f-8230706fe0a7 tempest-ServerRescueNegativeTestJSON-1206950618 tempest-ServerRescueNegativeTestJSON-1206950618-project] Create volume of 1 GB
Nov 09 21:17:12.924731 n-d-817303-2 devstack@c-api.service[109417]: INFO cinder.volume.api [None req-d03f6f0c-6ec3-43cb-863f-8230706fe0a7 tempest-ServerRescueNegativeTestJSON-1206950618 tempest-ServerRescueNegativeTestJSON-1206950618-project] Availability Zones retrieved successfully.
Nov 09 21:17:12.941099 n-d-817303-2 devstack@c-api.service[109417]: DEBUG cinder.volume.api [None req-d03f6f0c-6ec3-43cb-863f-8230706fe0a7 tempest-ServerRescueNegativeTestJSON-1206950618 tempest-ServerRescueNegativeTestJSON-1206950618-project] Flow 'volume_create_api' (e8f66611-a0b5-4f4e-b79c-d43b31deda8b) transitioned into state 'RUNNING' from state 'PENDING' {{(pid=109417) _flow_receiver /usr/local/lib/python3.8/dist-packages/taskflow/listeners/logging.py:141}}
Nov 09 21:17:12.944437 n-d-817303-2 devstack@c-api.service[109417]: DEBUG cinder.volume.api [None req-d03f6f0c-6ec3-43cb-863f-8230706fe0a7 tempest-ServerRescueNegativeTestJSON-1206950618 tempest-ServerRescueNegativeTestJSON-1206950618-project] Task 'cinder.volume.flows.api.create_volume.ExtractVolumeRequestTask;volume:create' (d1c4b10f-e772-43bb-add8-b6d93cb637ab) transitioned into state 'RUNNING' from state 'PENDING' {{(pid=109417) _task_receiver /usr/local/lib/python3.8/dist-packages/taskflow/listeners/logging.py:190}}
Nov 09 21:17:12.947075 n-d-817303-2 devstack@c-api.service[109417]: DEBUG cinder.volume.flows.api.create_volume [None req-d03f6f0c-6ec3-43cb-863f-8230706fe0a7 tempest-ServerRescueNegativeTestJSON-1206950618 tempest-ServerRescueNegativeTestJSON-1206950618-project] Validating volume size '1' using validate_int {{(pid=109417) _extract_size /opt/stack/cinder/cinder/volume/flows/api/create_volume.py:225}}
Nov 09 21:17:12.988238 n-d-817303-2 devstack@c-api.service[109417]: DEBUG cinder.volume.api [None req-d03f6f0c-6ec3-43cb-863f-8230706fe0a7 tempest-ServerRescueNegativeTestJSON-1206950618 tempest-ServerRescueNegativeTestJSON-1206950618-project] Task 'cinder.volume.flows.api.create_volume.ExtractVolumeRequestTask;volume:create' (d1c4b10f-e772-43bb-add8-b6d93cb637ab) transitioned into state 'SUCCESS' from state 'RUNNING' with result '{'size': 1, 'snapshot_id': None, 'source_volid': None, 'volume_type': VolumeType(created_at=2021-11-09T20:55:40Z,deleted=False,deleted_at=None,description=None,extra_specs={volume_backend_name='lvmdriver-1'},id=92c6ddcf-be79-4603-8140-589dd89d4e78,is_public=True,name='lvmdriver-1',projects=[],qos_specs=,qos_specs_id=None,updated_at=None), 'volume_type_id': '92c6ddcf-be79-4603-8140-589dd89d4e78', 'encryption_key_id': None, 'qos_specs': None, 'consistencygroup_id': None, 'cgsnapshot_id': None, 'group_id': None, 'replication_status': 'disabled', 'refresh_az': False, 'backup_id': None, 'multiattach': False, 'availability_zones': ['nova']}' {{(pid=109417) _task_receiver /usr/local/lib/python3.8/dist-packages/taskflow/listeners/logging.py:178}}
Nov 09 21:17:12.991617 n-d-817303-2 devstack@c-api.service[109417]: DEBUG cinder.volume.api [None req-d03f6f0c-6ec3-43cb-863f-8230706fe0a7 tempest-ServerRescueNegativeTestJSON-1206950618 tempest-ServerRescueNegativeTestJSON-1206950618-project] Task 'cinder.volume.flows.api.create_volume.QuotaReserveTask;volume:create' (9f1ea43d-114e-4c15-a601-082878c0ec04) transitioned into state 'RUNNING' from state 'PENDING' {{(pid=109417) _task_receiver /usr/local/lib/python3.8/dist-packages/taskflow/listeners/logging.py:190}}
Nov 09 21:17:13.055646 n-d-817303-2 devstack@c-api.service[109417]: DEBUG cinder.quota [None req-d03f6f0c-6ec3-43cb-863f-8230706fe0a7 tempest-ServerRescueNegativeTestJSON-1206950618 tempest-ServerRescueNegativeTestJSON-1206950618-project] Created reservations ['c33e952f-dc2d-4864-9e08-8da4b8bd9e40', 'de35a6cd-2a94-43dd-8319-539cd965dbcd', 'cb2fde03-1c4b-4cd6-8daf-c23e66119f06', 'f042726b-2a79-44d0-b6bb-b88828c0fcd1'] {{(pid=109417) reserve /opt/stack/cinder/cinder/quota.py:755}}
Nov 09 21:17:13.058080 n-d-817303-2 devstack@c-api.service[109417]: DEBUG cinder.volume.api [None req-d03f6f0c-6ec3-43cb-863f-8230706fe0a7 tempest-ServerRescueNegativeTestJSON-1206950618 tempest-ServerRescueNegativeTestJSON-1206950618-project] Task 'cinder.volume.flows.api.create_volume.QuotaReserveTask;volume:create' (9f1ea43d-114e-4c15-a601-082878c0ec04) transitioned into state 'SUCCESS' from state 'RUNNING' with result '{'reservations': ['c33e952f-dc2d-4864-9e08-8da4b8bd9e40', 'de35a6cd-2a94-43dd-8319-539cd965dbcd', 'cb2fde03-1c4b-4cd6-8daf-c23e66119f06', 'f042726b-2a79-44d0-b6bb-b88828c0fcd1']}' {{(pid=109417) _task_receiver /usr/local/lib/python3.8/dist-packages/taskflow/listeners/logging.py:178}}
