Nov 10 16:46:14.732409 n-d-817278-1 neutron-server[114103]: INFO neutron.wsgi [req-568de794-fae3-431b-89cb-f7d7803516f7 req-316d48d8-09ef-4b19-9f42-33a0e96d02b5 tempest-MigrationsAdminTest-2103489662 tempest-MigrationsAdminTest-2103489662-project] 10.222.0.61 "GET /v2.0/security-groups?id=1e4a7a9d-ba85-4834-9a7c-dfcb4108c55a&fields=id&fields=name HTTP/1.1" status: 200 len: 286 time: 0.6756685
Nov 10 16:46:14.760660 n-d-817278-1 neutron-server[114103]: INFO neutron.wsgi [req-48d70da2-b9d7-4ddc-9c4c-138ff51daa9a req-64530bcc-3098-40f2-a199-58b27b1f2fad tempest-LiveMigrationTest-977279800 tempest-LiveMigrationTest-977279800-project] 10.222.0.61 "GET /v2.0/quotas/60c4ca2cad06460ea78de817c06d9d67 HTTP/1.1" status: 200 len: 375 time: 0.0473735
Nov 10 16:46:14.803864 n-d-817278-1 neutron-server[114103]: INFO neutron.wsgi [req-48d70da2-b9d7-4ddc-9c4c-138ff51daa9a req-ee7aff6d-c9e0-461f-a260-fbd69572ee49 tempest-LiveMigrationTest-977279800 tempest-LiveMigrationTest-977279800-project] 10.222.0.61 "GET /v2.0/ports?tenant_id=60c4ca2cad06460ea78de817c06d9d67&fields=id HTTP/1.1" status: 200 len: 210 time: 0.0415068
Nov 10 16:46:14.881045 n-d-817278-1 neutron-server[114104]: DEBUG neutron.notifiers.nova [-] Sending events: [{'server_uuid': 'f7b364eb-b309-4a3b-a77f-0155e1e4a84f', 'name': 'network-vif-plugged', 'status': 'completed', 'tag': '107afb03-d36c-440f-be8b-44af77b211d8'}] {{(pid=114104) send_events /opt/stack/neutron/neutron/notifiers/nova.py:262}}
Nov 10 16:46:14.884258 n-d-817278-1 neutron-server[114104]: DEBUG novaclient.v2.client [-] REQ: curl -g -i --cacert "/opt/stack/data/ca-bundle.pem" -X POST http://10.222.0.61/compute/v2.1/os-server-external-events -H "Accept: application/json" -H "Content-Type: application/json" -H "User-Agent: python-novaclient" -H "X-Auth-Token: {SHA256}02d259e5b0119df20409bc5219dc4c1edbe3134f3e2b6f5f0486a2df72029cf7" -H "X-OpenStack-Nova-API-Version: 2.1" -H "X-OpenStack-Request-ID: req-a1c34183-45ab-4b03-9904-20f741d61563" -d '{"events": [{"server_uuid": "f7b364eb-b309-4a3b-a77f-0155e1e4a84f", "name": "network-vif-plugged", "status": "completed", "tag": "107afb03-d36c-440f-be8b-44af77b211d8"}]}' {{(pid=114104) _http_log_request /usr/local/lib/python3.8/dist-packages/keystoneauth1/session.py:519}}
Nov 10 16:46:14.900115 n-d-817278-1 neutron-server[114103]: DEBUG neutron.pecan_wsgi.hooks.policy_enforcement [req-20c3e329-7c2b-4b08-88b5-1dc426226cb4 req-f51b9a31-f4e5-418e-8aed-70cdc2365be8 tempest-AggregatesAdminTestJSON-369460208 tempest-AggregatesAdminTestJSON-369460208-project] Attributes excluded by policy engine: ['standard_attr_id', 'binding:profile', 'binding:host_id', 'binding:vif_type', 'binding:vif_details'] {{(pid=114103) _exclude_attributes_by_policy /opt/stack/neutron/neutron/pecan_wsgi/hooks/policy_enforcement.py:255}}
Nov 10 16:46:14.901750 n-d-817278-1 neutron-server[114103]: INFO neutron.wsgi [req-20c3e329-7c2b-4b08-88b5-1dc426226cb4 req-f51b9a31-f4e5-418e-8aed-70cdc2365be8 tempest-AggregatesAdminTestJSON-369460208 tempest-AggregatesAdminTestJSON-369460208-project] 10.222.0.61 "GET /v2.0/ports?device_id=c5d2b2f7-5052-4d50-9212-374db9cf4be9 HTTP/1.1" status: 200 len: 972 time: 0.0684478
Nov 10 16:46:14.970288 n-d-817278-1 neutron-server[114105]: DEBUG neutron_lib.callbacks.manager [None req-9f5c59aa-0e8c-460e-971f-be51d981c084 None None] Publish callbacks [] for port, precommit_update {{(pid=114105) _notify_loop /usr/local/lib/python3.8/dist-packages/neutron_lib/callbacks/manager.py:175}}
Nov 10 16:46:14.978878 n-d-817278-1 neutron-server[114105]: DEBUG neutron_lib.callbacks.manager [None req-9f5c59aa-0e8c-460e-971f-be51d981c084 None None] Publish callbacks ['neutron.plugins.ml2.plugin.SecurityGroupServerNotifierRpcMixin._notify_sg_on_port_change-578770', 'neutron.plugins.ml2.ovo_rpc._ObjectChangeHandler.handle_event-143238', 'neutron.api.rpc.agentnotifiers.dhcp_rpc_agent_api.DhcpAgentNotifyAPI._native_event_send_dhcp_notification-3717287', 'neutron.db.l3_db.L3RpcNotifierMixin._notify_gateway_port_ip_changed-8769129835915', 'neutron.db.l3_dvrscheduler_db._notify_l3_agent_port_update-8769129406374', 'neutron.db.l3_hascheduler_db._notify_l3_agent_ha_port_update-8769129406392'] for port, after_update {{(pid=114105) _notify_loop /usr/local/lib/python3.8/dist-packages/neutron_lib/callbacks/manager.py:175}}
Nov 10 16:46:14.986508 n-d-817278-1 neutron-server[114103]: INFO neutron.wsgi [req-20c3e329-7c2b-4b08-88b5-1dc426226cb4 req-565f4273-66f6-43a8-a37b-6b1e92a447e4 tempest-AggregatesAdminTestJSON-369460208 tempest-AggregatesAdminTestJSON-369460208-project] 10.222.0.61 "GET /v2.0/security-groups?id=f06bd138-b412-4d18-ae32-9eb4673311f1&fields=id&fields=name HTTP/1.1" status: 200 len: 286 time: 0.0720506
Nov 10 16:46:15.076210 n-d-817278-1 neutron-server[114102]: DEBUG neutron_lib.callbacks.manager [None req-837bd8b0-f8a2-4fec-8a5b-76af1839ba39 admin admin] Publish callbacks ['neutron.plugins.ml2.plugin.SecurityGroupDbMixin._ensure_default_security_group_handler-655209'] for port, before_create {{(pid=114102) _notify_loop /usr/local/lib/python3.8/dist-packages/neutron_lib/callbacks/manager.py:175}}
Nov 10 16:46:15.089674 n-d-817278-1 neutron-server[114104]: DEBUG neutron.plugins.ml2.rpc [None req-9087acbf-4bfc-4fa6-b38f-2098c805c7bf None None] Device 5ac1b4e7-b94c-405e-9395-fbf7d1c0bac9 up at agent ovs-agent-n-d-817278-1 {{(pid=114104) update_device_up /opt/stack/neutron/neutron/plugins/ml2/rpc.py:296}}
Nov 10 16:46:15.093955 n-d-817278-1 neutron-server[114105]: DEBUG neutron.plugins.ml2.managers [None req-9f5c59aa-0e8c-460e-971f-be51d981c084 None None] Attempting to bind port 43f54c89-7918-4532-a91c-8ffa06da05c1 on host n-d-817278-1 for vnic_type normal with profile {{(pid=114105) bind_port /opt/stack/neutron/neutron/plugins/ml2/managers.py:795}}
Nov 10 16:46:15.094425 n-d-817278-1 neutron-server[114105]: DEBUG neutron.plugins.ml2.managers [None req-9f5c59aa-0e8c-460e-971f-be51d981c084 None None] Attempting to bind port 43f54c89-7918-4532-a91c-8ffa06da05c1 by drivers openvswitch,hyperv on host n-d-817278-1 at level 0 using segments [{'id': '6491ddc7-fc88-41c4-80e0-0d00ca3ce072', 'network_type': 'flat', 'physical_network': 'physnet1', 'segmentation_id': None, 'network_id': '7e986c61-6d14-422d-898f-7e818509e6f9'}] {{(pid=114105) _bind_port_level /opt/stack/neutron/neutron/plugins/ml2/managers.py:820}}
Nov 10 16:46:15.094793 n-d-817278-1 neutron-server[114105]: DEBUG neutron.plugins.ml2.drivers.mech_agent [None req-9f5c59aa-0e8c-460e-971f-be51d981c084 None None] Attempting to bind port 43f54c89-7918-4532-a91c-8ffa06da05c1 on network 7e986c61-6d14-422d-898f-7e818509e6f9 {{(pid=114105) bind_port /opt/stack/neutron/neutron/plugins/ml2/drivers/mech_agent.py:91}}
Nov 10 16:46:15.102017 n-d-817278-1 neutron-server[114105]: DEBUG neutron.api.rpc.handlers.resources_rpc [None req-635d0d82-9f60-4038-926c-7247c1b6dc2d None None] Pushing event updated for resources: {'Port': ['ID=43f54c89-7918-4532-a91c-8ffa06da05c1,revision_number=2']} {{(pid=114105) push /opt/stack/neutron/neutron/api/rpc/handlers/resources_rpc.py:237}}
Nov 10 16:46:15.111412 n-d-817278-1 neutron-server[114105]: DEBUG neutron.plugins.ml2.drivers.mech_agent [None req-9f5c59aa-0e8c-460e-971f-be51d981c084 None None] Checking agent: {'id': 'ce149fc5-9490-4ca3-b5ba-1b0f5cb394b8', 'agent_type': 'Open vSwitch agent', 'binary': 'neutron-openvswitch-agent', 'topic': 'N/A', 'host': 'n-d-817278-1', 'admin_state_up': True, 'created_at': datetime.datetime(2021, 11, 10, 16, 35, 54), 'started_at': datetime.datetime(2021, 11, 10, 16, 36, 24), 'heartbeat_timestamp': datetime.datetime(2021, 11, 10, 16, 45, 54), 'description': None, 'resources_synced': None, 'availability_zone': None, 'alive': True, 'configurations': {'arp_responder_enabled': False, 'baremetal_smartnic': False, 'bridge_mappings': {'physnet1': 'br-data'}, 'datapath_type': 'system', 'devices': 0, 'enable_distributed_routing': False, 'extensions': [], 'in_distributed_mode': False, 'integration_bridge': 'br-int', 'l2_population': False, 'log_agent_heartbeats': False, 'ovs_capabilities': {'datapath_types': ['netdev', 'system'], 'iface_types': ['erspan', 'geneve', 'gre', 'internal', 'ip6erspan', 'ip6gre', 'lisp', 'patch', 'stt', 'system', 'tap', 'vxlan']}, 'ovs_hybrid_plug': False, 'resource_provider_bandwidths': {}, 'resource_provider_hypervisors': {'br-data': 'n-d-817278-1'}, 'resource_provider_inventory_defaults': {'allocation_ratio': 1.0, 'min_unit': 1, 'step_size': 1, 'reserved': 0}, 'resource_provider_packet_processing_inventory_defaults': {'allocation_ratio': 1.0, 'min_unit': 1, 'step_size': 1, 'reserved': 0}, 'resource_provider_packet_processing_with_direction': {}, 'resource_provider_packet_processing_without_direction': {}, 'tunnel_types': [], 'tunneling_ip': None, 'vhostuser_socket_dir': '/var/run/openvswitch'}, 'resource_versions': {'AddressGroup': '1.2', 'ConntrackHelper': '1.0', 'Log': '1.0', 'Network': '1.1', 'Port': '1.7', 'PortForwarding': '1.2', 'QosPolicy': '1.10', 'SecurityGroup': '1.5', 'SecurityGroupRule': '1.2', 'SubPort': '1.0', 'Subnet': '1.1', 'Trunk': '1.1'}} {{(pid=114105) bind_port /opt/stack/neutron/neutron/plugins/ml2/drivers/mech_agent.py:110}}
Nov 10 16:46:15.111974 n-d-817278-1 neutron-server[114105]: DEBUG neutron.plugins.ml2.drivers.mech_agent [None req-9f5c59aa-0e8c-460e-971f-be51d981c084 None None] Checking segment: {'id': '6491ddc7-fc88-41c4-80e0-0d00ca3ce072', 'network_type': 'flat', 'physical_network': 'physnet1', 'segmentation_id': None, 'network_id': '7e986c61-6d14-422d-898f-7e818509e6f9'} for mappings: {'physnet1': 'br-data'} with network types: ['local', 'flat', 'vlan'] {{(pid=114105) check_segment_for_agent /opt/stack/neutron/neutron/plugins/ml2/drivers/mech_agent.py:371}}
Nov 10 16:46:15.112517 n-d-817278-1 neutron-server[114105]: DEBUG neutron_lib.callbacks.manager [None req-9f5c59aa-0e8c-460e-971f-be51d981c084 None None] Publish callbacks [] for ovs_bridge_name, before_read {{(pid=114105) _notify_loop /usr/local/lib/python3.8/dist-packages/neutron_lib/callbacks/manager.py:175}}
Nov 10 16:46:15.113075 n-d-817278-1 neutron-server[114105]: DEBUG neutron.plugins.ml2.drivers.mech_agent [None req-9f5c59aa-0e8c-460e-971f-be51d981c084 None None] Bound using segment: {'id': '6491ddc7-fc88-41c4-80e0-0d00ca3ce072', 'network_type': 'flat', 'physical_network': 'physnet1', 'segmentation_id': None, 'network_id': '7e986c61-6d14-422d-898f-7e818509e6f9'} {{(pid=114105) bind_port /opt/stack/neutron/neutron/plugins/ml2/drivers/mech_agent.py:120}}
Nov 10 16:46:15.113712 n-d-817278-1 neutron-server[114105]: DEBUG neutron.plugins.ml2.managers [None req-9f5c59aa-0e8c-460e-971f-be51d981c084 None None] Bound port: 43f54c89-7918-4532-a91c-8ffa06da05c1, host: n-d-817278-1, vif_type: ovs, vif_details: {"connectivity": "l2", "port_filter": true, "ovs_hybrid_plug": false, "datapath_type": "system", "bridge_name": "br-int"}, binding_levels: [{'bound_driver': 'openvswitch', 'bound_segment': {'id': '6491ddc7-fc88-41c4-80e0-0d00ca3ce072', 'network_type': 'flat', 'physical_network': 'physnet1', 'segmentation_id': None, 'network_id': '7e986c61-6d14-422d-898f-7e818509e6f9'}}] {{(pid=114105) _bind_port_level /opt/stack/neutron/neutron/plugins/ml2/managers.py:932}}
Nov 10 16:46:15.114307 n-d-817278-1 neutron-server[114105]: DEBUG neutron_lib.callbacks.manager [None req-9f5c59aa-0e8c-460e-971f-be51d981c084 None None] Publish callbacks ['neutron.plugins.ml2.plugin.SecurityGroupDbMixin._ensure_default_security_group_handler-655209'] for port, before_update {{(pid=114105) _notify_loop /usr/local/lib/python3.8/dist-packages/neutron_lib/callbacks/manager.py:175}}
Nov 10 16:46:15.197592 n-d-817278-1 neutron-server[114104]: DEBUG neutron.db.provisioning_blocks [None req-9087acbf-4bfc-4fa6-b38f-2098c805c7bf None None] Provisioning complete for port 5ac1b4e7-b94c-405e-9395-fbf7d1c0bac9 triggered by entity L2. {{(pid=114104) provisioning_complete /opt/stack/neutron/neutron/db/provisioning_blocks.py:139}}
Nov 10 16:46:15.198529 n-d-817278-1 neutron-server[114104]: DEBUG neutron_lib.callbacks.manager [None req-9087acbf-4bfc-4fa6-b38f-2098c805c7bf None None] Publish callbacks ['neutron.plugins.ml2.plugin.Ml2Plugin._port_provisioned-3653921'] for port, provisioning_complete {{(pid=114104) _notify_loop /usr/local/lib/python3.8/dist-packages/neutron_lib/callbacks/manager.py:175}}
Nov 10 16:46:15.208156 n-d-817278-1 neutron-server[114103]: DEBUG neutron.wsgi [req-48d70da2-b9d7-4ddc-9c4c-138ff51daa9a req-5ea25d3d-50c8-47f1-8e14-3aa6e31a4ad4 service neutron] http://10.222.0.61:9696/v2.0/extensions returned with HTTP 200 {{(pid=114103) __call__ /opt/stack/neutron/neutron/wsgi.py:729}}
Nov 10 16:46:15.209482 n-d-817278-1 neutron-server[114103]: INFO neutron.wsgi [req-48d70da2-b9d7-4ddc-9c4c-138ff51daa9a req-5ea25d3d-50c8-47f1-8e14-3aa6e31a4ad4 service neutron] 10.222.0.61 "GET /v2.0/extensions HTTP/1.1" status: 200 len: 14082 time: 0.1807592
Nov 10 16:46:15.225666 n-d-817278-1 neutron-server[114105]: DEBUG neutron.plugins.ml2.db [None req-9f5c59aa-0e8c-460e-971f-be51d981c084 None None] For port 43f54c89-7918-4532-a91c-8ffa06da05c1, host n-d-817278-1, cleared binding levels {{(pid=114105) clear_binding_levels /opt/stack/neutron/neutron/plugins/ml2/db.py:87}}
Nov 10 16:46:15.239841 n-d-817278-1 neutron-server[114105]: DEBUG neutron.plugins.ml2.db [None req-9f5c59aa-0e8c-460e-971f-be51d981c084 None None] For port 43f54c89-7918-4532-a91c-8ffa06da05c1, host n-d-817278-1, set binding levels [PortBindingLevel(driver='openvswitch',host='n-d-817278-1',level=0,port_id=43f54c89-7918-4532-a91c-8ffa06da05c1,segment=NetworkSegment(6491ddc7-fc88-41c4-80e0-0d00ca3ce072),segment_id=6491ddc7-fc88-41c4-80e0-0d00ca3ce072)] {{(pid=114105) set_binding_levels /opt/stack/neutron/neutron/plugins/ml2/db.py:59}}
Nov 10 16:46:15.243801 n-d-817278-1 neutron-server[114103]: DEBUG neutron.pecan_wsgi.hooks.policy_enforcement [req-86fce5a6-49f4-4f7f-b926-461857c00814 req-62e9cf77-2abe-4fb6-b1bb-d350d96a0442 tempest-DeleteServersAdminTestJSON-565301205 tempest-DeleteServersAdminTestJSON-565301205-project] Attributes excluded by policy engine: ['standard_attr_id', 'binding:profile', 'binding:host_id', 'binding:vif_type', 'binding:vif_details'] {{(pid=114103) _exclude_attributes_by_policy /opt/stack/neutron/neutron/pecan_wsgi/hooks/policy_enforcement.py:255}}
Nov 10 16:46:15.246011 n-d-817278-1 neutron-server[114103]: INFO neutron.wsgi [req-86fce5a6-49f4-4f7f-b926-461857c00814 req-62e9cf77-2abe-4fb6-b1bb-d350d96a0442 tempest-DeleteServersAdminTestJSON-565301205 tempest-DeleteServersAdminTestJSON-565301205-project] 10.222.0.61 "GET /v2.0/ports?device_id=f7b364eb-b309-4a3b-a77f-0155e1e4a84f HTTP/1.1" status: 200 len: 972 time: 0.1254706
Nov 10 16:46:15.249362 n-d-817278-1 neutron-server[114105]: DEBUG neutron_lib.callbacks.manager [None req-9f5c59aa-0e8c-460e-971f-be51d981c084 None None] Publish callbacks ['neutron.plugins.ml2.plugin.SecurityGroupServerNotifierRpcMixin._notify_sg_on_port_change-578770', 'neutron.plugins.ml2.ovo_rpc._ObjectChangeHandler.handle_event-143238', 'neutron.api.rpc.agentnotifiers.dhcp_rpc_agent_api.DhcpAgentNotifyAPI._native_event_send_dhcp_notification-3717287', 'neutron.db.l3_db.L3RpcNotifierMixin._notify_gateway_port_ip_changed-8769129835915', 'neutron.db.l3_dvrscheduler_db._notify_l3_agent_port_update-8769129406374', 'neutron.db.l3_hascheduler_db._notify_l3_agent_ha_port_update-8769129406392'] for port, after_update {{(pid=114105) _notify_loop /usr/local/lib/python3.8/dist-packages/neutron_lib/callbacks/manager.py:175}}
Nov 10 16:46:15.375412 n-d-817278-1 neutron-server[114103]: INFO neutron.wsgi [req-86fce5a6-49f4-4f7f-b926-461857c00814 req-2f3ada72-f4d1-4e71-823f-0efd30819c01 tempest-DeleteServersAdminTestJSON-565301205 tempest-DeleteServersAdminTestJSON-565301205-project] 10.222.0.61 "GET /v2.0/security-groups?id=31085283-7957-4b2a-a710-8a5a7cb7a4f0&fields=id&fields=name HTTP/1.1" status: 200 len: 286 time: 0.1175392
Nov 10 16:46:15.375793 n-d-817278-1 neutron-server[114105]: DEBUG neutron.api.rpc.handlers.resources_rpc [None req-635d0d82-9f60-4038-926c-7247c1b6dc2d None None] Pushing event updated for resources: {'Port': ['ID=43f54c89-7918-4532-a91c-8ffa06da05c1,revision_number=3']} {{(pid=114105) push /opt/stack/neutron/neutron/api/rpc/handlers/resources_rpc.py:237}}
Nov 10 16:46:15.394962 n-d-817278-1 neutron-server[114103]: INFO neutron.wsgi [req-48d70da2-b9d7-4ddc-9c4c-138ff51daa9a req-ba129603-75c6-4041-aa9e-f4ad2bb71c40 service neutron] 10.222.0.61 "GET /v2.0/networks/43fad9b6-38c9-4aa2-ba2f-3e62f0388a03?fields=segments HTTP/1.1" status: 200 len: 212 time: 0.1769376
Nov 10 16:46:15.445415 n-d-817278-1 neutron-server[114105]: DEBUG neutron.db.l3_dvrscheduler_db [None req-9f5c59aa-0e8c-460e-971f-be51d981c084 None None] Routers {'d40b8531-5a8e-4084-9b65-e84aab3d6eac'} bound to L3 agent in host n-d-817278-1 {{(pid=114105) _get_router_ids_for_agent /opt/stack/neutron/neutron/db/l3_dvrscheduler_db.py:420}}
Nov 10 16:46:15.446471 n-d-817278-1 neutron-server[114105]: DEBUG neutron.db.l3_hamode_db [None req-9f5c59aa-0e8c-460e-971f-be51d981c084 None None] neutron.services.l3_router.l3_router_plugin.L3RouterPlugin method get_ha_sync_data_for_host called with arguments (, 'n-d-817278-1', Agent(admin_state_up=True,agent_type='L3 agent',availability_zone='nova',binary='neutron-l3-agent',configurations={"agent_mode": "legacy", "ex_gw_ports": 1, "extensions": [], "floating_ips": 0, "handle_internal_only_routers": true, "interface_driver": "openvswitch", "interfaces": 1, "log_agent_heartbeats": false, "routers": 1},created_at=2021-11-10T16:35:51Z,description=,heartbeat_timestamp=2021-11-10T16:45:51Z,host='n-d-817278-1',id=b63f6418-462a-4f12-a87d-8c12766f78a0,load=0,resource_versions=,resources_synced=,started_at=2021-11-10T16:35:51Z,topic='l3_agent')) {'router_ids': ['d40b8531-5a8e-4084-9b65-e84aab3d6eac'], 'active': True} {{(pid=114105) wrapper /usr/local/lib/python3.8/dist-packages/oslo_log/helpers.py:65}}
Nov 10 16:46:15.482478 n-d-817278-1 neutron-server[114104]: DEBUG novaclient.v2.client [-] RESP: [200] Connection: close Content-Length: 183 Content-Type: application/json Date: Wed, 10 Nov 2021 16:46:14 GMT OpenStack-API-Version: compute 2.1 Server: Apache/2.4.41 (Ubuntu) Vary: OpenStack-API-Version,X-OpenStack-Nova-API-Version X-OpenStack-Nova-API-Version: 2.1 x-compute-request-id: req-cf1ba94f-a62a-4a5c-8dfe-7f5c2cd4bdb6 x-openstack-request-id: req-cf1ba94f-a62a-4a5c-8dfe-7f5c2cd4bdb6 {{(pid=114104) _http_log_response /usr/local/lib/python3.8/dist-packages/keystoneauth1/session.py:550}}
Nov 10 16:46:15.482893 n-d-817278-1 neutron-server[114104]: DEBUG novaclient.v2.client [-] RESP BODY: {"events": [{"server_uuid": "f7b364eb-b309-4a3b-a77f-0155e1e4a84f", "name": "network-vif-plugged", "status": "completed", "tag": "107afb03-d36c-440f-be8b-44af77b211d8", "code": 200}]} {{(pid=114104) _http_log_response /usr/local/lib/python3.8/dist-packages/keystoneauth1/session.py:582}}
Nov 10 16:46:15.483269 n-d-817278-1 neutron-server[114104]: DEBUG novaclient.v2.client [-] POST call to compute for http://10.222.0.61/compute/v2.1/os-server-external-events used request id req-cf1ba94f-a62a-4a5c-8dfe-7f5c2cd4bdb6 {{(pid=114104) request /usr/local/lib/python3.8/dist-packages/keystoneauth1/session.py:954}}
Nov 10 16:46:15.483891 n-d-817278-1 neutron-server[114104]: INFO neutron.notifiers.nova [-] Nova event response: {'server_uuid': 'f7b364eb-b309-4a3b-a77f-0155e1e4a84f', 'name': 'network-vif-plugged', 'status': 'completed', 'tag': '107afb03-d36c-440f-be8b-44af77b211d8', 'code': 200}
Nov 10 16:46:15.548450 n-d-817278-1 neutron-server[114103]: INFO neutron.wsgi [req-48d70da2-b9d7-4ddc-9c4c-138ff51daa9a req-eea9e2d1-8b8d-4365-9eae-787e90fc3c5f service neutron] 10.222.0.61 "GET /v2.0/networks/43fad9b6-38c9-4aa2-ba2f-3e62f0388a03?fields=provider%3Aphysical_network&fields=provider%3Anetwork_type HTTP/1.1" status: 200 len: 281 time: 0.1523631
Nov 10 16:46:15.576633 n-d-817278-1 neutron-server[114105]: DEBUG neutron.db.l3_dvr_db [None req-9f5c59aa-0e8c-460e-971f-be51d981c084 None None] Set router d40b8531-5a8e-4084-9b65-e84aab3d6eac gateway port host: n-d-817278-1 {{(pid=114105) _build_routers_list /opt/stack/neutron/neutron/db/l3_dvr_db.py:906}}
Nov 10 16:46:15.606000 n-d-817278-1 neutron-server[114102]: DEBUG neutron.db.db_base_plugin_common [None req-837bd8b0-f8a2-4fec-8a5b-76af1839ba39 admin admin] Allocated IP 172.20.0.1 (76c56fcd-8673-469e-b9f9-bc2fbe654a7f/43182624-5ce2-4b1e-9609-db7f5642c34a/1359c5fe-dedb-45c5-a59c-a812d111c7fd) {{(pid=114102) _store_ip_allocation /opt/stack/neutron/neutron/db/db_base_plugin_common.py:131}}
Nov 10 16:46:15.630155 n-d-817278-1 neutron-server[114102]: DEBUG neutron.pecan_wsgi.hooks.policy_enforcement [req-37b70494-6095-4cd8-849f-f69c63b933bb req-e148a794-7b44-45a0-b19b-c4da4a909d91 service neutron] Attributes excluded by policy engine: ['standard_attr_id'] {{(pid=114102) _exclude_attributes_by_policy /opt/stack/neutron/neutron/pecan_wsgi/hooks/policy_enforcement.py:255}}
Nov 10 16:46:15.631640 n-d-817278-1 neutron-server[114102]: INFO neutron.wsgi [req-37b70494-6095-4cd8-849f-f69c63b933bb req-e148a794-7b44-45a0-b19b-c4da4a909d91 service neutron] 10.222.0.48 "GET /v2.0/ports?device_id=f7b364eb-b309-4a3b-a77f-0155e1e4a84f HTTP/1.1" status: 200 len: 1123 time: 0.0706973
Nov 10 16:46:15.780072 n-d-817278-1 neutron-server[114102]: INFO neutron.wsgi [req-37b70494-6095-4cd8-849f-f69c63b933bb req-04f5502e-28d5-4dbc-bfbe-ab1254222153 service neutron] 10.222.0.48 "GET /v2.0/security-groups?id=31085283-7957-4b2a-a710-8a5a7cb7a4f0&fields=id&fields=name HTTP/1.1" status: 200 len: 286 time: 0.1363320
Nov 10 16:46:15.786389 n-d-817278-1 neutron-server[114103]: INFO neutron.wsgi [req-7de9c092-328f-47d1-9c34-4488ed53ecab req-70079403-4f7c-4bee-be8e-9f98545d2111 tempest-LiveMigrationTest-977279800 tempest-LiveMigrationTest-977279800-project] 10.222.0.61 "GET /v2.0/ports?device_id=3f85197a-f131-4bcf-9583-fcd46ae8c47a HTTP/1.1" status: 200 len: 210 time: 0.0534134
Nov 10 16:46:15.839617 n-d-817278-1 neutron-server[114105]: DEBUG neutron.db.l3_hamode_db [None req-9f5c59aa-0e8c-460e-971f-be51d981c084 None None] neutron.services.l3_router.l3_router_plugin.L3RouterPlugin method _process_sync_ha_data called with arguments (, [{'id': 'd40b8531-5a8e-4084-9b65-e84aab3d6eac', 'name': 'tempest-ServersWithSpecificFlavorTestJSON-372611921-router', 'tenant_id': '57c742a27f634b6b8885672e8330dc17', 'admin_state_up': True, 'status': 'ACTIVE', 'external_gateway_info': {'network_id': '7e986c61-6d14-422d-898f-7e818509e6f9', 'external_fixed_ips': [{'subnet_id': '65387835-9cb1-4e0d-80f7-5ef2e9bea9de', 'ip_address': '172.25.1.27'}], 'enable_snat': True}, 'gw_port_id': '43f54c89-7918-4532-a91c-8ffa06da05c1', 'description': '', 'availability_zones': ['nova'], 'distributed': False, 'ha': False, 'ha_vr_id': 0, 'availability_zone_hints': [], 'routes': [], 'flavor_id': None, 'tags': [], 'created_at': '2021-11-10T16:46:08Z', 'updated_at': '2021-11-10T16:46:11Z', 'revision_number': 3, 'project_id': '57c742a27f634b6b8885672e8330dc17', 'gw_port': {'id': '43f54c89-7918-4532-a91c-8ffa06da05c1', 'name': '', 'network_id': '7e986c61-6d14-422d-898f-7e818509e6f9', 'tenant_id': '', 'mac_address': 'fa:16:3e:ae:dc:84', 'admin_state_up': True, 'status': 'DOWN', 'device_id': 'd40b8531-5a8e-4084-9b65-e84aab3d6eac', 'device_owner': 'network:router_gateway', 'standard_attr_id': 159, 'fixed_ips': [{'subnet_id': '65387835-9cb1-4e0d-80f7-5ef2e9bea9de', 'ip_address': '172.25.1.27', 'prefixlen': 24}], 'allowed_address_pairs': [], 'extra_dhcp_opts': [], 'security_groups': [], 'description': '', 'binding:vnic_type': 'normal', 'binding:profile': {}, 'binding:host_id': 'n-d-817278-1', 'binding:vif_type': 'ovs', 'binding:vif_details': {'connectivity': 'l2', 'port_filter': True, 'ovs_hybrid_plug': False, 'datapath_type': 'system', 'bridge_name': 'br-int'}, 'port_security_enabled': False, 'tags': [], 'created_at': '2021-11-10T16:46:10Z', 'updated_at': '2021-11-10T16:46:15Z', 'revision_number': 3, 'project_id': '', 'subnets': [{'id': '65387835-9cb1-4e0d-80f7-5ef2e9bea9de', 'cidr': '172.25.1.0/24', 'gateway_ip': '172.25.1.1', 'dns_nameservers': [], 'ipv6_ra_mode': None, 'subnetpool_id': None}], 'extra_subnets': [], 'address_scopes': {4: None, 6: None}, 'mtu': 1500}, 'enable_snat': True, 'gw_port_host': 'n-d-817278-1'}], 'n-d-817278-1', False) {} {{(pid=114105) wrapper /usr/local/lib/python3.8/dist-packages/oslo_log/helpers.py:65}}
Nov 10 16:46:15.852675 n-d-817278-1 neutron-server[114102]: DEBUG neutron_lib.callbacks.manager [None req-837bd8b0-f8a2-4fec-8a5b-76af1839ba39 admin admin] Publish callbacks [] for port, precommit_create {{(pid=114102) _notify_loop /usr/local/lib/python3.8/dist-packages/neutron_lib/callbacks/manager.py:175}}
Nov 10 16:46:15.877290 n-d-817278-1 neutron-server[114105]: DEBUG neutron.api.rpc.handlers.l3_rpc [None req-9f5c59aa-0e8c-460e-971f-be51d981c084 None None] The sync data for ids ['d40b8531-5a8e-4084-9b65-e84aab3d6eac'] in n-d-817278-1 is: [{'id': 'd40b8531-5a8e-4084-9b65-e84aab3d6eac', 'name': 'tempest-ServersWithSpecificFlavorTestJSON-372611921-router', 'tenant_id': '57c742a27f634b6b8885672e8330dc17', 'admin_state_up': True, 'status': 'ACTIVE', 'external_gateway_info': {'network_id': '7e986c61-6d14-422d-898f-7e818509e6f9', 'external_fixed_ips': [{'subnet_id': '65387835-9cb1-4e0d-80f7-5ef2e9bea9de', 'ip_address': '172.25.1.27'}], 'enable_snat': True}, 'gw_port_id': '43f54c89-7918-4532-a91c-8ffa06da05c1', 'description': '', 'availability_zones': ['nova'], 'distributed': False, 'ha': False, 'ha_vr_id': 0, 'availability_zone_hints': [], 'routes': [], 'flavor_id': None, 'tags': [], 'created_at': '2021-11-10T16:46:08Z', 'updated_at': '2021-11-10T16:46:11Z', 'revision_number': 3, 'project_id': '57c742a27f634b6b8885672e8330dc17', 'gw_port': {'id': '43f54c89-7918-4532-a91c-8ffa06da05c1', 'name': '', 'network_id': '7e986c61-6d14-422d-898f-7e818509e6f9', 'tenant_id': '', 'mac_address': 'fa:16:3e:ae:dc:84', 'admin_state_up': True, 'status': 'DOWN', 'device_id': 'd40b8531-5a8e-4084-9b65-e84aab3d6eac', 'device_owner': 'network:router_gateway', 'standard_attr_id': 159, 'fixed_ips': [{'subnet_id': '65387835-9cb1-4e0d-80f7-5ef2e9bea9de', 'ip_address': '172.25.1.27', 'prefixlen': 24}], 'allowed_address_pairs': [], 'extra_dhcp_opts': [], 'security_groups': [], 'description': '', 'binding:vnic_type': 'normal', 'binding:profile': {}, 'binding:host_id': 'n-d-817278-1', 'binding:vif_type': 'ovs', 'binding:vif_details': {'connectivity': 'l2', 'port_filter': True, 'ovs_hybrid_plug': False, 'datapath_type': 'system', 'bridge_name': 'br-int'}, 'port_security_enabled': False, 'tags': [], 'created_at': '2021-11-10T16:46:10Z', 'updated_at': '2021-11-10T16:46:15Z', 'revision_number': 3, 'project_id': '', 'subnets': [{'id': '65387835-9cb1-4e0d-80f7-5ef2e9bea9de', 'cidr': '172.25.1.0/24', 'gateway_ip': '172.25.1.1', 'dns_nameservers': [], 'ipv6_ra_mode': None, 'subnetpool_id': None}], 'extra_subnets': [], 'address_scopes': {4: None, 6: None}, 'mtu': 1500}, 'enable_snat': True, 'gw_port_host': 'n-d-817278-1'}] {{(pid=114105) sync_routers /opt/stack/neutron/neutron/api/rpc/handlers/l3_rpc.py:137}}
Nov 10 16:46:15.901719 n-d-817278-1 neutron-server[114102]: DEBUG neutron_lib.callbacks.manager [None req-837bd8b0-f8a2-4fec-8a5b-76af1839ba39 admin admin] Publish callbacks ['neutron.plugins.ml2.plugin.SecurityGroupServerNotifierRpcMixin._notify_sg_on_port_change-578770', 'neutron.plugins.ml2.ovo_rpc._ObjectChangeHandler.handle_event-143238', 'neutron.api.rpc.agentnotifiers.dhcp_rpc_agent_api.DhcpAgentNotifyAPI._native_event_send_dhcp_notification-3717287', 'neutron.db.l3_dvrscheduler_db._notify_l3_agent_new_port-8769129406356'] for port, after_create {{(pid=114102) _notify_loop /usr/local/lib/python3.8/dist-packages/neutron_lib/callbacks/manager.py:175}}
Nov 10 16:46:15.915652 n-d-817278-1 neutron-server[114103]: DEBUG neutron.pecan_wsgi.hooks.policy_enforcement [req-7f70ba15-8828-4008-86d3-c21ea29d4727 req-6b6e6e10-a316-469b-b21c-7b3a23c84d23 tempest-MigrationsAdminTest-2103489662 tempest-MigrationsAdminTest-2103489662-project] Attributes excluded by policy engine: ['standard_attr_id', 'binding:profile', 'binding:host_id', 'binding:vif_type', 'binding:vif_details'] {{(pid=114103) _exclude_attributes_by_policy /opt/stack/neutron/neutron/pecan_wsgi/hooks/policy_enforcement.py:255}}
Nov 10 16:46:15.917996 n-d-817278-1 neutron-server[114103]: INFO neutron.wsgi [req-7f70ba15-8828-4008-86d3-c21ea29d4727 req-6b6e6e10-a316-469b-b21c-7b3a23c84d23 tempest-MigrationsAdminTest-2103489662 tempest-MigrationsAdminTest-2103489662-project] 10.222.0.61 "GET /v2.0/ports?device_id=929876c9-1415-4e8f-b78c-0ad559c7846a HTTP/1.1" status: 200 len: 948 time: 0.0869522
Nov 10 16:46:15.976077 n-d-817278-1 neutron-server[114102]: DEBUG neutron.scheduler.dhcp_agent_scheduler [None req-837bd8b0-f8a2-4fec-8a5b-76af1839ba39 admin admin] Network 76c56fcd-8673-469e-b9f9-bc2fbe654a7f is already hosted by enough agents. {{(pid=114102) _get_dhcp_agents_hosting_network /opt/stack/neutron/neutron/scheduler/dhcp_agent_scheduler.py:275}}
Nov 10 16:46:15.980128 n-d-817278-1 neutron-server[114102]: DEBUG neutron.scheduler.base_scheduler [None req-837bd8b0-f8a2-4fec-8a5b-76af1839ba39 admin admin] Resources bound (agent type, host, resource id): {{(pid=114102) schedule /opt/stack/neutron/neutron/scheduler/base_scheduler.py:57}}
Nov 10 16:46:15.982914 n-d-817278-1 neutron-server[114102]: DEBUG neutron.api.rpc.handlers.resources_rpc [None req-837bd8b0-f8a2-4fec-8a5b-76af1839ba39 admin admin] Pushing event updated for resources: {'Port': ['ID=1359c5fe-dedb-45c5-a59c-a812d111c7fd,revision_number=1']} {{(pid=114102) push /opt/stack/neutron/neutron/api/rpc/handlers/resources_rpc.py:237}}
Nov 10 16:46:16.010061 n-d-817278-1 neutron-server[114102]: DEBUG neutron.db.l3_dvrscheduler_db [None req-837bd8b0-f8a2-4fec-8a5b-76af1839ba39 admin admin] Received port after_create {{(pid=114102) _notify_l3_agent_new_port /opt/stack/neutron/neutron/db/l3_dvrscheduler_db.py:535}}
Nov 10 16:46:16.010565 n-d-817278-1 neutron-server[114102]: DEBUG neutron_lib.callbacks.manager [None req-837bd8b0-f8a2-4fec-8a5b-76af1839ba39 admin admin] Publish callbacks ['neutron.services.l3_router.l3_router_plugin.DVRResourceOperationHandler._add_csnat_on_interface_create-400495'] for router_interface, before_create {{(pid=114102) _notify_loop /usr/local/lib/python3.8/dist-packages/neutron_lib/callbacks/manager.py:175}}
Nov 10 16:46:16.045372 n-d-817278-1 neutron-server[114103]: INFO neutron.wsgi [req-7f70ba15-8828-4008-86d3-c21ea29d4727 req-c0803b17-35ff-4d8f-949b-091ce2a2965b tempest-MigrationsAdminTest-2103489662 tempest-MigrationsAdminTest-2103489662-project] 10.222.0.61 "GET /v2.0/security-groups?id=1e4a7a9d-ba85-4834-9a7c-dfcb4108c55a&fields=id&fields=name HTTP/1.1" status: 200 len: 286 time: 0.1211445
Nov 10 16:46:16.188965 n-d-817278-1 neutron-server[114103]: DEBUG neutron.pecan_wsgi.hooks.policy_enforcement [req-e2205eb2-838f-445c-bbc6-df8493d31468 req-0ec97972-2fd6-45cf-8192-61d6fde8cd15 tempest-AggregatesAdminTestJSON-369460208 tempest-AggregatesAdminTestJSON-369460208-project] Attributes excluded by policy engine: ['standard_attr_id', 'binding:profile', 'binding:host_id', 'binding:vif_type', 'binding:vif_details'] {{(pid=114103) _exclude_attributes_by_policy /opt/stack/neutron/neutron/pecan_wsgi/hooks/policy_enforcement.py:255}}
Nov 10 16:46:16.201088 n-d-817278-1 neutron-server[114103]: INFO neutron.wsgi [req-e2205eb2-838f-445c-bbc6-df8493d31468 req-0ec97972-2fd6-45cf-8192-61d6fde8cd15 tempest-AggregatesAdminTestJSON-369460208 tempest-AggregatesAdminTestJSON-369460208-project] 10.222.0.61 "GET /v2.0/ports?device_id=c5d2b2f7-5052-4d50-9212-374db9cf4be9 HTTP/1.1" status: 200 len: 972 time: 0.0957930
Nov 10 16:46:16.277227 n-d-817278-1 neutron-server[114103]: INFO neutron.wsgi [req-e2205eb2-838f-445c-bbc6-df8493d31468 req-f2984d50-1b20-4906-b40f-e39a4dad3900 tempest-AggregatesAdminTestJSON-369460208 tempest-AggregatesAdminTestJSON-369460208-project] 10.222.0.61 "GET /v2.0/security-groups?id=f06bd138-b412-4d18-ae32-9eb4673311f1&fields=id&fields=name HTTP/1.1" status: 200 len: 286 time: 0.0699003
Nov 10 16:46:16.380839 n-d-817278-1 neutron-server[114102]: DEBUG neutron_lib.callbacks.manager [None req-837bd8b0-f8a2-4fec-8a5b-76af1839ba39 admin admin] Publish callbacks ['neutron.plugins.ml2.plugin.SecurityGroupDbMixin._ensure_default_security_group_handler-655209'] for port, before_update {{(pid=114102) _notify_loop /usr/local/lib/python3.8/dist-packages/neutron_lib/callbacks/manager.py:175}}
Nov 10 16:46:16.494262 n-d-817278-1 neutron-server[114104]: DEBUG neutron.db.provisioning_blocks [None req-913bc6b0-63cb-4329-bb6e-fc100fb0a7d7 None None] Provisioning complete for port 1359c5fe-dedb-45c5-a59c-a812d111c7fd triggered by entity DHCP. {{(pid=114104) provisioning_complete /opt/stack/neutron/neutron/db/provisioning_blocks.py:139}}
Nov 10 16:46:16.494832 n-d-817278-1 neutron-server[114104]: DEBUG neutron_lib.callbacks.manager [None req-913bc6b0-63cb-4329-bb6e-fc100fb0a7d7 None None] Publish callbacks ['neutron.plugins.ml2.plugin.Ml2Plugin._port_provisioned-3653921'] for port, provisioning_complete {{(pid=114104) _notify_loop /usr/local/lib/python3.8/dist-packages/neutron_lib/callbacks/manager.py:175}}
Nov 10 16:46:16.530461 n-d-817278-1 neutron-server[114103]: DEBUG neutron.pecan_wsgi.hooks.policy_enforcement [req-7bb00176-5f41-4bb3-8f21-89429dd434ae req-992fbc0c-c270-4f76-b09b-8dc8d6397314 tempest-AggregatesAdminTestJSON-1545483936 tempest-AggregatesAdminTestJSON-1545483936-project-admin] Attributes excluded by policy engine: ['standard_attr_id'] {{(pid=114103) _exclude_attributes_by_policy /opt/stack/neutron/neutron/pecan_wsgi/hooks/policy_enforcement.py:255}}
Nov 10 16:46:16.532378 n-d-817278-1 neutron-server[114103]: INFO neutron.wsgi [req-7bb00176-5f41-4bb3-8f21-89429dd434ae req-992fbc0c-c270-4f76-b09b-8dc8d6397314 tempest-AggregatesAdminTestJSON-1545483936 tempest-AggregatesAdminTestJSON-1545483936-project-admin] 10.222.0.61 "GET /v2.0/ports?device_id=c5d2b2f7-5052-4d50-9212-374db9cf4be9 HTTP/1.1" status: 200 len: 1123 time: 0.1037276
Nov 10 16:46:16.571442 n-d-817278-1 neutron-server[114103]: DEBUG neutron_lib.callbacks.manager [req-7bb00176-5f41-4bb3-8f21-89429dd434ae req-f53fd3d6-a4f5-4e3a-abd3-12244dd638ff tempest-AggregatesAdminTestJSON-1545483936 tempest-AggregatesAdminTestJSON-1545483936-project-admin] Publish callbacks [] for security_group, before_create {{(pid=114103) _notify_loop /usr/local/lib/python3.8/dist-packages/neutron_lib/callbacks/manager.py:175}}
Nov 10 16:46:16.574824 n-d-817278-1 neutron-server[114104]: DEBUG neutron.plugins.ml2.plugin [None req-913bc6b0-63cb-4329-bb6e-fc100fb0a7d7 None None] Port 1359c5fe-dedb-45c5-a59c-a812d111c7fd cannot update to ACTIVE because it is not bound. {{(pid=114104) _port_provisioned /opt/stack/neutron/neutron/plugins/ml2/plugin.py:342}}
Nov 10 16:46:16.619204 n-d-817278-1 neutron-server[114102]: DEBUG neutron_lib.callbacks.manager [None req-837bd8b0-f8a2-4fec-8a5b-76af1839ba39 admin admin] Publish callbacks [] for port, precommit_update {{(pid=114102) _notify_loop /usr/local/lib/python3.8/dist-packages/neutron_lib/callbacks/manager.py:175}}
Nov 10 16:46:16.635775 n-d-817278-1 neutron-server[114102]: DEBUG neutron_lib.callbacks.manager [None req-837bd8b0-f8a2-4fec-8a5b-76af1839ba39 admin admin] Publish callbacks ['neutron.plugins.ml2.plugin.SecurityGroupServerNotifierRpcMixin._notify_sg_on_port_change-578770', 'neutron.plugins.ml2.ovo_rpc._ObjectChangeHandler.handle_event-143238', 'neutron.api.rpc.agentnotifiers.dhcp_rpc_agent_api.DhcpAgentNotifyAPI._native_event_send_dhcp_notification-3717287', 'neutron.db.l3_db.L3RpcNotifierMixin._notify_gateway_port_ip_changed-8769129835915', 'neutron.db.l3_dvrscheduler_db._notify_l3_agent_port_update-8769129406374', 'neutron.db.l3_hascheduler_db._notify_l3_agent_ha_port_update-8769129406392'] for port, after_update {{(pid=114102) _notify_loop /usr/local/lib/python3.8/dist-packages/neutron_lib/callbacks/manager.py:175}}
Nov 10 16:46:16.639097 n-d-817278-1 neutron-server[114102]: DEBUG neutron_lib.callbacks.manager [None req-837bd8b0-f8a2-4fec-8a5b-76af1839ba39 admin admin] Publish callbacks ['neutron.api.rpc.agentnotifiers.dhcp_rpc_agent_api.DhcpAgentNotifyAPI._after_router_interface_created-3717205', 'neutron.services.l3_router.l3_router_plugin.DVRResourceOperationHandler._update_snat_v6_addrs_after_intf_update-400635'] for router_interface, after_create {{(pid=114102) _notify_loop /usr/local/lib/python3.8/dist-packages/neutron_lib/callbacks/manager.py:175}}
Nov 10 16:46:16.679459 n-d-817278-1 neutron-server[114103]: DEBUG neutron_lib.callbacks.manager [req-7bb00176-5f41-4bb3-8f21-89429dd434ae req-f53fd3d6-a4f5-4e3a-abd3-12244dd638ff tempest-AggregatesAdminTestJSON-1545483936 tempest-AggregatesAdminTestJSON-1545483936-project-admin] Publish callbacks [] for security_group, precommit_create {{(pid=114103) _notify_loop /usr/local/lib/python3.8/dist-packages/neutron_lib/callbacks/manager.py:175}}
Nov 10 16:46:16.687643 n-d-817278-1 neutron-server[114103]: DEBUG neutron_lib.callbacks.manager [req-7bb00176-5f41-4bb3-8f21-89429dd434ae req-f53fd3d6-a4f5-4e3a-abd3-12244dd638ff tempest-AggregatesAdminTestJSON-1545483936 tempest-AggregatesAdminTestJSON-1545483936-project-admin] Publish callbacks ['neutron.plugins.ml2.ovo_rpc._ObjectChangeHandler.handle_event-523486'] for security_group, after_create {{(pid=114103) _notify_loop /usr/local/lib/python3.8/dist-packages/neutron_lib/callbacks/manager.py:175}}
Nov 10 16:46:16.756918 n-d-817278-1 neutron-server[114102]: DEBUG neutron.api.rpc.handlers.resources_rpc [None req-837bd8b0-f8a2-4fec-8a5b-76af1839ba39 admin admin] Pushing event updated for resources: {'Port': ['ID=1359c5fe-dedb-45c5-a59c-a812d111c7fd,revision_number=2']} {{(pid=114102) push /opt/stack/neutron/neutron/api/rpc/handlers/resources_rpc.py:237}}
Nov 10 16:46:16.767517 n-d-817278-1 neutron-server[114103]: DEBUG neutron.api.rpc.handlers.resources_rpc [None req-f53fd3d6-a4f5-4e3a-abd3-12244dd638ff tempest-AggregatesAdminTestJSON-1545483936 tempest-AggregatesAdminTestJSON-1545483936-project-admin] Pushing event updated for resources: {'SecurityGroup': ['ID=612031c7-26b7-48c9-9b13-78a071bb6185,revision_number=1']} {{(pid=114103) push /opt/stack/neutron/neutron/api/rpc/handlers/resources_rpc.py:237}}
Nov 10 16:46:16.790081 n-d-817278-1 neutron-server[114103]: INFO neutron.wsgi [req-7bb00176-5f41-4bb3-8f21-89429dd434ae req-f53fd3d6-a4f5-4e3a-abd3-12244dd638ff tempest-AggregatesAdminTestJSON-1545483936 tempest-AggregatesAdminTestJSON-1545483936-project-admin] 10.222.0.61 "GET /v2.0/security-groups?id=f06bd138-b412-4d18-ae32-9eb4673311f1&fields=id&fields=name HTTP/1.1" status: 200 len: 286 time: 0.2447305
Nov 10 16:46:16.825219 n-d-817278-1 neutron-server[114102]: DEBUG neutron.scheduler.dhcp_agent_scheduler [None req-837bd8b0-f8a2-4fec-8a5b-76af1839ba39 admin admin] Network 76c56fcd-8673-469e-b9f9-bc2fbe654a7f is already hosted by enough agents. {{(pid=114102) _get_dhcp_agents_hosting_network /opt/stack/neutron/neutron/scheduler/dhcp_agent_scheduler.py:275}}
Nov 10 16:46:16.826801 n-d-817278-1 neutron-server[114102]: DEBUG neutron.scheduler.base_scheduler [None req-837bd8b0-f8a2-4fec-8a5b-76af1839ba39 admin admin] Resources bound (agent type, host, resource id): {{(pid=114102) schedule /opt/stack/neutron/neutron/scheduler/base_scheduler.py:57}}
Nov 10 16:46:16.832271 n-d-817278-1 neutron-server[114103]: DEBUG neutron.pecan_wsgi.hooks.policy_enforcement [req-17b0ebc0-f18f-4244-ae7c-5202ae576e8e req-8d337528-aa3e-4fd0-b0f5-29c982dbd950 tempest-DeleteServersAdminTestJSON-565301205 tempest-DeleteServersAdminTestJSON-565301205-project] Attributes excluded by policy engine: ['standard_attr_id', 'binding:profile', 'binding:host_id', 'binding:vif_type', 'binding:vif_details'] {{(pid=114103) _exclude_attributes_by_policy /opt/stack/neutron/neutron/pecan_wsgi/hooks/policy_enforcement.py:255}}
Nov 10 16:46:16.842756 n-d-817278-1 neutron-server[114103]: INFO neutron.wsgi [req-17b0ebc0-f18f-4244-ae7c-5202ae576e8e req-8d337528-aa3e-4fd0-b0f5-29c982dbd950 tempest-DeleteServersAdminTestJSON-565301205 tempest-DeleteServersAdminTestJSON-565301205-project] 10.222.0.61 "GET /v2.0/ports?device_id=f7b364eb-b309-4a3b-a77f-0155e1e4a84f HTTP/1.1" status: 200 len: 972 time: 0.1486936
Nov 10 16:46:16.977934 n-d-817278-1 neutron-server[114103]: INFO neutron.wsgi [req-aefcf023-c046-49d6-8f48-9f2ac0b94d4b req-17b622cb-f181-49bd-aea1-2e058dee133a tempest-LiveMigrationTest-977279800 tempest-LiveMigrationTest-977279800-project] 10.222.0.61 "GET /v2.0/ports?device_id=3f85197a-f131-4bcf-9583-fcd46ae8c47a HTTP/1.1" status: 200 len: 210 time: 0.0697026
Nov 10 16:46:16.995023 n-d-817278-1 neutron-server[114103]: INFO neutron.wsgi [req-17b0ebc0-f18f-4244-ae7c-5202ae576e8e req-e950815c-35e6-4935-a19b-ef63b2b14fb0 tempest-DeleteServersAdminTestJSON-565301205 tempest-DeleteServersAdminTestJSON-565301205-project] 10.222.0.61 "GET /v2.0/security-groups?id=31085283-7957-4b2a-a710-8a5a7cb7a4f0&fields=id&fields=name HTTP/1.1" status: 200 len: 286 time: 0.1495955
Nov 10 16:46:17.006993 n-d-817278-1 neutron-server[114102]: DEBUG neutron.scheduler.l3_agent_scheduler [None req-837bd8b0-f8a2-4fec-8a5b-76af1839ba39 admin admin] Router d40b8531-5a8e-4084-9b65-e84aab3d6eac has already been hosted by L3 agent b63f6418-462a-4f12-a87d-8c12766f78a0 {{(pid=114102) _get_candidates /opt/stack/neutron/neutron/scheduler/l3_agent_scheduler.py:126}}
Nov 10 16:46:17.178155 n-d-817278-1 neutron-server[114104]: DEBUG neutron.plugins.ml2.rpc [None req-9087acbf-4bfc-4fa6-b38f-2098c805c7bf None None] Device 43f54c89-7918-4532-a91c-8ffa06da05c1 up at agent ovs-agent-n-d-817278-1 {{(pid=114104) update_device_up /opt/stack/neutron/neutron/plugins/ml2/rpc.py:296}}
Nov 10 16:46:17.265651 n-d-817278-1 neutron-server[114102]: DEBUG neutron.api.rpc.agentnotifiers.l3_rpc_agent_api [None req-837bd8b0-f8a2-4fec-8a5b-76af1839ba39 admin admin] Notify agent at l3_agent.n-d-817278-1 the message routers_updated {{(pid=114102) _agent_notification /opt/stack/neutron/neutron/api/rpc/agentnotifiers/l3_rpc_agent_api.py:65}}
Nov 10 16:46:17.271920 n-d-817278-1 neutron-server[114102]: INFO neutron.wsgi [None req-837bd8b0-f8a2-4fec-8a5b-76af1839ba39 admin admin] 10.222.0.61 "PUT /v2.0/routers/d40b8531-5a8e-4084-9b65-e84aab3d6eac/add_router_interface HTTP/1.1" status: 200 len: 503 time: 3.2385750
Nov 10 16:46:17.377207 n-d-817278-1 neutron-server[114104]: DEBUG neutron.db.provisioning_blocks [None req-af214a07-b66b-4593-b01f-fc4b84620af8 None None] Provisioning complete for port 1359c5fe-dedb-45c5-a59c-a812d111c7fd triggered by entity DHCP. {{(pid=114104) provisioning_complete /opt/stack/neutron/neutron/db/provisioning_blocks.py:139}}
Nov 10 16:46:17.377821 n-d-817278-1 neutron-server[114104]: DEBUG neutron_lib.callbacks.manager [None req-af214a07-b66b-4593-b01f-fc4b84620af8 None None] Publish callbacks ['neutron.plugins.ml2.plugin.Ml2Plugin._port_provisioned-3653921'] for port, provisioning_complete {{(pid=114104) _notify_loop /usr/local/lib/python3.8/dist-packages/neutron_lib/callbacks/manager.py:175}}
Nov 10 16:46:17.432535 n-d-817278-1 neutron-server[114104]: DEBUG neutron.db.provisioning_blocks [None req-9087acbf-4bfc-4fa6-b38f-2098c805c7bf None None] Provisioning complete for port 43f54c89-7918-4532-a91c-8ffa06da05c1 triggered by entity L2. {{(pid=114104) provisioning_complete /opt/stack/neutron/neutron/db/provisioning_blocks.py:139}}
Nov 10 16:46:17.433111 n-d-817278-1 neutron-server[114104]: DEBUG neutron_lib.callbacks.manager [None req-9087acbf-4bfc-4fa6-b38f-2098c805c7bf None None] Publish callbacks ['neutron.plugins.ml2.plugin.Ml2Plugin._port_provisioned-3653921'] for port, provisioning_complete {{(pid=114104) _notify_loop /usr/local/lib/python3.8/dist-packages/neutron_lib/callbacks/manager.py:175}}
Nov 10 16:46:17.464265 n-d-817278-1 neutron-server[114104]: DEBUG neutron.plugins.ml2.plugin [None req-af214a07-b66b-4593-b01f-fc4b84620af8 None None] Port 1359c5fe-dedb-45c5-a59c-a812d111c7fd cannot update to ACTIVE because it is not bound. {{(pid=114104) _port_provisioned /opt/stack/neutron/neutron/plugins/ml2/plugin.py:342}}
Nov 10 16:46:17.490559 n-d-817278-1 neutron-server[114103]: DEBUG neutron.pecan_wsgi.hooks.policy_enforcement [req-bfa53f6b-1c83-47a7-ac7c-88deaad9cf1c req-b43819e2-58c6-48c4-8e0c-18003527376d tempest-MigrationsAdminTest-2103489662 tempest-MigrationsAdminTest-2103489662-project] Attributes excluded by policy engine: ['standard_attr_id', 'binding:profile', 'binding:host_id', 'binding:vif_type', 'binding:vif_details'] {{(pid=114103) _exclude_attributes_by_policy /opt/stack/neutron/neutron/pecan_wsgi/hooks/policy_enforcement.py:255}}
Nov 10 16:46:17.492696 n-d-817278-1 neutron-server[114103]: INFO neutron.wsgi [req-bfa53f6b-1c83-47a7-ac7c-88deaad9cf1c req-b43819e2-58c6-48c4-8e0c-18003527376d tempest-MigrationsAdminTest-2103489662 tempest-MigrationsAdminTest-2103489662-project] 10.222.0.61 "GET /v2.0/ports?device_id=929876c9-1415-4e8f-b78c-0ad559c7846a HTTP/1.1" status: 200 len: 948 time: 0.2370806
Nov 10 16:46:17.539276 n-d-817278-1 neutron-server[114103]: DEBUG neutron.pecan_wsgi.hooks.policy_enforcement [req-48d70da2-b9d7-4ddc-9c4c-138ff51daa9a req-78727865-2885-4687-bbd2-fbc3b6708e64 tempest-LiveMigrationTest-977279800 tempest-LiveMigrationTest-977279800-project] Attributes excluded by policy engine: ['standard_attr_id', 'vlan_transparent', 'provider:network_type', 'provider:physical_network', 'provider:segmentation_id'] {{(pid=114103) _exclude_attributes_by_policy /opt/stack/neutron/neutron/pecan_wsgi/hooks/policy_enforcement.py:255}}
Nov 10 16:46:17.540731 n-d-817278-1 neutron-server[114103]: INFO neutron.wsgi [req-48d70da2-b9d7-4ddc-9c4c-138ff51daa9a req-78727865-2885-4687-bbd2-fbc3b6708e64 tempest-LiveMigrationTest-977279800 tempest-LiveMigrationTest-977279800-project] 10.222.0.44 "GET /v2.0/networks?id=43fad9b6-38c9-4aa2-ba2f-3e62f0388a03 HTTP/1.1" status: 200 len: 807 time: 0.3239663
Nov 10 16:46:17.545631 n-d-817278-1 neutron-server[114104]: DEBUG neutron_lib.callbacks.manager [None req-9087acbf-4bfc-4fa6-b38f-2098c805c7bf None None] Publish callbacks ['neutron.plugins.ml2.plugin.SecurityGroupDbMixin._ensure_default_security_group_handler-655209'] for port, before_update {{(pid=114104) _notify_loop /usr/local/lib/python3.8/dist-packages/neutron_lib/callbacks/manager.py:175}}
Nov 10 16:46:17.556486 n-d-817278-1 neutron-server[114103]: DEBUG neutron.api.v2.base [req-48d70da2-b9d7-4ddc-9c4c-138ff51daa9a req-bcc05349-49fe-43ba-81ec-86a2ae9e2e3e tempest-LiveMigrationTest-977279800 tempest-LiveMigrationTest-977279800-project] Request body: {'port': {'device_id': '3f85197a-f131-4bcf-9583-fcd46ae8c47a', 'network_id': '43fad9b6-38c9-4aa2-ba2f-3e62f0388a03', 'admin_state_up': True, 'tenant_id': '60c4ca2cad06460ea78de817c06d9d67'}} {{(pid=114103) prepare_request_body /opt/stack/neutron/neutron/api/v2/base.py:729}}
Nov 10 16:46:17.570310 n-d-817278-1 neutron-server[114104]: DEBUG neutron.plugins.ml2.db [None req-9087acbf-4bfc-4fa6-b38f-2098c805c7bf None None] For port 43f54c89-7918-4532-a91c-8ffa06da05c1, host n-d-817278-1, got binding levels [PortBindingLevel(driver='openvswitch',host='n-d-817278-1',level=0,port_id=43f54c89-7918-4532-a91c-8ffa06da05c1,segment=NetworkSegment(6491ddc7-fc88-41c4-80e0-0d00ca3ce072),segment_id=6491ddc7-fc88-41c4-80e0-0d00ca3ce072)] {{(pid=114104) get_binding_level_objs /opt/stack/neutron/neutron/plugins/ml2/db.py:74}}
Nov 10 16:46:17.576636 n-d-817278-1 neutron-server[114104]: DEBUG neutron_lib.callbacks.manager [None req-9087acbf-4bfc-4fa6-b38f-2098c805c7bf None None] Publish callbacks ['neutron.plugins.ml2.plugin.SecurityGroupServerNotifierRpcMixin._notify_sg_on_port_change-578770', 'neutron.plugins.ml2.ovo_rpc._ObjectChangeHandler.handle_event-143238', 'neutron.api.rpc.agentnotifiers.dhcp_rpc_agent_api.DhcpAgentNotifyAPI._native_event_send_dhcp_notification-3717287', 'neutron.db.l3_db.L3RpcNotifierMixin._notify_gateway_port_ip_changed-8769129835915', 'neutron.db.l3_dvrscheduler_db._notify_l3_agent_port_update-8769129406374', 'neutron.db.l3_hascheduler_db._notify_l3_agent_ha_port_update-8769129406392'] for port, after_update {{(pid=114104) _notify_loop /usr/local/lib/python3.8/dist-packages/neutron_lib/callbacks/manager.py:175}}
Nov 10 16:46:17.621866 n-d-817278-1 neutron-server[114103]: INFO neutron.wsgi [req-bfa53f6b-1c83-47a7-ac7c-88deaad9cf1c req-80dd314d-c176-4650-97cb-58eb824db92c tempest-MigrationsAdminTest-2103489662 tempest-MigrationsAdminTest-2103489662-project] 10.222.0.61 "GET /v2.0/security-groups?id=1e4a7a9d-ba85-4834-9a7c-dfcb4108c55a&fields=id&fields=name HTTP/1.1" status: 200 len: 286 time: 0.1186993
Nov 10 16:46:17.654812 n-d-817278-1 neutron-server[114104]: DEBUG neutron.api.rpc.handlers.resources_rpc [None req-9087acbf-4bfc-4fa6-b38f-2098c805c7bf None None] Pushing event updated for resources: {'Port': ['ID=43f54c89-7918-4532-a91c-8ffa06da05c1,revision_number=4']} {{(pid=114104) push /opt/stack/neutron/neutron/api/rpc/handlers/resources_rpc.py:237}}
Nov 10 16:46:17.694790 n-d-817278-1 neutron-server[114103]: DEBUG neutron.pecan_wsgi.hooks.quota_enforcement [req-48d70da2-b9d7-4ddc-9c4c-138ff51daa9a req-bcc05349-49fe-43ba-81ec-86a2ae9e2e3e tempest-LiveMigrationTest-977279800 tempest-LiveMigrationTest-977279800-project] Made reservation on behalf of 60c4ca2cad06460ea78de817c06d9d67 for: {'port': 1} {{(pid=114103) before /opt/stack/neutron/neutron/pecan_wsgi/hooks/quota_enforcement.py:53}}
