Nov 10 16:52:27.704159 n-d-817278-1 devstack@placement-api.service[114584]: DEBUG placement.requestlog [req-c1ee9c15-5dff-4675-9e6f-c0cf0a6788a0 req-b4be45d9-98bc-42fc-9022-951b894c5e87 None None] Starting request: 10.222.0.44 "DELETE /placement/allocations/b6e7c6d6-24fb-44bc-8c27-6909ed0bee08" {{(pid=114584) __call__ /opt/stack/placement/placement/requestlog.py:55}}
Nov 10 16:52:27.806054 n-d-817278-1 devstack@placement-api.service[114584]: DEBUG placement.handlers.allocation [req-c1ee9c15-5dff-4675-9e6f-c0cf0a6788a0 req-b4be45d9-98bc-42fc-9022-951b894c5e87 service placement] Successfully deleted allocations [, , ] {{(pid=114584) delete_allocations /opt/stack/placement/placement/handlers/allocation.py:627}}
Nov 10 16:52:27.807154 n-d-817278-1 devstack@placement-api.service[114584]: INFO placement.requestlog [req-c1ee9c15-5dff-4675-9e6f-c0cf0a6788a0 req-b4be45d9-98bc-42fc-9022-951b894c5e87 service placement] 10.222.0.44 "DELETE /placement/allocations/b6e7c6d6-24fb-44bc-8c27-6909ed0bee08" status: 204 len: 0 microversion: 1.0
Nov 10 16:52:27.807653 n-d-817278-1 devstack@placement-api.service[114584]: [pid: 114584|app: 0|req: 219/441] 10.222.0.44 () {60 vars in 1355 bytes} [Wed Nov 10 16:52:27 2021] DELETE /placement/allocations/b6e7c6d6-24fb-44bc-8c27-6909ed0bee08 => generated 0 bytes in 104 msecs (HTTP/1.1 204) 5 headers in 198 bytes (1 switches on core 0)
Nov 10 16:52:32.106241 n-d-817278-1 devstack@placement-api.service[114585]: DEBUG placement.requestlog [req-f212f6a4-39ea-4183-9845-2bc5ed3fd055 req-fbddeb80-e163-42f4-a05f-c4a30bb93523 None None] Starting request: 10.222.0.44 "DELETE /placement/allocations/5a32dded-b7dc-45aa-9dee-6cf3b2c6448a" {{(pid=114585) __call__ /opt/stack/placement/placement/requestlog.py:55}}
Nov 10 16:52:32.172030 n-d-817278-1 devstack@placement-api.service[114585]: DEBUG placement.handlers.allocation [req-f212f6a4-39ea-4183-9845-2bc5ed3fd055 req-fbddeb80-e163-42f4-a05f-c4a30bb93523 service placement] Successfully deleted allocations [, , ] {{(pid=114585) delete_allocations /opt/stack/placement/placement/handlers/allocation.py:627}}
Nov 10 16:52:32.175544 n-d-817278-1 devstack@placement-api.service[114585]: INFO placement.requestlog [req-f212f6a4-39ea-4183-9845-2bc5ed3fd055 req-fbddeb80-e163-42f4-a05f-c4a30bb93523 service placement] 10.222.0.44 "DELETE /placement/allocations/5a32dded-b7dc-45aa-9dee-6cf3b2c6448a" status: 204 len: 0 microversion: 1.0
Nov 10 16:52:32.176796 n-d-817278-1 devstack@placement-api.service[114585]: [pid: 114585|app: 0|req: 223/442] 10.222.0.44 () {60 vars in 1355 bytes} [Wed Nov 10 16:52:32 2021] DELETE /placement/allocations/5a32dded-b7dc-45aa-9dee-6cf3b2c6448a => generated 0 bytes in 70 msecs (HTTP/1.1 204) 5 headers in 198 bytes (1 switches on core 0)
Nov 10 16:52:33.215026 n-d-817278-1 devstack@placement-api.service[114584]: DEBUG placement.requestlog [req-7bbd8163-bf1e-4cbb-be72-18854db24569 req-de093313-baec-4de6-8d0a-45ef78599cc3 None None] Starting request: 10.222.0.48 "DELETE /placement/allocations/7b70e25a-a3c7-4f5b-85f3-7a47a71c575a" {{(pid=114584) __call__ /opt/stack/placement/placement/requestlog.py:55}}
Nov 10 16:52:33.287617 n-d-817278-1 devstack@placement-api.service[114584]: DEBUG placement.handlers.allocation [req-7bbd8163-bf1e-4cbb-be72-18854db24569 req-de093313-baec-4de6-8d0a-45ef78599cc3 service placement] Successfully deleted allocations [, , ] {{(pid=114584) delete_allocations /opt/stack/placement/placement/handlers/allocation.py:627}}
Nov 10 16:52:33.289298 n-d-817278-1 devstack@placement-api.service[114584]: INFO placement.requestlog [req-7bbd8163-bf1e-4cbb-be72-18854db24569 req-de093313-baec-4de6-8d0a-45ef78599cc3 service placement] 10.222.0.48 "DELETE /placement/allocations/7b70e25a-a3c7-4f5b-85f3-7a47a71c575a" status: 204 len: 0 microversion: 1.0
Nov 10 16:52:33.291860 n-d-817278-1 devstack@placement-api.service[114584]: [pid: 114584|app: 0|req: 220/443] 10.222.0.48 () {60 vars in 1355 bytes} [Wed Nov 10 16:52:33 2021] DELETE /placement/allocations/7b70e25a-a3c7-4f5b-85f3-7a47a71c575a => generated 0 bytes in 77 msecs (HTTP/1.1 204) 5 headers in 198 bytes (1 switches on core 0)
Nov 10 16:52:37.832627 n-d-817278-1 devstack@placement-api.service[114585]: DEBUG placement.requestlog [req-b58a35ed-5699-4d2b-9a68-5efcbfa4072b req-d569797e-21b0-424f-8a08-17347d5c1cc6 None None] Starting request: 10.222.0.44 "DELETE /placement/allocations/9534f12b-ab1a-4078-b562-26912076f92d" {{(pid=114585) __call__ /opt/stack/placement/placement/requestlog.py:55}}
Nov 10 16:52:37.924023 n-d-817278-1 devstack@placement-api.service[114585]: DEBUG placement.handlers.allocation [req-b58a35ed-5699-4d2b-9a68-5efcbfa4072b req-d569797e-21b0-424f-8a08-17347d5c1cc6 service placement] Successfully deleted allocations [, , ] {{(pid=114585) delete_allocations /opt/stack/placement/placement/handlers/allocation.py:627}}
Nov 10 16:52:37.925540 n-d-817278-1 devstack@placement-api.service[114585]: INFO placement.requestlog [req-b58a35ed-5699-4d2b-9a68-5efcbfa4072b req-d569797e-21b0-424f-8a08-17347d5c1cc6 service placement] 10.222.0.44 "DELETE /placement/allocations/9534f12b-ab1a-4078-b562-26912076f92d" status: 204 len: 0 microversion: 1.0
Nov 10 16:52:37.926610 n-d-817278-1 devstack@placement-api.service[114585]: [pid: 114585|app: 0|req: 224/444] 10.222.0.44 () {60 vars in 1355 bytes} [Wed Nov 10 16:52:37 2021] DELETE /placement/allocations/9534f12b-ab1a-4078-b562-26912076f92d => generated 0 bytes in 94 msecs (HTTP/1.1 204) 5 headers in 198 bytes (1 switches on core 0)
Nov 10 16:52:38.980540 n-d-817278-1 devstack@placement-api.service[114584]: DEBUG placement.requestlog [req-7e4fd6b5-287a-447b-b4f5-da149c7ff671 req-480a0361-8e85-4bb7-b612-de4864bbb738 None None] Starting request: 10.222.0.61 "GET /placement/allocation_candidates?resources=DISK_GB%3A1%2CMEMORY_MB%3A1024%2CVCPU%3A1&root_required=%21COMPUTE_STATUS_DISABLED" {{(pid=114584) __call__ /opt/stack/placement/placement/requestlog.py:55}}
Nov 10 16:52:39.019136 n-d-817278-1 devstack@placement-api.service[114584]: DEBUG placement.objects.research_context [req-7e4fd6b5-287a-447b-b4f5-da149c7ff671 req-480a0361-8e85-4bb7-b612-de4864bbb738 service placement] getting providers with 1 DISK_GB {{(pid=114584) __init__ /opt/stack/placement/placement/objects/research_context.py:126}}
Nov 10 16:52:39.029769 n-d-817278-1 devstack@placement-api.service[114584]: DEBUG placement.objects.research_context [req-7e4fd6b5-287a-447b-b4f5-da149c7ff671 req-480a0361-8e85-4bb7-b612-de4864bbb738 service placement] getting providers with 1024 MEMORY_MB {{(pid=114584) __init__ /opt/stack/placement/placement/objects/research_context.py:126}}
Nov 10 16:52:39.037143 n-d-817278-1 devstack@placement-api.service[114584]: DEBUG placement.objects.research_context [req-7e4fd6b5-287a-447b-b4f5-da149c7ff671 req-480a0361-8e85-4bb7-b612-de4864bbb738 service placement] getting providers with 1 VCPU {{(pid=114584) __init__ /opt/stack/placement/placement/objects/research_context.py:126}}
Nov 10 16:52:39.045546 n-d-817278-1 devstack@placement-api.service[114584]: DEBUG placement.objects.research_context [req-7e4fd6b5-287a-447b-b4f5-da149c7ff671 req-480a0361-8e85-4bb7-b612-de4864bbb738 service placement] found 2 providers with available 1 DISK_GB {{(pid=114584) get_provider_ids_matching /opt/stack/placement/placement/objects/research_context.py:549}}
Nov 10 16:52:39.046179 n-d-817278-1 devstack@placement-api.service[114584]: DEBUG placement.objects.research_context [req-7e4fd6b5-287a-447b-b4f5-da149c7ff671 req-480a0361-8e85-4bb7-b612-de4864bbb738 service placement] found 2 providers with available 1024 MEMORY_MB {{(pid=114584) get_provider_ids_matching /opt/stack/placement/placement/objects/research_context.py:549}}
Nov 10 16:52:39.046607 n-d-817278-1 devstack@placement-api.service[114584]: DEBUG placement.objects.research_context [req-7e4fd6b5-287a-447b-b4f5-da149c7ff671 req-480a0361-8e85-4bb7-b612-de4864bbb738 service placement] found 2 providers after filtering by previous result {{(pid=114584) get_provider_ids_matching /opt/stack/placement/placement/objects/research_context.py:580}}
Nov 10 16:52:39.047023 n-d-817278-1 devstack@placement-api.service[114584]: DEBUG placement.objects.research_context [req-7e4fd6b5-287a-447b-b4f5-da149c7ff671 req-480a0361-8e85-4bb7-b612-de4864bbb738 service placement] found 2 providers with available 1 VCPU {{(pid=114584) get_provider_ids_matching /opt/stack/placement/placement/objects/research_context.py:549}}
Nov 10 16:52:39.047615 n-d-817278-1 devstack@placement-api.service[114584]: DEBUG placement.objects.research_context [req-7e4fd6b5-287a-447b-b4f5-da149c7ff671 req-480a0361-8e85-4bb7-b612-de4864bbb738 service placement] found 2 providers after filtering by previous result {{(pid=114584) get_provider_ids_matching /opt/stack/placement/placement/objects/research_context.py:580}}
Nov 10 16:52:39.066515 n-d-817278-1 devstack@placement-api.service[114584]: DEBUG placement.objects.allocation_candidate [req-7e4fd6b5-287a-447b-b4f5-da149c7ff671 req-480a0361-8e85-4bb7-b612-de4864bbb738 service placement] RequestGroup(use_same_provider=False, resources={DISK_GB:1, MEMORY_MB:1024, VCPU:1}, traits=[], aggregates=[]) (suffix '') returned 2 matches {{(pid=114584) _get_by_requests /opt/stack/placement/placement/objects/allocation_candidate.py:145}}
Nov 10 16:52:39.067218 n-d-817278-1 devstack@placement-api.service[114584]: DEBUG placement.objects.allocation_candidate [req-7e4fd6b5-287a-447b-b4f5-da149c7ff671 req-480a0361-8e85-4bb7-b612-de4864bbb738 service placement] Merging candidates yields 2 allocation requests and 2 provider summaries {{(pid=114584) _merge_candidates /opt/stack/placement/placement/objects/allocation_candidate.py:783}}
Nov 10 16:52:39.069647 n-d-817278-1 devstack@placement-api.service[114584]: INFO placement.requestlog [req-7e4fd6b5-287a-447b-b4f5-da149c7ff671 req-480a0361-8e85-4bb7-b612-de4864bbb738 service placement] 10.222.0.61 "GET /placement/allocation_candidates?resources=DISK_GB%3A1%2CMEMORY_MB%3A1024%2CVCPU%3A1&root_required=%21COMPUTE_STATUS_DISABLED" status: 200 len: 1309 microversion: 1.36
Nov 10 16:52:39.075304 n-d-817278-1 devstack@placement-api.service[114584]: [pid: 114584|app: 0|req: 221/445] 10.222.0.61 () {60 vars in 1484 bytes} [Wed Nov 10 16:52:38 2021] GET /placement/allocation_candidates?resources=DISK_GB%3A1%2CMEMORY_MB%3A1024%2CVCPU%3A1&root_required=%21COMPUTE_STATUS_DISABLED => generated 1309 bytes in 95 msecs (HTTP/1.1 200) 8 headers in 297 bytes (1 switches on core 0)
Nov 10 16:52:39.122641 n-d-817278-1 devstack@placement-api.service[114585]: DEBUG placement.requestlog [req-7e4fd6b5-287a-447b-b4f5-da149c7ff671 req-377b2081-8b80-4f2b-8a51-dbd1332bf49c None None] Starting request: 10.222.0.61 "GET /placement/allocations/8fc48353-229c-4448-b12a-1d982d0387df" {{(pid=114585) __call__ /opt/stack/placement/placement/requestlog.py:55}}
Nov 10 16:52:39.132956 n-d-817278-1 devstack@placement-api.service[114585]: INFO placement.requestlog [req-7e4fd6b5-287a-447b-b4f5-da149c7ff671 req-377b2081-8b80-4f2b-8a51-dbd1332bf49c service placement] 10.222.0.61 "GET /placement/allocations/8fc48353-229c-4448-b12a-1d982d0387df" status: 200 len: 19 microversion: 1.28
Nov 10 16:52:39.133496 n-d-817278-1 devstack@placement-api.service[114585]: [pid: 114585|app: 0|req: 225/446] 10.222.0.61 () {60 vars in 1380 bytes} [Wed Nov 10 16:52:39 2021] GET /placement/allocations/8fc48353-229c-4448-b12a-1d982d0387df => generated 19 bytes in 11 msecs (HTTP/1.1 200) 8 headers in 295 bytes (1 switches on core 0)
Nov 10 16:52:39.140168 n-d-817278-1 devstack@placement-api.service[114584]: DEBUG placement.requestlog [req-7e4fd6b5-287a-447b-b4f5-da149c7ff671 req-8df4e4bd-7c6f-4107-bbd8-f31abfebafc4 None None] Starting request: 10.222.0.61 "PUT /placement/allocations/8fc48353-229c-4448-b12a-1d982d0387df" {{(pid=114584) __call__ /opt/stack/placement/placement/requestlog.py:55}}
Nov 10 16:52:39.206635 n-d-817278-1 devstack@placement-api.service[114584]: DEBUG placement.handlers.allocation [req-7e4fd6b5-287a-447b-b4f5-da149c7ff671 req-8df4e4bd-7c6f-4107-bbd8-f31abfebafc4 service placement] Successfully wrote allocations [, , ] {{(pid=114584) _update_consumers_and_create_allocations /opt/stack/placement/placement/handlers/allocation.py:462}}
Nov 10 16:52:39.210778 n-d-817278-1 devstack@placement-api.service[114584]: INFO placement.requestlog [req-7e4fd6b5-287a-447b-b4f5-da149c7ff671 req-8df4e4bd-7c6f-4107-bbd8-f31abfebafc4 service placement] 10.222.0.61 "PUT /placement/allocations/8fc48353-229c-4448-b12a-1d982d0387df" status: 204 len: 0 microversion: 1.36
Nov 10 16:52:39.211646 n-d-817278-1 devstack@placement-api.service[114584]: [pid: 114584|app: 0|req: 222/447] 10.222.0.61 () {64 vars in 1433 bytes} [Wed Nov 10 16:52:39 2021] PUT /placement/allocations/8fc48353-229c-4448-b12a-1d982d0387df => generated 0 bytes in 72 msecs (HTTP/1.1 204) 5 headers in 199 bytes (1 switches on core 0)
Nov 10 16:52:39.677247 n-d-817278-1 devstack@placement-api.service[114585]: DEBUG placement.requestlog [req-7e4fd6b5-287a-447b-b4f5-da149c7ff671 req-4d0cceb8-3a70-4465-8455-fc054bd2192f None None] Starting request: 10.222.0.48 "GET /placement/allocations/8fc48353-229c-4448-b12a-1d982d0387df" {{(pid=114585) __call__ /opt/stack/placement/placement/requestlog.py:55}}
Nov 10 16:52:39.702728 n-d-817278-1 devstack@placement-api.service[114585]: INFO placement.requestlog [req-7e4fd6b5-287a-447b-b4f5-da149c7ff671 req-4d0cceb8-3a70-4465-8455-fc054bd2192f service placement] 10.222.0.48 "GET /placement/allocations/8fc48353-229c-4448-b12a-1d982d0387df" status: 200 len: 259 microversion: 1.28
Nov 10 16:52:39.704096 n-d-817278-1 devstack@placement-api.service[114585]: [pid: 114585|app: 0|req: 226/448] 10.222.0.48 () {60 vars in 1377 bytes} [Wed Nov 10 16:52:39 2021] GET /placement/allocations/8fc48353-229c-4448-b12a-1d982d0387df => generated 259 bytes in 27 msecs (HTTP/1.1 200) 8 headers in 296 bytes (1 switches on core 0)
Nov 10 16:52:40.507279 n-d-817278-1 devstack@placement-api.service[114584]: DEBUG placement.requestlog [req-5e11a714-a98f-46fd-a213-c2cb0c41808a req-ec48df21-407d-48f1-a208-73c8ae80e42f None None] Starting request: 10.222.0.61 "GET /placement/allocation_candidates?limit=1000&resources=DISK_GB%3A1%2CMEMORY_MB%3A1024%2CVCPU%3A1&root_required=%21COMPUTE_STATUS_DISABLED" {{(pid=114584) __call__ /opt/stack/placement/placement/requestlog.py:55}}
Nov 10 16:52:40.569696 n-d-817278-1 devstack@placement-api.service[114584]: DEBUG placement.objects.research_context [req-5e11a714-a98f-46fd-a213-c2cb0c41808a req-ec48df21-407d-48f1-a208-73c8ae80e42f service placement] getting providers with 1 DISK_GB {{(pid=114584) __init__ /opt/stack/placement/placement/objects/research_context.py:126}}
Nov 10 16:52:40.584468 n-d-817278-1 devstack@placement-api.service[114584]: DEBUG placement.objects.research_context [req-5e11a714-a98f-46fd-a213-c2cb0c41808a req-ec48df21-407d-48f1-a208-73c8ae80e42f service placement] getting providers with 1024 MEMORY_MB {{(pid=114584) __init__ /opt/stack/placement/placement/objects/research_context.py:126}}
Nov 10 16:52:40.594730 n-d-817278-1 devstack@placement-api.service[114584]: DEBUG placement.objects.research_context [req-5e11a714-a98f-46fd-a213-c2cb0c41808a req-ec48df21-407d-48f1-a208-73c8ae80e42f service placement] getting providers with 1 VCPU {{(pid=114584) __init__ /opt/stack/placement/placement/objects/research_context.py:126}}
Nov 10 16:52:40.602630 n-d-817278-1 devstack@placement-api.service[114584]: DEBUG placement.objects.research_context [req-5e11a714-a98f-46fd-a213-c2cb0c41808a req-ec48df21-407d-48f1-a208-73c8ae80e42f service placement] found 2 providers with available 1 DISK_GB {{(pid=114584) get_provider_ids_matching /opt/stack/placement/placement/objects/research_context.py:549}}
Nov 10 16:52:40.604694 n-d-817278-1 devstack@placement-api.service[114584]: DEBUG placement.objects.research_context [req-5e11a714-a98f-46fd-a213-c2cb0c41808a req-ec48df21-407d-48f1-a208-73c8ae80e42f service placement] found 2 providers with available 1024 MEMORY_MB {{(pid=114584) get_provider_ids_matching /opt/stack/placement/placement/objects/research_context.py:549}}
Nov 10 16:52:40.605143 n-d-817278-1 devstack@placement-api.service[114584]: DEBUG placement.objects.research_context [req-5e11a714-a98f-46fd-a213-c2cb0c41808a req-ec48df21-407d-48f1-a208-73c8ae80e42f service placement] found 2 providers after filtering by previous result {{(pid=114584) get_provider_ids_matching /opt/stack/placement/placement/objects/research_context.py:580}}
Nov 10 16:52:40.608926 n-d-817278-1 devstack@placement-api.service[114584]: DEBUG placement.objects.research_context [req-5e11a714-a98f-46fd-a213-c2cb0c41808a req-ec48df21-407d-48f1-a208-73c8ae80e42f service placement] found 2 providers with available 1 VCPU {{(pid=114584) get_provider_ids_matching /opt/stack/placement/placement/objects/research_context.py:549}}
Nov 10 16:52:40.609411 n-d-817278-1 devstack@placement-api.service[114584]: DEBUG placement.objects.research_context [req-5e11a714-a98f-46fd-a213-c2cb0c41808a req-ec48df21-407d-48f1-a208-73c8ae80e42f service placement] found 2 providers after filtering by previous result {{(pid=114584) get_provider_ids_matching /opt/stack/placement/placement/objects/research_context.py:580}}
Nov 10 16:52:40.636305 n-d-817278-1 devstack@placement-api.service[114584]: DEBUG placement.objects.allocation_candidate [req-5e11a714-a98f-46fd-a213-c2cb0c41808a req-ec48df21-407d-48f1-a208-73c8ae80e42f service placement] RequestGroup(use_same_provider=False, resources={DISK_GB:1, MEMORY_MB:1024, VCPU:1}, traits=[], aggregates=[]) (suffix '') returned 2 matches {{(pid=114584) _get_by_requests /opt/stack/placement/placement/objects/allocation_candidate.py:145}}
Nov 10 16:52:40.641254 n-d-817278-1 devstack@placement-api.service[114584]: DEBUG placement.objects.allocation_candidate [req-5e11a714-a98f-46fd-a213-c2cb0c41808a req-ec48df21-407d-48f1-a208-73c8ae80e42f service placement] Merging candidates yields 2 allocation requests and 2 provider summaries {{(pid=114584) _merge_candidates /opt/stack/placement/placement/objects/allocation_candidate.py:783}}
Nov 10 16:52:40.643957 n-d-817278-1 devstack@placement-api.service[114584]: INFO placement.requestlog [req-5e11a714-a98f-46fd-a213-c2cb0c41808a req-ec48df21-407d-48f1-a208-73c8ae80e42f service placement] 10.222.0.61 "GET /placement/allocation_candidates?limit=1000&resources=DISK_GB%3A1%2CMEMORY_MB%3A1024%2CVCPU%3A1&root_required=%21COMPUTE_STATUS_DISABLED" status: 200 len: 1309 microversion: 1.36
Nov 10 16:52:40.648574 n-d-817278-1 devstack@placement-api.service[114584]: [pid: 114584|app: 0|req: 223/449] 10.222.0.61 () {60 vars in 1506 bytes} [Wed Nov 10 16:52:40 2021] GET /placement/allocation_candidates?limit=1000&resources=DISK_GB%3A1%2CMEMORY_MB%3A1024%2CVCPU%3A1&root_required=%21COMPUTE_STATUS_DISABLED => generated 1309 bytes in 142 msecs (HTTP/1.1 200) 8 headers in 297 bytes (1 switches on core 0)
Nov 10 16:52:40.781615 n-d-817278-1 devstack@placement-api.service[114585]: DEBUG placement.requestlog [req-77334bcf-0c4a-4886-9536-afd9a1090066 req-e10c5249-180a-4068-8762-f187a337f5c0 None None] Starting request: 10.222.0.61 "GET /placement/allocation_candidates?limit=1000&resources=MEMORY_MB%3A1024%2CVCPU%3A1&root_required=%21COMPUTE_STATUS_DISABLED" {{(pid=114585) __call__ /opt/stack/placement/placement/requestlog.py:55}}
Nov 10 16:52:40.806581 n-d-817278-1 devstack@placement-api.service[114584]: DEBUG placement.requestlog [req-5e11a714-a98f-46fd-a213-c2cb0c41808a req-3efb7c09-0dfe-4dcf-9846-d798acb34be9 None None] Starting request: 10.222.0.61 "GET /placement/allocations/81714690-fd96-4a53-bee3-01d3816c51d5" {{(pid=114584) __call__ /opt/stack/placement/placement/requestlog.py:55}}
Nov 10 16:52:40.824065 n-d-817278-1 devstack@placement-api.service[114584]: INFO placement.requestlog [req-5e11a714-a98f-46fd-a213-c2cb0c41808a req-3efb7c09-0dfe-4dcf-9846-d798acb34be9 service placement] 10.222.0.61 "GET /placement/allocations/81714690-fd96-4a53-bee3-01d3816c51d5" status: 200 len: 19 microversion: 1.28
Nov 10 16:52:40.824638 n-d-817278-1 devstack@placement-api.service[114584]: [pid: 114584|app: 0|req: 224/450] 10.222.0.61 () {60 vars in 1380 bytes} [Wed Nov 10 16:52:40 2021] GET /placement/allocations/81714690-fd96-4a53-bee3-01d3816c51d5 => generated 19 bytes in 18 msecs (HTTP/1.1 200) 8 headers in 295 bytes (2 switches on core 0)
Nov 10 16:52:40.832137 n-d-817278-1 devstack@placement-api.service[114584]: DEBUG placement.requestlog [req-5e11a714-a98f-46fd-a213-c2cb0c41808a req-746a7eed-3e78-4b3b-a2da-e103b9a9080b None None] Starting request: 10.222.0.61 "PUT /placement/allocations/81714690-fd96-4a53-bee3-01d3816c51d5" {{(pid=114584) __call__ /opt/stack/placement/placement/requestlog.py:55}}
Nov 10 16:52:40.889582 n-d-817278-1 devstack@placement-api.service[114585]: DEBUG placement.objects.research_context [req-77334bcf-0c4a-4886-9536-afd9a1090066 req-e10c5249-180a-4068-8762-f187a337f5c0 service placement] getting providers with 1024 MEMORY_MB {{(pid=114585) __init__ /opt/stack/placement/placement/objects/research_context.py:126}}
Nov 10 16:52:40.909843 n-d-817278-1 devstack@placement-api.service[114584]: DEBUG placement.handlers.allocation [req-5e11a714-a98f-46fd-a213-c2cb0c41808a req-746a7eed-3e78-4b3b-a2da-e103b9a9080b service placement] Successfully wrote allocations [, , ] {{(pid=114584) _update_consumers_and_create_allocations /opt/stack/placement/placement/handlers/allocation.py:462}}
Nov 10 16:52:40.912320 n-d-817278-1 devstack@placement-api.service[114585]: DEBUG placement.objects.research_context [req-77334bcf-0c4a-4886-9536-afd9a1090066 req-e10c5249-180a-4068-8762-f187a337f5c0 service placement] getting providers with 1 VCPU {{(pid=114585) __init__ /opt/stack/placement/placement/objects/research_context.py:126}}
Nov 10 16:52:40.923324 n-d-817278-1 devstack@placement-api.service[114584]: INFO placement.requestlog [req-5e11a714-a98f-46fd-a213-c2cb0c41808a req-746a7eed-3e78-4b3b-a2da-e103b9a9080b service placement] 10.222.0.61 "PUT /placement/allocations/81714690-fd96-4a53-bee3-01d3816c51d5" status: 204 len: 0 microversion: 1.36
Nov 10 16:52:40.939187 n-d-817278-1 devstack@placement-api.service[114585]: DEBUG placement.objects.research_context [req-77334bcf-0c4a-4886-9536-afd9a1090066 req-e10c5249-180a-4068-8762-f187a337f5c0 service placement] found 2 providers with available 1024 MEMORY_MB {{(pid=114585) get_provider_ids_matching /opt/stack/placement/placement/objects/research_context.py:549}}
Nov 10 16:52:40.940618 n-d-817278-1 devstack@placement-api.service[114585]: DEBUG placement.objects.research_context [req-77334bcf-0c4a-4886-9536-afd9a1090066 req-e10c5249-180a-4068-8762-f187a337f5c0 service placement] found 2 providers with available 1 VCPU {{(pid=114585) get_provider_ids_matching /opt/stack/placement/placement/objects/research_context.py:549}}
Nov 10 16:52:40.941746 n-d-817278-1 devstack@placement-api.service[114584]: [pid: 114584|app: 0|req: 225/451] 10.222.0.61 () {64 vars in 1433 bytes} [Wed Nov 10 16:52:40 2021] PUT /placement/allocations/81714690-fd96-4a53-bee3-01d3816c51d5 => generated 0 bytes in 93 msecs (HTTP/1.1 204) 5 headers in 199 bytes (2 switches on core 0)
Nov 10 16:52:40.942804 n-d-817278-1 devstack@placement-api.service[114585]: DEBUG placement.objects.research_context [req-77334bcf-0c4a-4886-9536-afd9a1090066 req-e10c5249-180a-4068-8762-f187a337f5c0 service placement] found 2 providers after filtering by previous result {{(pid=114585) get_provider_ids_matching /opt/stack/placement/placement/objects/research_context.py:580}}
Nov 10 16:52:40.975931 n-d-817278-1 devstack@placement-api.service[114585]: DEBUG placement.objects.allocation_candidate [req-77334bcf-0c4a-4886-9536-afd9a1090066 req-e10c5249-180a-4068-8762-f187a337f5c0 service placement] RequestGroup(use_same_provider=False, resources={MEMORY_MB:1024, VCPU:1}, traits=[], aggregates=[]) (suffix '') returned 2 matches {{(pid=114585) _get_by_requests /opt/stack/placement/placement/objects/allocation_candidate.py:145}}
Nov 10 16:52:40.976292 n-d-817278-1 devstack@placement-api.service[114585]: DEBUG placement.objects.allocation_candidate [req-77334bcf-0c4a-4886-9536-afd9a1090066 req-e10c5249-180a-4068-8762-f187a337f5c0 service placement] Merging candidates yields 2 allocation requests and 2 provider summaries {{(pid=114585) _merge_candidates /opt/stack/placement/placement/objects/allocation_candidate.py:783}}
Nov 10 16:52:40.982278 n-d-817278-1 devstack@placement-api.service[114585]: INFO placement.requestlog [req-77334bcf-0c4a-4886-9536-afd9a1090066 req-e10c5249-180a-4068-8762-f187a337f5c0 service placement] 10.222.0.61 "GET /placement/allocation_candidates?limit=1000&resources=MEMORY_MB%3A1024%2CVCPU%3A1&root_required=%21COMPUTE_STATUS_DISABLED" status: 200 len: 1281 microversion: 1.36
Nov 10 16:52:40.982541 n-d-817278-1 devstack@placement-api.service[114585]: [pid: 114585|app: 0|req: 227/452] 10.222.0.61 () {60 vars in 1478 bytes} [Wed Nov 10 16:52:40 2021] GET /placement/allocation_candidates?limit=1000&resources=MEMORY_MB%3A1024%2CVCPU%3A1&root_required=%21COMPUTE_STATUS_DISABLED => generated 1281 bytes in 201 msecs (HTTP/1.1 200) 8 headers in 297 bytes (1 switches on core 0)
Nov 10 16:52:41.014673 n-d-817278-1 devstack@placement-api.service[114584]: DEBUG placement.requestlog [req-2c33635f-720e-4228-98a7-4546005ec0f0 req-bd8ca737-b85f-4951-a438-9caf63efc8d0 None None] Starting request: 10.222.0.48 "GET /placement/resource_providers/528b9222-9d91-42fb-b613-82e1b1165545/allocations" {{(pid=114584) __call__ /opt/stack/placement/placement/requestlog.py:55}}
Nov 10 16:52:41.064471 n-d-817278-1 devstack@placement-api.service[114584]: INFO placement.requestlog [req-2c33635f-720e-4228-98a7-4546005ec0f0 req-bd8ca737-b85f-4951-a438-9caf63efc8d0 service placement] 10.222.0.48 "GET /placement/resource_providers/528b9222-9d91-42fb-b613-82e1b1165545/allocations" status: 200 len: 457 microversion: 1.0
Nov 10 16:52:41.066401 n-d-817278-1 devstack@placement-api.service[114584]: [pid: 114584|app: 0|req: 226/453] 10.222.0.48 () {58 vars in 1390 bytes} [Wed Nov 10 16:52:41 2021] GET /placement/resource_providers/528b9222-9d91-42fb-b613-82e1b1165545/allocations => generated 457 bytes in 52 msecs (HTTP/1.1 200) 6 headers in 224 bytes (1 switches on core 0)
Nov 10 16:52:41.107831 n-d-817278-1 devstack@placement-api.service[114585]: DEBUG placement.requestlog [req-77334bcf-0c4a-4886-9536-afd9a1090066 req-06fefb8c-040e-43a7-8ce6-ca5e0a1b1db0 None None] Starting request: 10.222.0.61 "GET /placement/allocations/e60a3645-3898-4e2a-b539-6397eb22b61a" {{(pid=114585) __call__ /opt/stack/placement/placement/requestlog.py:55}}
Nov 10 16:52:41.153243 n-d-817278-1 devstack@placement-api.service[114585]: INFO placement.requestlog [req-77334bcf-0c4a-4886-9536-afd9a1090066 req-06fefb8c-040e-43a7-8ce6-ca5e0a1b1db0 service placement] 10.222.0.61 "GET /placement/allocations/e60a3645-3898-4e2a-b539-6397eb22b61a" status: 200 len: 19 microversion: 1.28
Nov 10 16:52:41.168440 n-d-817278-1 devstack@placement-api.service[114585]: [pid: 114585|app: 0|req: 228/454] 10.222.0.61 () {60 vars in 1380 bytes} [Wed Nov 10 16:52:41 2021] GET /placement/allocations/e60a3645-3898-4e2a-b539-6397eb22b61a => generated 19 bytes in 49 msecs (HTTP/1.1 200) 8 headers in 295 bytes (1 switches on core 0)
Nov 10 16:52:41.168631 n-d-817278-1 devstack@placement-api.service[114584]: DEBUG placement.requestlog [req-77334bcf-0c4a-4886-9536-afd9a1090066 req-369c1fda-35b0-4ed0-b508-79e14a42e397 None None] Starting request: 10.222.0.61 "PUT /placement/allocations/e60a3645-3898-4e2a-b539-6397eb22b61a" {{(pid=114584) __call__ /opt/stack/placement/placement/requestlog.py:55}}
Nov 10 16:52:41.284803 n-d-817278-1 devstack@placement-api.service[114584]: DEBUG placement.handlers.allocation [req-77334bcf-0c4a-4886-9536-afd9a1090066 req-369c1fda-35b0-4ed0-b508-79e14a42e397 service placement] Successfully wrote allocations [, ] {{(pid=114584) _update_consumers_and_create_allocations /opt/stack/placement/placement/handlers/allocation.py:462}}
Nov 10 16:52:41.291552 n-d-817278-1 devstack@placement-api.service[114584]: INFO placement.requestlog [req-77334bcf-0c4a-4886-9536-afd9a1090066 req-369c1fda-35b0-4ed0-b508-79e14a42e397 service placement] 10.222.0.61 "PUT /placement/allocations/e60a3645-3898-4e2a-b539-6397eb22b61a" status: 204 len: 0 microversion: 1.36
Nov 10 16:52:41.293487 n-d-817278-1 devstack@placement-api.service[114584]: [pid: 114584|app: 0|req: 227/455] 10.222.0.61 () {64 vars in 1433 bytes} [Wed Nov 10 16:52:41 2021] PUT /placement/allocations/e60a3645-3898-4e2a-b539-6397eb22b61a => generated 0 bytes in 130 msecs (HTTP/1.1 204) 5 headers in 199 bytes (1 switches on core 0)
Nov 10 16:52:41.508708 n-d-817278-1 devstack@placement-api.service[114585]: DEBUG placement.requestlog [req-5e11a714-a98f-46fd-a213-c2cb0c41808a req-0cf583a2-5084-4ffa-a282-5c10b3ee8786 None None] Starting request: 10.222.0.44 "GET /placement/allocations/81714690-fd96-4a53-bee3-01d3816c51d5" {{(pid=114585) __call__ /opt/stack/placement/placement/requestlog.py:55}}
Nov 10 16:52:41.534974 n-d-817278-1 devstack@placement-api.service[114585]: INFO placement.requestlog [req-5e11a714-a98f-46fd-a213-c2cb0c41808a req-0cf583a2-5084-4ffa-a282-5c10b3ee8786 service placement] 10.222.0.44 "GET /placement/allocations/81714690-fd96-4a53-bee3-01d3816c51d5" status: 200 len: 259 microversion: 1.28
Nov 10 16:52:41.535437 n-d-817278-1 devstack@placement-api.service[114585]: [pid: 114585|app: 0|req: 229/456] 10.222.0.44 () {60 vars in 1377 bytes} [Wed Nov 10 16:52:41 2021] GET /placement/allocations/81714690-fd96-4a53-bee3-01d3816c51d5 => generated 259 bytes in 27 msecs (HTTP/1.1 200) 8 headers in 296 bytes (1 switches on core 0)
Nov 10 16:52:41.912509 n-d-817278-1 devstack@placement-api.service[114584]: DEBUG placement.requestlog [req-77334bcf-0c4a-4886-9536-afd9a1090066 req-e026661b-b5c7-4cb6-b200-f92285b7a138 None None] Starting request: 10.222.0.44 "GET /placement/allocations/e60a3645-3898-4e2a-b539-6397eb22b61a" {{(pid=114584) __call__ /opt/stack/placement/placement/requestlog.py:55}}
Nov 10 16:52:41.935022 n-d-817278-1 devstack@placement-api.service[114584]: INFO placement.requestlog [req-77334bcf-0c4a-4886-9536-afd9a1090066 req-e026661b-b5c7-4cb6-b200-f92285b7a138 service placement] 10.222.0.44 "GET /placement/allocations/e60a3645-3898-4e2a-b539-6397eb22b61a" status: 200 len: 245 microversion: 1.28
Nov 10 16:52:41.935637 n-d-817278-1 devstack@placement-api.service[114584]: [pid: 114584|app: 0|req: 228/457] 10.222.0.44 () {60 vars in 1377 bytes} [Wed Nov 10 16:52:41 2021] GET /placement/allocations/e60a3645-3898-4e2a-b539-6397eb22b61a => generated 245 bytes in 27 msecs (HTTP/1.1 200) 8 headers in 296 bytes (1 switches on core 0)
Nov 10 16:52:45.656344 n-d-817278-1 devstack@placement-api.service[114585]: DEBUG placement.requestlog [req-24bfd81e-d4e6-4d52-a5d5-ca99e2b63c33 req-9bdd730f-e8c3-419d-9d5d-8fe5602e8e5b None None] Starting request: 10.222.0.44 "GET /placement/resource_providers/32f93504-4467-490b-92aa-f46450e5c0f6/allocations" {{(pid=114585) __call__ /opt/stack/placement/placement/requestlog.py:55}}
Nov 10 16:52:45.716229 n-d-817278-1 devstack@placement-api.service[114585]: INFO placement.requestlog [req-24bfd81e-d4e6-4d52-a5d5-ca99e2b63c33 req-9bdd730f-e8c3-419d-9d5d-8fe5602e8e5b service placement] 10.222.0.44 "GET /placement/resource_providers/32f93504-4467-490b-92aa-f46450e5c0f6/allocations" status: 200 len: 645 microversion: 1.0
Nov 10 16:52:45.717782 n-d-817278-1 devstack@placement-api.service[114585]: [pid: 114585|app: 0|req: 230/458] 10.222.0.44 () {58 vars in 1390 bytes} [Wed Nov 10 16:52:45 2021] GET /placement/resource_providers/32f93504-4467-490b-92aa-f46450e5c0f6/allocations => generated 645 bytes in 61 msecs (HTTP/1.1 200) 6 headers in 224 bytes (1 switches on core 0)
Nov 10 16:52:45.837180 n-d-817278-1 devstack@placement-api.service[114584]: DEBUG placement.requestlog [req-09b6d4eb-e484-4804-80fa-413efa073728 req-3d969e80-0739-481f-bae1-2508021b315f None None] Starting request: 10.222.0.48 "DELETE /placement/allocations/7bc46b8e-81f5-4f5b-bcff-826db3beca16" {{(pid=114584) __call__ /opt/stack/placement/placement/requestlog.py:55}}
Nov 10 16:52:45.898661 n-d-817278-1 devstack@placement-api.service[114584]: DEBUG placement.handlers.allocation [req-09b6d4eb-e484-4804-80fa-413efa073728 req-3d969e80-0739-481f-bae1-2508021b315f service placement] Successfully deleted allocations [, , ] {{(pid=114584) delete_allocations /opt/stack/placement/placement/handlers/allocation.py:627}}
Nov 10 16:52:45.901216 n-d-817278-1 devstack@placement-api.service[114584]: INFO placement.requestlog [req-09b6d4eb-e484-4804-80fa-413efa073728 req-3d969e80-0739-481f-bae1-2508021b315f service placement] 10.222.0.48 "DELETE /placement/allocations/7bc46b8e-81f5-4f5b-bcff-826db3beca16" status: 204 len: 0 microversion: 1.0
Nov 10 16:52:45.902477 n-d-817278-1 devstack@placement-api.service[114584]: [pid: 114584|app: 0|req: 229/459] 10.222.0.48 () {60 vars in 1355 bytes} [Wed Nov 10 16:52:45 2021] DELETE /placement/allocations/7bc46b8e-81f5-4f5b-bcff-826db3beca16 => generated 0 bytes in 66 msecs (HTTP/1.1 204) 5 headers in 198 bytes (1 switches on core 0)
Nov 10 16:52:49.007470 n-d-817278-1 devstack@placement-api.service[114585]: DEBUG placement.requestlog [req-b32ce1f2-fa83-4dac-b483-6d5694639a75 req-0ac44cf3-5523-41af-88c8-47fdafbf2cbf None None] Starting request: 10.222.0.61 "GET /placement/allocation_candidates?limit=1000&resources=DISK_GB%3A1%2CMEMORY_MB%3A1024%2CVCPU%3A1&root_required=%21COMPUTE_STATUS_DISABLED" {{(pid=114585) __call__ /opt/stack/placement/placement/requestlog.py:55}}
Nov 10 16:52:49.062760 n-d-817278-1 devstack@placement-api.service[114585]: DEBUG placement.objects.research_context [req-b32ce1f2-fa83-4dac-b483-6d5694639a75 req-0ac44cf3-5523-41af-88c8-47fdafbf2cbf service placement] getting providers with 1 DISK_GB {{(pid=114585) __init__ /opt/stack/placement/placement/objects/research_context.py:126}}
Nov 10 16:52:49.070254 n-d-817278-1 devstack@placement-api.service[114585]: DEBUG placement.objects.research_context [req-b32ce1f2-fa83-4dac-b483-6d5694639a75 req-0ac44cf3-5523-41af-88c8-47fdafbf2cbf service placement] getting providers with 1024 MEMORY_MB {{(pid=114585) __init__ /opt/stack/placement/placement/objects/research_context.py:126}}
Nov 10 16:52:49.077653 n-d-817278-1 devstack@placement-api.service[114585]: DEBUG placement.objects.research_context [req-b32ce1f2-fa83-4dac-b483-6d5694639a75 req-0ac44cf3-5523-41af-88c8-47fdafbf2cbf service placement] getting providers with 1 VCPU {{(pid=114585) __init__ /opt/stack/placement/placement/objects/research_context.py:126}}
Nov 10 16:52:49.083701 n-d-817278-1 devstack@placement-api.service[114585]: DEBUG placement.objects.research_context [req-b32ce1f2-fa83-4dac-b483-6d5694639a75 req-0ac44cf3-5523-41af-88c8-47fdafbf2cbf service placement] found 2 providers with available 1 DISK_GB {{(pid=114585) get_provider_ids_matching /opt/stack/placement/placement/objects/research_context.py:549}}
Nov 10 16:52:49.084652 n-d-817278-1 devstack@placement-api.service[114585]: DEBUG placement.objects.research_context [req-b32ce1f2-fa83-4dac-b483-6d5694639a75 req-0ac44cf3-5523-41af-88c8-47fdafbf2cbf service placement] found 2 providers with available 1024 MEMORY_MB {{(pid=114585) get_provider_ids_matching /opt/stack/placement/placement/objects/research_context.py:549}}
Nov 10 16:52:49.085166 n-d-817278-1 devstack@placement-api.service[114585]: DEBUG placement.objects.research_context [req-b32ce1f2-fa83-4dac-b483-6d5694639a75 req-0ac44cf3-5523-41af-88c8-47fdafbf2cbf service placement] found 2 providers after filtering by previous result {{(pid=114585) get_provider_ids_matching /opt/stack/placement/placement/objects/research_context.py:580}}
Nov 10 16:52:49.086117 n-d-817278-1 devstack@placement-api.service[114585]: DEBUG placement.objects.research_context [req-b32ce1f2-fa83-4dac-b483-6d5694639a75 req-0ac44cf3-5523-41af-88c8-47fdafbf2cbf service placement] found 2 providers with available 1 VCPU {{(pid=114585) get_provider_ids_matching /opt/stack/placement/placement/objects/research_context.py:549}}
Nov 10 16:52:49.086621 n-d-817278-1 devstack@placement-api.service[114585]: DEBUG placement.objects.research_context [req-b32ce1f2-fa83-4dac-b483-6d5694639a75 req-0ac44cf3-5523-41af-88c8-47fdafbf2cbf service placement] found 2 providers after filtering by previous result {{(pid=114585) get_provider_ids_matching /opt/stack/placement/placement/objects/research_context.py:580}}
Nov 10 16:52:49.102472 n-d-817278-1 devstack@placement-api.service[114585]: DEBUG placement.objects.allocation_candidate [req-b32ce1f2-fa83-4dac-b483-6d5694639a75 req-0ac44cf3-5523-41af-88c8-47fdafbf2cbf service placement] RequestGroup(use_same_provider=False, resources={DISK_GB:1, MEMORY_MB:1024, VCPU:1}, traits=[], aggregates=[]) (suffix '') returned 2 matches {{(pid=114585) _get_by_requests /opt/stack/placement/placement/objects/allocation_candidate.py:145}}
Nov 10 16:52:49.103249 n-d-817278-1 devstack@placement-api.service[114585]: DEBUG placement.objects.allocation_candidate [req-b32ce1f2-fa83-4dac-b483-6d5694639a75 req-0ac44cf3-5523-41af-88c8-47fdafbf2cbf service placement] Merging candidates yields 2 allocation requests and 2 provider summaries {{(pid=114585) _merge_candidates /opt/stack/placement/placement/objects/allocation_candidate.py:783}}
Nov 10 16:52:49.105697 n-d-817278-1 devstack@placement-api.service[114585]: INFO placement.requestlog [req-b32ce1f2-fa83-4dac-b483-6d5694639a75 req-0ac44cf3-5523-41af-88c8-47fdafbf2cbf service placement] 10.222.0.61 "GET /placement/allocation_candidates?limit=1000&resources=DISK_GB%3A1%2CMEMORY_MB%3A1024%2CVCPU%3A1&root_required=%21COMPUTE_STATUS_DISABLED" status: 200 len: 1309 microversion: 1.36
Nov 10 16:52:49.111119 n-d-817278-1 devstack@placement-api.service[114585]: [pid: 114585|app: 0|req: 231/460] 10.222.0.61 () {60 vars in 1506 bytes} [Wed Nov 10 16:52:49 2021] GET /placement/allocation_candidates?limit=1000&resources=DISK_GB%3A1%2CMEMORY_MB%3A1024%2CVCPU%3A1&root_required=%21COMPUTE_STATUS_DISABLED => generated 1309 bytes in 104 msecs (HTTP/1.1 200) 8 headers in 297 bytes (1 switches on core 0)
Nov 10 16:52:49.190468 n-d-817278-1 devstack@placement-api.service[114584]: DEBUG placement.requestlog [req-b32ce1f2-fa83-4dac-b483-6d5694639a75 req-de96edec-c2a0-4eec-ba9a-b7bf3193bb0b None None] Starting request: 10.222.0.61 "GET /placement/allocations/b7b9cf5c-eee2-4792-881d-43ddef4e47fa" {{(pid=114584) __call__ /opt/stack/placement/placement/requestlog.py:55}}
Nov 10 16:52:49.208150 n-d-817278-1 devstack@placement-api.service[114584]: INFO placement.requestlog [req-b32ce1f2-fa83-4dac-b483-6d5694639a75 req-de96edec-c2a0-4eec-ba9a-b7bf3193bb0b service placement] 10.222.0.61 "GET /placement/allocations/b7b9cf5c-eee2-4792-881d-43ddef4e47fa" status: 200 len: 19 microversion: 1.28
Nov 10 16:52:49.209101 n-d-817278-1 devstack@placement-api.service[114584]: [pid: 114584|app: 0|req: 230/461] 10.222.0.61 () {60 vars in 1380 bytes} [Wed Nov 10 16:52:49 2021] GET /placement/allocations/b7b9cf5c-eee2-4792-881d-43ddef4e47fa => generated 19 bytes in 21 msecs (HTTP/1.1 200) 8 headers in 295 bytes (1 switches on core 0)
Nov 10 16:52:49.218093 n-d-817278-1 devstack@placement-api.service[114585]: DEBUG placement.requestlog [req-b32ce1f2-fa83-4dac-b483-6d5694639a75 req-5bf70ae5-cabc-4b0d-884c-dcab8e4d64e5 None None] Starting request: 10.222.0.61 "PUT /placement/allocations/b7b9cf5c-eee2-4792-881d-43ddef4e47fa" {{(pid=114585) __call__ /opt/stack/placement/placement/requestlog.py:55}}
Nov 10 16:52:49.375538 n-d-817278-1 devstack@placement-api.service[114585]: DEBUG placement.handlers.allocation [req-b32ce1f2-fa83-4dac-b483-6d5694639a75 req-5bf70ae5-cabc-4b0d-884c-dcab8e4d64e5 service placement] Successfully wrote allocations [, , ] {{(pid=114585) _update_consumers_and_create_allocations /opt/stack/placement/placement/handlers/allocation.py:462}}
Nov 10 16:52:49.387007 n-d-817278-1 devstack@placement-api.service[114585]: INFO placement.requestlog [req-b32ce1f2-fa83-4dac-b483-6d5694639a75 req-5bf70ae5-cabc-4b0d-884c-dcab8e4d64e5 service placement] 10.222.0.61 "PUT /placement/allocations/b7b9cf5c-eee2-4792-881d-43ddef4e47fa" status: 204 len: 0 microversion: 1.36
Nov 10 16:52:49.387708 n-d-817278-1 devstack@placement-api.service[114585]: [pid: 114585|app: 0|req: 232/462] 10.222.0.61 () {64 vars in 1433 bytes} [Wed Nov 10 16:52:49 2021] PUT /placement/allocations/b7b9cf5c-eee2-4792-881d-43ddef4e47fa => generated 0 bytes in 171 msecs (HTTP/1.1 204) 5 headers in 199 bytes (2 switches on core 0)
Nov 10 16:52:50.021386 n-d-817278-1 devstack@placement-api.service[114584]: DEBUG placement.requestlog [req-b32ce1f2-fa83-4dac-b483-6d5694639a75 req-f1f2fb38-1d41-46b9-94d2-08b584297c59 None None] Starting request: 10.222.0.48 "GET /placement/allocations/b7b9cf5c-eee2-4792-881d-43ddef4e47fa" {{(pid=114584) __call__ /opt/stack/placement/placement/requestlog.py:55}}
Nov 10 16:52:50.063762 n-d-817278-1 devstack@placement-api.service[114584]: INFO placement.requestlog [req-b32ce1f2-fa83-4dac-b483-6d5694639a75 req-f1f2fb38-1d41-46b9-94d2-08b584297c59 service placement] 10.222.0.48 "GET /placement/allocations/b7b9cf5c-eee2-4792-881d-43ddef4e47fa" status: 200 len: 259 microversion: 1.28
Nov 10 16:52:50.064650 n-d-817278-1 devstack@placement-api.service[114584]: [pid: 114584|app: 0|req: 231/463] 10.222.0.48 () {60 vars in 1377 bytes} [Wed Nov 10 16:52:50 2021] GET /placement/allocations/b7b9cf5c-eee2-4792-881d-43ddef4e47fa => generated 259 bytes in 45 msecs (HTTP/1.1 200) 8 headers in 296 bytes (1 switches on core 0)
Nov 10 16:52:54.043155 n-d-817278-1 devstack@placement-api.service[114585]: DEBUG placement.requestlog [req-6a82560e-969c-429f-96f1-b5a1f9caf258 req-e4a6443a-8251-4ecd-a55f-9e07ad65b15c None None] Starting request: 10.222.0.48 "DELETE /placement/allocations/fdf97874-db8c-4056-8e56-355de32d33ba" {{(pid=114585) __call__ /opt/stack/placement/placement/requestlog.py:55}}
Nov 10 16:52:54.110192 n-d-817278-1 devstack@placement-api.service[114585]: DEBUG placement.handlers.allocation [req-6a82560e-969c-429f-96f1-b5a1f9caf258 req-e4a6443a-8251-4ecd-a55f-9e07ad65b15c service placement] Successfully deleted allocations [, , ] {{(pid=114585) delete_allocations /opt/stack/placement/placement/handlers/allocation.py:627}}
Nov 10 16:52:54.111848 n-d-817278-1 devstack@placement-api.service[114585]: INFO placement.requestlog [req-6a82560e-969c-429f-96f1-b5a1f9caf258 req-e4a6443a-8251-4ecd-a55f-9e07ad65b15c service placement] 10.222.0.48 "DELETE /placement/allocations/fdf97874-db8c-4056-8e56-355de32d33ba" status: 204 len: 0 microversion: 1.0
Nov 10 16:52:54.113532 n-d-817278-1 devstack@placement-api.service[114585]: [pid: 114585|app: 0|req: 233/464] 10.222.0.48 () {60 vars in 1355 bytes} [Wed Nov 10 16:52:54 2021] DELETE /placement/allocations/fdf97874-db8c-4056-8e56-355de32d33ba => generated 0 bytes in 70 msecs (HTTP/1.1 204) 5 headers in 198 bytes (1 switches on core 0)
Nov 10 16:52:56.668789 n-d-817278-1 devstack@placement-api.service[114584]: DEBUG placement.requestlog [req-3b41cc0f-5d46-4fdc-9e56-94832b1a74e8 req-a535dced-73e4-497b-b8bf-4323d6efa87b None None] Starting request: 10.222.0.61 "GET /placement/allocation_candidates?resources=DISK_GB%3A1%2CMEMORY_MB%3A1024%2CVCPU%3A1&root_required=%21COMPUTE_STATUS_DISABLED" {{(pid=114584) __call__ /opt/stack/placement/placement/requestlog.py:55}}
Nov 10 16:52:56.719904 n-d-817278-1 devstack@placement-api.service[114584]: DEBUG placement.objects.research_context [req-3b41cc0f-5d46-4fdc-9e56-94832b1a74e8 req-a535dced-73e4-497b-b8bf-4323d6efa87b service placement] getting providers with 1 DISK_GB {{(pid=114584) __init__ /opt/stack/placement/placement/objects/research_context.py:126}}
Nov 10 16:52:56.733370 n-d-817278-1 devstack@placement-api.service[114584]: DEBUG placement.objects.research_context [req-3b41cc0f-5d46-4fdc-9e56-94832b1a74e8 req-a535dced-73e4-497b-b8bf-4323d6efa87b service placement] getting providers with 1024 MEMORY_MB {{(pid=114584) __init__ /opt/stack/placement/placement/objects/research_context.py:126}}
Nov 10 16:52:56.745810 n-d-817278-1 devstack@placement-api.service[114584]: DEBUG placement.objects.research_context [req-3b41cc0f-5d46-4fdc-9e56-94832b1a74e8 req-a535dced-73e4-497b-b8bf-4323d6efa87b service placement] getting providers with 1 VCPU {{(pid=114584) __init__ /opt/stack/placement/placement/objects/research_context.py:126}}
Nov 10 16:52:56.758033 n-d-817278-1 devstack@placement-api.service[114584]: DEBUG placement.objects.research_context [req-3b41cc0f-5d46-4fdc-9e56-94832b1a74e8 req-a535dced-73e4-497b-b8bf-4323d6efa87b service placement] found 2 providers with available 1 DISK_GB {{(pid=114584) get_provider_ids_matching /opt/stack/placement/placement/objects/research_context.py:549}}
Nov 10 16:52:56.758318 n-d-817278-1 devstack@placement-api.service[114584]: DEBUG placement.objects.research_context [req-3b41cc0f-5d46-4fdc-9e56-94832b1a74e8 req-a535dced-73e4-497b-b8bf-4323d6efa87b service placement] found 2 providers with available 1024 MEMORY_MB {{(pid=114584) get_provider_ids_matching /opt/stack/placement/placement/objects/research_context.py:549}}
Nov 10 16:52:56.758759 n-d-817278-1 devstack@placement-api.service[114584]: DEBUG placement.objects.research_context [req-3b41cc0f-5d46-4fdc-9e56-94832b1a74e8 req-a535dced-73e4-497b-b8bf-4323d6efa87b service placement] found 2 providers after filtering by previous result {{(pid=114584) get_provider_ids_matching /opt/stack/placement/placement/objects/research_context.py:580}}
Nov 10 16:52:56.760530 n-d-817278-1 devstack@placement-api.service[114584]: DEBUG placement.objects.research_context [req-3b41cc0f-5d46-4fdc-9e56-94832b1a74e8 req-a535dced-73e4-497b-b8bf-4323d6efa87b service placement] found 2 providers with available 1 VCPU {{(pid=114584) get_provider_ids_matching /opt/stack/placement/placement/objects/research_context.py:549}}
Nov 10 16:52:56.771282 n-d-817278-1 devstack@placement-api.service[114584]: DEBUG placement.objects.research_context [req-3b41cc0f-5d46-4fdc-9e56-94832b1a74e8 req-a535dced-73e4-497b-b8bf-4323d6efa87b service placement] found 2 providers after filtering by previous result {{(pid=114584) get_provider_ids_matching /opt/stack/placement/placement/objects/research_context.py:580}}
Nov 10 16:52:56.808070 n-d-817278-1 devstack@placement-api.service[114584]: DEBUG placement.objects.allocation_candidate [req-3b41cc0f-5d46-4fdc-9e56-94832b1a74e8 req-a535dced-73e4-497b-b8bf-4323d6efa87b service placement] RequestGroup(use_same_provider=False, resources={DISK_GB:1, MEMORY_MB:1024, VCPU:1}, traits=[], aggregates=[]) (suffix '') returned 2 matches {{(pid=114584) _get_by_requests /opt/stack/placement/placement/objects/allocation_candidate.py:145}}
Nov 10 16:52:56.812101 n-d-817278-1 devstack@placement-api.service[114584]: DEBUG placement.objects.allocation_candidate [req-3b41cc0f-5d46-4fdc-9e56-94832b1a74e8 req-a535dced-73e4-497b-b8bf-4323d6efa87b service placement] Merging candidates yields 2 allocation requests and 2 provider summaries {{(pid=114584) _merge_candidates /opt/stack/placement/placement/objects/allocation_candidate.py:783}}
Nov 10 16:52:56.815791 n-d-817278-1 devstack@placement-api.service[114584]: INFO placement.requestlog [req-3b41cc0f-5d46-4fdc-9e56-94832b1a74e8 req-a535dced-73e4-497b-b8bf-4323d6efa87b service placement] 10.222.0.61 "GET /placement/allocation_candidates?resources=DISK_GB%3A1%2CMEMORY_MB%3A1024%2CVCPU%3A1&root_required=%21COMPUTE_STATUS_DISABLED" status: 200 len: 1309 microversion: 1.36
Nov 10 16:52:56.821275 n-d-817278-1 devstack@placement-api.service[114584]: [pid: 114584|app: 0|req: 232/465] 10.222.0.61 () {60 vars in 1484 bytes} [Wed Nov 10 16:52:56 2021] GET /placement/allocation_candidates?resources=DISK_GB%3A1%2CMEMORY_MB%3A1024%2CVCPU%3A1&root_required=%21COMPUTE_STATUS_DISABLED => generated 1309 bytes in 153 msecs (HTTP/1.1 200) 8 headers in 297 bytes (1 switches on core 0)
Nov 10 16:52:56.893634 n-d-817278-1 devstack@placement-api.service[114585]: DEBUG placement.requestlog [req-3b41cc0f-5d46-4fdc-9e56-94832b1a74e8 req-ea0b1351-cc25-4ebd-a7bb-080e79dba49a None None] Starting request: 10.222.0.61 "GET /placement/allocations/9f26d7f7-5a1b-4761-ba05-1bb6c304b8df" {{(pid=114585) __call__ /opt/stack/placement/placement/requestlog.py:55}}
Nov 10 16:52:56.908430 n-d-817278-1 devstack@placement-api.service[114585]: INFO placement.requestlog [req-3b41cc0f-5d46-4fdc-9e56-94832b1a74e8 req-ea0b1351-cc25-4ebd-a7bb-080e79dba49a service placement] 10.222.0.61 "GET /placement/allocations/9f26d7f7-5a1b-4761-ba05-1bb6c304b8df" status: 200 len: 19 microversion: 1.28
Nov 10 16:52:56.910476 n-d-817278-1 devstack@placement-api.service[114585]: [pid: 114585|app: 0|req: 234/466] 10.222.0.61 () {60 vars in 1380 bytes} [Wed Nov 10 16:52:56 2021] GET /placement/allocations/9f26d7f7-5a1b-4761-ba05-1bb6c304b8df => generated 19 bytes in 17 msecs (HTTP/1.1 200) 8 headers in 295 bytes (1 switches on core 0)
Nov 10 16:52:56.921809 n-d-817278-1 devstack@placement-api.service[114584]: DEBUG placement.requestlog [req-3b41cc0f-5d46-4fdc-9e56-94832b1a74e8 req-d15a66da-e72a-40e8-8889-6c640114824d None None] Starting request: 10.222.0.61 "PUT /placement/allocations/9f26d7f7-5a1b-4761-ba05-1bb6c304b8df" {{(pid=114584) __call__ /opt/stack/placement/placement/requestlog.py:55}}
Nov 10 16:52:57.022412 n-d-817278-1 devstack@placement-api.service[114584]: DEBUG placement.handlers.allocation [req-3b41cc0f-5d46-4fdc-9e56-94832b1a74e8 req-d15a66da-e72a-40e8-8889-6c640114824d service placement] Successfully wrote allocations [, , ] {{(pid=114584) _update_consumers_and_create_allocations /opt/stack/placement/placement/handlers/allocation.py:462}}
