Nov 10 16:52:02.555856 n-d-817278-1 devstack@placement-api.service[114585]: INFO placement.requestlog [req-9185ec93-358b-4e7f-9ed2-04a31fa3167f req-7b054cab-2193-4f07-a9bc-dee503bd86f2 service placement] 10.222.0.61 "GET /placement/allocations/61ab1eab-d32b-4167-8fb2-0da4d7cba036" status: 200 len: 19 microversion: 1.28
Nov 10 16:52:02.555856 n-d-817278-1 devstack@placement-api.service[114585]: [pid: 114585|app: 0|req: 208/412] 10.222.0.61 () {60 vars in 1380 bytes} [Wed Nov 10 16:52:02 2021] GET /placement/allocations/61ab1eab-d32b-4167-8fb2-0da4d7cba036 => generated 19 bytes in 14 msecs (HTTP/1.1 200) 8 headers in 295 bytes (1 switches on core 0)
Nov 10 16:52:02.582140 n-d-817278-1 devstack@placement-api.service[114584]: DEBUG placement.requestlog [req-9185ec93-358b-4e7f-9ed2-04a31fa3167f req-5e2c05b6-9748-45ef-a661-6b13f212cef5 None None] Starting request: 10.222.0.61 "PUT /placement/allocations/61ab1eab-d32b-4167-8fb2-0da4d7cba036" {{(pid=114584) __call__ /opt/stack/placement/placement/requestlog.py:55}}
Nov 10 16:52:02.698141 n-d-817278-1 devstack@placement-api.service[114584]: DEBUG placement.handlers.allocation [req-9185ec93-358b-4e7f-9ed2-04a31fa3167f req-5e2c05b6-9748-45ef-a661-6b13f212cef5 service placement] Successfully wrote allocations [, , ] {{(pid=114584) _update_consumers_and_create_allocations /opt/stack/placement/placement/handlers/allocation.py:462}}
Nov 10 16:52:02.713014 n-d-817278-1 devstack@placement-api.service[114584]: INFO placement.requestlog [req-9185ec93-358b-4e7f-9ed2-04a31fa3167f req-5e2c05b6-9748-45ef-a661-6b13f212cef5 service placement] 10.222.0.61 "PUT /placement/allocations/61ab1eab-d32b-4167-8fb2-0da4d7cba036" status: 204 len: 0 microversion: 1.36
Nov 10 16:52:02.714085 n-d-817278-1 devstack@placement-api.service[114584]: [pid: 114584|app: 0|req: 205/413] 10.222.0.61 () {64 vars in 1433 bytes} [Wed Nov 10 16:52:02 2021] PUT /placement/allocations/61ab1eab-d32b-4167-8fb2-0da4d7cba036 => generated 0 bytes in 132 msecs (HTTP/1.1 204) 5 headers in 199 bytes (1 switches on core 0)
Nov 10 16:52:03.273632 n-d-817278-1 devstack@placement-api.service[114585]: DEBUG placement.requestlog [req-9185ec93-358b-4e7f-9ed2-04a31fa3167f req-48f93f93-5735-4e95-aa04-da44c3b5a016 None None] Starting request: 10.222.0.44 "GET /placement/allocations/61ab1eab-d32b-4167-8fb2-0da4d7cba036" {{(pid=114585) __call__ /opt/stack/placement/placement/requestlog.py:55}}
Nov 10 16:52:03.304568 n-d-817278-1 devstack@placement-api.service[114585]: INFO placement.requestlog [req-9185ec93-358b-4e7f-9ed2-04a31fa3167f req-48f93f93-5735-4e95-aa04-da44c3b5a016 service placement] 10.222.0.44 "GET /placement/allocations/61ab1eab-d32b-4167-8fb2-0da4d7cba036" status: 200 len: 259 microversion: 1.28
Nov 10 16:52:03.307423 n-d-817278-1 devstack@placement-api.service[114585]: [pid: 114585|app: 0|req: 209/414] 10.222.0.44 () {60 vars in 1377 bytes} [Wed Nov 10 16:52:03 2021] GET /placement/allocations/61ab1eab-d32b-4167-8fb2-0da4d7cba036 => generated 259 bytes in 34 msecs (HTTP/1.1 200) 8 headers in 296 bytes (1 switches on core 0)
Nov 10 16:52:03.669120 n-d-817278-1 devstack@placement-api.service[114584]: DEBUG placement.requestlog [req-5aa03a00-66fd-4745-b75e-5383b008603b req-48def41f-aeef-477c-ad14-a1c55a366777 None None] Starting request: 10.222.0.61 "GET /placement/allocation_candidates?limit=1000&resources=DISK_GB%3A1%2CMEMORY_MB%3A1024%2CVCPU%3A1&root_required=%21COMPUTE_STATUS_DISABLED" {{(pid=114584) __call__ /opt/stack/placement/placement/requestlog.py:55}}
Nov 10 16:52:03.757177 n-d-817278-1 devstack@placement-api.service[114584]: DEBUG placement.objects.research_context [req-5aa03a00-66fd-4745-b75e-5383b008603b req-48def41f-aeef-477c-ad14-a1c55a366777 service placement] getting providers with 1 DISK_GB {{(pid=114584) __init__ /opt/stack/placement/placement/objects/research_context.py:126}}
Nov 10 16:52:03.771822 n-d-817278-1 devstack@placement-api.service[114584]: DEBUG placement.objects.research_context [req-5aa03a00-66fd-4745-b75e-5383b008603b req-48def41f-aeef-477c-ad14-a1c55a366777 service placement] getting providers with 1024 MEMORY_MB {{(pid=114584) __init__ /opt/stack/placement/placement/objects/research_context.py:126}}
Nov 10 16:52:03.796209 n-d-817278-1 devstack@placement-api.service[114584]: DEBUG placement.objects.research_context [req-5aa03a00-66fd-4745-b75e-5383b008603b req-48def41f-aeef-477c-ad14-a1c55a366777 service placement] getting providers with 1 VCPU {{(pid=114584) __init__ /opt/stack/placement/placement/objects/research_context.py:126}}
Nov 10 16:52:03.814638 n-d-817278-1 devstack@placement-api.service[114584]: DEBUG placement.objects.research_context [req-5aa03a00-66fd-4745-b75e-5383b008603b req-48def41f-aeef-477c-ad14-a1c55a366777 service placement] found 2 providers with available 1 DISK_GB {{(pid=114584) get_provider_ids_matching /opt/stack/placement/placement/objects/research_context.py:549}}
Nov 10 16:52:03.823217 n-d-817278-1 devstack@placement-api.service[114584]: DEBUG placement.objects.research_context [req-5aa03a00-66fd-4745-b75e-5383b008603b req-48def41f-aeef-477c-ad14-a1c55a366777 service placement] found 2 providers with available 1024 MEMORY_MB {{(pid=114584) get_provider_ids_matching /opt/stack/placement/placement/objects/research_context.py:549}}
Nov 10 16:52:03.825431 n-d-817278-1 devstack@placement-api.service[114584]: DEBUG placement.objects.research_context [req-5aa03a00-66fd-4745-b75e-5383b008603b req-48def41f-aeef-477c-ad14-a1c55a366777 service placement] found 2 providers after filtering by previous result {{(pid=114584) get_provider_ids_matching /opt/stack/placement/placement/objects/research_context.py:580}}
Nov 10 16:52:03.825885 n-d-817278-1 devstack@placement-api.service[114584]: DEBUG placement.objects.research_context [req-5aa03a00-66fd-4745-b75e-5383b008603b req-48def41f-aeef-477c-ad14-a1c55a366777 service placement] found 2 providers with available 1 VCPU {{(pid=114584) get_provider_ids_matching /opt/stack/placement/placement/objects/research_context.py:549}}
Nov 10 16:52:03.826380 n-d-817278-1 devstack@placement-api.service[114584]: DEBUG placement.objects.research_context [req-5aa03a00-66fd-4745-b75e-5383b008603b req-48def41f-aeef-477c-ad14-a1c55a366777 service placement] found 2 providers after filtering by previous result {{(pid=114584) get_provider_ids_matching /opt/stack/placement/placement/objects/research_context.py:580}}
Nov 10 16:52:03.852205 n-d-817278-1 devstack@placement-api.service[114584]: DEBUG placement.objects.allocation_candidate [req-5aa03a00-66fd-4745-b75e-5383b008603b req-48def41f-aeef-477c-ad14-a1c55a366777 service placement] RequestGroup(use_same_provider=False, resources={DISK_GB:1, MEMORY_MB:1024, VCPU:1}, traits=[], aggregates=[]) (suffix '') returned 2 matches {{(pid=114584) _get_by_requests /opt/stack/placement/placement/objects/allocation_candidate.py:145}}
Nov 10 16:52:03.853097 n-d-817278-1 devstack@placement-api.service[114584]: DEBUG placement.objects.allocation_candidate [req-5aa03a00-66fd-4745-b75e-5383b008603b req-48def41f-aeef-477c-ad14-a1c55a366777 service placement] Merging candidates yields 2 allocation requests and 2 provider summaries {{(pid=114584) _merge_candidates /opt/stack/placement/placement/objects/allocation_candidate.py:783}}
Nov 10 16:52:03.857950 n-d-817278-1 devstack@placement-api.service[114584]: INFO placement.requestlog [req-5aa03a00-66fd-4745-b75e-5383b008603b req-48def41f-aeef-477c-ad14-a1c55a366777 service placement] 10.222.0.61 "GET /placement/allocation_candidates?limit=1000&resources=DISK_GB%3A1%2CMEMORY_MB%3A1024%2CVCPU%3A1&root_required=%21COMPUTE_STATUS_DISABLED" status: 200 len: 1309 microversion: 1.36
Nov 10 16:52:03.858818 n-d-817278-1 devstack@placement-api.service[114584]: [pid: 114584|app: 0|req: 206/415] 10.222.0.61 () {60 vars in 1506 bytes} [Wed Nov 10 16:52:03 2021] GET /placement/allocation_candidates?limit=1000&resources=DISK_GB%3A1%2CMEMORY_MB%3A1024%2CVCPU%3A1&root_required=%21COMPUTE_STATUS_DISABLED => generated 1309 bytes in 196 msecs (HTTP/1.1 200) 8 headers in 297 bytes (1 switches on core 0)
Nov 10 16:52:04.033873 n-d-817278-1 devstack@placement-api.service[114585]: DEBUG placement.requestlog [req-5aa03a00-66fd-4745-b75e-5383b008603b req-2d69926d-83df-491c-882a-ce2cc42e63d9 None None] Starting request: 10.222.0.61 "GET /placement/allocations/f65adb1a-2831-42b8-8b1e-040e7d12ed3e" {{(pid=114585) __call__ /opt/stack/placement/placement/requestlog.py:55}}
Nov 10 16:52:04.056242 n-d-817278-1 devstack@placement-api.service[114585]: INFO placement.requestlog [req-5aa03a00-66fd-4745-b75e-5383b008603b req-2d69926d-83df-491c-882a-ce2cc42e63d9 service placement] 10.222.0.61 "GET /placement/allocations/f65adb1a-2831-42b8-8b1e-040e7d12ed3e" status: 200 len: 19 microversion: 1.28
Nov 10 16:52:04.062389 n-d-817278-1 devstack@placement-api.service[114585]: [pid: 114585|app: 0|req: 210/416] 10.222.0.61 () {60 vars in 1380 bytes} [Wed Nov 10 16:52:04 2021] GET /placement/allocations/f65adb1a-2831-42b8-8b1e-040e7d12ed3e => generated 19 bytes in 29 msecs (HTTP/1.1 200) 8 headers in 295 bytes (1 switches on core 0)
Nov 10 16:52:04.072742 n-d-817278-1 devstack@placement-api.service[114584]: DEBUG placement.requestlog [req-5aa03a00-66fd-4745-b75e-5383b008603b req-f8d381d5-184f-45be-a816-d868d68c54f8 None None] Starting request: 10.222.0.61 "PUT /placement/allocations/f65adb1a-2831-42b8-8b1e-040e7d12ed3e" {{(pid=114584) __call__ /opt/stack/placement/placement/requestlog.py:55}}
Nov 10 16:52:04.217310 n-d-817278-1 devstack@placement-api.service[114584]: DEBUG placement.handlers.allocation [req-5aa03a00-66fd-4745-b75e-5383b008603b req-f8d381d5-184f-45be-a816-d868d68c54f8 service placement] Successfully wrote allocations [, , ] {{(pid=114584) _update_consumers_and_create_allocations /opt/stack/placement/placement/handlers/allocation.py:462}}
Nov 10 16:52:04.225464 n-d-817278-1 devstack@placement-api.service[114584]: INFO placement.requestlog [req-5aa03a00-66fd-4745-b75e-5383b008603b req-f8d381d5-184f-45be-a816-d868d68c54f8 service placement] 10.222.0.61 "PUT /placement/allocations/f65adb1a-2831-42b8-8b1e-040e7d12ed3e" status: 204 len: 0 microversion: 1.36
Nov 10 16:52:04.225869 n-d-817278-1 devstack@placement-api.service[114584]: [pid: 114584|app: 0|req: 207/417] 10.222.0.61 () {64 vars in 1433 bytes} [Wed Nov 10 16:52:04 2021] PUT /placement/allocations/f65adb1a-2831-42b8-8b1e-040e7d12ed3e => generated 0 bytes in 154 msecs (HTTP/1.1 204) 5 headers in 199 bytes (1 switches on core 0)
Nov 10 16:52:04.790896 n-d-817278-1 devstack@placement-api.service[114585]: DEBUG placement.requestlog [req-5aa03a00-66fd-4745-b75e-5383b008603b req-2adccb31-e126-4848-861e-bff176c181d3 None None] Starting request: 10.222.0.48 "GET /placement/allocations/f65adb1a-2831-42b8-8b1e-040e7d12ed3e" {{(pid=114585) __call__ /opt/stack/placement/placement/requestlog.py:55}}
Nov 10 16:52:04.818042 n-d-817278-1 devstack@placement-api.service[114585]: INFO placement.requestlog [req-5aa03a00-66fd-4745-b75e-5383b008603b req-2adccb31-e126-4848-861e-bff176c181d3 service placement] 10.222.0.48 "GET /placement/allocations/f65adb1a-2831-42b8-8b1e-040e7d12ed3e" status: 200 len: 259 microversion: 1.28
Nov 10 16:52:04.818747 n-d-817278-1 devstack@placement-api.service[114585]: [pid: 114585|app: 0|req: 211/418] 10.222.0.48 () {60 vars in 1377 bytes} [Wed Nov 10 16:52:04 2021] GET /placement/allocations/f65adb1a-2831-42b8-8b1e-040e7d12ed3e => generated 259 bytes in 28 msecs (HTTP/1.1 200) 8 headers in 296 bytes (1 switches on core 0)
Nov 10 16:52:06.013574 n-d-817278-1 devstack@placement-api.service[114584]: DEBUG placement.requestlog [req-9185ec93-358b-4e7f-9ed2-04a31fa3167f req-46fb1278-2dcf-4011-94a3-f516538bd7e0 None None] Starting request: 10.222.0.44 "DELETE /placement/allocations/61ab1eab-d32b-4167-8fb2-0da4d7cba036" {{(pid=114584) __call__ /opt/stack/placement/placement/requestlog.py:55}}
Nov 10 16:52:06.066232 n-d-817278-1 devstack@placement-api.service[114584]: DEBUG placement.handlers.allocation [req-9185ec93-358b-4e7f-9ed2-04a31fa3167f req-46fb1278-2dcf-4011-94a3-f516538bd7e0 service placement] Successfully deleted allocations [, , ] {{(pid=114584) delete_allocations /opt/stack/placement/placement/handlers/allocation.py:627}}
Nov 10 16:52:06.067009 n-d-817278-1 devstack@placement-api.service[114584]: INFO placement.requestlog [req-9185ec93-358b-4e7f-9ed2-04a31fa3167f req-46fb1278-2dcf-4011-94a3-f516538bd7e0 service placement] 10.222.0.44 "DELETE /placement/allocations/61ab1eab-d32b-4167-8fb2-0da4d7cba036" status: 204 len: 0 microversion: 1.0
Nov 10 16:52:06.067661 n-d-817278-1 devstack@placement-api.service[114584]: [pid: 114584|app: 0|req: 208/419] 10.222.0.44 () {60 vars in 1355 bytes} [Wed Nov 10 16:52:06 2021] DELETE /placement/allocations/61ab1eab-d32b-4167-8fb2-0da4d7cba036 => generated 0 bytes in 54 msecs (HTTP/1.1 204) 5 headers in 198 bytes (1 switches on core 0)
Nov 10 16:52:07.370691 n-d-817278-1 devstack@placement-api.service[114585]: DEBUG placement.requestlog [req-9e920eb7-74ec-4b6a-8d5d-e415e3517337 req-a1670cd3-603f-407c-b176-5f2b6ec022e7 None None] Starting request: 10.222.0.48 "DELETE /placement/allocations/6562ae2a-b087-48f6-91fb-52c595331d80" {{(pid=114585) __call__ /opt/stack/placement/placement/requestlog.py:55}}
Nov 10 16:52:07.433457 n-d-817278-1 devstack@placement-api.service[114585]: DEBUG placement.handlers.allocation [req-9e920eb7-74ec-4b6a-8d5d-e415e3517337 req-a1670cd3-603f-407c-b176-5f2b6ec022e7 service placement] Successfully deleted allocations [, , ] {{(pid=114585) delete_allocations /opt/stack/placement/placement/handlers/allocation.py:627}}
Nov 10 16:52:07.434247 n-d-817278-1 devstack@placement-api.service[114585]: INFO placement.requestlog [req-9e920eb7-74ec-4b6a-8d5d-e415e3517337 req-a1670cd3-603f-407c-b176-5f2b6ec022e7 service placement] 10.222.0.48 "DELETE /placement/allocations/6562ae2a-b087-48f6-91fb-52c595331d80" status: 204 len: 0 microversion: 1.0
Nov 10 16:52:07.434976 n-d-817278-1 devstack@placement-api.service[114585]: [pid: 114585|app: 0|req: 212/420] 10.222.0.48 () {60 vars in 1355 bytes} [Wed Nov 10 16:52:07 2021] DELETE /placement/allocations/6562ae2a-b087-48f6-91fb-52c595331d80 => generated 0 bytes in 65 msecs (HTTP/1.1 204) 5 headers in 198 bytes (1 switches on core 0)
Nov 10 16:52:07.595241 n-d-817278-1 devstack@placement-api.service[114584]: DEBUG placement.requestlog [req-23f61de1-417c-487e-a9f9-7d73ca365ab2 req-350f7739-bf37-42a2-96d1-939993af18f7 None None] Starting request: 10.222.0.44 "DELETE /placement/allocations/61ab1eab-d32b-4167-8fb2-0da4d7cba036" {{(pid=114584) __call__ /opt/stack/placement/placement/requestlog.py:55}}
Nov 10 16:52:07.613983 n-d-817278-1 devstack@placement-api.service[114584]: DEBUG placement.wsgi_wrapper [req-23f61de1-417c-487e-a9f9-7d73ca365ab2 req-350f7739-bf37-42a2-96d1-939993af18f7 service placement] Placement API returning an error response: No allocations for consumer '61ab1eab-d32b-4167-8fb2-0da4d7cba036' {{(pid=114584) call_func /opt/stack/placement/placement/wsgi_wrapper.py:31}}
Nov 10 16:52:07.616423 n-d-817278-1 devstack@placement-api.service[114584]: INFO placement.requestlog [req-23f61de1-417c-487e-a9f9-7d73ca365ab2 req-350f7739-bf37-42a2-96d1-939993af18f7 service placement] 10.222.0.44 "DELETE /placement/allocations/61ab1eab-d32b-4167-8fb2-0da4d7cba036" status: 404 len: 228 microversion: 1.0
Nov 10 16:52:07.618521 n-d-817278-1 devstack@placement-api.service[114584]: [pid: 114584|app: 0|req: 209/421] 10.222.0.44 () {60 vars in 1355 bytes} [Wed Nov 10 16:52:07 2021] DELETE /placement/allocations/61ab1eab-d32b-4167-8fb2-0da4d7cba036 => generated 228 bytes in 23 msecs (HTTP/1.1 404) 6 headers in 231 bytes (1 switches on core 0)
Nov 10 16:52:08.370849 n-d-817278-1 devstack@placement-api.service[114585]: DEBUG placement.requestlog [req-1c8ad725-3460-4904-b4d5-b52a36ae37f1 req-b4d8c4dd-14fd-44b1-beb6-08bb3ccc2851 None None] Starting request: 10.222.0.48 "DELETE /placement/allocations/a64f7c70-fa27-4000-92ca-3596ceb7fbf9" {{(pid=114585) __call__ /opt/stack/placement/placement/requestlog.py:55}}
Nov 10 16:52:08.443295 n-d-817278-1 devstack@placement-api.service[114585]: DEBUG placement.handlers.allocation [req-1c8ad725-3460-4904-b4d5-b52a36ae37f1 req-b4d8c4dd-14fd-44b1-beb6-08bb3ccc2851 service placement] Successfully deleted allocations [, ] {{(pid=114585) delete_allocations /opt/stack/placement/placement/handlers/allocation.py:627}}
Nov 10 16:52:08.444368 n-d-817278-1 devstack@placement-api.service[114585]: INFO placement.requestlog [req-1c8ad725-3460-4904-b4d5-b52a36ae37f1 req-b4d8c4dd-14fd-44b1-beb6-08bb3ccc2851 service placement] 10.222.0.48 "DELETE /placement/allocations/a64f7c70-fa27-4000-92ca-3596ceb7fbf9" status: 204 len: 0 microversion: 1.0
Nov 10 16:52:08.445086 n-d-817278-1 devstack@placement-api.service[114585]: [pid: 114585|app: 0|req: 213/422] 10.222.0.48 () {60 vars in 1355 bytes} [Wed Nov 10 16:52:08 2021] DELETE /placement/allocations/a64f7c70-fa27-4000-92ca-3596ceb7fbf9 => generated 0 bytes in 75 msecs (HTTP/1.1 204) 5 headers in 198 bytes (1 switches on core 0)
Nov 10 16:52:10.036094 n-d-817278-1 devstack@placement-api.service[114584]: DEBUG placement.requestlog [req-626d8684-ce97-43f3-a856-e93ebf7d24d6 req-88a53bc7-b335-4650-96d1-37623a9efbbb None None] Starting request: 10.222.0.61 "GET /placement/allocation_candidates?limit=1000&resources=DISK_GB%3A1%2CMEMORY_MB%3A1024%2CVCPU%3A1&root_required=%21COMPUTE_STATUS_DISABLED" {{(pid=114584) __call__ /opt/stack/placement/placement/requestlog.py:55}}
Nov 10 16:52:10.100456 n-d-817278-1 devstack@placement-api.service[114584]: DEBUG placement.objects.research_context [req-626d8684-ce97-43f3-a856-e93ebf7d24d6 req-88a53bc7-b335-4650-96d1-37623a9efbbb service placement] getting providers with 1 DISK_GB {{(pid=114584) __init__ /opt/stack/placement/placement/objects/research_context.py:126}}
Nov 10 16:52:10.129940 n-d-817278-1 devstack@placement-api.service[114584]: DEBUG placement.objects.research_context [req-626d8684-ce97-43f3-a856-e93ebf7d24d6 req-88a53bc7-b335-4650-96d1-37623a9efbbb service placement] getting providers with 1024 MEMORY_MB {{(pid=114584) __init__ /opt/stack/placement/placement/objects/research_context.py:126}}
Nov 10 16:52:10.145509 n-d-817278-1 devstack@placement-api.service[114584]: DEBUG placement.objects.research_context [req-626d8684-ce97-43f3-a856-e93ebf7d24d6 req-88a53bc7-b335-4650-96d1-37623a9efbbb service placement] getting providers with 1 VCPU {{(pid=114584) __init__ /opt/stack/placement/placement/objects/research_context.py:126}}
Nov 10 16:52:10.159151 n-d-817278-1 devstack@placement-api.service[114584]: DEBUG placement.objects.research_context [req-626d8684-ce97-43f3-a856-e93ebf7d24d6 req-88a53bc7-b335-4650-96d1-37623a9efbbb service placement] found 2 providers with available 1 DISK_GB {{(pid=114584) get_provider_ids_matching /opt/stack/placement/placement/objects/research_context.py:549}}
Nov 10 16:52:10.161179 n-d-817278-1 devstack@placement-api.service[114584]: DEBUG placement.objects.research_context [req-626d8684-ce97-43f3-a856-e93ebf7d24d6 req-88a53bc7-b335-4650-96d1-37623a9efbbb service placement] found 2 providers with available 1024 MEMORY_MB {{(pid=114584) get_provider_ids_matching /opt/stack/placement/placement/objects/research_context.py:549}}
Nov 10 16:52:10.161656 n-d-817278-1 devstack@placement-api.service[114584]: DEBUG placement.objects.research_context [req-626d8684-ce97-43f3-a856-e93ebf7d24d6 req-88a53bc7-b335-4650-96d1-37623a9efbbb service placement] found 2 providers after filtering by previous result {{(pid=114584) get_provider_ids_matching /opt/stack/placement/placement/objects/research_context.py:580}}
Nov 10 16:52:10.162090 n-d-817278-1 devstack@placement-api.service[114584]: DEBUG placement.objects.research_context [req-626d8684-ce97-43f3-a856-e93ebf7d24d6 req-88a53bc7-b335-4650-96d1-37623a9efbbb service placement] found 2 providers with available 1 VCPU {{(pid=114584) get_provider_ids_matching /opt/stack/placement/placement/objects/research_context.py:549}}
Nov 10 16:52:10.162684 n-d-817278-1 devstack@placement-api.service[114584]: DEBUG placement.objects.research_context [req-626d8684-ce97-43f3-a856-e93ebf7d24d6 req-88a53bc7-b335-4650-96d1-37623a9efbbb service placement] found 2 providers after filtering by previous result {{(pid=114584) get_provider_ids_matching /opt/stack/placement/placement/objects/research_context.py:580}}
Nov 10 16:52:10.201630 n-d-817278-1 devstack@placement-api.service[114584]: DEBUG placement.objects.allocation_candidate [req-626d8684-ce97-43f3-a856-e93ebf7d24d6 req-88a53bc7-b335-4650-96d1-37623a9efbbb service placement] RequestGroup(use_same_provider=False, resources={DISK_GB:1, MEMORY_MB:1024, VCPU:1}, traits=[], aggregates=[]) (suffix '') returned 2 matches {{(pid=114584) _get_by_requests /opt/stack/placement/placement/objects/allocation_candidate.py:145}}
Nov 10 16:52:10.205327 n-d-817278-1 devstack@placement-api.service[114584]: DEBUG placement.objects.allocation_candidate [req-626d8684-ce97-43f3-a856-e93ebf7d24d6 req-88a53bc7-b335-4650-96d1-37623a9efbbb service placement] Merging candidates yields 2 allocation requests and 2 provider summaries {{(pid=114584) _merge_candidates /opt/stack/placement/placement/objects/allocation_candidate.py:783}}
Nov 10 16:52:10.207832 n-d-817278-1 devstack@placement-api.service[114584]: INFO placement.requestlog [req-626d8684-ce97-43f3-a856-e93ebf7d24d6 req-88a53bc7-b335-4650-96d1-37623a9efbbb service placement] 10.222.0.61 "GET /placement/allocation_candidates?limit=1000&resources=DISK_GB%3A1%2CMEMORY_MB%3A1024%2CVCPU%3A1&root_required=%21COMPUTE_STATUS_DISABLED" status: 200 len: 1309 microversion: 1.36
Nov 10 16:52:10.221152 n-d-817278-1 devstack@placement-api.service[114584]: [pid: 114584|app: 0|req: 210/423] 10.222.0.61 () {60 vars in 1506 bytes} [Wed Nov 10 16:52:10 2021] GET /placement/allocation_candidates?limit=1000&resources=DISK_GB%3A1%2CMEMORY_MB%3A1024%2CVCPU%3A1&root_required=%21COMPUTE_STATUS_DISABLED => generated 1309 bytes in 177 msecs (HTTP/1.1 200) 8 headers in 297 bytes (1 switches on core 0)
Nov 10 16:52:10.355218 n-d-817278-1 devstack@placement-api.service[114585]: DEBUG placement.requestlog [req-626d8684-ce97-43f3-a856-e93ebf7d24d6 req-d61aeefd-cbd1-4ab3-adf6-253a48b6c58f None None] Starting request: 10.222.0.61 "GET /placement/allocations/9534f12b-ab1a-4078-b562-26912076f92d" {{(pid=114585) __call__ /opt/stack/placement/placement/requestlog.py:55}}
Nov 10 16:52:10.369277 n-d-817278-1 devstack@placement-api.service[114585]: INFO placement.requestlog [req-626d8684-ce97-43f3-a856-e93ebf7d24d6 req-d61aeefd-cbd1-4ab3-adf6-253a48b6c58f service placement] 10.222.0.61 "GET /placement/allocations/9534f12b-ab1a-4078-b562-26912076f92d" status: 200 len: 19 microversion: 1.28
Nov 10 16:52:10.373819 n-d-817278-1 devstack@placement-api.service[114585]: [pid: 114585|app: 0|req: 214/424] 10.222.0.61 () {60 vars in 1380 bytes} [Wed Nov 10 16:52:10 2021] GET /placement/allocations/9534f12b-ab1a-4078-b562-26912076f92d => generated 19 bytes in 20 msecs (HTTP/1.1 200) 8 headers in 295 bytes (1 switches on core 0)
Nov 10 16:52:10.378059 n-d-817278-1 devstack@placement-api.service[114584]: DEBUG placement.requestlog [req-626d8684-ce97-43f3-a856-e93ebf7d24d6 req-301bba79-9776-457c-b9f5-7e9392b6bcff None None] Starting request: 10.222.0.61 "PUT /placement/allocations/9534f12b-ab1a-4078-b562-26912076f92d" {{(pid=114584) __call__ /opt/stack/placement/placement/requestlog.py:55}}
Nov 10 16:52:10.444118 n-d-817278-1 devstack@placement-api.service[114584]: DEBUG placement.handlers.allocation [req-626d8684-ce97-43f3-a856-e93ebf7d24d6 req-301bba79-9776-457c-b9f5-7e9392b6bcff service placement] Successfully wrote allocations [, , ] {{(pid=114584) _update_consumers_and_create_allocations /opt/stack/placement/placement/handlers/allocation.py:462}}
Nov 10 16:52:10.454445 n-d-817278-1 devstack@placement-api.service[114584]: INFO placement.requestlog [req-626d8684-ce97-43f3-a856-e93ebf7d24d6 req-301bba79-9776-457c-b9f5-7e9392b6bcff service placement] 10.222.0.61 "PUT /placement/allocations/9534f12b-ab1a-4078-b562-26912076f92d" status: 204 len: 0 microversion: 1.36
Nov 10 16:52:10.465468 n-d-817278-1 devstack@placement-api.service[114584]: [pid: 114584|app: 0|req: 211/425] 10.222.0.61 () {64 vars in 1433 bytes} [Wed Nov 10 16:52:10 2021] PUT /placement/allocations/9534f12b-ab1a-4078-b562-26912076f92d => generated 0 bytes in 77 msecs (HTTP/1.1 204) 5 headers in 199 bytes (1 switches on core 0)
Nov 10 16:52:11.012890 n-d-817278-1 devstack@placement-api.service[114585]: DEBUG placement.requestlog [req-626d8684-ce97-43f3-a856-e93ebf7d24d6 req-1323e479-7c47-4dc3-ae91-5f86e8d65238 None None] Starting request: 10.222.0.44 "GET /placement/allocations/9534f12b-ab1a-4078-b562-26912076f92d" {{(pid=114585) __call__ /opt/stack/placement/placement/requestlog.py:55}}
Nov 10 16:52:11.046036 n-d-817278-1 devstack@placement-api.service[114585]: INFO placement.requestlog [req-626d8684-ce97-43f3-a856-e93ebf7d24d6 req-1323e479-7c47-4dc3-ae91-5f86e8d65238 service placement] 10.222.0.44 "GET /placement/allocations/9534f12b-ab1a-4078-b562-26912076f92d" status: 200 len: 259 microversion: 1.28
Nov 10 16:52:11.050881 n-d-817278-1 devstack@placement-api.service[114585]: [pid: 114585|app: 0|req: 215/426] 10.222.0.44 () {60 vars in 1377 bytes} [Wed Nov 10 16:52:11 2021] GET /placement/allocations/9534f12b-ab1a-4078-b562-26912076f92d => generated 259 bytes in 38 msecs (HTTP/1.1 200) 8 headers in 296 bytes (1 switches on core 0)
Nov 10 16:52:14.240402 n-d-817278-1 devstack@placement-api.service[114584]: DEBUG placement.requestlog [req-b7450bfa-b7e6-492b-b932-570f74187254 req-49cbf4e6-99fb-4e3b-a044-7fad0cfe45a1 None None] Starting request: 10.222.0.61 "GET /placement/allocation_candidates?resources=DISK_GB%3A1%2CMEMORY_MB%3A1024%2CVCPU%3A1&root_required=%21COMPUTE_STATUS_DISABLED" {{(pid=114584) __call__ /opt/stack/placement/placement/requestlog.py:55}}
Nov 10 16:52:14.313401 n-d-817278-1 devstack@placement-api.service[114584]: DEBUG placement.objects.research_context [req-b7450bfa-b7e6-492b-b932-570f74187254 req-49cbf4e6-99fb-4e3b-a044-7fad0cfe45a1 service placement] getting providers with 1 DISK_GB {{(pid=114584) __init__ /opt/stack/placement/placement/objects/research_context.py:126}}
Nov 10 16:52:14.331155 n-d-817278-1 devstack@placement-api.service[114584]: DEBUG placement.objects.research_context [req-b7450bfa-b7e6-492b-b932-570f74187254 req-49cbf4e6-99fb-4e3b-a044-7fad0cfe45a1 service placement] getting providers with 1024 MEMORY_MB {{(pid=114584) __init__ /opt/stack/placement/placement/objects/research_context.py:126}}
Nov 10 16:52:14.353438 n-d-817278-1 devstack@placement-api.service[114584]: DEBUG placement.objects.research_context [req-b7450bfa-b7e6-492b-b932-570f74187254 req-49cbf4e6-99fb-4e3b-a044-7fad0cfe45a1 service placement] getting providers with 1 VCPU {{(pid=114584) __init__ /opt/stack/placement/placement/objects/research_context.py:126}}
Nov 10 16:52:14.379057 n-d-817278-1 devstack@placement-api.service[114584]: DEBUG placement.objects.research_context [req-b7450bfa-b7e6-492b-b932-570f74187254 req-49cbf4e6-99fb-4e3b-a044-7fad0cfe45a1 service placement] found 2 providers with available 1 DISK_GB {{(pid=114584) get_provider_ids_matching /opt/stack/placement/placement/objects/research_context.py:549}}
Nov 10 16:52:14.379332 n-d-817278-1 devstack@placement-api.service[114584]: DEBUG placement.objects.research_context [req-b7450bfa-b7e6-492b-b932-570f74187254 req-49cbf4e6-99fb-4e3b-a044-7fad0cfe45a1 service placement] found 2 providers with available 1024 MEMORY_MB {{(pid=114584) get_provider_ids_matching /opt/stack/placement/placement/objects/research_context.py:549}}
Nov 10 16:52:14.388485 n-d-817278-1 devstack@placement-api.service[114584]: DEBUG placement.objects.research_context [req-b7450bfa-b7e6-492b-b932-570f74187254 req-49cbf4e6-99fb-4e3b-a044-7fad0cfe45a1 service placement] found 2 providers after filtering by previous result {{(pid=114584) get_provider_ids_matching /opt/stack/placement/placement/objects/research_context.py:580}}
Nov 10 16:52:14.389077 n-d-817278-1 devstack@placement-api.service[114584]: DEBUG placement.objects.research_context [req-b7450bfa-b7e6-492b-b932-570f74187254 req-49cbf4e6-99fb-4e3b-a044-7fad0cfe45a1 service placement] found 2 providers with available 1 VCPU {{(pid=114584) get_provider_ids_matching /opt/stack/placement/placement/objects/research_context.py:549}}
Nov 10 16:52:14.389576 n-d-817278-1 devstack@placement-api.service[114584]: DEBUG placement.objects.research_context [req-b7450bfa-b7e6-492b-b932-570f74187254 req-49cbf4e6-99fb-4e3b-a044-7fad0cfe45a1 service placement] found 2 providers after filtering by previous result {{(pid=114584) get_provider_ids_matching /opt/stack/placement/placement/objects/research_context.py:580}}
Nov 10 16:52:14.419784 n-d-817278-1 devstack@placement-api.service[114584]: DEBUG placement.objects.allocation_candidate [req-b7450bfa-b7e6-492b-b932-570f74187254 req-49cbf4e6-99fb-4e3b-a044-7fad0cfe45a1 service placement] RequestGroup(use_same_provider=False, resources={DISK_GB:1, MEMORY_MB:1024, VCPU:1}, traits=[], aggregates=[]) (suffix '') returned 2 matches {{(pid=114584) _get_by_requests /opt/stack/placement/placement/objects/allocation_candidate.py:145}}
Nov 10 16:52:14.420446 n-d-817278-1 devstack@placement-api.service[114584]: DEBUG placement.objects.allocation_candidate [req-b7450bfa-b7e6-492b-b932-570f74187254 req-49cbf4e6-99fb-4e3b-a044-7fad0cfe45a1 service placement] Merging candidates yields 2 allocation requests and 2 provider summaries {{(pid=114584) _merge_candidates /opt/stack/placement/placement/objects/allocation_candidate.py:783}}
Nov 10 16:52:14.422705 n-d-817278-1 devstack@placement-api.service[114584]: INFO placement.requestlog [req-b7450bfa-b7e6-492b-b932-570f74187254 req-49cbf4e6-99fb-4e3b-a044-7fad0cfe45a1 service placement] 10.222.0.61 "GET /placement/allocation_candidates?resources=DISK_GB%3A1%2CMEMORY_MB%3A1024%2CVCPU%3A1&root_required=%21COMPUTE_STATUS_DISABLED" status: 200 len: 1309 microversion: 1.36
Nov 10 16:52:14.429067 n-d-817278-1 devstack@placement-api.service[114584]: [pid: 114584|app: 0|req: 212/427] 10.222.0.61 () {60 vars in 1484 bytes} [Wed Nov 10 16:52:14 2021] GET /placement/allocation_candidates?resources=DISK_GB%3A1%2CMEMORY_MB%3A1024%2CVCPU%3A1&root_required=%21COMPUTE_STATUS_DISABLED => generated 1309 bytes in 189 msecs (HTTP/1.1 200) 8 headers in 297 bytes (1 switches on core 0)
Nov 10 16:52:14.525004 n-d-817278-1 devstack@placement-api.service[114585]: DEBUG placement.requestlog [req-b7450bfa-b7e6-492b-b932-570f74187254 req-ef189f3e-7062-4901-9615-cf7a0144f0f9 None None] Starting request: 10.222.0.61 "GET /placement/allocations/9a8ae106-0a8b-4131-ba6c-1b61ed7962a7" {{(pid=114585) __call__ /opt/stack/placement/placement/requestlog.py:55}}
Nov 10 16:52:14.543331 n-d-817278-1 devstack@placement-api.service[114585]: INFO placement.requestlog [req-b7450bfa-b7e6-492b-b932-570f74187254 req-ef189f3e-7062-4901-9615-cf7a0144f0f9 service placement] 10.222.0.61 "GET /placement/allocations/9a8ae106-0a8b-4131-ba6c-1b61ed7962a7" status: 200 len: 19 microversion: 1.28
Nov 10 16:52:14.546880 n-d-817278-1 devstack@placement-api.service[114585]: [pid: 114585|app: 0|req: 216/428] 10.222.0.61 () {60 vars in 1380 bytes} [Wed Nov 10 16:52:14 2021] GET /placement/allocations/9a8ae106-0a8b-4131-ba6c-1b61ed7962a7 => generated 19 bytes in 22 msecs (HTTP/1.1 200) 8 headers in 295 bytes (1 switches on core 0)
Nov 10 16:52:14.554396 n-d-817278-1 devstack@placement-api.service[114584]: DEBUG placement.requestlog [req-b7450bfa-b7e6-492b-b932-570f74187254 req-cb30ecd0-6fbb-4778-a45c-0b0ad04598c1 None None] Starting request: 10.222.0.61 "PUT /placement/allocations/9a8ae106-0a8b-4131-ba6c-1b61ed7962a7" {{(pid=114584) __call__ /opt/stack/placement/placement/requestlog.py:55}}
Nov 10 16:52:14.702642 n-d-817278-1 devstack@placement-api.service[114584]: DEBUG placement.handlers.allocation [req-b7450bfa-b7e6-492b-b932-570f74187254 req-cb30ecd0-6fbb-4778-a45c-0b0ad04598c1 service placement] Successfully wrote allocations [, , ] {{(pid=114584) _update_consumers_and_create_allocations /opt/stack/placement/placement/handlers/allocation.py:462}}
Nov 10 16:52:14.711390 n-d-817278-1 devstack@placement-api.service[114584]: INFO placement.requestlog [req-b7450bfa-b7e6-492b-b932-570f74187254 req-cb30ecd0-6fbb-4778-a45c-0b0ad04598c1 service placement] 10.222.0.61 "PUT /placement/allocations/9a8ae106-0a8b-4131-ba6c-1b61ed7962a7" status: 204 len: 0 microversion: 1.36
Nov 10 16:52:14.711633 n-d-817278-1 devstack@placement-api.service[114584]: [pid: 114584|app: 0|req: 213/429] 10.222.0.61 () {64 vars in 1433 bytes} [Wed Nov 10 16:52:14 2021] PUT /placement/allocations/9a8ae106-0a8b-4131-ba6c-1b61ed7962a7 => generated 0 bytes in 158 msecs (HTTP/1.1 204) 5 headers in 199 bytes (2 switches on core 0)
Nov 10 16:52:14.734308 n-d-817278-1 devstack@placement-api.service[114585]: DEBUG placement.requestlog [req-b7450bfa-b7e6-492b-b932-570f74187254 req-a9362ab1-cbe7-4c22-a895-17b2982b18c6 None None] Starting request: 10.222.0.61 "GET /placement/allocations/9f47c76a-e720-4a55-901d-210eaa348de6" {{(pid=114585) __call__ /opt/stack/placement/placement/requestlog.py:55}}
Nov 10 16:52:14.757837 n-d-817278-1 devstack@placement-api.service[114585]: INFO placement.requestlog [req-b7450bfa-b7e6-492b-b932-570f74187254 req-a9362ab1-cbe7-4c22-a895-17b2982b18c6 service placement] 10.222.0.61 "GET /placement/allocations/9f47c76a-e720-4a55-901d-210eaa348de6" status: 200 len: 19 microversion: 1.28
Nov 10 16:52:14.766472 n-d-817278-1 devstack@placement-api.service[114585]: [pid: 114585|app: 0|req: 217/430] 10.222.0.61 () {60 vars in 1380 bytes} [Wed Nov 10 16:52:14 2021] GET /placement/allocations/9f47c76a-e720-4a55-901d-210eaa348de6 => generated 19 bytes in 32 msecs (HTTP/1.1 200) 8 headers in 295 bytes (1 switches on core 0)
Nov 10 16:52:14.769807 n-d-817278-1 devstack@placement-api.service[114584]: DEBUG placement.requestlog [req-b7450bfa-b7e6-492b-b932-570f74187254 req-b7c5178d-ffea-4615-8cd5-89e299420a52 None None] Starting request: 10.222.0.61 "PUT /placement/allocations/9f47c76a-e720-4a55-901d-210eaa348de6" {{(pid=114584) __call__ /opt/stack/placement/placement/requestlog.py:55}}
Nov 10 16:52:14.928484 n-d-817278-1 devstack@placement-api.service[114584]: DEBUG placement.handlers.allocation [req-b7450bfa-b7e6-492b-b932-570f74187254 req-b7c5178d-ffea-4615-8cd5-89e299420a52 service placement] Successfully wrote allocations [, , ] {{(pid=114584) _update_consumers_and_create_allocations /opt/stack/placement/placement/handlers/allocation.py:462}}
Nov 10 16:52:14.939010 n-d-817278-1 devstack@placement-api.service[114584]: INFO placement.requestlog [req-b7450bfa-b7e6-492b-b932-570f74187254 req-b7c5178d-ffea-4615-8cd5-89e299420a52 service placement] 10.222.0.61 "PUT /placement/allocations/9f47c76a-e720-4a55-901d-210eaa348de6" status: 204 len: 0 microversion: 1.36
Nov 10 16:52:14.940787 n-d-817278-1 devstack@placement-api.service[114584]: [pid: 114584|app: 0|req: 214/431] 10.222.0.61 () {64 vars in 1433 bytes} [Wed Nov 10 16:52:14 2021] PUT /placement/allocations/9f47c76a-e720-4a55-901d-210eaa348de6 => generated 0 bytes in 171 msecs (HTTP/1.1 204) 5 headers in 199 bytes (2 switches on core 0)
Nov 10 16:52:15.328388 n-d-817278-1 devstack@placement-api.service[114585]: DEBUG placement.requestlog [req-bd904e12-ba7c-46d6-807a-0f94bcfd3483 req-92cd79f2-c282-4c03-96ca-4543483e59ef None None] Starting request: 10.222.0.48 "DELETE /placement/allocations/7612f8ac-ef27-487e-94f5-3b6762478521" {{(pid=114585) __call__ /opt/stack/placement/placement/requestlog.py:55}}
Nov 10 16:52:15.409716 n-d-817278-1 devstack@placement-api.service[114585]: DEBUG placement.handlers.allocation [req-bd904e12-ba7c-46d6-807a-0f94bcfd3483 req-92cd79f2-c282-4c03-96ca-4543483e59ef service placement] Successfully deleted allocations [, , ] {{(pid=114585) delete_allocations /opt/stack/placement/placement/handlers/allocation.py:627}}
Nov 10 16:52:15.411334 n-d-817278-1 devstack@placement-api.service[114585]: INFO placement.requestlog [req-bd904e12-ba7c-46d6-807a-0f94bcfd3483 req-92cd79f2-c282-4c03-96ca-4543483e59ef service placement] 10.222.0.48 "DELETE /placement/allocations/7612f8ac-ef27-487e-94f5-3b6762478521" status: 204 len: 0 microversion: 1.0
Nov 10 16:52:15.413846 n-d-817278-1 devstack@placement-api.service[114585]: [pid: 114585|app: 0|req: 218/432] 10.222.0.48 () {60 vars in 1355 bytes} [Wed Nov 10 16:52:15 2021] DELETE /placement/allocations/7612f8ac-ef27-487e-94f5-3b6762478521 => generated 0 bytes in 86 msecs (HTTP/1.1 204) 5 headers in 198 bytes (1 switches on core 0)
Nov 10 16:52:15.938874 n-d-817278-1 devstack@placement-api.service[114584]: DEBUG placement.requestlog [req-b7450bfa-b7e6-492b-b932-570f74187254 req-d05317c8-a721-4ac0-bfea-95cf77668935 None None] Starting request: 10.222.0.48 "GET /placement/allocations/9a8ae106-0a8b-4131-ba6c-1b61ed7962a7" {{(pid=114584) __call__ /opt/stack/placement/placement/requestlog.py:55}}
Nov 10 16:52:15.969918 n-d-817278-1 devstack@placement-api.service[114584]: INFO placement.requestlog [req-b7450bfa-b7e6-492b-b932-570f74187254 req-d05317c8-a721-4ac0-bfea-95cf77668935 service placement] 10.222.0.48 "GET /placement/allocations/9a8ae106-0a8b-4131-ba6c-1b61ed7962a7" status: 200 len: 259 microversion: 1.28
Nov 10 16:52:15.976857 n-d-817278-1 devstack@placement-api.service[114584]: [pid: 114584|app: 0|req: 215/433] 10.222.0.48 () {60 vars in 1377 bytes} [Wed Nov 10 16:52:15 2021] GET /placement/allocations/9a8ae106-0a8b-4131-ba6c-1b61ed7962a7 => generated 259 bytes in 38 msecs (HTTP/1.1 200) 8 headers in 296 bytes (1 switches on core 0)
Nov 10 16:52:16.005404 n-d-817278-1 devstack@placement-api.service[114585]: DEBUG placement.requestlog [req-b7450bfa-b7e6-492b-b932-570f74187254 req-49414e75-6a8f-4149-9865-7e99eacad1fc None None] Starting request: 10.222.0.44 "GET /placement/allocations/9f47c76a-e720-4a55-901d-210eaa348de6" {{(pid=114585) __call__ /opt/stack/placement/placement/requestlog.py:55}}
Nov 10 16:52:16.054255 n-d-817278-1 devstack@placement-api.service[114585]: INFO placement.requestlog [req-b7450bfa-b7e6-492b-b932-570f74187254 req-49414e75-6a8f-4149-9865-7e99eacad1fc service placement] 10.222.0.44 "GET /placement/allocations/9f47c76a-e720-4a55-901d-210eaa348de6" status: 200 len: 259 microversion: 1.28
Nov 10 16:52:16.055773 n-d-817278-1 devstack@placement-api.service[114585]: [pid: 114585|app: 0|req: 219/434] 10.222.0.44 () {60 vars in 1377 bytes} [Wed Nov 10 16:52:16 2021] GET /placement/allocations/9f47c76a-e720-4a55-901d-210eaa348de6 => generated 259 bytes in 50 msecs (HTTP/1.1 200) 8 headers in 296 bytes (2 switches on core 0)
Nov 10 16:52:22.317150 n-d-817278-1 devstack@placement-api.service[114584]: DEBUG placement.requestlog [req-0c453893-646d-4283-b843-6a64dfd2e7fe req-517a0475-bc03-4e42-a41b-3909c65197bd None None] Starting request: 10.222.0.48 "DELETE /placement/allocations/fe942961-1f0c-41fc-9d37-b8f7b79596a2" {{(pid=114584) __call__ /opt/stack/placement/placement/requestlog.py:55}}
Nov 10 16:52:22.385959 n-d-817278-1 devstack@placement-api.service[114584]: DEBUG placement.handlers.allocation [req-0c453893-646d-4283-b843-6a64dfd2e7fe req-517a0475-bc03-4e42-a41b-3909c65197bd service placement] Successfully deleted allocations [, , ] {{(pid=114584) delete_allocations /opt/stack/placement/placement/handlers/allocation.py:627}}
Nov 10 16:52:22.386772 n-d-817278-1 devstack@placement-api.service[114584]: INFO placement.requestlog [req-0c453893-646d-4283-b843-6a64dfd2e7fe req-517a0475-bc03-4e42-a41b-3909c65197bd service placement] 10.222.0.48 "DELETE /placement/allocations/fe942961-1f0c-41fc-9d37-b8f7b79596a2" status: 204 len: 0 microversion: 1.0
Nov 10 16:52:22.387752 n-d-817278-1 devstack@placement-api.service[114584]: [pid: 114584|app: 0|req: 216/435] 10.222.0.48 () {60 vars in 1355 bytes} [Wed Nov 10 16:52:22 2021] DELETE /placement/allocations/fe942961-1f0c-41fc-9d37-b8f7b79596a2 => generated 0 bytes in 71 msecs (HTTP/1.1 204) 5 headers in 198 bytes (1 switches on core 0)
Nov 10 16:52:25.346553 n-d-817278-1 devstack@placement-api.service[114585]: DEBUG placement.requestlog [req-c716d3e9-3958-4535-929b-811be5d6af43 req-6528ae4e-4725-413f-b842-cee525e6c201 None None] Starting request: 10.222.0.61 "GET /placement/allocation_candidates?limit=1000&resources=DISK_GB%3A1%2CMEMORY_MB%3A1024%2CVCPU%3A1&root_required=%21COMPUTE_STATUS_DISABLED" {{(pid=114585) __call__ /opt/stack/placement/placement/requestlog.py:55}}
Nov 10 16:52:25.419362 n-d-817278-1 devstack@placement-api.service[114585]: DEBUG placement.objects.research_context [req-c716d3e9-3958-4535-929b-811be5d6af43 req-6528ae4e-4725-413f-b842-cee525e6c201 service placement] getting providers with 1 DISK_GB {{(pid=114585) __init__ /opt/stack/placement/placement/objects/research_context.py:126}}
Nov 10 16:52:25.434479 n-d-817278-1 devstack@placement-api.service[114585]: DEBUG placement.objects.research_context [req-c716d3e9-3958-4535-929b-811be5d6af43 req-6528ae4e-4725-413f-b842-cee525e6c201 service placement] getting providers with 1024 MEMORY_MB {{(pid=114585) __init__ /opt/stack/placement/placement/objects/research_context.py:126}}
Nov 10 16:52:25.443513 n-d-817278-1 devstack@placement-api.service[114585]: DEBUG placement.objects.research_context [req-c716d3e9-3958-4535-929b-811be5d6af43 req-6528ae4e-4725-413f-b842-cee525e6c201 service placement] getting providers with 1 VCPU {{(pid=114585) __init__ /opt/stack/placement/placement/objects/research_context.py:126}}
Nov 10 16:52:25.457542 n-d-817278-1 devstack@placement-api.service[114585]: DEBUG placement.objects.research_context [req-c716d3e9-3958-4535-929b-811be5d6af43 req-6528ae4e-4725-413f-b842-cee525e6c201 service placement] found 2 providers with available 1 DISK_GB {{(pid=114585) get_provider_ids_matching /opt/stack/placement/placement/objects/research_context.py:549}}
Nov 10 16:52:25.457820 n-d-817278-1 devstack@placement-api.service[114585]: DEBUG placement.objects.research_context [req-c716d3e9-3958-4535-929b-811be5d6af43 req-6528ae4e-4725-413f-b842-cee525e6c201 service placement] found 2 providers with available 1024 MEMORY_MB {{(pid=114585) get_provider_ids_matching /opt/stack/placement/placement/objects/research_context.py:549}}
Nov 10 16:52:25.458421 n-d-817278-1 devstack@placement-api.service[114585]: DEBUG placement.objects.research_context [req-c716d3e9-3958-4535-929b-811be5d6af43 req-6528ae4e-4725-413f-b842-cee525e6c201 service placement] found 2 providers after filtering by previous result {{(pid=114585) get_provider_ids_matching /opt/stack/placement/placement/objects/research_context.py:580}}
Nov 10 16:52:25.458749 n-d-817278-1 devstack@placement-api.service[114585]: DEBUG placement.objects.research_context [req-c716d3e9-3958-4535-929b-811be5d6af43 req-6528ae4e-4725-413f-b842-cee525e6c201 service placement] found 2 providers with available 1 VCPU {{(pid=114585) get_provider_ids_matching /opt/stack/placement/placement/objects/research_context.py:549}}
Nov 10 16:52:25.459204 n-d-817278-1 devstack@placement-api.service[114585]: DEBUG placement.objects.research_context [req-c716d3e9-3958-4535-929b-811be5d6af43 req-6528ae4e-4725-413f-b842-cee525e6c201 service placement] found 2 providers after filtering by previous result {{(pid=114585) get_provider_ids_matching /opt/stack/placement/placement/objects/research_context.py:580}}
Nov 10 16:52:25.472270 n-d-817278-1 devstack@placement-api.service[114585]: DEBUG placement.objects.allocation_candidate [req-c716d3e9-3958-4535-929b-811be5d6af43 req-6528ae4e-4725-413f-b842-cee525e6c201 service placement] RequestGroup(use_same_provider=False, resources={DISK_GB:1, MEMORY_MB:1024, VCPU:1}, traits=[], aggregates=[]) (suffix '') returned 2 matches {{(pid=114585) _get_by_requests /opt/stack/placement/placement/objects/allocation_candidate.py:145}}
Nov 10 16:52:25.472933 n-d-817278-1 devstack@placement-api.service[114585]: DEBUG placement.objects.allocation_candidate [req-c716d3e9-3958-4535-929b-811be5d6af43 req-6528ae4e-4725-413f-b842-cee525e6c201 service placement] Merging candidates yields 2 allocation requests and 2 provider summaries {{(pid=114585) _merge_candidates /opt/stack/placement/placement/objects/allocation_candidate.py:783}}
Nov 10 16:52:25.479696 n-d-817278-1 devstack@placement-api.service[114585]: INFO placement.requestlog [req-c716d3e9-3958-4535-929b-811be5d6af43 req-6528ae4e-4725-413f-b842-cee525e6c201 service placement] 10.222.0.61 "GET /placement/allocation_candidates?limit=1000&resources=DISK_GB%3A1%2CMEMORY_MB%3A1024%2CVCPU%3A1&root_required=%21COMPUTE_STATUS_DISABLED" status: 200 len: 1309 microversion: 1.36
Nov 10 16:52:25.490803 n-d-817278-1 devstack@placement-api.service[114585]: [pid: 114585|app: 0|req: 220/436] 10.222.0.61 () {60 vars in 1506 bytes} [Wed Nov 10 16:52:25 2021] GET /placement/allocation_candidates?limit=1000&resources=DISK_GB%3A1%2CMEMORY_MB%3A1024%2CVCPU%3A1&root_required=%21COMPUTE_STATUS_DISABLED => generated 1309 bytes in 143 msecs (HTTP/1.1 200) 8 headers in 297 bytes (1 switches on core 0)
Nov 10 16:52:25.566628 n-d-817278-1 devstack@placement-api.service[114584]: DEBUG placement.requestlog [req-c716d3e9-3958-4535-929b-811be5d6af43 req-2d10e92f-1aad-4e9f-bbe0-c6f9ea36b60d None None] Starting request: 10.222.0.61 "GET /placement/allocations/7bc46b8e-81f5-4f5b-bcff-826db3beca16" {{(pid=114584) __call__ /opt/stack/placement/placement/requestlog.py:55}}
Nov 10 16:52:25.587405 n-d-817278-1 devstack@placement-api.service[114584]: INFO placement.requestlog [req-c716d3e9-3958-4535-929b-811be5d6af43 req-2d10e92f-1aad-4e9f-bbe0-c6f9ea36b60d service placement] 10.222.0.61 "GET /placement/allocations/7bc46b8e-81f5-4f5b-bcff-826db3beca16" status: 200 len: 19 microversion: 1.28
Nov 10 16:52:25.588511 n-d-817278-1 devstack@placement-api.service[114584]: [pid: 114584|app: 0|req: 217/437] 10.222.0.61 () {60 vars in 1380 bytes} [Wed Nov 10 16:52:25 2021] GET /placement/allocations/7bc46b8e-81f5-4f5b-bcff-826db3beca16 => generated 19 bytes in 22 msecs (HTTP/1.1 200) 8 headers in 295 bytes (1 switches on core 0)
Nov 10 16:52:25.596424 n-d-817278-1 devstack@placement-api.service[114585]: DEBUG placement.requestlog [req-c716d3e9-3958-4535-929b-811be5d6af43 req-2169906f-2a14-4742-ad50-05000860120b None None] Starting request: 10.222.0.61 "PUT /placement/allocations/7bc46b8e-81f5-4f5b-bcff-826db3beca16" {{(pid=114585) __call__ /opt/stack/placement/placement/requestlog.py:55}}
Nov 10 16:52:25.710537 n-d-817278-1 devstack@placement-api.service[114585]: DEBUG placement.handlers.allocation [req-c716d3e9-3958-4535-929b-811be5d6af43 req-2169906f-2a14-4742-ad50-05000860120b service placement] Successfully wrote allocations [, , ] {{(pid=114585) _update_consumers_and_create_allocations /opt/stack/placement/placement/handlers/allocation.py:462}}
Nov 10 16:52:25.718415 n-d-817278-1 devstack@placement-api.service[114585]: INFO placement.requestlog [req-c716d3e9-3958-4535-929b-811be5d6af43 req-2169906f-2a14-4742-ad50-05000860120b service placement] 10.222.0.61 "PUT /placement/allocations/7bc46b8e-81f5-4f5b-bcff-826db3beca16" status: 204 len: 0 microversion: 1.36
Nov 10 16:52:25.718974 n-d-817278-1 devstack@placement-api.service[114585]: [pid: 114585|app: 0|req: 221/438] 10.222.0.61 () {64 vars in 1433 bytes} [Wed Nov 10 16:52:25 2021] PUT /placement/allocations/7bc46b8e-81f5-4f5b-bcff-826db3beca16 => generated 0 bytes in 123 msecs (HTTP/1.1 204) 5 headers in 199 bytes (1 switches on core 0)
Nov 10 16:52:26.334650 n-d-817278-1 devstack@placement-api.service[114584]: DEBUG placement.requestlog [req-c716d3e9-3958-4535-929b-811be5d6af43 req-4098fe9c-d883-4275-94f0-ac7621a00c2c None None] Starting request: 10.222.0.48 "GET /placement/allocations/7bc46b8e-81f5-4f5b-bcff-826db3beca16" {{(pid=114584) __call__ /opt/stack/placement/placement/requestlog.py:55}}
Nov 10 16:52:26.373113 n-d-817278-1 devstack@placement-api.service[114584]: INFO placement.requestlog [req-c716d3e9-3958-4535-929b-811be5d6af43 req-4098fe9c-d883-4275-94f0-ac7621a00c2c service placement] 10.222.0.48 "GET /placement/allocations/7bc46b8e-81f5-4f5b-bcff-826db3beca16" status: 200 len: 259 microversion: 1.28
Nov 10 16:52:26.377025 n-d-817278-1 devstack@placement-api.service[114584]: [pid: 114584|app: 0|req: 218/439] 10.222.0.48 () {60 vars in 1377 bytes} [Wed Nov 10 16:52:26 2021] GET /placement/allocations/7bc46b8e-81f5-4f5b-bcff-826db3beca16 => generated 259 bytes in 43 msecs (HTTP/1.1 200) 8 headers in 296 bytes (1 switches on core 0)
Nov 10 16:52:27.361852 n-d-817278-1 devstack@placement-api.service[114585]: DEBUG placement.requestlog [req-ea51c442-1e14-4417-962c-3da13b2cd6c0 req-47dfc862-dedd-47d7-97c6-6e03e145b2da None None] Starting request: 10.222.0.48 "DELETE /placement/allocations/f65adb1a-2831-42b8-8b1e-040e7d12ed3e" {{(pid=114585) __call__ /opt/stack/placement/placement/requestlog.py:55}}
Nov 10 16:52:27.449690 n-d-817278-1 devstack@placement-api.service[114585]: DEBUG placement.handlers.allocation [req-ea51c442-1e14-4417-962c-3da13b2cd6c0 req-47dfc862-dedd-47d7-97c6-6e03e145b2da service placement] Successfully deleted allocations [, , ] {{(pid=114585) delete_allocations /opt/stack/placement/placement/handlers/allocation.py:627}}
Nov 10 16:52:27.450629 n-d-817278-1 devstack@placement-api.service[114585]: INFO placement.requestlog [req-ea51c442-1e14-4417-962c-3da13b2cd6c0 req-47dfc862-dedd-47d7-97c6-6e03e145b2da service placement] 10.222.0.48 "DELETE /placement/allocations/f65adb1a-2831-42b8-8b1e-040e7d12ed3e" status: 204 len: 0 microversion: 1.0
Nov 10 16:52:27.451307 n-d-817278-1 devstack@placement-api.service[114585]: [pid: 114585|app: 0|req: 222/440] 10.222.0.48 () {60 vars in 1355 bytes} [Wed Nov 10 16:52:27 2021] DELETE /placement/allocations/f65adb1a-2831-42b8-8b1e-040e7d12ed3e => generated 0 bytes in 90 msecs (HTTP/1.1 204) 5 headers in 198 bytes (1 switches on core 0)
