Nov 09 18:00:12.637222 n-d-817240-1 devstack@placement-api.service[102622]: [pid: 102622|app: 0|req: 149/302] 10.222.0.73 () {60 vars in 1355 bytes} [Tue Nov 9 18:00:12 2021] DELETE /placement/allocations/7d9c2452-1a09-4c6b-9404-66bbb6569c4d => generated 0 bytes in 54 msecs (HTTP/1.1 204) 5 headers in 198 bytes (1 switches on core 0)
Nov 09 18:00:21.635946 n-d-817240-1 devstack@placement-api.service[102623]: DEBUG placement.requestlog [req-32184d5a-c7c1-44f7-9980-16961738e9b7 req-2e77926a-1819-44bc-805f-90725e7fcaa5 None None] Starting request: 10.222.0.85 "GET /placement/resource_providers/5b6f9434-fa96-4ac8-bd4f-1b25fb1eddbb/allocations" {{(pid=102623) __call__ /opt/stack/placement/placement/requestlog.py:55}}
Nov 09 18:00:21.681859 n-d-817240-1 devstack@placement-api.service[102623]: INFO placement.requestlog [req-32184d5a-c7c1-44f7-9980-16961738e9b7 req-2e77926a-1819-44bc-805f-90725e7fcaa5 service placement] 10.222.0.85 "GET /placement/resource_providers/5b6f9434-fa96-4ac8-bd4f-1b25fb1eddbb/allocations" status: 200 len: 846 microversion: 1.0
Nov 09 18:00:21.682405 n-d-817240-1 devstack@placement-api.service[102623]: [pid: 102623|app: 0|req: 154/303] 10.222.0.85 () {58 vars in 1390 bytes} [Tue Nov 9 18:00:21 2021] GET /placement/resource_providers/5b6f9434-fa96-4ac8-bd4f-1b25fb1eddbb/allocations => generated 846 bytes in 47 msecs (HTTP/1.1 200) 6 headers in 224 bytes (1 switches on core 0)
Nov 09 18:00:21.838907 n-d-817240-1 devstack@placement-api.service[102622]: DEBUG placement.requestlog [req-3732e2d0-f51a-4c6b-815c-aa2454c0cd52 req-bd1aec6a-1adc-4e17-bb09-525602f8807b None None] Starting request: 10.222.0.73 "GET /placement/resource_providers/8e77caad-a835-4d60-8450-70097b811a1c/allocations" {{(pid=102622) __call__ /opt/stack/placement/placement/requestlog.py:55}}
Nov 09 18:00:21.877917 n-d-817240-1 devstack@placement-api.service[102622]: INFO placement.requestlog [req-3732e2d0-f51a-4c6b-815c-aa2454c0cd52 req-bd1aec6a-1adc-4e17-bb09-525602f8807b service placement] 10.222.0.73 "GET /placement/resource_providers/8e77caad-a835-4d60-8450-70097b811a1c/allocations" status: 200 len: 557 microversion: 1.0
Nov 09 18:00:21.878892 n-d-817240-1 devstack@placement-api.service[102622]: [pid: 102622|app: 0|req: 150/304] 10.222.0.73 () {58 vars in 1390 bytes} [Tue Nov 9 18:00:21 2021] GET /placement/resource_providers/8e77caad-a835-4d60-8450-70097b811a1c/allocations => generated 557 bytes in 40 msecs (HTTP/1.1 200) 6 headers in 224 bytes (2 switches on core 0)
Nov 09 18:00:26.568384 n-d-817240-1 devstack@placement-api.service[102623]: DEBUG placement.requestlog [req-0dc1a29c-f09e-4111-b0d8-a5350ac3b660 req-0dafe95d-59ca-4ecf-84ab-e2b908ab33e1 None None] Starting request: 10.222.0.85 "DELETE /placement/allocations/0a613b19-4911-4781-9ca1-84351ff0fe9d" {{(pid=102623) __call__ /opt/stack/placement/placement/requestlog.py:55}}
Nov 09 18:00:26.599700 n-d-817240-1 devstack@placement-api.service[102622]: DEBUG placement.requestlog [req-92ea9c3d-e1a1-464a-8879-d0fabe6cc637 req-51e53a52-97e0-4661-84e9-4c90aec09c74 None None] Starting request: 10.222.0.32 "GET /placement/allocation_candidates?limit=1000&resources=MEMORY_MB%3A1024%2CVCPU%3A1&root_required=%21COMPUTE_STATUS_DISABLED" {{(pid=102622) __call__ /opt/stack/placement/placement/requestlog.py:55}}
Nov 09 18:00:26.663315 n-d-817240-1 devstack@placement-api.service[102623]: DEBUG placement.handlers.allocation [req-0dc1a29c-f09e-4111-b0d8-a5350ac3b660 req-0dafe95d-59ca-4ecf-84ab-e2b908ab33e1 service placement] Successfully deleted allocations [, , ] {{(pid=102623) delete_allocations /opt/stack/placement/placement/handlers/allocation.py:627}}
Nov 09 18:00:26.663921 n-d-817240-1 devstack@placement-api.service[102623]: INFO placement.requestlog [req-0dc1a29c-f09e-4111-b0d8-a5350ac3b660 req-0dafe95d-59ca-4ecf-84ab-e2b908ab33e1 service placement] 10.222.0.85 "DELETE /placement/allocations/0a613b19-4911-4781-9ca1-84351ff0fe9d" status: 204 len: 0 microversion: 1.0
Nov 09 18:00:26.664430 n-d-817240-1 devstack@placement-api.service[102623]: [pid: 102623|app: 0|req: 155/305] 10.222.0.85 () {60 vars in 1355 bytes} [Tue Nov 9 18:00:26 2021] DELETE /placement/allocations/0a613b19-4911-4781-9ca1-84351ff0fe9d => generated 0 bytes in 96 msecs (HTTP/1.1 204) 5 headers in 198 bytes (1 switches on core 0)
Nov 09 18:00:26.667922 n-d-817240-1 devstack@placement-api.service[102622]: DEBUG placement.objects.research_context [req-92ea9c3d-e1a1-464a-8879-d0fabe6cc637 req-51e53a52-97e0-4661-84e9-4c90aec09c74 service placement] getting providers with 1024 MEMORY_MB {{(pid=102622) __init__ /opt/stack/placement/placement/objects/research_context.py:126}}
Nov 09 18:00:26.687049 n-d-817240-1 devstack@placement-api.service[102622]: DEBUG placement.objects.research_context [req-92ea9c3d-e1a1-464a-8879-d0fabe6cc637 req-51e53a52-97e0-4661-84e9-4c90aec09c74 service placement] getting providers with 1 VCPU {{(pid=102622) __init__ /opt/stack/placement/placement/objects/research_context.py:126}}
Nov 09 18:00:26.693352 n-d-817240-1 devstack@placement-api.service[102622]: DEBUG placement.objects.research_context [req-92ea9c3d-e1a1-464a-8879-d0fabe6cc637 req-51e53a52-97e0-4661-84e9-4c90aec09c74 service placement] found 2 providers with available 1024 MEMORY_MB {{(pid=102622) get_provider_ids_matching /opt/stack/placement/placement/objects/research_context.py:549}}
Nov 09 18:00:26.693700 n-d-817240-1 devstack@placement-api.service[102622]: DEBUG placement.objects.research_context [req-92ea9c3d-e1a1-464a-8879-d0fabe6cc637 req-51e53a52-97e0-4661-84e9-4c90aec09c74 service placement] found 2 providers with available 1 VCPU {{(pid=102622) get_provider_ids_matching /opt/stack/placement/placement/objects/research_context.py:549}}
Nov 09 18:00:26.694029 n-d-817240-1 devstack@placement-api.service[102622]: DEBUG placement.objects.research_context [req-92ea9c3d-e1a1-464a-8879-d0fabe6cc637 req-51e53a52-97e0-4661-84e9-4c90aec09c74 service placement] found 2 providers after filtering by previous result {{(pid=102622) get_provider_ids_matching /opt/stack/placement/placement/objects/research_context.py:580}}
Nov 09 18:00:26.719909 n-d-817240-1 devstack@placement-api.service[102622]: DEBUG placement.objects.allocation_candidate [req-92ea9c3d-e1a1-464a-8879-d0fabe6cc637 req-51e53a52-97e0-4661-84e9-4c90aec09c74 service placement] RequestGroup(use_same_provider=False, resources={MEMORY_MB:1024, VCPU:1}, traits=[], aggregates=[]) (suffix '') returned 2 matches {{(pid=102622) _get_by_requests /opt/stack/placement/placement/objects/allocation_candidate.py:145}}
Nov 09 18:00:26.720426 n-d-817240-1 devstack@placement-api.service[102622]: DEBUG placement.objects.allocation_candidate [req-92ea9c3d-e1a1-464a-8879-d0fabe6cc637 req-51e53a52-97e0-4661-84e9-4c90aec09c74 service placement] Merging candidates yields 2 allocation requests and 2 provider summaries {{(pid=102622) _merge_candidates /opt/stack/placement/placement/objects/allocation_candidate.py:783}}
Nov 09 18:00:26.722248 n-d-817240-1 devstack@placement-api.service[102622]: INFO placement.requestlog [req-92ea9c3d-e1a1-464a-8879-d0fabe6cc637 req-51e53a52-97e0-4661-84e9-4c90aec09c74 service placement] 10.222.0.32 "GET /placement/allocation_candidates?limit=1000&resources=MEMORY_MB%3A1024%2CVCPU%3A1&root_required=%21COMPUTE_STATUS_DISABLED" status: 200 len: 1281 microversion: 1.36
Nov 09 18:00:26.726428 n-d-817240-1 devstack@placement-api.service[102622]: [pid: 102622|app: 0|req: 151/306] 10.222.0.32 () {60 vars in 1478 bytes} [Tue Nov 9 18:00:26 2021] GET /placement/allocation_candidates?limit=1000&resources=MEMORY_MB%3A1024%2CVCPU%3A1&root_required=%21COMPUTE_STATUS_DISABLED => generated 1281 bytes in 127 msecs (HTTP/1.1 200) 8 headers in 297 bytes (1 switches on core 0)
Nov 09 18:00:26.816822 n-d-817240-1 devstack@placement-api.service[102623]: DEBUG placement.requestlog [req-92ea9c3d-e1a1-464a-8879-d0fabe6cc637 req-9bf1e440-c68d-44f4-aee4-06c6d3b46194 None None] Starting request: 10.222.0.32 "GET /placement/allocations/3b3da724-181c-4c64-8c90-c3994ad03462" {{(pid=102623) __call__ /opt/stack/placement/placement/requestlog.py:55}}
Nov 09 18:00:26.828909 n-d-817240-1 devstack@placement-api.service[102623]: INFO placement.requestlog [req-92ea9c3d-e1a1-464a-8879-d0fabe6cc637 req-9bf1e440-c68d-44f4-aee4-06c6d3b46194 service placement] 10.222.0.32 "GET /placement/allocations/3b3da724-181c-4c64-8c90-c3994ad03462" status: 200 len: 19 microversion: 1.28
Nov 09 18:00:26.829438 n-d-817240-1 devstack@placement-api.service[102623]: [pid: 102623|app: 0|req: 156/307] 10.222.0.32 () {60 vars in 1380 bytes} [Tue Nov 9 18:00:26 2021] GET /placement/allocations/3b3da724-181c-4c64-8c90-c3994ad03462 => generated 19 bytes in 13 msecs (HTTP/1.1 200) 8 headers in 295 bytes (1 switches on core 0)
Nov 09 18:00:26.837130 n-d-817240-1 devstack@placement-api.service[102622]: DEBUG placement.requestlog [req-92ea9c3d-e1a1-464a-8879-d0fabe6cc637 req-50508a62-6b00-4065-8e54-74639c19dc26 None None] Starting request: 10.222.0.32 "PUT /placement/allocations/3b3da724-181c-4c64-8c90-c3994ad03462" {{(pid=102622) __call__ /opt/stack/placement/placement/requestlog.py:55}}
Nov 09 18:00:26.893079 n-d-817240-1 devstack@placement-api.service[102622]: DEBUG placement.handlers.allocation [req-92ea9c3d-e1a1-464a-8879-d0fabe6cc637 req-50508a62-6b00-4065-8e54-74639c19dc26 service placement] Successfully wrote allocations [, ] {{(pid=102622) _update_consumers_and_create_allocations /opt/stack/placement/placement/handlers/allocation.py:462}}
Nov 09 18:00:26.900383 n-d-817240-1 devstack@placement-api.service[102622]: INFO placement.requestlog [req-92ea9c3d-e1a1-464a-8879-d0fabe6cc637 req-50508a62-6b00-4065-8e54-74639c19dc26 service placement] 10.222.0.32 "PUT /placement/allocations/3b3da724-181c-4c64-8c90-c3994ad03462" status: 204 len: 0 microversion: 1.36
Nov 09 18:00:26.908383 n-d-817240-1 devstack@placement-api.service[102622]: [pid: 102622|app: 0|req: 152/308] 10.222.0.32 () {64 vars in 1433 bytes} [Tue Nov 9 18:00:26 2021] PUT /placement/allocations/3b3da724-181c-4c64-8c90-c3994ad03462 => generated 0 bytes in 64 msecs (HTTP/1.1 204) 5 headers in 199 bytes (1 switches on core 0)
Nov 09 18:00:27.314950 n-d-817240-1 devstack@placement-api.service[102623]: DEBUG placement.requestlog [req-92ea9c3d-e1a1-464a-8879-d0fabe6cc637 req-373f8d20-b421-43ff-afe6-08e582b1171d None None] Starting request: 10.222.0.73 "GET /placement/allocations/3b3da724-181c-4c64-8c90-c3994ad03462" {{(pid=102623) __call__ /opt/stack/placement/placement/requestlog.py:55}}
Nov 09 18:00:27.339748 n-d-817240-1 devstack@placement-api.service[102623]: INFO placement.requestlog [req-92ea9c3d-e1a1-464a-8879-d0fabe6cc637 req-373f8d20-b421-43ff-afe6-08e582b1171d service placement] 10.222.0.73 "GET /placement/allocations/3b3da724-181c-4c64-8c90-c3994ad03462" status: 200 len: 245 microversion: 1.28
Nov 09 18:00:27.340483 n-d-817240-1 devstack@placement-api.service[102623]: [pid: 102623|app: 0|req: 157/309] 10.222.0.73 () {60 vars in 1377 bytes} [Tue Nov 9 18:00:27 2021] GET /placement/allocations/3b3da724-181c-4c64-8c90-c3994ad03462 => generated 245 bytes in 26 msecs (HTTP/1.1 200) 8 headers in 296 bytes (1 switches on core 0)
Nov 09 18:00:37.784237 n-d-817240-1 devstack@placement-api.service[102622]: DEBUG placement.requestlog [req-8d988cbf-0857-479d-97f9-c06e3a551cb9 req-be485d55-9a0f-415f-bbfc-54bcb12fbdbb None None] Starting request: 10.222.0.73 "GET /placement/allocations/ae6fb456-d6fc-457f-93eb-7106c0e617b7" {{(pid=102622) __call__ /opt/stack/placement/placement/requestlog.py:55}}
Nov 09 18:00:37.818387 n-d-817240-1 devstack@placement-api.service[102622]: INFO placement.requestlog [req-8d988cbf-0857-479d-97f9-c06e3a551cb9 req-be485d55-9a0f-415f-bbfc-54bcb12fbdbb service placement] 10.222.0.73 "GET /placement/allocations/ae6fb456-d6fc-457f-93eb-7106c0e617b7" status: 200 len: 258 microversion: 1.28
Nov 09 18:00:37.819111 n-d-817240-1 devstack@placement-api.service[102622]: [pid: 102622|app: 0|req: 153/310] 10.222.0.73 () {60 vars in 1377 bytes} [Tue Nov 9 18:00:37 2021] GET /placement/allocations/ae6fb456-d6fc-457f-93eb-7106c0e617b7 => generated 258 bytes in 35 msecs (HTTP/1.1 200) 8 headers in 296 bytes (1 switches on core 0)
Nov 09 18:00:40.222538 n-d-817240-1 devstack@placement-api.service[102623]: DEBUG placement.requestlog [req-89de9822-3794-4f91-ab17-d53dda771566 req-5df8e10f-20be-4fc6-9295-546fd98aa072 None None] Starting request: 10.222.0.85 "DELETE /placement/allocations/17614972-795e-4ffa-9001-e7254445c5c6" {{(pid=102623) __call__ /opt/stack/placement/placement/requestlog.py:55}}
Nov 09 18:00:40.262736 n-d-817240-1 devstack@placement-api.service[102623]: DEBUG placement.handlers.allocation [req-89de9822-3794-4f91-ab17-d53dda771566 req-5df8e10f-20be-4fc6-9295-546fd98aa072 service placement] Successfully deleted allocations [, , ] {{(pid=102623) delete_allocations /opt/stack/placement/placement/handlers/allocation.py:627}}
Nov 09 18:00:40.263484 n-d-817240-1 devstack@placement-api.service[102623]: INFO placement.requestlog [req-89de9822-3794-4f91-ab17-d53dda771566 req-5df8e10f-20be-4fc6-9295-546fd98aa072 service placement] 10.222.0.85 "DELETE /placement/allocations/17614972-795e-4ffa-9001-e7254445c5c6" status: 204 len: 0 microversion: 1.0
Nov 09 18:00:40.265004 n-d-817240-1 devstack@placement-api.service[102623]: [pid: 102623|app: 0|req: 158/311] 10.222.0.85 () {60 vars in 1355 bytes} [Tue Nov 9 18:00:40 2021] DELETE /placement/allocations/17614972-795e-4ffa-9001-e7254445c5c6 => generated 0 bytes in 43 msecs (HTTP/1.1 204) 5 headers in 198 bytes (1 switches on core 0)
Nov 09 18:00:40.888420 n-d-817240-1 devstack@placement-api.service[102622]: DEBUG placement.requestlog [req-dfe37fdd-a9a6-4806-93f1-efee8a3e44df req-77c39c8a-e75e-4e83-a11c-9186d913f93d None None] Starting request: 10.222.0.32 "GET /placement/allocation_candidates?limit=1000&resources=DISK_GB%3A1%2CMEMORY_MB%3A1024%2CVCPU%3A1&root_required=%21COMPUTE_STATUS_DISABLED" {{(pid=102622) __call__ /opt/stack/placement/placement/requestlog.py:55}}
Nov 09 18:00:40.946974 n-d-817240-1 devstack@placement-api.service[102622]: DEBUG placement.objects.research_context [req-dfe37fdd-a9a6-4806-93f1-efee8a3e44df req-77c39c8a-e75e-4e83-a11c-9186d913f93d service placement] getting providers with 1 DISK_GB {{(pid=102622) __init__ /opt/stack/placement/placement/objects/research_context.py:126}}
Nov 09 18:00:40.955352 n-d-817240-1 devstack@placement-api.service[102622]: DEBUG placement.objects.research_context [req-dfe37fdd-a9a6-4806-93f1-efee8a3e44df req-77c39c8a-e75e-4e83-a11c-9186d913f93d service placement] getting providers with 1024 MEMORY_MB {{(pid=102622) __init__ /opt/stack/placement/placement/objects/research_context.py:126}}
Nov 09 18:00:40.971371 n-d-817240-1 devstack@placement-api.service[102622]: DEBUG placement.objects.research_context [req-dfe37fdd-a9a6-4806-93f1-efee8a3e44df req-77c39c8a-e75e-4e83-a11c-9186d913f93d service placement] getting providers with 1 VCPU {{(pid=102622) __init__ /opt/stack/placement/placement/objects/research_context.py:126}}
Nov 09 18:00:40.982895 n-d-817240-1 devstack@placement-api.service[102622]: DEBUG placement.objects.research_context [req-dfe37fdd-a9a6-4806-93f1-efee8a3e44df req-77c39c8a-e75e-4e83-a11c-9186d913f93d service placement] found 2 providers with available 1 DISK_GB {{(pid=102622) get_provider_ids_matching /opt/stack/placement/placement/objects/research_context.py:549}}
Nov 09 18:00:40.983248 n-d-817240-1 devstack@placement-api.service[102622]: DEBUG placement.objects.research_context [req-dfe37fdd-a9a6-4806-93f1-efee8a3e44df req-77c39c8a-e75e-4e83-a11c-9186d913f93d service placement] found 2 providers with available 1024 MEMORY_MB {{(pid=102622) get_provider_ids_matching /opt/stack/placement/placement/objects/research_context.py:549}}
Nov 09 18:00:40.986024 n-d-817240-1 devstack@placement-api.service[102622]: DEBUG placement.objects.research_context [req-dfe37fdd-a9a6-4806-93f1-efee8a3e44df req-77c39c8a-e75e-4e83-a11c-9186d913f93d service placement] found 2 providers after filtering by previous result {{(pid=102622) get_provider_ids_matching /opt/stack/placement/placement/objects/research_context.py:580}}
Nov 09 18:00:40.991907 n-d-817240-1 devstack@placement-api.service[102622]: DEBUG placement.objects.research_context [req-dfe37fdd-a9a6-4806-93f1-efee8a3e44df req-77c39c8a-e75e-4e83-a11c-9186d913f93d service placement] found 2 providers with available 1 VCPU {{(pid=102622) get_provider_ids_matching /opt/stack/placement/placement/objects/research_context.py:549}}
Nov 09 18:00:40.992423 n-d-817240-1 devstack@placement-api.service[102622]: DEBUG placement.objects.research_context [req-dfe37fdd-a9a6-4806-93f1-efee8a3e44df req-77c39c8a-e75e-4e83-a11c-9186d913f93d service placement] found 2 providers after filtering by previous result {{(pid=102622) get_provider_ids_matching /opt/stack/placement/placement/objects/research_context.py:580}}
Nov 09 18:00:41.037004 n-d-817240-1 devstack@placement-api.service[102622]: DEBUG placement.objects.allocation_candidate [req-dfe37fdd-a9a6-4806-93f1-efee8a3e44df req-77c39c8a-e75e-4e83-a11c-9186d913f93d service placement] RequestGroup(use_same_provider=False, resources={DISK_GB:1, MEMORY_MB:1024, VCPU:1}, traits=[], aggregates=[]) (suffix '') returned 2 matches {{(pid=102622) _get_by_requests /opt/stack/placement/placement/objects/allocation_candidate.py:145}}
Nov 09 18:00:41.037293 n-d-817240-1 devstack@placement-api.service[102622]: DEBUG placement.objects.allocation_candidate [req-dfe37fdd-a9a6-4806-93f1-efee8a3e44df req-77c39c8a-e75e-4e83-a11c-9186d913f93d service placement] Merging candidates yields 2 allocation requests and 2 provider summaries {{(pid=102622) _merge_candidates /opt/stack/placement/placement/objects/allocation_candidate.py:783}}
Nov 09 18:00:41.044075 n-d-817240-1 devstack@placement-api.service[102622]: INFO placement.requestlog [req-dfe37fdd-a9a6-4806-93f1-efee8a3e44df req-77c39c8a-e75e-4e83-a11c-9186d913f93d service placement] 10.222.0.32 "GET /placement/allocation_candidates?limit=1000&resources=DISK_GB%3A1%2CMEMORY_MB%3A1024%2CVCPU%3A1&root_required=%21COMPUTE_STATUS_DISABLED" status: 200 len: 1309 microversion: 1.36
Nov 09 18:00:41.063696 n-d-817240-1 devstack@placement-api.service[102622]: [pid: 102622|app: 0|req: 154/312] 10.222.0.32 () {60 vars in 1506 bytes} [Tue Nov 9 18:00:40 2021] GET /placement/allocation_candidates?limit=1000&resources=DISK_GB%3A1%2CMEMORY_MB%3A1024%2CVCPU%3A1&root_required=%21COMPUTE_STATUS_DISABLED => generated 1309 bytes in 173 msecs (HTTP/1.1 200) 8 headers in 297 bytes (1 switches on core 0)
Nov 09 18:00:41.158781 n-d-817240-1 devstack@placement-api.service[102623]: DEBUG placement.requestlog [req-dfe37fdd-a9a6-4806-93f1-efee8a3e44df req-8436ebea-5d56-4a0e-a99e-9509c5d06f5b None None] Starting request: 10.222.0.32 "GET /placement/allocations/5c0d92d7-44f9-4de2-aee7-451fe4d96a4a" {{(pid=102623) __call__ /opt/stack/placement/placement/requestlog.py:55}}
Nov 09 18:00:41.177870 n-d-817240-1 devstack@placement-api.service[102623]: INFO placement.requestlog [req-dfe37fdd-a9a6-4806-93f1-efee8a3e44df req-8436ebea-5d56-4a0e-a99e-9509c5d06f5b service placement] 10.222.0.32 "GET /placement/allocations/5c0d92d7-44f9-4de2-aee7-451fe4d96a4a" status: 200 len: 19 microversion: 1.28
Nov 09 18:00:41.178948 n-d-817240-1 devstack@placement-api.service[102623]: [pid: 102623|app: 0|req: 159/313] 10.222.0.32 () {60 vars in 1380 bytes} [Tue Nov 9 18:00:41 2021] GET /placement/allocations/5c0d92d7-44f9-4de2-aee7-451fe4d96a4a => generated 19 bytes in 20 msecs (HTTP/1.1 200) 8 headers in 295 bytes (1 switches on core 0)
Nov 09 18:00:41.186872 n-d-817240-1 devstack@placement-api.service[102622]: DEBUG placement.requestlog [req-dfe37fdd-a9a6-4806-93f1-efee8a3e44df req-d91f5684-2d41-4856-a95d-373d25cf9af4 None None] Starting request: 10.222.0.32 "PUT /placement/allocations/5c0d92d7-44f9-4de2-aee7-451fe4d96a4a" {{(pid=102622) __call__ /opt/stack/placement/placement/requestlog.py:55}}
Nov 09 18:00:41.323896 n-d-817240-1 devstack@placement-api.service[102622]: DEBUG placement.handlers.allocation [req-dfe37fdd-a9a6-4806-93f1-efee8a3e44df req-d91f5684-2d41-4856-a95d-373d25cf9af4 service placement] Successfully wrote allocations [, , ] {{(pid=102622) _update_consumers_and_create_allocations /opt/stack/placement/placement/handlers/allocation.py:462}}
Nov 09 18:00:41.337234 n-d-817240-1 devstack@placement-api.service[102622]: INFO placement.requestlog [req-dfe37fdd-a9a6-4806-93f1-efee8a3e44df req-d91f5684-2d41-4856-a95d-373d25cf9af4 service placement] 10.222.0.32 "PUT /placement/allocations/5c0d92d7-44f9-4de2-aee7-451fe4d96a4a" status: 204 len: 0 microversion: 1.36
Nov 09 18:00:41.337813 n-d-817240-1 devstack@placement-api.service[102622]: [pid: 102622|app: 0|req: 155/314] 10.222.0.32 () {64 vars in 1433 bytes} [Tue Nov 9 18:00:41 2021] PUT /placement/allocations/5c0d92d7-44f9-4de2-aee7-451fe4d96a4a => generated 0 bytes in 151 msecs (HTTP/1.1 204) 5 headers in 199 bytes (2 switches on core 0)
Nov 09 18:00:41.867703 n-d-817240-1 devstack@placement-api.service[102623]: DEBUG placement.requestlog [req-dfe37fdd-a9a6-4806-93f1-efee8a3e44df req-1ac21c9d-be9c-4cf2-a3a6-a97bb984b00b None None] Starting request: 10.222.0.85 "GET /placement/allocations/5c0d92d7-44f9-4de2-aee7-451fe4d96a4a" {{(pid=102623) __call__ /opt/stack/placement/placement/requestlog.py:55}}
Nov 09 18:00:41.899751 n-d-817240-1 devstack@placement-api.service[102623]: INFO placement.requestlog [req-dfe37fdd-a9a6-4806-93f1-efee8a3e44df req-1ac21c9d-be9c-4cf2-a3a6-a97bb984b00b service placement] 10.222.0.85 "GET /placement/allocations/5c0d92d7-44f9-4de2-aee7-451fe4d96a4a" status: 200 len: 259 microversion: 1.28
Nov 09 18:00:41.901062 n-d-817240-1 devstack@placement-api.service[102623]: [pid: 102623|app: 0|req: 160/315] 10.222.0.85 () {60 vars in 1377 bytes} [Tue Nov 9 18:00:41 2021] GET /placement/allocations/5c0d92d7-44f9-4de2-aee7-451fe4d96a4a => generated 259 bytes in 34 msecs (HTTP/1.1 200) 8 headers in 296 bytes (1 switches on core 0)
Nov 09 18:00:42.721841 n-d-817240-1 devstack@placement-api.service[102622]: DEBUG placement.requestlog [req-66ed235c-6537-49a2-b9c9-5690e3393e17 req-c5703b24-f988-4773-a803-b1b1efef0502 None None] Starting request: 10.222.0.85 "DELETE /placement/allocations/8aa771ac-bc99-4287-9cd7-d13c7b9b0fa8" {{(pid=102622) __call__ /opt/stack/placement/placement/requestlog.py:55}}
Nov 09 18:00:42.791603 n-d-817240-1 devstack@placement-api.service[102622]: DEBUG placement.handlers.allocation [req-66ed235c-6537-49a2-b9c9-5690e3393e17 req-c5703b24-f988-4773-a803-b1b1efef0502 service placement] Successfully deleted allocations [, , ] {{(pid=102622) delete_allocations /opt/stack/placement/placement/handlers/allocation.py:627}}
Nov 09 18:00:42.792408 n-d-817240-1 devstack@placement-api.service[102622]: INFO placement.requestlog [req-66ed235c-6537-49a2-b9c9-5690e3393e17 req-c5703b24-f988-4773-a803-b1b1efef0502 service placement] 10.222.0.85 "DELETE /placement/allocations/8aa771ac-bc99-4287-9cd7-d13c7b9b0fa8" status: 204 len: 0 microversion: 1.0
Nov 09 18:00:42.792804 n-d-817240-1 devstack@placement-api.service[102622]: [pid: 102622|app: 0|req: 156/316] 10.222.0.85 () {60 vars in 1355 bytes} [Tue Nov 9 18:00:42 2021] DELETE /placement/allocations/8aa771ac-bc99-4287-9cd7-d13c7b9b0fa8 => generated 0 bytes in 71 msecs (HTTP/1.1 204) 5 headers in 198 bytes (1 switches on core 0)
Nov 09 18:00:46.430989 n-d-817240-1 devstack@placement-api.service[102623]: DEBUG placement.requestlog [req-e7d1b879-0e27-4b9f-bd43-555e07f8d806 req-936a5897-ec19-4ea7-9f5f-9cd821cfdcec None None] Starting request: 10.222.0.85 "DELETE /placement/allocations/211dea7a-33ac-419c-accb-ce41b4ab6999" {{(pid=102623) __call__ /opt/stack/placement/placement/requestlog.py:55}}
Nov 09 18:00:46.540152 n-d-817240-1 devstack@placement-api.service[102623]: DEBUG placement.handlers.allocation [req-e7d1b879-0e27-4b9f-bd43-555e07f8d806 req-936a5897-ec19-4ea7-9f5f-9cd821cfdcec service placement] Successfully deleted allocations [, , ] {{(pid=102623) delete_allocations /opt/stack/placement/placement/handlers/allocation.py:627}}
Nov 09 18:00:46.540652 n-d-817240-1 devstack@placement-api.service[102623]: INFO placement.requestlog [req-e7d1b879-0e27-4b9f-bd43-555e07f8d806 req-936a5897-ec19-4ea7-9f5f-9cd821cfdcec service placement] 10.222.0.85 "DELETE /placement/allocations/211dea7a-33ac-419c-accb-ce41b4ab6999" status: 204 len: 0 microversion: 1.0
Nov 09 18:00:46.541004 n-d-817240-1 devstack@placement-api.service[102623]: [pid: 102623|app: 0|req: 161/317] 10.222.0.85 () {60 vars in 1355 bytes} [Tue Nov 9 18:00:46 2021] DELETE /placement/allocations/211dea7a-33ac-419c-accb-ce41b4ab6999 => generated 0 bytes in 110 msecs (HTTP/1.1 204) 5 headers in 198 bytes (2 switches on core 0)
Nov 09 18:00:47.852401 n-d-817240-1 devstack@placement-api.service[102622]: DEBUG placement.requestlog [req-6822525d-8c6c-4d22-998f-7b7d0d1087fc req-c72ddde6-4d31-410b-93d5-8cdfdfb0bd12 None None] Starting request: 10.222.0.73 "GET /placement/allocations/28e98ce6-a0ef-4d41-a641-bad2473f4aa4" {{(pid=102622) __call__ /opt/stack/placement/placement/requestlog.py:55}}
Nov 09 18:00:47.884010 n-d-817240-1 devstack@placement-api.service[102622]: INFO placement.requestlog [req-6822525d-8c6c-4d22-998f-7b7d0d1087fc req-c72ddde6-4d31-410b-93d5-8cdfdfb0bd12 service placement] 10.222.0.73 "GET /placement/allocations/28e98ce6-a0ef-4d41-a641-bad2473f4aa4" status: 200 len: 259 microversion: 1.28
Nov 09 18:00:47.885967 n-d-817240-1 devstack@placement-api.service[102622]: [pid: 102622|app: 0|req: 157/318] 10.222.0.73 () {60 vars in 1377 bytes} [Tue Nov 9 18:00:47 2021] GET /placement/allocations/28e98ce6-a0ef-4d41-a641-bad2473f4aa4 => generated 259 bytes in 34 msecs (HTTP/1.1 200) 8 headers in 296 bytes (1 switches on core 0)
Nov 09 18:00:47.900701 n-d-817240-1 devstack@placement-api.service[102623]: DEBUG placement.requestlog [req-6822525d-8c6c-4d22-998f-7b7d0d1087fc req-938bef48-b959-43fc-ae6f-37bb8f728712 None None] Starting request: 10.222.0.73 "GET /placement/allocations/28e98ce6-a0ef-4d41-a641-bad2473f4aa4" {{(pid=102623) __call__ /opt/stack/placement/placement/requestlog.py:55}}
Nov 09 18:00:47.926185 n-d-817240-1 devstack@placement-api.service[102623]: INFO placement.requestlog [req-6822525d-8c6c-4d22-998f-7b7d0d1087fc req-938bef48-b959-43fc-ae6f-37bb8f728712 service placement] 10.222.0.73 "GET /placement/allocations/28e98ce6-a0ef-4d41-a641-bad2473f4aa4" status: 200 len: 259 microversion: 1.28
Nov 09 18:00:47.927107 n-d-817240-1 devstack@placement-api.service[102623]: [pid: 102623|app: 0|req: 162/319] 10.222.0.73 () {60 vars in 1377 bytes} [Tue Nov 9 18:00:47 2021] GET /placement/allocations/28e98ce6-a0ef-4d41-a641-bad2473f4aa4 => generated 259 bytes in 27 msecs (HTTP/1.1 200) 8 headers in 296 bytes (1 switches on core 0)
Nov 09 18:00:47.937299 n-d-817240-1 devstack@placement-api.service[102622]: DEBUG placement.requestlog [req-6822525d-8c6c-4d22-998f-7b7d0d1087fc req-601a4bfe-ec99-4819-8c25-0340c3137aca None None] Starting request: 10.222.0.73 "GET /placement/allocations/ae6fb456-d6fc-457f-93eb-7106c0e617b7" {{(pid=102622) __call__ /opt/stack/placement/placement/requestlog.py:55}}
Nov 09 18:00:47.967349 n-d-817240-1 devstack@placement-api.service[102622]: INFO placement.requestlog [req-6822525d-8c6c-4d22-998f-7b7d0d1087fc req-601a4bfe-ec99-4819-8c25-0340c3137aca service placement] 10.222.0.73 "GET /placement/allocations/ae6fb456-d6fc-457f-93eb-7106c0e617b7" status: 200 len: 258 microversion: 1.28
Nov 09 18:00:47.967849 n-d-817240-1 devstack@placement-api.service[102622]: [pid: 102622|app: 0|req: 158/320] 10.222.0.73 () {60 vars in 1377 bytes} [Tue Nov 9 18:00:47 2021] GET /placement/allocations/ae6fb456-d6fc-457f-93eb-7106c0e617b7 => generated 258 bytes in 31 msecs (HTTP/1.1 200) 8 headers in 296 bytes (1 switches on core 0)
Nov 09 18:00:47.979727 n-d-817240-1 devstack@placement-api.service[102623]: DEBUG placement.requestlog [req-6822525d-8c6c-4d22-998f-7b7d0d1087fc req-43aa0cb1-9040-4c36-9560-bd264a72f6d7 None None] Starting request: 10.222.0.73 "POST /placement/allocations" {{(pid=102623) __call__ /opt/stack/placement/placement/requestlog.py:55}}
Nov 09 18:00:48.164300 n-d-817240-1 devstack@placement-api.service[102623]: DEBUG placement.handlers.allocation [req-6822525d-8c6c-4d22-998f-7b7d0d1087fc req-43aa0cb1-9040-4c36-9560-bd264a72f6d7 service placement] Successfully wrote allocations [, , , , , ] {{(pid=102623) _update_consumers_and_create_allocations /opt/stack/placement/placement/handlers/allocation.py:572}}
Nov 09 18:00:48.172523 n-d-817240-1 devstack@placement-api.service[102623]: INFO placement.requestlog [req-6822525d-8c6c-4d22-998f-7b7d0d1087fc req-43aa0cb1-9040-4c36-9560-bd264a72f6d7 service placement] 10.222.0.73 "POST /placement/allocations" status: 204 len: 0 microversion: 1.28
Nov 09 18:00:48.173505 n-d-817240-1 devstack@placement-api.service[102623]: [pid: 102623|app: 0|req: 163/321] 10.222.0.73 () {64 vars in 1320 bytes} [Tue Nov 9 18:00:47 2021] POST /placement/allocations => generated 0 bytes in 194 msecs (HTTP/1.1 204) 5 headers in 199 bytes (1 switches on core 0)
Nov 09 18:00:52.572329 n-d-817240-1 devstack@placement-api.service[102622]: DEBUG placement.requestlog [None req-b0f0e210-25f5-4886-a680-3d6e5e993502 None None] Starting request: 10.222.0.32 "GET /placement/" {{(pid=102622) __call__ /opt/stack/placement/placement/requestlog.py:55}}
Nov 09 18:00:52.574365 n-d-817240-1 devstack@placement-api.service[102622]: INFO placement.requestlog [None req-b0f0e210-25f5-4886-a680-3d6e5e993502 None None] 10.222.0.32 "GET /placement/" status: 200 len: 136 microversion: 1.0
Nov 09 18:00:52.574851 n-d-817240-1 devstack@placement-api.service[102622]: [pid: 102622|app: 0|req: 159/322] 10.222.0.32 () {54 vars in 916 bytes} [Tue Nov 9 18:00:52 2021] GET /placement => generated 136 bytes in 3 msecs (HTTP/1.1 200) 6 headers in 224 bytes (1 switches on core 0)
Nov 09 18:00:52.587324 n-d-817240-1 devstack@placement-api.service[102623]: DEBUG placement.requestlog [req-3c79851f-1ca9-416f-b710-fbb934fce869 req-c4cf40b2-bb9a-455d-b50b-f5b344c07ca5 None None] Starting request: 10.222.0.32 "GET /placement/allocations/3b3da724-181c-4c64-8c90-c3994ad03462" {{(pid=102623) __call__ /opt/stack/placement/placement/requestlog.py:55}}
Nov 09 18:00:52.674601 n-d-817240-1 devstack@placement-api.service[102623]: INFO placement.requestlog [req-3c79851f-1ca9-416f-b710-fbb934fce869 req-c4cf40b2-bb9a-455d-b50b-f5b344c07ca5 service placement] 10.222.0.32 "GET /placement/allocations/3b3da724-181c-4c64-8c90-c3994ad03462" status: 200 len: 245 microversion: 1.28
Nov 09 18:00:52.674872 n-d-817240-1 devstack@placement-api.service[102623]: [pid: 102623|app: 0|req: 164/323] 10.222.0.32 () {60 vars in 1380 bytes} [Tue Nov 9 18:00:52 2021] GET /placement/allocations/3b3da724-181c-4c64-8c90-c3994ad03462 => generated 245 bytes in 88 msecs (HTTP/1.1 200) 8 headers in 296 bytes (1 switches on core 0)
Nov 09 18:00:52.682528 n-d-817240-1 devstack@placement-api.service[102622]: DEBUG placement.requestlog [req-3c79851f-1ca9-416f-b710-fbb934fce869 req-dc2e8170-8532-47f9-aad6-000563d43d42 None None] Starting request: 10.222.0.32 "GET /placement/allocations/3b3da724-181c-4c64-8c90-c3994ad03462" {{(pid=102622) __call__ /opt/stack/placement/placement/requestlog.py:55}}
Nov 09 18:00:52.699428 n-d-817240-1 devstack@placement-api.service[102622]: INFO placement.requestlog [req-3c79851f-1ca9-416f-b710-fbb934fce869 req-dc2e8170-8532-47f9-aad6-000563d43d42 service placement] 10.222.0.32 "GET /placement/allocations/3b3da724-181c-4c64-8c90-c3994ad03462" status: 200 len: 245 microversion: 1.28
Nov 09 18:00:52.706374 n-d-817240-1 devstack@placement-api.service[102623]: DEBUG placement.requestlog [req-3c79851f-1ca9-416f-b710-fbb934fce869 req-9c07e904-914c-4b07-9d29-4023ad73dfa5 None None] Starting request: 10.222.0.32 "GET /placement/allocations/5907341f-c9f5-418a-8ad8-3318fed868e6" {{(pid=102623) __call__ /opt/stack/placement/placement/requestlog.py:55}}
Nov 09 18:00:52.707568 n-d-817240-1 devstack@placement-api.service[102622]: [pid: 102622|app: 0|req: 160/324] 10.222.0.32 () {60 vars in 1380 bytes} [Tue Nov 9 18:00:52 2021] GET /placement/allocations/3b3da724-181c-4c64-8c90-c3994ad03462 => generated 245 bytes in 25 msecs (HTTP/1.1 200) 8 headers in 296 bytes (1 switches on core 0)
Nov 09 18:00:52.718558 n-d-817240-1 devstack@placement-api.service[102623]: INFO placement.requestlog [req-3c79851f-1ca9-416f-b710-fbb934fce869 req-9c07e904-914c-4b07-9d29-4023ad73dfa5 service placement] 10.222.0.32 "GET /placement/allocations/5907341f-c9f5-418a-8ad8-3318fed868e6" status: 200 len: 19 microversion: 1.28
Nov 09 18:00:52.719161 n-d-817240-1 devstack@placement-api.service[102623]: [pid: 102623|app: 0|req: 165/325] 10.222.0.32 () {60 vars in 1380 bytes} [Tue Nov 9 18:00:52 2021] GET /placement/allocations/5907341f-c9f5-418a-8ad8-3318fed868e6 => generated 19 bytes in 13 msecs (HTTP/1.1 200) 8 headers in 295 bytes (2 switches on core 0)
Nov 09 18:00:52.730396 n-d-817240-1 devstack@placement-api.service[102622]: DEBUG placement.requestlog [req-3c79851f-1ca9-416f-b710-fbb934fce869 req-e790b4cf-3510-4d56-8e6e-559232e51758 None None] Starting request: 10.222.0.32 "POST /placement/allocations" {{(pid=102622) __call__ /opt/stack/placement/placement/requestlog.py:55}}
Nov 09 18:00:52.834104 n-d-817240-1 devstack@placement-api.service[102622]: DEBUG placement.handlers.allocation [req-3c79851f-1ca9-416f-b710-fbb934fce869 req-e790b4cf-3510-4d56-8e6e-559232e51758 service placement] Successfully wrote allocations [, , , ] {{(pid=102622) _update_consumers_and_create_allocations /opt/stack/placement/placement/handlers/allocation.py:572}}
Nov 09 18:00:52.840983 n-d-817240-1 devstack@placement-api.service[102622]: INFO placement.requestlog [req-3c79851f-1ca9-416f-b710-fbb934fce869 req-e790b4cf-3510-4d56-8e6e-559232e51758 service placement] 10.222.0.32 "POST /placement/allocations" status: 204 len: 0 microversion: 1.28
Nov 09 18:00:52.841093 n-d-817240-1 devstack@placement-api.service[102622]: [pid: 102622|app: 0|req: 161/326] 10.222.0.32 () {64 vars in 1323 bytes} [Tue Nov 9 18:00:52 2021] POST /placement/allocations => generated 0 bytes in 112 msecs (HTTP/1.1 204) 5 headers in 199 bytes (1 switches on core 0)
Nov 09 18:00:52.883389 n-d-817240-1 devstack@placement-api.service[102623]: DEBUG placement.requestlog [req-3c79851f-1ca9-416f-b710-fbb934fce869 req-6a85db2e-8f7d-4153-bf39-cbe70046aa31 None None] Starting request: 10.222.0.32 "GET /placement/allocations/3b3da724-181c-4c64-8c90-c3994ad03462" {{(pid=102623) __call__ /opt/stack/placement/placement/requestlog.py:55}}
Nov 09 18:00:52.896728 n-d-817240-1 devstack@placement-api.service[102623]: INFO placement.requestlog [req-3c79851f-1ca9-416f-b710-fbb934fce869 req-6a85db2e-8f7d-4153-bf39-cbe70046aa31 service placement] 10.222.0.32 "GET /placement/allocations/3b3da724-181c-4c64-8c90-c3994ad03462" status: 200 len: 19 microversion: 1.28
Nov 09 18:00:52.904523 n-d-817240-1 devstack@placement-api.service[102623]: [pid: 102623|app: 0|req: 166/327] 10.222.0.32 () {60 vars in 1380 bytes} [Tue Nov 9 18:00:52 2021] GET /placement/allocations/3b3da724-181c-4c64-8c90-c3994ad03462 => generated 19 bytes in 21 msecs (HTTP/1.1 200) 8 headers in 295 bytes (1 switches on core 0)
Nov 09 18:00:52.908597 n-d-817240-1 devstack@placement-api.service[102622]: DEBUG placement.requestlog [req-3c79851f-1ca9-416f-b710-fbb934fce869 req-24cf4efc-c4f7-4530-a624-a56cb9e45155 None None] Starting request: 10.222.0.32 "PUT /placement/allocations/3b3da724-181c-4c64-8c90-c3994ad03462" {{(pid=102622) __call__ /opt/stack/placement/placement/requestlog.py:55}}
Nov 09 18:00:52.992684 n-d-817240-1 devstack@placement-api.service[102622]: DEBUG placement.handlers.allocation [req-3c79851f-1ca9-416f-b710-fbb934fce869 req-24cf4efc-c4f7-4530-a624-a56cb9e45155 service placement] Successfully wrote allocations [, ] {{(pid=102622) _update_consumers_and_create_allocations /opt/stack/placement/placement/handlers/allocation.py:462}}
Nov 09 18:00:53.028253 n-d-817240-1 devstack@placement-api.service[102622]: INFO placement.requestlog [req-3c79851f-1ca9-416f-b710-fbb934fce869 req-24cf4efc-c4f7-4530-a624-a56cb9e45155 service placement] 10.222.0.32 "PUT /placement/allocations/3b3da724-181c-4c64-8c90-c3994ad03462" status: 204 len: 0 microversion: 1.28
Nov 09 18:00:53.042390 n-d-817240-1 devstack@placement-api.service[102622]: [pid: 102622|app: 0|req: 162/328] 10.222.0.32 () {64 vars in 1433 bytes} [Tue Nov 9 18:00:52 2021] PUT /placement/allocations/3b3da724-181c-4c64-8c90-c3994ad03462 => generated 0 bytes in 122 msecs (HTTP/1.1 204) 5 headers in 199 bytes (1 switches on core 0)
Nov 09 18:00:53.165266 n-d-817240-1 devstack@placement-api.service[102623]: DEBUG placement.requestlog [req-3c79851f-1ca9-416f-b710-fbb934fce869 req-e7b04ed5-ec5b-42f1-b15d-7f83b2c6094a None None] Starting request: 10.222.0.85 "GET /placement/allocations/3b3da724-181c-4c64-8c90-c3994ad03462" {{(pid=102623) __call__ /opt/stack/placement/placement/requestlog.py:55}}
Nov 09 18:00:53.188246 n-d-817240-1 devstack@placement-api.service[102623]: INFO placement.requestlog [req-3c79851f-1ca9-416f-b710-fbb934fce869 req-e7b04ed5-ec5b-42f1-b15d-7f83b2c6094a service placement] 10.222.0.85 "GET /placement/allocations/3b3da724-181c-4c64-8c90-c3994ad03462" status: 200 len: 245 microversion: 1.28
Nov 09 18:00:53.188656 n-d-817240-1 devstack@placement-api.service[102623]: [pid: 102623|app: 0|req: 167/329] 10.222.0.85 () {60 vars in 1377 bytes} [Tue Nov 9 18:00:53 2021] GET /placement/allocations/3b3da724-181c-4c64-8c90-c3994ad03462 => generated 245 bytes in 24 msecs (HTTP/1.1 200) 8 headers in 296 bytes (1 switches on core 0)
Nov 09 18:00:57.153611 n-d-817240-1 devstack@placement-api.service[102622]: DEBUG placement.requestlog [req-26ab7f47-cbd7-4180-8e21-71493563d64c req-ad06307e-22b3-4f4f-bf5c-a5f97cc4b275 None None] Starting request: 10.222.0.32 "GET /placement/allocation_candidates?limit=1000&resources=DISK_GB%3A1%2CMEMORY_MB%3A1024%2CVCPU%3A1&root_required=%21COMPUTE_STATUS_DISABLED" {{(pid=102622) __call__ /opt/stack/placement/placement/requestlog.py:55}}
Nov 09 18:00:57.386396 n-d-817240-1 devstack@placement-api.service[102623]: DEBUG placement.requestlog [req-5ed68b66-09f6-46e8-a949-cbe0efb2dd94 req-9584a4fb-1deb-447c-9042-a0e492cbbde7 None None] Starting request: 10.222.0.32 "GET /placement/allocation_candidates?limit=1000&resources=DISK_GB%3A1%2CMEMORY_MB%3A1024%2CVCPU%3A1&root_required=%21COMPUTE_STATUS_DISABLED" {{(pid=102623) __call__ /opt/stack/placement/placement/requestlog.py:55}}
Nov 09 18:00:57.429009 n-d-817240-1 devstack@placement-api.service[102622]: DEBUG placement.objects.research_context [req-26ab7f47-cbd7-4180-8e21-71493563d64c req-ad06307e-22b3-4f4f-bf5c-a5f97cc4b275 service placement] getting providers with 1 DISK_GB {{(pid=102622) __init__ /opt/stack/placement/placement/objects/research_context.py:126}}
Nov 09 18:00:57.443306 n-d-817240-1 devstack@placement-api.service[102622]: DEBUG placement.objects.research_context [req-26ab7f47-cbd7-4180-8e21-71493563d64c req-ad06307e-22b3-4f4f-bf5c-a5f97cc4b275 service placement] getting providers with 1024 MEMORY_MB {{(pid=102622) __init__ /opt/stack/placement/placement/objects/research_context.py:126}}
Nov 09 18:00:57.447253 n-d-817240-1 devstack@placement-api.service[102623]: DEBUG placement.objects.research_context [req-5ed68b66-09f6-46e8-a949-cbe0efb2dd94 req-9584a4fb-1deb-447c-9042-a0e492cbbde7 service placement] getting providers with 1 DISK_GB {{(pid=102623) __init__ /opt/stack/placement/placement/objects/research_context.py:126}}
Nov 09 18:00:57.450875 n-d-817240-1 devstack@placement-api.service[102622]: DEBUG placement.objects.research_context [req-26ab7f47-cbd7-4180-8e21-71493563d64c req-ad06307e-22b3-4f4f-bf5c-a5f97cc4b275 service placement] getting providers with 1 VCPU {{(pid=102622) __init__ /opt/stack/placement/placement/objects/research_context.py:126}}
Nov 09 18:00:57.459135 n-d-817240-1 devstack@placement-api.service[102623]: DEBUG placement.objects.research_context [req-5ed68b66-09f6-46e8-a949-cbe0efb2dd94 req-9584a4fb-1deb-447c-9042-a0e492cbbde7 service placement] getting providers with 1024 MEMORY_MB {{(pid=102623) __init__ /opt/stack/placement/placement/objects/research_context.py:126}}
Nov 09 18:00:57.462752 n-d-817240-1 devstack@placement-api.service[102622]: DEBUG placement.objects.research_context [req-26ab7f47-cbd7-4180-8e21-71493563d64c req-ad06307e-22b3-4f4f-bf5c-a5f97cc4b275 service placement] found 2 providers with available 1 DISK_GB {{(pid=102622) get_provider_ids_matching /opt/stack/placement/placement/objects/research_context.py:549}}
Nov 09 18:00:57.463035 n-d-817240-1 devstack@placement-api.service[102622]: DEBUG placement.objects.research_context [req-26ab7f47-cbd7-4180-8e21-71493563d64c req-ad06307e-22b3-4f4f-bf5c-a5f97cc4b275 service placement] found 2 providers with available 1024 MEMORY_MB {{(pid=102622) get_provider_ids_matching /opt/stack/placement/placement/objects/research_context.py:549}}
Nov 09 18:00:57.464928 n-d-817240-1 devstack@placement-api.service[102622]: DEBUG placement.objects.research_context [req-26ab7f47-cbd7-4180-8e21-71493563d64c req-ad06307e-22b3-4f4f-bf5c-a5f97cc4b275 service placement] found 2 providers after filtering by previous result {{(pid=102622) get_provider_ids_matching /opt/stack/placement/placement/objects/research_context.py:580}}
Nov 09 18:00:57.465863 n-d-817240-1 devstack@placement-api.service[102622]: DEBUG placement.objects.research_context [req-26ab7f47-cbd7-4180-8e21-71493563d64c req-ad06307e-22b3-4f4f-bf5c-a5f97cc4b275 service placement] found 2 providers with available 1 VCPU {{(pid=102622) get_provider_ids_matching /opt/stack/placement/placement/objects/research_context.py:549}}
Nov 09 18:00:57.466304 n-d-817240-1 devstack@placement-api.service[102622]: DEBUG placement.objects.research_context [req-26ab7f47-cbd7-4180-8e21-71493563d64c req-ad06307e-22b3-4f4f-bf5c-a5f97cc4b275 service placement] found 2 providers after filtering by previous result {{(pid=102622) get_provider_ids_matching /opt/stack/placement/placement/objects/research_context.py:580}}
Nov 09 18:00:57.469819 n-d-817240-1 devstack@placement-api.service[102623]: DEBUG placement.objects.research_context [req-5ed68b66-09f6-46e8-a949-cbe0efb2dd94 req-9584a4fb-1deb-447c-9042-a0e492cbbde7 service placement] getting providers with 1 VCPU {{(pid=102623) __init__ /opt/stack/placement/placement/objects/research_context.py:126}}
Nov 09 18:00:57.484957 n-d-817240-1 devstack@placement-api.service[102623]: DEBUG placement.objects.research_context [req-5ed68b66-09f6-46e8-a949-cbe0efb2dd94 req-9584a4fb-1deb-447c-9042-a0e492cbbde7 service placement] found 2 providers with available 1 DISK_GB {{(pid=102623) get_provider_ids_matching /opt/stack/placement/placement/objects/research_context.py:549}}
Nov 09 18:00:57.485683 n-d-817240-1 devstack@placement-api.service[102623]: DEBUG placement.objects.research_context [req-5ed68b66-09f6-46e8-a949-cbe0efb2dd94 req-9584a4fb-1deb-447c-9042-a0e492cbbde7 service placement] found 2 providers with available 1024 MEMORY_MB {{(pid=102623) get_provider_ids_matching /opt/stack/placement/placement/objects/research_context.py:549}}
Nov 09 18:00:57.486227 n-d-817240-1 devstack@placement-api.service[102623]: DEBUG placement.objects.research_context [req-5ed68b66-09f6-46e8-a949-cbe0efb2dd94 req-9584a4fb-1deb-447c-9042-a0e492cbbde7 service placement] found 2 providers after filtering by previous result {{(pid=102623) get_provider_ids_matching /opt/stack/placement/placement/objects/research_context.py:580}}
Nov 09 18:00:57.486657 n-d-817240-1 devstack@placement-api.service[102623]: DEBUG placement.objects.research_context [req-5ed68b66-09f6-46e8-a949-cbe0efb2dd94 req-9584a4fb-1deb-447c-9042-a0e492cbbde7 service placement] found 2 providers with available 1 VCPU {{(pid=102623) get_provider_ids_matching /opt/stack/placement/placement/objects/research_context.py:549}}
Nov 09 18:00:57.487123 n-d-817240-1 devstack@placement-api.service[102623]: DEBUG placement.objects.research_context [req-5ed68b66-09f6-46e8-a949-cbe0efb2dd94 req-9584a4fb-1deb-447c-9042-a0e492cbbde7 service placement] found 2 providers after filtering by previous result {{(pid=102623) get_provider_ids_matching /opt/stack/placement/placement/objects/research_context.py:580}}
Nov 09 18:00:57.498758 n-d-817240-1 devstack@placement-api.service[102622]: DEBUG placement.objects.allocation_candidate [req-26ab7f47-cbd7-4180-8e21-71493563d64c req-ad06307e-22b3-4f4f-bf5c-a5f97cc4b275 service placement] RequestGroup(use_same_provider=False, resources={DISK_GB:1, MEMORY_MB:1024, VCPU:1}, traits=[], aggregates=[]) (suffix '') returned 2 matches {{(pid=102622) _get_by_requests /opt/stack/placement/placement/objects/allocation_candidate.py:145}}
Nov 09 18:00:57.499342 n-d-817240-1 devstack@placement-api.service[102622]: DEBUG placement.objects.allocation_candidate [req-26ab7f47-cbd7-4180-8e21-71493563d64c req-ad06307e-22b3-4f4f-bf5c-a5f97cc4b275 service placement] Merging candidates yields 2 allocation requests and 2 provider summaries {{(pid=102622) _merge_candidates /opt/stack/placement/placement/objects/allocation_candidate.py:783}}
Nov 09 18:00:57.502935 n-d-817240-1 devstack@placement-api.service[102622]: INFO placement.requestlog [req-26ab7f47-cbd7-4180-8e21-71493563d64c req-ad06307e-22b3-4f4f-bf5c-a5f97cc4b275 service placement] 10.222.0.32 "GET /placement/allocation_candidates?limit=1000&resources=DISK_GB%3A1%2CMEMORY_MB%3A1024%2CVCPU%3A1&root_required=%21COMPUTE_STATUS_DISABLED" status: 200 len: 1309 microversion: 1.36
Nov 09 18:00:57.503775 n-d-817240-1 devstack@placement-api.service[102622]: [pid: 102622|app: 0|req: 163/330] 10.222.0.32 () {60 vars in 1506 bytes} [Tue Nov 9 18:00:57 2021] GET /placement/allocation_candidates?limit=1000&resources=DISK_GB%3A1%2CMEMORY_MB%3A1024%2CVCPU%3A1&root_required=%21COMPUTE_STATUS_DISABLED => generated 1309 bytes in 350 msecs (HTTP/1.1 200) 8 headers in 297 bytes (1 switches on core 0)
Nov 09 18:00:57.520962 n-d-817240-1 devstack@placement-api.service[102623]: DEBUG placement.objects.allocation_candidate [req-5ed68b66-09f6-46e8-a949-cbe0efb2dd94 req-9584a4fb-1deb-447c-9042-a0e492cbbde7 service placement] RequestGroup(use_same_provider=False, resources={DISK_GB:1, MEMORY_MB:1024, VCPU:1}, traits=[], aggregates=[]) (suffix '') returned 2 matches {{(pid=102623) _get_by_requests /opt/stack/placement/placement/objects/allocation_candidate.py:145}}
Nov 09 18:00:57.523757 n-d-817240-1 devstack@placement-api.service[102623]: DEBUG placement.objects.allocation_candidate [req-5ed68b66-09f6-46e8-a949-cbe0efb2dd94 req-9584a4fb-1deb-447c-9042-a0e492cbbde7 service placement] Merging candidates yields 2 allocation requests and 2 provider summaries {{(pid=102623) _merge_candidates /opt/stack/placement/placement/objects/allocation_candidate.py:783}}
Nov 09 18:00:57.527538 n-d-817240-1 devstack@placement-api.service[102623]: INFO placement.requestlog [req-5ed68b66-09f6-46e8-a949-cbe0efb2dd94 req-9584a4fb-1deb-447c-9042-a0e492cbbde7 service placement] 10.222.0.32 "GET /placement/allocation_candidates?limit=1000&resources=DISK_GB%3A1%2CMEMORY_MB%3A1024%2CVCPU%3A1&root_required=%21COMPUTE_STATUS_DISABLED" status: 200 len: 1309 microversion: 1.36
Nov 09 18:00:57.531161 n-d-817240-1 devstack@placement-api.service[102623]: [pid: 102623|app: 0|req: 168/331] 10.222.0.32 () {60 vars in 1506 bytes} [Tue Nov 9 18:00:57 2021] GET /placement/allocation_candidates?limit=1000&resources=DISK_GB%3A1%2CMEMORY_MB%3A1024%2CVCPU%3A1&root_required=%21COMPUTE_STATUS_DISABLED => generated 1309 bytes in 145 msecs (HTTP/1.1 200) 8 headers in 297 bytes (1 switches on core 0)
Nov 09 18:00:57.567664 n-d-817240-1 devstack@placement-api.service[102622]: DEBUG placement.requestlog [req-26ab7f47-cbd7-4180-8e21-71493563d64c req-37ac9dbb-32a3-4389-a927-653e14b57c3e None None] Starting request: 10.222.0.32 "GET /placement/allocations/1537ed56-4e82-484d-a734-9cfedb97e6e9" {{(pid=102622) __call__ /opt/stack/placement/placement/requestlog.py:55}}
Nov 09 18:00:57.583891 n-d-817240-1 devstack@placement-api.service[102622]: INFO placement.requestlog [req-26ab7f47-cbd7-4180-8e21-71493563d64c req-37ac9dbb-32a3-4389-a927-653e14b57c3e service placement] 10.222.0.32 "GET /placement/allocations/1537ed56-4e82-484d-a734-9cfedb97e6e9" status: 200 len: 19 microversion: 1.28
Nov 09 18:00:57.586372 n-d-817240-1 devstack@placement-api.service[102622]: [pid: 102622|app: 0|req: 164/332] 10.222.0.32 () {60 vars in 1380 bytes} [Tue Nov 9 18:00:57 2021] GET /placement/allocations/1537ed56-4e82-484d-a734-9cfedb97e6e9 => generated 19 bytes in 19 msecs (HTTP/1.1 200) 8 headers in 295 bytes (1 switches on core 0)
Nov 09 18:00:57.593630 n-d-817240-1 devstack@placement-api.service[102623]: DEBUG placement.requestlog [req-26ab7f47-cbd7-4180-8e21-71493563d64c req-29757040-a8ff-461b-847a-fcbb9b09780f None None] Starting request: 10.222.0.32 "PUT /placement/allocations/1537ed56-4e82-484d-a734-9cfedb97e6e9" {{(pid=102623) __call__ /opt/stack/placement/placement/requestlog.py:55}}
Nov 09 18:00:57.639474 n-d-817240-1 devstack@placement-api.service[102622]: DEBUG placement.requestlog [req-5ed68b66-09f6-46e8-a949-cbe0efb2dd94 req-d0746e75-b490-4310-a11e-47cef3486509 None None] Starting request: 10.222.0.32 "GET /placement/allocations/2c789668-8eee-4083-ba99-3fa1f39d8b29" {{(pid=102622) __call__ /opt/stack/placement/placement/requestlog.py:55}}
Nov 09 18:00:57.663331 n-d-817240-1 devstack@placement-api.service[102622]: INFO placement.requestlog [req-5ed68b66-09f6-46e8-a949-cbe0efb2dd94 req-d0746e75-b490-4310-a11e-47cef3486509 service placement] 10.222.0.32 "GET /placement/allocations/2c789668-8eee-4083-ba99-3fa1f39d8b29" status: 200 len: 19 microversion: 1.28
