Nov 09 18:30:05.155569 n-d-817240-1 devstack@placement-api.service[102622]: DEBUG placement.requestlog [req-97a983b3-5207-4f96-9e25-ffbc5e4da0e6 req-a9c42b8e-817f-49b3-af3f-e8237679feb2 None None] Starting request: 10.222.0.85 "DELETE /placement/allocations/ba561375-1284-4fc8-a8a6-11e043cdd3be" {{(pid=102622) __call__ /opt/stack/placement/placement/requestlog.py:55}}
Nov 09 18:30:05.192786 n-d-817240-1 devstack@placement-api.service[102622]: DEBUG placement.handlers.allocation [req-97a983b3-5207-4f96-9e25-ffbc5e4da0e6 req-a9c42b8e-817f-49b3-af3f-e8237679feb2 service placement] Successfully deleted allocations [, ] {{(pid=102622) delete_allocations /opt/stack/placement/placement/handlers/allocation.py:627}}
Nov 09 18:30:05.193534 n-d-817240-1 devstack@placement-api.service[102622]: INFO placement.requestlog [req-97a983b3-5207-4f96-9e25-ffbc5e4da0e6 req-a9c42b8e-817f-49b3-af3f-e8237679feb2 service placement] 10.222.0.85 "DELETE /placement/allocations/ba561375-1284-4fc8-a8a6-11e043cdd3be" status: 204 len: 0 microversion: 1.0
Nov 09 18:30:05.194110 n-d-817240-1 devstack@placement-api.service[102622]: [pid: 102622|app: 0|req: 551/1101] 10.222.0.85 () {60 vars in 1355 bytes} [Tue Nov 9 18:30:05 2021] DELETE /placement/allocations/ba561375-1284-4fc8-a8a6-11e043cdd3be => generated 0 bytes in 39 msecs (HTTP/1.1 204) 5 headers in 198 bytes (1 switches on core 0)
Nov 09 18:30:07.414351 n-d-817240-1 devstack@placement-api.service[102623]: DEBUG placement.requestlog [req-331867de-107c-48ff-8b33-e8481a60da8a req-ca276044-8081-485a-b2c9-47ba61c29f0f None None] Starting request: 10.222.0.32 "GET /placement/allocation_candidates?limit=1000&resources=MEMORY_MB%3A1024%2CVCPU%3A1&root_required=%21COMPUTE_STATUS_DISABLED" {{(pid=102623) __call__ /opt/stack/placement/placement/requestlog.py:55}}
Nov 09 18:30:07.490103 n-d-817240-1 devstack@placement-api.service[102623]: DEBUG placement.objects.research_context [req-331867de-107c-48ff-8b33-e8481a60da8a req-ca276044-8081-485a-b2c9-47ba61c29f0f service placement] getting providers with 1024 MEMORY_MB {{(pid=102623) __init__ /opt/stack/placement/placement/objects/research_context.py:126}}
Nov 09 18:30:07.501994 n-d-817240-1 devstack@placement-api.service[102623]: DEBUG placement.objects.research_context [req-331867de-107c-48ff-8b33-e8481a60da8a req-ca276044-8081-485a-b2c9-47ba61c29f0f service placement] getting providers with 1 VCPU {{(pid=102623) __init__ /opt/stack/placement/placement/objects/research_context.py:126}}
Nov 09 18:30:07.511790 n-d-817240-1 devstack@placement-api.service[102623]: DEBUG placement.objects.research_context [req-331867de-107c-48ff-8b33-e8481a60da8a req-ca276044-8081-485a-b2c9-47ba61c29f0f service placement] found 2 providers with available 1024 MEMORY_MB {{(pid=102623) get_provider_ids_matching /opt/stack/placement/placement/objects/research_context.py:549}}
Nov 09 18:30:07.512052 n-d-817240-1 devstack@placement-api.service[102623]: DEBUG placement.objects.research_context [req-331867de-107c-48ff-8b33-e8481a60da8a req-ca276044-8081-485a-b2c9-47ba61c29f0f service placement] found 2 providers with available 1 VCPU {{(pid=102623) get_provider_ids_matching /opt/stack/placement/placement/objects/research_context.py:549}}
Nov 09 18:30:07.512338 n-d-817240-1 devstack@placement-api.service[102623]: DEBUG placement.objects.research_context [req-331867de-107c-48ff-8b33-e8481a60da8a req-ca276044-8081-485a-b2c9-47ba61c29f0f service placement] found 2 providers after filtering by previous result {{(pid=102623) get_provider_ids_matching /opt/stack/placement/placement/objects/research_context.py:580}}
Nov 09 18:30:07.537163 n-d-817240-1 devstack@placement-api.service[102623]: DEBUG placement.objects.allocation_candidate [req-331867de-107c-48ff-8b33-e8481a60da8a req-ca276044-8081-485a-b2c9-47ba61c29f0f service placement] RequestGroup(use_same_provider=False, resources={MEMORY_MB:1024, VCPU:1}, traits=[], aggregates=[]) (suffix '') returned 2 matches {{(pid=102623) _get_by_requests /opt/stack/placement/placement/objects/allocation_candidate.py:145}}
Nov 09 18:30:07.537531 n-d-817240-1 devstack@placement-api.service[102623]: DEBUG placement.objects.allocation_candidate [req-331867de-107c-48ff-8b33-e8481a60da8a req-ca276044-8081-485a-b2c9-47ba61c29f0f service placement] Merging candidates yields 2 allocation requests and 2 provider summaries {{(pid=102623) _merge_candidates /opt/stack/placement/placement/objects/allocation_candidate.py:783}}
Nov 09 18:30:07.546822 n-d-817240-1 devstack@placement-api.service[102623]: INFO placement.requestlog [req-331867de-107c-48ff-8b33-e8481a60da8a req-ca276044-8081-485a-b2c9-47ba61c29f0f service placement] 10.222.0.32 "GET /placement/allocation_candidates?limit=1000&resources=MEMORY_MB%3A1024%2CVCPU%3A1&root_required=%21COMPUTE_STATUS_DISABLED" status: 200 len: 1281 microversion: 1.36
Nov 09 18:30:07.547368 n-d-817240-1 devstack@placement-api.service[102623]: [pid: 102623|app: 0|req: 551/1102] 10.222.0.32 () {60 vars in 1478 bytes} [Tue Nov 9 18:30:07 2021] GET /placement/allocation_candidates?limit=1000&resources=MEMORY_MB%3A1024%2CVCPU%3A1&root_required=%21COMPUTE_STATUS_DISABLED => generated 1281 bytes in 133 msecs (HTTP/1.1 200) 8 headers in 297 bytes (1 switches on core 0)
Nov 09 18:30:07.626279 n-d-817240-1 devstack@placement-api.service[102622]: DEBUG placement.requestlog [req-331867de-107c-48ff-8b33-e8481a60da8a req-6b327a5d-04bc-4d9b-b0f0-e85c766d76ac None None] Starting request: 10.222.0.32 "GET /placement/allocations/43bc0b34-e35e-4166-9d0f-2abff5abf6ee" {{(pid=102622) __call__ /opt/stack/placement/placement/requestlog.py:55}}
Nov 09 18:30:07.640540 n-d-817240-1 devstack@placement-api.service[102622]: INFO placement.requestlog [req-331867de-107c-48ff-8b33-e8481a60da8a req-6b327a5d-04bc-4d9b-b0f0-e85c766d76ac service placement] 10.222.0.32 "GET /placement/allocations/43bc0b34-e35e-4166-9d0f-2abff5abf6ee" status: 200 len: 19 microversion: 1.28
Nov 09 18:30:07.644012 n-d-817240-1 devstack@placement-api.service[102622]: [pid: 102622|app: 0|req: 552/1103] 10.222.0.32 () {60 vars in 1380 bytes} [Tue Nov 9 18:30:07 2021] GET /placement/allocations/43bc0b34-e35e-4166-9d0f-2abff5abf6ee => generated 19 bytes in 18 msecs (HTTP/1.1 200) 8 headers in 295 bytes (1 switches on core 0)
Nov 09 18:30:07.648281 n-d-817240-1 devstack@placement-api.service[102623]: DEBUG placement.requestlog [req-331867de-107c-48ff-8b33-e8481a60da8a req-c878c498-68a2-4302-8485-0b87ad49ff97 None None] Starting request: 10.222.0.32 "PUT /placement/allocations/43bc0b34-e35e-4166-9d0f-2abff5abf6ee" {{(pid=102623) __call__ /opt/stack/placement/placement/requestlog.py:55}}
Nov 09 18:30:07.702325 n-d-817240-1 devstack@placement-api.service[102623]: DEBUG placement.handlers.allocation [req-331867de-107c-48ff-8b33-e8481a60da8a req-c878c498-68a2-4302-8485-0b87ad49ff97 service placement] Successfully wrote allocations [, ] {{(pid=102623) _update_consumers_and_create_allocations /opt/stack/placement/placement/handlers/allocation.py:462}}
Nov 09 18:30:07.706316 n-d-817240-1 devstack@placement-api.service[102623]: INFO placement.requestlog [req-331867de-107c-48ff-8b33-e8481a60da8a req-c878c498-68a2-4302-8485-0b87ad49ff97 service placement] 10.222.0.32 "PUT /placement/allocations/43bc0b34-e35e-4166-9d0f-2abff5abf6ee" status: 204 len: 0 microversion: 1.36
Nov 09 18:30:07.707312 n-d-817240-1 devstack@placement-api.service[102623]: [pid: 102623|app: 0|req: 552/1104] 10.222.0.32 () {64 vars in 1433 bytes} [Tue Nov 9 18:30:07 2021] PUT /placement/allocations/43bc0b34-e35e-4166-9d0f-2abff5abf6ee => generated 0 bytes in 59 msecs (HTTP/1.1 204) 5 headers in 199 bytes (1 switches on core 0)
Nov 09 18:30:08.067098 n-d-817240-1 devstack@placement-api.service[102622]: DEBUG placement.requestlog [req-331867de-107c-48ff-8b33-e8481a60da8a req-a91a63d4-7d7c-414e-b710-45206f86403b None None] Starting request: 10.222.0.85 "GET /placement/allocations/43bc0b34-e35e-4166-9d0f-2abff5abf6ee" {{(pid=102622) __call__ /opt/stack/placement/placement/requestlog.py:55}}
Nov 09 18:30:08.088210 n-d-817240-1 devstack@placement-api.service[102622]: INFO placement.requestlog [req-331867de-107c-48ff-8b33-e8481a60da8a req-a91a63d4-7d7c-414e-b710-45206f86403b service placement] 10.222.0.85 "GET /placement/allocations/43bc0b34-e35e-4166-9d0f-2abff5abf6ee" status: 200 len: 245 microversion: 1.28
Nov 09 18:30:08.088498 n-d-817240-1 devstack@placement-api.service[102622]: [pid: 102622|app: 0|req: 553/1105] 10.222.0.85 () {60 vars in 1377 bytes} [Tue Nov 9 18:30:08 2021] GET /placement/allocations/43bc0b34-e35e-4166-9d0f-2abff5abf6ee => generated 245 bytes in 22 msecs (HTTP/1.1 200) 8 headers in 296 bytes (2 switches on core 0)
Nov 09 18:30:52.625910 n-d-817240-1 devstack@placement-api.service[102623]: DEBUG placement.requestlog [req-a84e87ad-83bd-4515-a741-ec9f35c24f52 req-0a314251-4e82-4dc6-91ec-4566f2ca292b None None] Starting request: 10.222.0.73 "GET /placement/resource_providers/8e77caad-a835-4d60-8450-70097b811a1c/allocations" {{(pid=102623) __call__ /opt/stack/placement/placement/requestlog.py:55}}
Nov 09 18:30:52.649447 n-d-817240-1 devstack@placement-api.service[102623]: INFO placement.requestlog [req-a84e87ad-83bd-4515-a741-ec9f35c24f52 req-0a314251-4e82-4dc6-91ec-4566f2ca292b service placement] 10.222.0.73 "GET /placement/resource_providers/8e77caad-a835-4d60-8450-70097b811a1c/allocations" status: 200 len: 256 microversion: 1.0
Nov 09 18:30:52.649447 n-d-817240-1 devstack@placement-api.service[102623]: [pid: 102623|app: 0|req: 553/1106] 10.222.0.73 () {58 vars in 1390 bytes} [Tue Nov 9 18:30:52 2021] GET /placement/resource_providers/8e77caad-a835-4d60-8450-70097b811a1c/allocations => generated 256 bytes in 23 msecs (HTTP/1.1 200) 6 headers in 224 bytes (1 switches on core 0)
Nov 09 18:30:53.487007 n-d-817240-1 devstack@placement-api.service[102622]: DEBUG placement.requestlog [req-8d7499eb-64eb-4d98-9442-783fb8e209f1 req-f29c28a4-ac9b-4bfd-8189-c124ae35a1b5 None None] Starting request: 10.222.0.85 "GET /placement/resource_providers/5b6f9434-fa96-4ac8-bd4f-1b25fb1eddbb/allocations" {{(pid=102622) __call__ /opt/stack/placement/placement/requestlog.py:55}}
Nov 09 18:30:53.505775 n-d-817240-1 devstack@placement-api.service[102622]: INFO placement.requestlog [req-8d7499eb-64eb-4d98-9442-783fb8e209f1 req-f29c28a4-ac9b-4bfd-8189-c124ae35a1b5 service placement] 10.222.0.85 "GET /placement/resource_providers/5b6f9434-fa96-4ac8-bd4f-1b25fb1eddbb/allocations" status: 200 len: 241 microversion: 1.0
Nov 09 18:30:53.506131 n-d-817240-1 devstack@placement-api.service[102622]: [pid: 102622|app: 0|req: 554/1107] 10.222.0.85 () {58 vars in 1390 bytes} [Tue Nov 9 18:30:53 2021] GET /placement/resource_providers/5b6f9434-fa96-4ac8-bd4f-1b25fb1eddbb/allocations => generated 241 bytes in 19 msecs (HTTP/1.1 200) 6 headers in 224 bytes (1 switches on core 0)
Nov 09 18:31:00.355550 n-d-817240-1 devstack@placement-api.service[102623]: DEBUG placement.requestlog [req-4a61f853-7e9c-4370-adae-df158703b8e6 req-41e832b4-a81f-40ce-b098-93ed662fb69e None None] Starting request: 10.222.0.32 "GET /placement/allocation_candidates?resources=DISK_GB%3A1%2CMEMORY_MB%3A1024%2CVCPU%3A1&root_required=%21COMPUTE_STATUS_DISABLED" {{(pid=102623) __call__ /opt/stack/placement/placement/requestlog.py:55}}
Nov 09 18:31:00.414823 n-d-817240-1 devstack@placement-api.service[102623]: DEBUG placement.objects.research_context [req-4a61f853-7e9c-4370-adae-df158703b8e6 req-41e832b4-a81f-40ce-b098-93ed662fb69e service placement] getting providers with 1 DISK_GB {{(pid=102623) __init__ /opt/stack/placement/placement/objects/research_context.py:126}}
Nov 09 18:31:00.418518 n-d-817240-1 devstack@placement-api.service[102623]: DEBUG placement.objects.research_context [req-4a61f853-7e9c-4370-adae-df158703b8e6 req-41e832b4-a81f-40ce-b098-93ed662fb69e service placement] getting providers with 1024 MEMORY_MB {{(pid=102623) __init__ /opt/stack/placement/placement/objects/research_context.py:126}}
Nov 09 18:31:00.425641 n-d-817240-1 devstack@placement-api.service[102623]: DEBUG placement.objects.research_context [req-4a61f853-7e9c-4370-adae-df158703b8e6 req-41e832b4-a81f-40ce-b098-93ed662fb69e service placement] getting providers with 1 VCPU {{(pid=102623) __init__ /opt/stack/placement/placement/objects/research_context.py:126}}
Nov 09 18:31:00.431485 n-d-817240-1 devstack@placement-api.service[102623]: DEBUG placement.objects.research_context [req-4a61f853-7e9c-4370-adae-df158703b8e6 req-41e832b4-a81f-40ce-b098-93ed662fb69e service placement] found 2 providers with available 1 DISK_GB {{(pid=102623) get_provider_ids_matching /opt/stack/placement/placement/objects/research_context.py:549}}
Nov 09 18:31:00.431875 n-d-817240-1 devstack@placement-api.service[102623]: DEBUG placement.objects.research_context [req-4a61f853-7e9c-4370-adae-df158703b8e6 req-41e832b4-a81f-40ce-b098-93ed662fb69e service placement] found 2 providers with available 1024 MEMORY_MB {{(pid=102623) get_provider_ids_matching /opt/stack/placement/placement/objects/research_context.py:549}}
Nov 09 18:31:00.432249 n-d-817240-1 devstack@placement-api.service[102623]: DEBUG placement.objects.research_context [req-4a61f853-7e9c-4370-adae-df158703b8e6 req-41e832b4-a81f-40ce-b098-93ed662fb69e service placement] found 2 providers after filtering by previous result {{(pid=102623) get_provider_ids_matching /opt/stack/placement/placement/objects/research_context.py:580}}
Nov 09 18:31:00.432594 n-d-817240-1 devstack@placement-api.service[102623]: DEBUG placement.objects.research_context [req-4a61f853-7e9c-4370-adae-df158703b8e6 req-41e832b4-a81f-40ce-b098-93ed662fb69e service placement] found 2 providers with available 1 VCPU {{(pid=102623) get_provider_ids_matching /opt/stack/placement/placement/objects/research_context.py:549}}
Nov 09 18:31:00.432942 n-d-817240-1 devstack@placement-api.service[102623]: DEBUG placement.objects.research_context [req-4a61f853-7e9c-4370-adae-df158703b8e6 req-41e832b4-a81f-40ce-b098-93ed662fb69e service placement] found 2 providers after filtering by previous result {{(pid=102623) get_provider_ids_matching /opt/stack/placement/placement/objects/research_context.py:580}}
Nov 09 18:31:00.444161 n-d-817240-1 devstack@placement-api.service[102623]: DEBUG placement.objects.allocation_candidate [req-4a61f853-7e9c-4370-adae-df158703b8e6 req-41e832b4-a81f-40ce-b098-93ed662fb69e service placement] RequestGroup(use_same_provider=False, resources={DISK_GB:1, MEMORY_MB:1024, VCPU:1}, traits=[], aggregates=[]) (suffix '') returned 2 matches {{(pid=102623) _get_by_requests /opt/stack/placement/placement/objects/allocation_candidate.py:145}}
Nov 09 18:31:00.445099 n-d-817240-1 devstack@placement-api.service[102623]: DEBUG placement.objects.allocation_candidate [req-4a61f853-7e9c-4370-adae-df158703b8e6 req-41e832b4-a81f-40ce-b098-93ed662fb69e service placement] Merging candidates yields 2 allocation requests and 2 provider summaries {{(pid=102623) _merge_candidates /opt/stack/placement/placement/objects/allocation_candidate.py:783}}
Nov 09 18:31:00.447219 n-d-817240-1 devstack@placement-api.service[102623]: INFO placement.requestlog [req-4a61f853-7e9c-4370-adae-df158703b8e6 req-41e832b4-a81f-40ce-b098-93ed662fb69e service placement] 10.222.0.32 "GET /placement/allocation_candidates?resources=DISK_GB%3A1%2CMEMORY_MB%3A1024%2CVCPU%3A1&root_required=%21COMPUTE_STATUS_DISABLED" status: 200 len: 1309 microversion: 1.36
Nov 09 18:31:00.447520 n-d-817240-1 devstack@placement-api.service[102623]: [pid: 102623|app: 0|req: 554/1108] 10.222.0.32 () {60 vars in 1484 bytes} [Tue Nov 9 18:31:00 2021] GET /placement/allocation_candidates?resources=DISK_GB%3A1%2CMEMORY_MB%3A1024%2CVCPU%3A1&root_required=%21COMPUTE_STATUS_DISABLED => generated 1309 bytes in 93 msecs (HTTP/1.1 200) 8 headers in 297 bytes (1 switches on core 0)
Nov 09 18:31:00.498098 n-d-817240-1 devstack@placement-api.service[102622]: DEBUG placement.requestlog [req-4a61f853-7e9c-4370-adae-df158703b8e6 req-bf3c57d5-b312-4243-a498-fc97c275af4c None None] Starting request: 10.222.0.32 "GET /placement/allocations/3e1b8e96-0fd5-42d8-9ce5-6f2c8ffba402" {{(pid=102622) __call__ /opt/stack/placement/placement/requestlog.py:55}}
Nov 09 18:31:00.508853 n-d-817240-1 devstack@placement-api.service[102622]: INFO placement.requestlog [req-4a61f853-7e9c-4370-adae-df158703b8e6 req-bf3c57d5-b312-4243-a498-fc97c275af4c service placement] 10.222.0.32 "GET /placement/allocations/3e1b8e96-0fd5-42d8-9ce5-6f2c8ffba402" status: 200 len: 19 microversion: 1.28
Nov 09 18:31:00.509395 n-d-817240-1 devstack@placement-api.service[102622]: [pid: 102622|app: 0|req: 555/1109] 10.222.0.32 () {60 vars in 1380 bytes} [Tue Nov 9 18:31:00 2021] GET /placement/allocations/3e1b8e96-0fd5-42d8-9ce5-6f2c8ffba402 => generated 19 bytes in 11 msecs (HTTP/1.1 200) 8 headers in 295 bytes (1 switches on core 0)
Nov 09 18:31:00.516448 n-d-817240-1 devstack@placement-api.service[102623]: DEBUG placement.requestlog [req-4a61f853-7e9c-4370-adae-df158703b8e6 req-d540ddca-a0ee-42ea-9665-e622d5aa1466 None None] Starting request: 10.222.0.32 "PUT /placement/allocations/3e1b8e96-0fd5-42d8-9ce5-6f2c8ffba402" {{(pid=102623) __call__ /opt/stack/placement/placement/requestlog.py:55}}
Nov 09 18:31:00.567127 n-d-817240-1 devstack@placement-api.service[102623]: DEBUG placement.handlers.allocation [req-4a61f853-7e9c-4370-adae-df158703b8e6 req-d540ddca-a0ee-42ea-9665-e622d5aa1466 service placement] Successfully wrote allocations [, , ] {{(pid=102623) _update_consumers_and_create_allocations /opt/stack/placement/placement/handlers/allocation.py:462}}
Nov 09 18:31:00.576079 n-d-817240-1 devstack@placement-api.service[102623]: INFO placement.requestlog [req-4a61f853-7e9c-4370-adae-df158703b8e6 req-d540ddca-a0ee-42ea-9665-e622d5aa1466 service placement] 10.222.0.32 "PUT /placement/allocations/3e1b8e96-0fd5-42d8-9ce5-6f2c8ffba402" status: 204 len: 0 microversion: 1.36
Nov 09 18:31:00.576708 n-d-817240-1 devstack@placement-api.service[102623]: [pid: 102623|app: 0|req: 555/1110] 10.222.0.32 () {64 vars in 1433 bytes} [Tue Nov 9 18:31:00 2021] PUT /placement/allocations/3e1b8e96-0fd5-42d8-9ce5-6f2c8ffba402 => generated 0 bytes in 61 msecs (HTTP/1.1 204) 5 headers in 199 bytes (1 switches on core 0)
Nov 09 18:31:00.860697 n-d-817240-1 devstack@placement-api.service[102622]: DEBUG placement.requestlog [req-4a61f853-7e9c-4370-adae-df158703b8e6 req-decd4835-9c3c-4f6a-955b-dfaa66e343bb None None] Starting request: 10.222.0.85 "GET /placement/allocations/3e1b8e96-0fd5-42d8-9ce5-6f2c8ffba402" {{(pid=102622) __call__ /opt/stack/placement/placement/requestlog.py:55}}
Nov 09 18:31:00.876378 n-d-817240-1 devstack@placement-api.service[102622]: INFO placement.requestlog [req-4a61f853-7e9c-4370-adae-df158703b8e6 req-decd4835-9c3c-4f6a-955b-dfaa66e343bb service placement] 10.222.0.85 "GET /placement/allocations/3e1b8e96-0fd5-42d8-9ce5-6f2c8ffba402" status: 200 len: 259 microversion: 1.28
Nov 09 18:31:00.876900 n-d-817240-1 devstack@placement-api.service[102622]: [pid: 102622|app: 0|req: 556/1111] 10.222.0.85 () {60 vars in 1377 bytes} [Tue Nov 9 18:31:00 2021] GET /placement/allocations/3e1b8e96-0fd5-42d8-9ce5-6f2c8ffba402 => generated 259 bytes in 16 msecs (HTTP/1.1 200) 8 headers in 296 bytes (1 switches on core 0)
Nov 09 18:31:13.590035 n-d-817240-1 devstack@placement-api.service[102623]: DEBUG placement.requestlog [req-b1ad1f1a-2367-4415-bca5-adc59ff94300 req-0043f20b-6c7c-4798-bc7e-ee9dd8baaf4e None None] Starting request: 10.222.0.85 "DELETE /placement/allocations/3e1b8e96-0fd5-42d8-9ce5-6f2c8ffba402" {{(pid=102623) __call__ /opt/stack/placement/placement/requestlog.py:55}}
Nov 09 18:31:13.619605 n-d-817240-1 devstack@placement-api.service[102623]: DEBUG placement.handlers.allocation [req-b1ad1f1a-2367-4415-bca5-adc59ff94300 req-0043f20b-6c7c-4798-bc7e-ee9dd8baaf4e service placement] Successfully deleted allocations [, , ] {{(pid=102623) delete_allocations /opt/stack/placement/placement/handlers/allocation.py:627}}
Nov 09 18:31:13.620300 n-d-817240-1 devstack@placement-api.service[102623]: INFO placement.requestlog [req-b1ad1f1a-2367-4415-bca5-adc59ff94300 req-0043f20b-6c7c-4798-bc7e-ee9dd8baaf4e service placement] 10.222.0.85 "DELETE /placement/allocations/3e1b8e96-0fd5-42d8-9ce5-6f2c8ffba402" status: 204 len: 0 microversion: 1.0
Nov 09 18:31:13.621351 n-d-817240-1 devstack@placement-api.service[102623]: [pid: 102623|app: 0|req: 556/1112] 10.222.0.85 () {60 vars in 1355 bytes} [Tue Nov 9 18:31:13 2021] DELETE /placement/allocations/3e1b8e96-0fd5-42d8-9ce5-6f2c8ffba402 => generated 0 bytes in 31 msecs (HTTP/1.1 204) 5 headers in 198 bytes (1 switches on core 0)
Nov 09 18:31:21.996076 n-d-817240-1 devstack@placement-api.service[102622]: DEBUG placement.requestlog [req-67d52cb4-9fd2-4ab1-a193-81f122f5f031 req-4c54a80f-53c5-4a3a-bcf1-e56b6bad11b2 None None] Starting request: 10.222.0.73 "DELETE /placement/allocations/71a6e5f3-db00-4eb3-8d0c-5e80146d1439" {{(pid=102622) __call__ /opt/stack/placement/placement/requestlog.py:55}}
Nov 09 18:31:22.028781 n-d-817240-1 devstack@placement-api.service[102622]: DEBUG placement.handlers.allocation [req-67d52cb4-9fd2-4ab1-a193-81f122f5f031 req-4c54a80f-53c5-4a3a-bcf1-e56b6bad11b2 service placement] Successfully deleted allocations [, , ] {{(pid=102622) delete_allocations /opt/stack/placement/placement/handlers/allocation.py:627}}
Nov 09 18:31:22.029604 n-d-817240-1 devstack@placement-api.service[102622]: INFO placement.requestlog [req-67d52cb4-9fd2-4ab1-a193-81f122f5f031 req-4c54a80f-53c5-4a3a-bcf1-e56b6bad11b2 service placement] 10.222.0.73 "DELETE /placement/allocations/71a6e5f3-db00-4eb3-8d0c-5e80146d1439" status: 204 len: 0 microversion: 1.0
Nov 09 18:31:22.030231 n-d-817240-1 devstack@placement-api.service[102622]: [pid: 102622|app: 0|req: 557/1113] 10.222.0.73 () {60 vars in 1355 bytes} [Tue Nov 9 18:31:21 2021] DELETE /placement/allocations/71a6e5f3-db00-4eb3-8d0c-5e80146d1439 => generated 0 bytes in 34 msecs (HTTP/1.1 204) 5 headers in 198 bytes (1 switches on core 0)
Nov 09 18:31:26.983345 n-d-817240-1 devstack@placement-api.service[102623]: DEBUG placement.requestlog [req-1a8a2267-2875-43c6-ad6c-2b468660f5da req-233beae9-9074-4ffd-8648-e90084fba3c3 None None] Starting request: 10.222.0.85 "DELETE /placement/allocations/306eebba-285e-46aa-8df1-fb89d7166d90" {{(pid=102623) __call__ /opt/stack/placement/placement/requestlog.py:55}}
Nov 09 18:31:27.010391 n-d-817240-1 devstack@placement-api.service[102623]: DEBUG placement.handlers.allocation [req-1a8a2267-2875-43c6-ad6c-2b468660f5da req-233beae9-9074-4ffd-8648-e90084fba3c3 service placement] Successfully deleted allocations [, , ] {{(pid=102623) delete_allocations /opt/stack/placement/placement/handlers/allocation.py:627}}
Nov 09 18:31:27.011203 n-d-817240-1 devstack@placement-api.service[102623]: INFO placement.requestlog [req-1a8a2267-2875-43c6-ad6c-2b468660f5da req-233beae9-9074-4ffd-8648-e90084fba3c3 service placement] 10.222.0.85 "DELETE /placement/allocations/306eebba-285e-46aa-8df1-fb89d7166d90" status: 204 len: 0 microversion: 1.0
Nov 09 18:31:27.011705 n-d-817240-1 devstack@placement-api.service[102623]: [pid: 102623|app: 0|req: 557/1114] 10.222.0.85 () {60 vars in 1355 bytes} [Tue Nov 9 18:31:26 2021] DELETE /placement/allocations/306eebba-285e-46aa-8df1-fb89d7166d90 => generated 0 bytes in 28 msecs (HTTP/1.1 204) 5 headers in 198 bytes (1 switches on core 0)
Nov 09 18:31:31.888407 n-d-817240-1 devstack@placement-api.service[102622]: DEBUG placement.requestlog [req-c88599a7-ff6a-4fe2-9b37-ce792ad58a21 req-b5c78078-fc55-415a-865d-9de9404316c9 None None] Starting request: 10.222.0.32 "GET /placement/allocation_candidates?limit=1000&resources=DISK_GB%3A1%2CMEMORY_MB%3A1024%2CVCPU%3A1&root_required=%21COMPUTE_STATUS_DISABLED" {{(pid=102622) __call__ /opt/stack/placement/placement/requestlog.py:55}}
Nov 09 18:31:31.923957 n-d-817240-1 devstack@placement-api.service[102622]: DEBUG placement.objects.research_context [req-c88599a7-ff6a-4fe2-9b37-ce792ad58a21 req-b5c78078-fc55-415a-865d-9de9404316c9 service placement] getting providers with 1 DISK_GB {{(pid=102622) __init__ /opt/stack/placement/placement/objects/research_context.py:126}}
Nov 09 18:31:31.929930 n-d-817240-1 devstack@placement-api.service[102622]: DEBUG placement.objects.research_context [req-c88599a7-ff6a-4fe2-9b37-ce792ad58a21 req-b5c78078-fc55-415a-865d-9de9404316c9 service placement] getting providers with 1024 MEMORY_MB {{(pid=102622) __init__ /opt/stack/placement/placement/objects/research_context.py:126}}
Nov 09 18:31:31.935995 n-d-817240-1 devstack@placement-api.service[102622]: DEBUG placement.objects.research_context [req-c88599a7-ff6a-4fe2-9b37-ce792ad58a21 req-b5c78078-fc55-415a-865d-9de9404316c9 service placement] getting providers with 1 VCPU {{(pid=102622) __init__ /opt/stack/placement/placement/objects/research_context.py:126}}
Nov 09 18:31:31.943162 n-d-817240-1 devstack@placement-api.service[102622]: DEBUG placement.objects.research_context [req-c88599a7-ff6a-4fe2-9b37-ce792ad58a21 req-b5c78078-fc55-415a-865d-9de9404316c9 service placement] found 2 providers with available 1 DISK_GB {{(pid=102622) get_provider_ids_matching /opt/stack/placement/placement/objects/research_context.py:549}}
Nov 09 18:31:31.943438 n-d-817240-1 devstack@placement-api.service[102622]: DEBUG placement.objects.research_context [req-c88599a7-ff6a-4fe2-9b37-ce792ad58a21 req-b5c78078-fc55-415a-865d-9de9404316c9 service placement] found 2 providers with available 1024 MEMORY_MB {{(pid=102622) get_provider_ids_matching /opt/stack/placement/placement/objects/research_context.py:549}}
Nov 09 18:31:31.943707 n-d-817240-1 devstack@placement-api.service[102622]: DEBUG placement.objects.research_context [req-c88599a7-ff6a-4fe2-9b37-ce792ad58a21 req-b5c78078-fc55-415a-865d-9de9404316c9 service placement] found 2 providers after filtering by previous result {{(pid=102622) get_provider_ids_matching /opt/stack/placement/placement/objects/research_context.py:580}}
Nov 09 18:31:31.943964 n-d-817240-1 devstack@placement-api.service[102622]: DEBUG placement.objects.research_context [req-c88599a7-ff6a-4fe2-9b37-ce792ad58a21 req-b5c78078-fc55-415a-865d-9de9404316c9 service placement] found 2 providers with available 1 VCPU {{(pid=102622) get_provider_ids_matching /opt/stack/placement/placement/objects/research_context.py:549}}
Nov 09 18:31:31.944219 n-d-817240-1 devstack@placement-api.service[102622]: DEBUG placement.objects.research_context [req-c88599a7-ff6a-4fe2-9b37-ce792ad58a21 req-b5c78078-fc55-415a-865d-9de9404316c9 service placement] found 2 providers after filtering by previous result {{(pid=102622) get_provider_ids_matching /opt/stack/placement/placement/objects/research_context.py:580}}
Nov 09 18:31:31.954524 n-d-817240-1 devstack@placement-api.service[102622]: DEBUG placement.objects.allocation_candidate [req-c88599a7-ff6a-4fe2-9b37-ce792ad58a21 req-b5c78078-fc55-415a-865d-9de9404316c9 service placement] RequestGroup(use_same_provider=False, resources={DISK_GB:1, MEMORY_MB:1024, VCPU:1}, traits=[], aggregates=[]) (suffix '') returned 2 matches {{(pid=102622) _get_by_requests /opt/stack/placement/placement/objects/allocation_candidate.py:145}}
Nov 09 18:31:31.954895 n-d-817240-1 devstack@placement-api.service[102622]: DEBUG placement.objects.allocation_candidate [req-c88599a7-ff6a-4fe2-9b37-ce792ad58a21 req-b5c78078-fc55-415a-865d-9de9404316c9 service placement] Merging candidates yields 2 allocation requests and 2 provider summaries {{(pid=102622) _merge_candidates /opt/stack/placement/placement/objects/allocation_candidate.py:783}}
Nov 09 18:31:31.956509 n-d-817240-1 devstack@placement-api.service[102622]: INFO placement.requestlog [req-c88599a7-ff6a-4fe2-9b37-ce792ad58a21 req-b5c78078-fc55-415a-865d-9de9404316c9 service placement] 10.222.0.32 "GET /placement/allocation_candidates?limit=1000&resources=DISK_GB%3A1%2CMEMORY_MB%3A1024%2CVCPU%3A1&root_required=%21COMPUTE_STATUS_DISABLED" status: 200 len: 1309 microversion: 1.36
Nov 09 18:31:31.956750 n-d-817240-1 devstack@placement-api.service[102622]: [pid: 102622|app: 0|req: 558/1115] 10.222.0.32 () {60 vars in 1506 bytes} [Tue Nov 9 18:31:31 2021] GET /placement/allocation_candidates?limit=1000&resources=DISK_GB%3A1%2CMEMORY_MB%3A1024%2CVCPU%3A1&root_required=%21COMPUTE_STATUS_DISABLED => generated 1309 bytes in 69 msecs (HTTP/1.1 200) 8 headers in 297 bytes (1 switches on core 0)
Nov 09 18:31:32.002333 n-d-817240-1 devstack@placement-api.service[102623]: DEBUG placement.requestlog [req-c88599a7-ff6a-4fe2-9b37-ce792ad58a21 req-b9fb2e81-75ec-4535-9881-8ed43972f112 None None] Starting request: 10.222.0.32 "GET /placement/allocations/c3a92a59-0291-4622-83e2-88e2e143dc93" {{(pid=102623) __call__ /opt/stack/placement/placement/requestlog.py:55}}
Nov 09 18:31:32.015207 n-d-817240-1 devstack@placement-api.service[102623]: INFO placement.requestlog [req-c88599a7-ff6a-4fe2-9b37-ce792ad58a21 req-b9fb2e81-75ec-4535-9881-8ed43972f112 service placement] 10.222.0.32 "GET /placement/allocations/c3a92a59-0291-4622-83e2-88e2e143dc93" status: 200 len: 19 microversion: 1.28
Nov 09 18:31:32.015429 n-d-817240-1 devstack@placement-api.service[102623]: [pid: 102623|app: 0|req: 558/1116] 10.222.0.32 () {60 vars in 1380 bytes} [Tue Nov 9 18:31:32 2021] GET /placement/allocations/c3a92a59-0291-4622-83e2-88e2e143dc93 => generated 19 bytes in 13 msecs (HTTP/1.1 200) 8 headers in 295 bytes (1 switches on core 0)
Nov 09 18:31:32.022113 n-d-817240-1 devstack@placement-api.service[102622]: DEBUG placement.requestlog [req-c88599a7-ff6a-4fe2-9b37-ce792ad58a21 req-3eef3455-3aca-42f8-81d8-d0307dd182c3 None None] Starting request: 10.222.0.32 "PUT /placement/allocations/c3a92a59-0291-4622-83e2-88e2e143dc93" {{(pid=102622) __call__ /opt/stack/placement/placement/requestlog.py:55}}
Nov 09 18:31:32.084596 n-d-817240-1 devstack@placement-api.service[102622]: DEBUG placement.handlers.allocation [req-c88599a7-ff6a-4fe2-9b37-ce792ad58a21 req-3eef3455-3aca-42f8-81d8-d0307dd182c3 service placement] Successfully wrote allocations [, , ] {{(pid=102622) _update_consumers_and_create_allocations /opt/stack/placement/placement/handlers/allocation.py:462}}
Nov 09 18:31:32.089587 n-d-817240-1 devstack@placement-api.service[102622]: INFO placement.requestlog [req-c88599a7-ff6a-4fe2-9b37-ce792ad58a21 req-3eef3455-3aca-42f8-81d8-d0307dd182c3 service placement] 10.222.0.32 "PUT /placement/allocations/c3a92a59-0291-4622-83e2-88e2e143dc93" status: 204 len: 0 microversion: 1.36
Nov 09 18:31:32.089835 n-d-817240-1 devstack@placement-api.service[102622]: [pid: 102622|app: 0|req: 559/1117] 10.222.0.32 () {64 vars in 1433 bytes} [Tue Nov 9 18:31:32 2021] PUT /placement/allocations/c3a92a59-0291-4622-83e2-88e2e143dc93 => generated 0 bytes in 68 msecs (HTTP/1.1 204) 5 headers in 199 bytes (2 switches on core 0)
Nov 09 18:31:32.372858 n-d-817240-1 devstack@placement-api.service[102623]: DEBUG placement.requestlog [req-c88599a7-ff6a-4fe2-9b37-ce792ad58a21 req-d9c0ff46-4472-4a92-b5a6-e3da5556cdcb None None] Starting request: 10.222.0.73 "GET /placement/allocations/c3a92a59-0291-4622-83e2-88e2e143dc93" {{(pid=102623) __call__ /opt/stack/placement/placement/requestlog.py:55}}
Nov 09 18:31:32.387464 n-d-817240-1 devstack@placement-api.service[102623]: INFO placement.requestlog [req-c88599a7-ff6a-4fe2-9b37-ce792ad58a21 req-d9c0ff46-4472-4a92-b5a6-e3da5556cdcb service placement] 10.222.0.73 "GET /placement/allocations/c3a92a59-0291-4622-83e2-88e2e143dc93" status: 200 len: 260 microversion: 1.28
Nov 09 18:31:32.387816 n-d-817240-1 devstack@placement-api.service[102623]: [pid: 102623|app: 0|req: 559/1118] 10.222.0.73 () {60 vars in 1377 bytes} [Tue Nov 9 18:31:32 2021] GET /placement/allocations/c3a92a59-0291-4622-83e2-88e2e143dc93 => generated 260 bytes in 15 msecs (HTTP/1.1 200) 8 headers in 296 bytes (1 switches on core 0)
Nov 09 18:31:51.747363 n-d-817240-1 devstack@placement-api.service[102622]: DEBUG placement.requestlog [req-66b0ceb9-e256-4182-9297-b946f2a5cc99 req-6ae3c09d-7021-494e-9471-35e6674b8e82 None None] Starting request: 10.222.0.73 "DELETE /placement/allocations/c3a92a59-0291-4622-83e2-88e2e143dc93" {{(pid=102622) __call__ /opt/stack/placement/placement/requestlog.py:55}}
Nov 09 18:31:51.775826 n-d-817240-1 devstack@placement-api.service[102622]: DEBUG placement.handlers.allocation [req-66b0ceb9-e256-4182-9297-b946f2a5cc99 req-6ae3c09d-7021-494e-9471-35e6674b8e82 service placement] Successfully deleted allocations [, , ] {{(pid=102622) delete_allocations /opt/stack/placement/placement/handlers/allocation.py:627}}
Nov 09 18:31:51.776292 n-d-817240-1 devstack@placement-api.service[102622]: INFO placement.requestlog [req-66b0ceb9-e256-4182-9297-b946f2a5cc99 req-6ae3c09d-7021-494e-9471-35e6674b8e82 service placement] 10.222.0.73 "DELETE /placement/allocations/c3a92a59-0291-4622-83e2-88e2e143dc93" status: 204 len: 0 microversion: 1.0
Nov 09 18:31:51.776507 n-d-817240-1 devstack@placement-api.service[102622]: [pid: 102622|app: 0|req: 560/1119] 10.222.0.73 () {60 vars in 1355 bytes} [Tue Nov 9 18:31:51 2021] DELETE /placement/allocations/c3a92a59-0291-4622-83e2-88e2e143dc93 => generated 0 bytes in 29 msecs (HTTP/1.1 204) 5 headers in 198 bytes (2 switches on core 0)
Nov 09 18:31:52.622235 n-d-817240-1 devstack@placement-api.service[102623]: DEBUG placement.requestlog [req-8a20ec83-15ad-48f6-b68f-c32f988ab65d req-6010db30-96a3-4aac-85b5-9620b6c45d24 None None] Starting request: 10.222.0.73 "GET /placement/resource_providers/8e77caad-a835-4d60-8450-70097b811a1c/allocations" {{(pid=102623) __call__ /opt/stack/placement/placement/requestlog.py:55}}
Nov 09 18:31:52.643853 n-d-817240-1 devstack@placement-api.service[102623]: INFO placement.requestlog [req-8a20ec83-15ad-48f6-b68f-c32f988ab65d req-6010db30-96a3-4aac-85b5-9620b6c45d24 service placement] 10.222.0.73 "GET /placement/resource_providers/8e77caad-a835-4d60-8450-70097b811a1c/allocations" status: 200 len: 155 microversion: 1.0
Nov 09 18:31:52.644705 n-d-817240-1 devstack@placement-api.service[102623]: [pid: 102623|app: 0|req: 560/1120] 10.222.0.73 () {58 vars in 1390 bytes} [Tue Nov 9 18:31:52 2021] GET /placement/resource_providers/8e77caad-a835-4d60-8450-70097b811a1c/allocations => generated 155 bytes in 23 msecs (HTTP/1.1 200) 6 headers in 224 bytes (1 switches on core 0)
Nov 09 18:31:54.398287 n-d-817240-1 devstack@placement-api.service[102622]: DEBUG placement.requestlog [req-2789d571-876a-4b5a-8fee-d71c82cca9b6 req-1effac1a-9de3-4d23-bbea-5796e7581334 None None] Starting request: 10.222.0.85 "GET /placement/resource_providers/5b6f9434-fa96-4ac8-bd4f-1b25fb1eddbb/allocations" {{(pid=102622) __call__ /opt/stack/placement/placement/requestlog.py:55}}
Nov 09 18:31:54.422231 n-d-817240-1 devstack@placement-api.service[102622]: INFO placement.requestlog [req-2789d571-876a-4b5a-8fee-d71c82cca9b6 req-1effac1a-9de3-4d23-bbea-5796e7581334 service placement] 10.222.0.85 "GET /placement/resource_providers/5b6f9434-fa96-4ac8-bd4f-1b25fb1eddbb/allocations" status: 200 len: 140 microversion: 1.0
Nov 09 18:31:54.423302 n-d-817240-1 devstack@placement-api.service[102622]: [pid: 102622|app: 0|req: 561/1121] 10.222.0.85 () {58 vars in 1390 bytes} [Tue Nov 9 18:31:54 2021] GET /placement/resource_providers/5b6f9434-fa96-4ac8-bd4f-1b25fb1eddbb/allocations => generated 140 bytes in 25 msecs (HTTP/1.1 200) 6 headers in 224 bytes (1 switches on core 0)
Nov 09 18:32:09.117416 n-d-817240-1 devstack@placement-api.service[102623]: DEBUG placement.requestlog [req-5b565fa8-079f-4130-917e-9132c3019aa9 req-540a8dd5-394c-445d-84b3-aa066eba0686 None None] Starting request: 10.222.0.32 "GET /placement/allocation_candidates?limit=1000&resources=MEMORY_MB%3A1024%2CVCPU%3A1&root_required=%21COMPUTE_STATUS_DISABLED" {{(pid=102623) __call__ /opt/stack/placement/placement/requestlog.py:55}}
Nov 09 18:32:09.146258 n-d-817240-1 devstack@placement-api.service[102623]: DEBUG placement.objects.research_context [req-5b565fa8-079f-4130-917e-9132c3019aa9 req-540a8dd5-394c-445d-84b3-aa066eba0686 service placement] getting providers with 1024 MEMORY_MB {{(pid=102623) __init__ /opt/stack/placement/placement/objects/research_context.py:126}}
Nov 09 18:32:09.151488 n-d-817240-1 devstack@placement-api.service[102623]: DEBUG placement.objects.research_context [req-5b565fa8-079f-4130-917e-9132c3019aa9 req-540a8dd5-394c-445d-84b3-aa066eba0686 service placement] getting providers with 1 VCPU {{(pid=102623) __init__ /opt/stack/placement/placement/objects/research_context.py:126}}
Nov 09 18:32:09.156908 n-d-817240-1 devstack@placement-api.service[102623]: DEBUG placement.objects.research_context [req-5b565fa8-079f-4130-917e-9132c3019aa9 req-540a8dd5-394c-445d-84b3-aa066eba0686 service placement] found 2 providers with available 1024 MEMORY_MB {{(pid=102623) get_provider_ids_matching /opt/stack/placement/placement/objects/research_context.py:549}}
Nov 09 18:32:09.157109 n-d-817240-1 devstack@placement-api.service[102623]: DEBUG placement.objects.research_context [req-5b565fa8-079f-4130-917e-9132c3019aa9 req-540a8dd5-394c-445d-84b3-aa066eba0686 service placement] found 2 providers with available 1 VCPU {{(pid=102623) get_provider_ids_matching /opt/stack/placement/placement/objects/research_context.py:549}}
Nov 09 18:32:09.157547 n-d-817240-1 devstack@placement-api.service[102623]: DEBUG placement.objects.research_context [req-5b565fa8-079f-4130-917e-9132c3019aa9 req-540a8dd5-394c-445d-84b3-aa066eba0686 service placement] found 2 providers after filtering by previous result {{(pid=102623) get_provider_ids_matching /opt/stack/placement/placement/objects/research_context.py:580}}
Nov 09 18:32:09.170401 n-d-817240-1 devstack@placement-api.service[102623]: DEBUG placement.objects.allocation_candidate [req-5b565fa8-079f-4130-917e-9132c3019aa9 req-540a8dd5-394c-445d-84b3-aa066eba0686 service placement] RequestGroup(use_same_provider=False, resources={MEMORY_MB:1024, VCPU:1}, traits=[], aggregates=[]) (suffix '') returned 2 matches {{(pid=102623) _get_by_requests /opt/stack/placement/placement/objects/allocation_candidate.py:145}}
Nov 09 18:32:09.170767 n-d-817240-1 devstack@placement-api.service[102623]: DEBUG placement.objects.allocation_candidate [req-5b565fa8-079f-4130-917e-9132c3019aa9 req-540a8dd5-394c-445d-84b3-aa066eba0686 service placement] Merging candidates yields 2 allocation requests and 2 provider summaries {{(pid=102623) _merge_candidates /opt/stack/placement/placement/objects/allocation_candidate.py:783}}
Nov 09 18:32:09.172234 n-d-817240-1 devstack@placement-api.service[102623]: INFO placement.requestlog [req-5b565fa8-079f-4130-917e-9132c3019aa9 req-540a8dd5-394c-445d-84b3-aa066eba0686 service placement] 10.222.0.32 "GET /placement/allocation_candidates?limit=1000&resources=MEMORY_MB%3A1024%2CVCPU%3A1&root_required=%21COMPUTE_STATUS_DISABLED" status: 200 len: 1281 microversion: 1.36
Nov 09 18:32:09.172467 n-d-817240-1 devstack@placement-api.service[102623]: [pid: 102623|app: 0|req: 561/1122] 10.222.0.32 () {60 vars in 1478 bytes} [Tue Nov 9 18:32:09 2021] GET /placement/allocation_candidates?limit=1000&resources=MEMORY_MB%3A1024%2CVCPU%3A1&root_required=%21COMPUTE_STATUS_DISABLED => generated 1281 bytes in 55 msecs (HTTP/1.1 200) 8 headers in 297 bytes (1 switches on core 0)
Nov 09 18:32:09.217736 n-d-817240-1 devstack@placement-api.service[102622]: DEBUG placement.requestlog [req-5b565fa8-079f-4130-917e-9132c3019aa9 req-3b6bdb85-9599-4dd0-9094-47570cf32622 None None] Starting request: 10.222.0.32 "GET /placement/allocations/932e1e6d-ab85-401c-817c-3ccd99c24610" {{(pid=102622) __call__ /opt/stack/placement/placement/requestlog.py:55}}
Nov 09 18:32:09.227920 n-d-817240-1 devstack@placement-api.service[102622]: INFO placement.requestlog [req-5b565fa8-079f-4130-917e-9132c3019aa9 req-3b6bdb85-9599-4dd0-9094-47570cf32622 service placement] 10.222.0.32 "GET /placement/allocations/932e1e6d-ab85-401c-817c-3ccd99c24610" status: 200 len: 19 microversion: 1.28
Nov 09 18:32:09.228129 n-d-817240-1 devstack@placement-api.service[102622]: [pid: 102622|app: 0|req: 562/1123] 10.222.0.32 () {60 vars in 1380 bytes} [Tue Nov 9 18:32:09 2021] GET /placement/allocations/932e1e6d-ab85-401c-817c-3ccd99c24610 => generated 19 bytes in 11 msecs (HTTP/1.1 200) 8 headers in 295 bytes (1 switches on core 0)
Nov 09 18:32:09.234010 n-d-817240-1 devstack@placement-api.service[102623]: DEBUG placement.requestlog [req-5b565fa8-079f-4130-917e-9132c3019aa9 req-bd8e55d9-7565-47a4-8aa5-a52296b45e9f None None] Starting request: 10.222.0.32 "PUT /placement/allocations/932e1e6d-ab85-401c-817c-3ccd99c24610" {{(pid=102623) __call__ /opt/stack/placement/placement/requestlog.py:55}}
Nov 09 18:32:09.277771 n-d-817240-1 devstack@placement-api.service[102623]: DEBUG placement.handlers.allocation [req-5b565fa8-079f-4130-917e-9132c3019aa9 req-bd8e55d9-7565-47a4-8aa5-a52296b45e9f service placement] Successfully wrote allocations [, ] {{(pid=102623) _update_consumers_and_create_allocations /opt/stack/placement/placement/handlers/allocation.py:462}}
Nov 09 18:32:09.281040 n-d-817240-1 devstack@placement-api.service[102623]: INFO placement.requestlog [req-5b565fa8-079f-4130-917e-9132c3019aa9 req-bd8e55d9-7565-47a4-8aa5-a52296b45e9f service placement] 10.222.0.32 "PUT /placement/allocations/932e1e6d-ab85-401c-817c-3ccd99c24610" status: 204 len: 0 microversion: 1.36
Nov 09 18:32:09.281357 n-d-817240-1 devstack@placement-api.service[102623]: [pid: 102623|app: 0|req: 562/1124] 10.222.0.32 () {64 vars in 1433 bytes} [Tue Nov 9 18:32:09 2021] PUT /placement/allocations/932e1e6d-ab85-401c-817c-3ccd99c24610 => generated 0 bytes in 48 msecs (HTTP/1.1 204) 5 headers in 199 bytes (2 switches on core 0)
Nov 09 18:32:09.538367 n-d-817240-1 devstack@placement-api.service[102622]: DEBUG placement.requestlog [req-5b565fa8-079f-4130-917e-9132c3019aa9 req-113310bc-303e-494c-8e87-eba46fbc6a10 None None] Starting request: 10.222.0.73 "GET /placement/allocations/932e1e6d-ab85-401c-817c-3ccd99c24610" {{(pid=102622) __call__ /opt/stack/placement/placement/requestlog.py:55}}
Nov 09 18:32:09.552505 n-d-817240-1 devstack@placement-api.service[102622]: INFO placement.requestlog [req-5b565fa8-079f-4130-917e-9132c3019aa9 req-113310bc-303e-494c-8e87-eba46fbc6a10 service placement] 10.222.0.73 "GET /placement/allocations/932e1e6d-ab85-401c-817c-3ccd99c24610" status: 200 len: 246 microversion: 1.28
Nov 09 18:32:09.552839 n-d-817240-1 devstack@placement-api.service[102622]: [pid: 102622|app: 0|req: 563/1125] 10.222.0.73 () {60 vars in 1377 bytes} [Tue Nov 9 18:32:09 2021] GET /placement/allocations/932e1e6d-ab85-401c-817c-3ccd99c24610 => generated 246 bytes in 15 msecs (HTTP/1.1 200) 8 headers in 296 bytes (1 switches on core 0)
Nov 09 18:32:55.392430 n-d-817240-1 devstack@placement-api.service[102623]: DEBUG placement.requestlog [req-94fd0acf-3535-477e-af25-64b123776438 req-fb20fb68-1b6f-4193-b827-212be847e606 None None] Starting request: 10.222.0.73 "GET /placement/resource_providers/8e77caad-a835-4d60-8450-70097b811a1c/allocations" {{(pid=102623) __call__ /opt/stack/placement/placement/requestlog.py:55}}
Nov 09 18:32:55.420805 n-d-817240-1 devstack@placement-api.service[102622]: DEBUG placement.requestlog [req-b83b1f9c-5026-4fca-8afa-73d1abc538e1 req-5f0e017c-1efc-4ffd-aa04-1313d22fcd65 None None] Starting request: 10.222.0.85 "GET /placement/resource_providers/5b6f9434-fa96-4ac8-bd4f-1b25fb1eddbb/allocations" {{(pid=102622) __call__ /opt/stack/placement/placement/requestlog.py:55}}
Nov 09 18:32:55.428544 n-d-817240-1 devstack@placement-api.service[102623]: INFO placement.requestlog [req-94fd0acf-3535-477e-af25-64b123776438 req-fb20fb68-1b6f-4193-b827-212be847e606 service placement] 10.222.0.73 "GET /placement/resource_providers/8e77caad-a835-4d60-8450-70097b811a1c/allocations" status: 200 len: 242 microversion: 1.0
Nov 09 18:32:55.428544 n-d-817240-1 devstack@placement-api.service[102623]: [pid: 102623|app: 0|req: 563/1126] 10.222.0.73 () {58 vars in 1390 bytes} [Tue Nov 9 18:32:55 2021] GET /placement/resource_providers/8e77caad-a835-4d60-8450-70097b811a1c/allocations => generated 242 bytes in 36 msecs (HTTP/1.1 200) 6 headers in 224 bytes (1 switches on core 0)
Nov 09 18:32:55.442822 n-d-817240-1 devstack@placement-api.service[102622]: INFO placement.requestlog [req-b83b1f9c-5026-4fca-8afa-73d1abc538e1 req-5f0e017c-1efc-4ffd-aa04-1313d22fcd65 service placement] 10.222.0.85 "GET /placement/resource_providers/5b6f9434-fa96-4ac8-bd4f-1b25fb1eddbb/allocations" status: 200 len: 140 microversion: 1.0
Nov 09 18:32:55.443186 n-d-817240-1 devstack@placement-api.service[102622]: [pid: 102622|app: 0|req: 564/1127] 10.222.0.85 () {58 vars in 1390 bytes} [Tue Nov 9 18:32:55 2021] GET /placement/resource_providers/5b6f9434-fa96-4ac8-bd4f-1b25fb1eddbb/allocations => generated 140 bytes in 23 msecs (HTTP/1.1 200) 6 headers in 224 bytes (1 switches on core 0)
Nov 09 18:33:54.602809 n-d-817240-1 devstack@placement-api.service[102623]: DEBUG placement.requestlog [req-6faacd68-dc8a-4b4c-8c86-c6741e00fe11 req-d1b19cde-8a02-4a1b-9d75-7842b1ef5614 None None] Starting request: 10.222.0.73 "GET /placement/resource_providers/8e77caad-a835-4d60-8450-70097b811a1c/allocations" {{(pid=102623) __call__ /opt/stack/placement/placement/requestlog.py:55}}
Nov 09 18:33:54.623155 n-d-817240-1 devstack@placement-api.service[102623]: INFO placement.requestlog [req-6faacd68-dc8a-4b4c-8c86-c6741e00fe11 req-d1b19cde-8a02-4a1b-9d75-7842b1ef5614 service placement] 10.222.0.73 "GET /placement/resource_providers/8e77caad-a835-4d60-8450-70097b811a1c/allocations" status: 200 len: 242 microversion: 1.0
Nov 09 18:33:54.623448 n-d-817240-1 devstack@placement-api.service[102623]: [pid: 102623|app: 0|req: 564/1128] 10.222.0.73 () {58 vars in 1390 bytes} [Tue Nov 9 18:33:54 2021] GET /placement/resource_providers/8e77caad-a835-4d60-8450-70097b811a1c/allocations => generated 242 bytes in 21 msecs (HTTP/1.1 200) 6 headers in 224 bytes (2 switches on core 0)
Nov 09 18:33:57.619605 n-d-817240-1 devstack@placement-api.service[102622]: DEBUG placement.requestlog [req-716c2cdb-f812-43ea-a6d5-89e6c65f7a10 req-0d93344f-173d-4047-afef-19cb86fe5ef2 None None] Starting request: 10.222.0.85 "GET /placement/resource_providers/5b6f9434-fa96-4ac8-bd4f-1b25fb1eddbb/allocations" {{(pid=102622) __call__ /opt/stack/placement/placement/requestlog.py:55}}
Nov 09 18:33:57.639617 n-d-817240-1 devstack@placement-api.service[102622]: INFO placement.requestlog [req-716c2cdb-f812-43ea-a6d5-89e6c65f7a10 req-0d93344f-173d-4047-afef-19cb86fe5ef2 service placement] 10.222.0.85 "GET /placement/resource_providers/5b6f9434-fa96-4ac8-bd4f-1b25fb1eddbb/allocations" status: 200 len: 140 microversion: 1.0
Nov 09 18:33:57.639831 n-d-817240-1 devstack@placement-api.service[102622]: [pid: 102622|app: 0|req: 565/1129] 10.222.0.85 () {58 vars in 1390 bytes} [Tue Nov 9 18:33:57 2021] GET /placement/resource_providers/5b6f9434-fa96-4ac8-bd4f-1b25fb1eddbb/allocations => generated 140 bytes in 21 msecs (HTTP/1.1 200) 6 headers in 224 bytes (1 switches on core 0)
Nov 09 18:34:12.746832 n-d-817240-1 devstack@placement-api.service[102623]: DEBUG placement.requestlog [req-51ff590c-60bb-46ff-8cb3-ab2d8faa07c1 req-4791996a-6a6b-4fbd-a0cf-5c25d7ac9815 None None] Starting request: 10.222.0.73 "DELETE /placement/allocations/932e1e6d-ab85-401c-817c-3ccd99c24610" {{(pid=102623) __call__ /opt/stack/placement/placement/requestlog.py:55}}
Nov 09 18:34:12.771483 n-d-817240-1 devstack@placement-api.service[102623]: DEBUG placement.handlers.allocation [req-51ff590c-60bb-46ff-8cb3-ab2d8faa07c1 req-4791996a-6a6b-4fbd-a0cf-5c25d7ac9815 service placement] Successfully deleted allocations [, ] {{(pid=102623) delete_allocations /opt/stack/placement/placement/handlers/allocation.py:627}}
Nov 09 18:34:12.771933 n-d-817240-1 devstack@placement-api.service[102623]: INFO placement.requestlog [req-51ff590c-60bb-46ff-8cb3-ab2d8faa07c1 req-4791996a-6a6b-4fbd-a0cf-5c25d7ac9815 service placement] 10.222.0.73 "DELETE /placement/allocations/932e1e6d-ab85-401c-817c-3ccd99c24610" status: 204 len: 0 microversion: 1.0
Nov 09 18:34:12.772345 n-d-817240-1 devstack@placement-api.service[102623]: [pid: 102623|app: 0|req: 565/1130] 10.222.0.73 () {60 vars in 1355 bytes} [Tue Nov 9 18:34:12 2021] DELETE /placement/allocations/932e1e6d-ab85-401c-817c-3ccd99c24610 => generated 0 bytes in 26 msecs (HTTP/1.1 204) 5 headers in 198 bytes (1 switches on core 0)
Nov 09 18:34:25.990596 n-d-817240-1 devstack@placement-api.service[102622]: DEBUG placement.requestlog [req-205f4b97-f8ef-4190-a587-d4f376f3f24a req-c49ff5fc-0fdd-4801-8c55-3e06cfbc22fc None None] Starting request: 10.222.0.85 "DELETE /placement/allocations/43bc0b34-e35e-4166-9d0f-2abff5abf6ee" {{(pid=102622) __call__ /opt/stack/placement/placement/requestlog.py:55}}
Nov 09 18:34:26.018272 n-d-817240-1 devstack@placement-api.service[102622]: DEBUG placement.handlers.allocation [req-205f4b97-f8ef-4190-a587-d4f376f3f24a req-c49ff5fc-0fdd-4801-8c55-3e06cfbc22fc service placement] Successfully deleted allocations [, ] {{(pid=102622) delete_allocations /opt/stack/placement/placement/handlers/allocation.py:627}}
Nov 09 18:34:26.018743 n-d-817240-1 devstack@placement-api.service[102622]: INFO placement.requestlog [req-205f4b97-f8ef-4190-a587-d4f376f3f24a req-c49ff5fc-0fdd-4801-8c55-3e06cfbc22fc service placement] 10.222.0.85 "DELETE /placement/allocations/43bc0b34-e35e-4166-9d0f-2abff5abf6ee" status: 204 len: 0 microversion: 1.0
Nov 09 18:34:26.018963 n-d-817240-1 devstack@placement-api.service[102622]: [pid: 102622|app: 0|req: 566/1131] 10.222.0.85 () {60 vars in 1355 bytes} [Tue Nov 9 18:34:25 2021] DELETE /placement/allocations/43bc0b34-e35e-4166-9d0f-2abff5abf6ee => generated 0 bytes in 29 msecs (HTTP/1.1 204) 5 headers in 198 bytes (1 switches on core 0)
