Nov 09 17:57:13.641498 n-d-817240-1 devstack@placement-api.service[102622]: DEBUG placement.requestlog [req-7aeaa394-ec49-4227-9261-a2d248252ec5 req-ff5736a8-24d9-49ed-ba76-b3fa9fca32a4 None None] Starting request: 10.222.0.32 "GET /placement/allocation_candidates?limit=1000&resources=DISK_GB%3A1%2CMEMORY_MB%3A1024%2CVCPU%3A1&root_required=%21COMPUTE_STATUS_DISABLED" {{(pid=102622) __call__ /opt/stack/placement/placement/requestlog.py:55}}
Nov 09 17:57:13.695206 n-d-817240-1 devstack@placement-api.service[102622]: DEBUG placement.objects.research_context [req-7aeaa394-ec49-4227-9261-a2d248252ec5 req-ff5736a8-24d9-49ed-ba76-b3fa9fca32a4 service placement] getting providers with 1 DISK_GB {{(pid=102622) __init__ /opt/stack/placement/placement/objects/research_context.py:126}}
Nov 09 17:57:13.704604 n-d-817240-1 devstack@placement-api.service[102622]: DEBUG placement.objects.research_context [req-7aeaa394-ec49-4227-9261-a2d248252ec5 req-ff5736a8-24d9-49ed-ba76-b3fa9fca32a4 service placement] getting providers with 1024 MEMORY_MB {{(pid=102622) __init__ /opt/stack/placement/placement/objects/research_context.py:126}}
Nov 09 17:57:13.721466 n-d-817240-1 devstack@placement-api.service[102622]: DEBUG placement.objects.research_context [req-7aeaa394-ec49-4227-9261-a2d248252ec5 req-ff5736a8-24d9-49ed-ba76-b3fa9fca32a4 service placement] getting providers with 1 VCPU {{(pid=102622) __init__ /opt/stack/placement/placement/objects/research_context.py:126}}
Nov 09 17:57:13.731831 n-d-817240-1 devstack@placement-api.service[102622]: DEBUG placement.objects.research_context [req-7aeaa394-ec49-4227-9261-a2d248252ec5 req-ff5736a8-24d9-49ed-ba76-b3fa9fca32a4 service placement] found 2 providers with available 1 DISK_GB {{(pid=102622) get_provider_ids_matching /opt/stack/placement/placement/objects/research_context.py:549}}
Nov 09 17:57:13.734548 n-d-817240-1 devstack@placement-api.service[102622]: DEBUG placement.objects.research_context [req-7aeaa394-ec49-4227-9261-a2d248252ec5 req-ff5736a8-24d9-49ed-ba76-b3fa9fca32a4 service placement] found 2 providers with available 1024 MEMORY_MB {{(pid=102622) get_provider_ids_matching /opt/stack/placement/placement/objects/research_context.py:549}}
Nov 09 17:57:13.734980 n-d-817240-1 devstack@placement-api.service[102622]: DEBUG placement.objects.research_context [req-7aeaa394-ec49-4227-9261-a2d248252ec5 req-ff5736a8-24d9-49ed-ba76-b3fa9fca32a4 service placement] found 2 providers after filtering by previous result {{(pid=102622) get_provider_ids_matching /opt/stack/placement/placement/objects/research_context.py:580}}
Nov 09 17:57:13.735943 n-d-817240-1 devstack@placement-api.service[102622]: DEBUG placement.objects.research_context [req-7aeaa394-ec49-4227-9261-a2d248252ec5 req-ff5736a8-24d9-49ed-ba76-b3fa9fca32a4 service placement] found 2 providers with available 1 VCPU {{(pid=102622) get_provider_ids_matching /opt/stack/placement/placement/objects/research_context.py:549}}
Nov 09 17:57:13.736372 n-d-817240-1 devstack@placement-api.service[102622]: DEBUG placement.objects.research_context [req-7aeaa394-ec49-4227-9261-a2d248252ec5 req-ff5736a8-24d9-49ed-ba76-b3fa9fca32a4 service placement] found 2 providers after filtering by previous result {{(pid=102622) get_provider_ids_matching /opt/stack/placement/placement/objects/research_context.py:580}}
Nov 09 17:57:13.760964 n-d-817240-1 devstack@placement-api.service[102622]: DEBUG placement.objects.allocation_candidate [req-7aeaa394-ec49-4227-9261-a2d248252ec5 req-ff5736a8-24d9-49ed-ba76-b3fa9fca32a4 service placement] RequestGroup(use_same_provider=False, resources={DISK_GB:1, MEMORY_MB:1024, VCPU:1}, traits=[], aggregates=[]) (suffix '') returned 2 matches {{(pid=102622) _get_by_requests /opt/stack/placement/placement/objects/allocation_candidate.py:145}}
Nov 09 17:57:13.761596 n-d-817240-1 devstack@placement-api.service[102622]: DEBUG placement.objects.allocation_candidate [req-7aeaa394-ec49-4227-9261-a2d248252ec5 req-ff5736a8-24d9-49ed-ba76-b3fa9fca32a4 service placement] Merging candidates yields 2 allocation requests and 2 provider summaries {{(pid=102622) _merge_candidates /opt/stack/placement/placement/objects/allocation_candidate.py:783}}
Nov 09 17:57:13.765096 n-d-817240-1 devstack@placement-api.service[102622]: INFO placement.requestlog [req-7aeaa394-ec49-4227-9261-a2d248252ec5 req-ff5736a8-24d9-49ed-ba76-b3fa9fca32a4 service placement] 10.222.0.32 "GET /placement/allocation_candidates?limit=1000&resources=DISK_GB%3A1%2CMEMORY_MB%3A1024%2CVCPU%3A1&root_required=%21COMPUTE_STATUS_DISABLED" status: 200 len: 1309 microversion: 1.36
Nov 09 17:57:13.765526 n-d-817240-1 devstack@placement-api.service[102622]: [pid: 102622|app: 0|req: 61/120] 10.222.0.32 () {60 vars in 1506 bytes} [Tue Nov 9 17:57:13 2021] GET /placement/allocation_candidates?limit=1000&resources=DISK_GB%3A1%2CMEMORY_MB%3A1024%2CVCPU%3A1&root_required=%21COMPUTE_STATUS_DISABLED => generated 1309 bytes in 124 msecs (HTTP/1.1 200) 8 headers in 297 bytes (2 switches on core 0)
Nov 09 17:57:13.858846 n-d-817240-1 devstack@placement-api.service[102623]: DEBUG placement.requestlog [req-7aeaa394-ec49-4227-9261-a2d248252ec5 req-e2265f28-d8c9-41b5-8f0e-a336c0739956 None None] Starting request: 10.222.0.32 "GET /placement/allocations/1766515b-58cb-41eb-88e0-f32e6eda0358" {{(pid=102623) __call__ /opt/stack/placement/placement/requestlog.py:55}}
Nov 09 17:57:13.873585 n-d-817240-1 devstack@placement-api.service[102623]: INFO placement.requestlog [req-7aeaa394-ec49-4227-9261-a2d248252ec5 req-e2265f28-d8c9-41b5-8f0e-a336c0739956 service placement] 10.222.0.32 "GET /placement/allocations/1766515b-58cb-41eb-88e0-f32e6eda0358" status: 200 len: 19 microversion: 1.28
Nov 09 17:57:13.874415 n-d-817240-1 devstack@placement-api.service[102623]: [pid: 102623|app: 0|req: 60/121] 10.222.0.32 () {60 vars in 1380 bytes} [Tue Nov 9 17:57:13 2021] GET /placement/allocations/1766515b-58cb-41eb-88e0-f32e6eda0358 => generated 19 bytes in 16 msecs (HTTP/1.1 200) 8 headers in 295 bytes (1 switches on core 0)
Nov 09 17:57:13.881123 n-d-817240-1 devstack@placement-api.service[102622]: DEBUG placement.requestlog [req-7aeaa394-ec49-4227-9261-a2d248252ec5 req-4d601fad-e1b5-4fa6-ba92-f35dfecbe2dc None None] Starting request: 10.222.0.32 "PUT /placement/allocations/1766515b-58cb-41eb-88e0-f32e6eda0358" {{(pid=102622) __call__ /opt/stack/placement/placement/requestlog.py:55}}
Nov 09 17:57:13.998272 n-d-817240-1 devstack@placement-api.service[102622]: DEBUG placement.handlers.allocation [req-7aeaa394-ec49-4227-9261-a2d248252ec5 req-4d601fad-e1b5-4fa6-ba92-f35dfecbe2dc service placement] Successfully wrote allocations [, , ] {{(pid=102622) _update_consumers_and_create_allocations /opt/stack/placement/placement/handlers/allocation.py:462}}
Nov 09 17:57:14.006271 n-d-817240-1 devstack@placement-api.service[102622]: INFO placement.requestlog [req-7aeaa394-ec49-4227-9261-a2d248252ec5 req-4d601fad-e1b5-4fa6-ba92-f35dfecbe2dc service placement] 10.222.0.32 "PUT /placement/allocations/1766515b-58cb-41eb-88e0-f32e6eda0358" status: 204 len: 0 microversion: 1.36
Nov 09 17:57:14.007032 n-d-817240-1 devstack@placement-api.service[102622]: [pid: 102622|app: 0|req: 62/122] 10.222.0.32 () {64 vars in 1433 bytes} [Tue Nov 9 17:57:13 2021] PUT /placement/allocations/1766515b-58cb-41eb-88e0-f32e6eda0358 => generated 0 bytes in 126 msecs (HTTP/1.1 204) 5 headers in 199 bytes (1 switches on core 0)
Nov 09 17:57:14.503203 n-d-817240-1 devstack@placement-api.service[102623]: DEBUG placement.requestlog [req-7aeaa394-ec49-4227-9261-a2d248252ec5 req-6ebf92f6-507b-4cfb-947c-4efc32abced3 None None] Starting request: 10.222.0.85 "GET /placement/allocations/1766515b-58cb-41eb-88e0-f32e6eda0358" {{(pid=102623) __call__ /opt/stack/placement/placement/requestlog.py:55}}
Nov 09 17:57:14.543556 n-d-817240-1 devstack@placement-api.service[102623]: INFO placement.requestlog [req-7aeaa394-ec49-4227-9261-a2d248252ec5 req-6ebf92f6-507b-4cfb-947c-4efc32abced3 service placement] 10.222.0.85 "GET /placement/allocations/1766515b-58cb-41eb-88e0-f32e6eda0358" status: 200 len: 258 microversion: 1.28
Nov 09 17:57:14.544247 n-d-817240-1 devstack@placement-api.service[102623]: [pid: 102623|app: 0|req: 61/123] 10.222.0.85 () {60 vars in 1377 bytes} [Tue Nov 9 17:57:14 2021] GET /placement/allocations/1766515b-58cb-41eb-88e0-f32e6eda0358 => generated 258 bytes in 41 msecs (HTTP/1.1 200) 8 headers in 296 bytes (1 switches on core 0)
Nov 09 17:57:17.851769 n-d-817240-1 devstack@placement-api.service[102622]: DEBUG placement.requestlog [req-049fa7fa-b148-4dd9-affc-8c455ecccc9a req-56b545ee-c403-4650-b0b0-f9705bc6ce34 None None] Starting request: 10.222.0.32 "GET /placement/allocation_candidates?limit=1000&resources=DISK_GB%3A1%2CMEMORY_MB%3A1024%2CVCPU%3A1&root_required=%21COMPUTE_STATUS_DISABLED" {{(pid=102622) __call__ /opt/stack/placement/placement/requestlog.py:55}}
Nov 09 17:57:17.907551 n-d-817240-1 devstack@placement-api.service[102622]: DEBUG placement.objects.research_context [req-049fa7fa-b148-4dd9-affc-8c455ecccc9a req-56b545ee-c403-4650-b0b0-f9705bc6ce34 service placement] getting providers with 1 DISK_GB {{(pid=102622) __init__ /opt/stack/placement/placement/objects/research_context.py:126}}
Nov 09 17:57:17.917534 n-d-817240-1 devstack@placement-api.service[102622]: DEBUG placement.objects.research_context [req-049fa7fa-b148-4dd9-affc-8c455ecccc9a req-56b545ee-c403-4650-b0b0-f9705bc6ce34 service placement] getting providers with 1024 MEMORY_MB {{(pid=102622) __init__ /opt/stack/placement/placement/objects/research_context.py:126}}
Nov 09 17:57:17.924604 n-d-817240-1 devstack@placement-api.service[102622]: DEBUG placement.objects.research_context [req-049fa7fa-b148-4dd9-affc-8c455ecccc9a req-56b545ee-c403-4650-b0b0-f9705bc6ce34 service placement] getting providers with 1 VCPU {{(pid=102622) __init__ /opt/stack/placement/placement/objects/research_context.py:126}}
Nov 09 17:57:17.933891 n-d-817240-1 devstack@placement-api.service[102622]: DEBUG placement.objects.research_context [req-049fa7fa-b148-4dd9-affc-8c455ecccc9a req-56b545ee-c403-4650-b0b0-f9705bc6ce34 service placement] found 2 providers with available 1 DISK_GB {{(pid=102622) get_provider_ids_matching /opt/stack/placement/placement/objects/research_context.py:549}}
Nov 09 17:57:17.934549 n-d-817240-1 devstack@placement-api.service[102622]: DEBUG placement.objects.research_context [req-049fa7fa-b148-4dd9-affc-8c455ecccc9a req-56b545ee-c403-4650-b0b0-f9705bc6ce34 service placement] found 2 providers with available 1024 MEMORY_MB {{(pid=102622) get_provider_ids_matching /opt/stack/placement/placement/objects/research_context.py:549}}
Nov 09 17:57:17.937005 n-d-817240-1 devstack@placement-api.service[102622]: DEBUG placement.objects.research_context [req-049fa7fa-b148-4dd9-affc-8c455ecccc9a req-56b545ee-c403-4650-b0b0-f9705bc6ce34 service placement] found 2 providers after filtering by previous result {{(pid=102622) get_provider_ids_matching /opt/stack/placement/placement/objects/research_context.py:580}}
Nov 09 17:57:17.938823 n-d-817240-1 devstack@placement-api.service[102622]: DEBUG placement.objects.research_context [req-049fa7fa-b148-4dd9-affc-8c455ecccc9a req-56b545ee-c403-4650-b0b0-f9705bc6ce34 service placement] found 2 providers with available 1 VCPU {{(pid=102622) get_provider_ids_matching /opt/stack/placement/placement/objects/research_context.py:549}}
Nov 09 17:57:17.941120 n-d-817240-1 devstack@placement-api.service[102622]: DEBUG placement.objects.research_context [req-049fa7fa-b148-4dd9-affc-8c455ecccc9a req-56b545ee-c403-4650-b0b0-f9705bc6ce34 service placement] found 2 providers after filtering by previous result {{(pid=102622) get_provider_ids_matching /opt/stack/placement/placement/objects/research_context.py:580}}
Nov 09 17:57:17.962893 n-d-817240-1 devstack@placement-api.service[102622]: DEBUG placement.objects.allocation_candidate [req-049fa7fa-b148-4dd9-affc-8c455ecccc9a req-56b545ee-c403-4650-b0b0-f9705bc6ce34 service placement] RequestGroup(use_same_provider=False, resources={DISK_GB:1, MEMORY_MB:1024, VCPU:1}, traits=[], aggregates=[]) (suffix '') returned 2 matches {{(pid=102622) _get_by_requests /opt/stack/placement/placement/objects/allocation_candidate.py:145}}
Nov 09 17:57:17.963828 n-d-817240-1 devstack@placement-api.service[102622]: DEBUG placement.objects.allocation_candidate [req-049fa7fa-b148-4dd9-affc-8c455ecccc9a req-56b545ee-c403-4650-b0b0-f9705bc6ce34 service placement] Merging candidates yields 2 allocation requests and 2 provider summaries {{(pid=102622) _merge_candidates /opt/stack/placement/placement/objects/allocation_candidate.py:783}}
Nov 09 17:57:17.966182 n-d-817240-1 devstack@placement-api.service[102622]: INFO placement.requestlog [req-049fa7fa-b148-4dd9-affc-8c455ecccc9a req-56b545ee-c403-4650-b0b0-f9705bc6ce34 service placement] 10.222.0.32 "GET /placement/allocation_candidates?limit=1000&resources=DISK_GB%3A1%2CMEMORY_MB%3A1024%2CVCPU%3A1&root_required=%21COMPUTE_STATUS_DISABLED" status: 200 len: 1309 microversion: 1.36
Nov 09 17:57:17.967158 n-d-817240-1 devstack@placement-api.service[102622]: [pid: 102622|app: 0|req: 63/124] 10.222.0.32 () {60 vars in 1506 bytes} [Tue Nov 9 17:57:17 2021] GET /placement/allocation_candidates?limit=1000&resources=DISK_GB%3A1%2CMEMORY_MB%3A1024%2CVCPU%3A1&root_required=%21COMPUTE_STATUS_DISABLED => generated 1309 bytes in 115 msecs (HTTP/1.1 200) 8 headers in 297 bytes (1 switches on core 0)
Nov 09 17:57:18.051915 n-d-817240-1 devstack@placement-api.service[102623]: DEBUG placement.requestlog [req-049fa7fa-b148-4dd9-affc-8c455ecccc9a req-ef60fe90-7ed3-4ca2-ab5c-39bec8f4005c None None] Starting request: 10.222.0.32 "GET /placement/allocations/1fc65ea2-6ebd-4ba2-9968-15e39311445c" {{(pid=102623) __call__ /opt/stack/placement/placement/requestlog.py:55}}
Nov 09 17:57:18.063470 n-d-817240-1 devstack@placement-api.service[102623]: INFO placement.requestlog [req-049fa7fa-b148-4dd9-affc-8c455ecccc9a req-ef60fe90-7ed3-4ca2-ab5c-39bec8f4005c service placement] 10.222.0.32 "GET /placement/allocations/1fc65ea2-6ebd-4ba2-9968-15e39311445c" status: 200 len: 19 microversion: 1.28
Nov 09 17:57:18.069258 n-d-817240-1 devstack@placement-api.service[102623]: [pid: 102623|app: 0|req: 62/125] 10.222.0.32 () {60 vars in 1380 bytes} [Tue Nov 9 17:57:18 2021] GET /placement/allocations/1fc65ea2-6ebd-4ba2-9968-15e39311445c => generated 19 bytes in 17 msecs (HTTP/1.1 200) 8 headers in 295 bytes (1 switches on core 0)
Nov 09 17:57:18.070826 n-d-817240-1 devstack@placement-api.service[102622]: DEBUG placement.requestlog [req-049fa7fa-b148-4dd9-affc-8c455ecccc9a req-253ea8b3-92e9-4c72-b4bc-af5e1a689e1b None None] Starting request: 10.222.0.32 "PUT /placement/allocations/1fc65ea2-6ebd-4ba2-9968-15e39311445c" {{(pid=102622) __call__ /opt/stack/placement/placement/requestlog.py:55}}
Nov 09 17:57:18.192286 n-d-817240-1 devstack@placement-api.service[102622]: DEBUG placement.handlers.allocation [req-049fa7fa-b148-4dd9-affc-8c455ecccc9a req-253ea8b3-92e9-4c72-b4bc-af5e1a689e1b service placement] Successfully wrote allocations [, , ] {{(pid=102622) _update_consumers_and_create_allocations /opt/stack/placement/placement/handlers/allocation.py:462}}
Nov 09 17:57:18.202291 n-d-817240-1 devstack@placement-api.service[102622]: INFO placement.requestlog [req-049fa7fa-b148-4dd9-affc-8c455ecccc9a req-253ea8b3-92e9-4c72-b4bc-af5e1a689e1b service placement] 10.222.0.32 "PUT /placement/allocations/1fc65ea2-6ebd-4ba2-9968-15e39311445c" status: 204 len: 0 microversion: 1.36
Nov 09 17:57:18.206500 n-d-817240-1 devstack@placement-api.service[102622]: [pid: 102622|app: 0|req: 64/126] 10.222.0.32 () {64 vars in 1433 bytes} [Tue Nov 9 17:57:18 2021] PUT /placement/allocations/1fc65ea2-6ebd-4ba2-9968-15e39311445c => generated 0 bytes in 132 msecs (HTTP/1.1 204) 5 headers in 199 bytes (1 switches on core 0)
Nov 09 17:57:18.700518 n-d-817240-1 devstack@placement-api.service[102623]: DEBUG placement.requestlog [req-26d40788-ecaf-4fb9-a1e5-4e5609aee987 req-eea6f69f-fca2-4746-bd2c-39768f4350ef None None] Starting request: 10.222.0.32 "GET /placement/allocation_candidates?limit=1000&resources=DISK_GB%3A1%2CMEMORY_MB%3A1024%2CVCPU%3A1&root_required=%21COMPUTE_STATUS_DISABLED" {{(pid=102623) __call__ /opt/stack/placement/placement/requestlog.py:55}}
Nov 09 17:57:18.804049 n-d-817240-1 devstack@placement-api.service[102623]: DEBUG placement.objects.research_context [req-26d40788-ecaf-4fb9-a1e5-4e5609aee987 req-eea6f69f-fca2-4746-bd2c-39768f4350ef service placement] getting providers with 1 DISK_GB {{(pid=102623) __init__ /opt/stack/placement/placement/objects/research_context.py:126}}
Nov 09 17:57:18.821748 n-d-817240-1 devstack@placement-api.service[102623]: DEBUG placement.objects.research_context [req-26d40788-ecaf-4fb9-a1e5-4e5609aee987 req-eea6f69f-fca2-4746-bd2c-39768f4350ef service placement] getting providers with 1024 MEMORY_MB {{(pid=102623) __init__ /opt/stack/placement/placement/objects/research_context.py:126}}
Nov 09 17:57:18.833870 n-d-817240-1 devstack@placement-api.service[102622]: DEBUG placement.requestlog [req-049fa7fa-b148-4dd9-affc-8c455ecccc9a req-493a9f6f-66d1-4d20-87de-3be7407b5430 None None] Starting request: 10.222.0.73 "GET /placement/allocations/1fc65ea2-6ebd-4ba2-9968-15e39311445c" {{(pid=102622) __call__ /opt/stack/placement/placement/requestlog.py:55}}
Nov 09 17:57:18.856023 n-d-817240-1 devstack@placement-api.service[102623]: DEBUG placement.objects.research_context [req-26d40788-ecaf-4fb9-a1e5-4e5609aee987 req-eea6f69f-fca2-4746-bd2c-39768f4350ef service placement] getting providers with 1 VCPU {{(pid=102623) __init__ /opt/stack/placement/placement/objects/research_context.py:126}}
Nov 09 17:57:18.870794 n-d-817240-1 devstack@placement-api.service[102622]: INFO placement.requestlog [req-049fa7fa-b148-4dd9-affc-8c455ecccc9a req-493a9f6f-66d1-4d20-87de-3be7407b5430 service placement] 10.222.0.73 "GET /placement/allocations/1fc65ea2-6ebd-4ba2-9968-15e39311445c" status: 200 len: 259 microversion: 1.28
Nov 09 17:57:18.874050 n-d-817240-1 devstack@placement-api.service[102622]: [pid: 102622|app: 0|req: 65/127] 10.222.0.73 () {60 vars in 1377 bytes} [Tue Nov 9 17:57:18 2021] GET /placement/allocations/1fc65ea2-6ebd-4ba2-9968-15e39311445c => generated 259 bytes in 41 msecs (HTTP/1.1 200) 8 headers in 296 bytes (1 switches on core 0)
Nov 09 17:57:18.877733 n-d-817240-1 devstack@placement-api.service[102622]: DEBUG placement.requestlog [req-26488349-2cbe-4b1b-a90b-232305a80420 req-634746e2-cbc0-4f4a-b869-cf7db096802d None None] Starting request: 10.222.0.73 "GET /placement/resource_providers/8e77caad-a835-4d60-8450-70097b811a1c/allocations" {{(pid=102622) __call__ /opt/stack/placement/placement/requestlog.py:55}}
Nov 09 17:57:18.881602 n-d-817240-1 devstack@placement-api.service[102623]: DEBUG placement.objects.research_context [req-26d40788-ecaf-4fb9-a1e5-4e5609aee987 req-eea6f69f-fca2-4746-bd2c-39768f4350ef service placement] found 2 providers with available 1 DISK_GB {{(pid=102623) get_provider_ids_matching /opt/stack/placement/placement/objects/research_context.py:549}}
Nov 09 17:57:18.884670 n-d-817240-1 devstack@placement-api.service[102623]: DEBUG placement.objects.research_context [req-26d40788-ecaf-4fb9-a1e5-4e5609aee987 req-eea6f69f-fca2-4746-bd2c-39768f4350ef service placement] found 2 providers with available 1024 MEMORY_MB {{(pid=102623) get_provider_ids_matching /opt/stack/placement/placement/objects/research_context.py:549}}
Nov 09 17:57:18.885376 n-d-817240-1 devstack@placement-api.service[102623]: DEBUG placement.objects.research_context [req-26d40788-ecaf-4fb9-a1e5-4e5609aee987 req-eea6f69f-fca2-4746-bd2c-39768f4350ef service placement] found 2 providers after filtering by previous result {{(pid=102623) get_provider_ids_matching /opt/stack/placement/placement/objects/research_context.py:580}}
Nov 09 17:57:18.887788 n-d-817240-1 devstack@placement-api.service[102623]: DEBUG placement.objects.research_context [req-26d40788-ecaf-4fb9-a1e5-4e5609aee987 req-eea6f69f-fca2-4746-bd2c-39768f4350ef service placement] found 2 providers with available 1 VCPU {{(pid=102623) get_provider_ids_matching /opt/stack/placement/placement/objects/research_context.py:549}}
Nov 09 17:57:18.889448 n-d-817240-1 devstack@placement-api.service[102623]: DEBUG placement.objects.research_context [req-26d40788-ecaf-4fb9-a1e5-4e5609aee987 req-eea6f69f-fca2-4746-bd2c-39768f4350ef service placement] found 2 providers after filtering by previous result {{(pid=102623) get_provider_ids_matching /opt/stack/placement/placement/objects/research_context.py:580}}
Nov 09 17:57:18.945323 n-d-817240-1 devstack@placement-api.service[102623]: DEBUG placement.objects.allocation_candidate [req-26d40788-ecaf-4fb9-a1e5-4e5609aee987 req-eea6f69f-fca2-4746-bd2c-39768f4350ef service placement] RequestGroup(use_same_provider=False, resources={DISK_GB:1, MEMORY_MB:1024, VCPU:1}, traits=[], aggregates=[]) (suffix '') returned 2 matches {{(pid=102623) _get_by_requests /opt/stack/placement/placement/objects/allocation_candidate.py:145}}
Nov 09 17:57:18.945689 n-d-817240-1 devstack@placement-api.service[102623]: DEBUG placement.objects.allocation_candidate [req-26d40788-ecaf-4fb9-a1e5-4e5609aee987 req-eea6f69f-fca2-4746-bd2c-39768f4350ef service placement] Merging candidates yields 2 allocation requests and 2 provider summaries {{(pid=102623) _merge_candidates /opt/stack/placement/placement/objects/allocation_candidate.py:783}}
Nov 09 17:57:18.947950 n-d-817240-1 devstack@placement-api.service[102623]: INFO placement.requestlog [req-26d40788-ecaf-4fb9-a1e5-4e5609aee987 req-eea6f69f-fca2-4746-bd2c-39768f4350ef service placement] 10.222.0.32 "GET /placement/allocation_candidates?limit=1000&resources=DISK_GB%3A1%2CMEMORY_MB%3A1024%2CVCPU%3A1&root_required=%21COMPUTE_STATUS_DISABLED" status: 200 len: 1309 microversion: 1.36
Nov 09 17:57:18.950328 n-d-817240-1 devstack@placement-api.service[102623]: [pid: 102623|app: 0|req: 63/128] 10.222.0.32 () {60 vars in 1506 bytes} [Tue Nov 9 17:57:18 2021] GET /placement/allocation_candidates?limit=1000&resources=DISK_GB%3A1%2CMEMORY_MB%3A1024%2CVCPU%3A1&root_required=%21COMPUTE_STATUS_DISABLED => generated 1309 bytes in 251 msecs (HTTP/1.1 200) 8 headers in 297 bytes (1 switches on core 0)
Nov 09 17:57:18.965273 n-d-817240-1 devstack@placement-api.service[102622]: INFO placement.requestlog [req-26488349-2cbe-4b1b-a90b-232305a80420 req-634746e2-cbc0-4f4a-b869-cf7db096802d service placement] 10.222.0.73 "GET /placement/resource_providers/8e77caad-a835-4d60-8450-70097b811a1c/allocations" status: 200 len: 457 microversion: 1.0
Nov 09 17:57:18.967594 n-d-817240-1 devstack@placement-api.service[102622]: [pid: 102622|app: 0|req: 66/129] 10.222.0.73 () {58 vars in 1390 bytes} [Tue Nov 9 17:57:18 2021] GET /placement/resource_providers/8e77caad-a835-4d60-8450-70097b811a1c/allocations => generated 457 bytes in 93 msecs (HTTP/1.1 200) 6 headers in 224 bytes (1 switches on core 0)
Nov 09 17:57:19.044899 n-d-817240-1 devstack@placement-api.service[102623]: DEBUG placement.requestlog [req-26d40788-ecaf-4fb9-a1e5-4e5609aee987 req-c626acf8-360d-4cd9-8333-1de899eed9d6 None None] Starting request: 10.222.0.32 "GET /placement/allocations/fe35108f-f275-4bd3-8e8c-a6fd745a68b6" {{(pid=102623) __call__ /opt/stack/placement/placement/requestlog.py:55}}
Nov 09 17:57:19.057344 n-d-817240-1 devstack@placement-api.service[102623]: INFO placement.requestlog [req-26d40788-ecaf-4fb9-a1e5-4e5609aee987 req-c626acf8-360d-4cd9-8333-1de899eed9d6 service placement] 10.222.0.32 "GET /placement/allocations/fe35108f-f275-4bd3-8e8c-a6fd745a68b6" status: 200 len: 19 microversion: 1.28
Nov 09 17:57:19.064156 n-d-817240-1 devstack@placement-api.service[102623]: [pid: 102623|app: 0|req: 64/130] 10.222.0.32 () {60 vars in 1380 bytes} [Tue Nov 9 17:57:19 2021] GET /placement/allocations/fe35108f-f275-4bd3-8e8c-a6fd745a68b6 => generated 19 bytes in 19 msecs (HTTP/1.1 200) 8 headers in 295 bytes (1 switches on core 0)
Nov 09 17:57:19.068788 n-d-817240-1 devstack@placement-api.service[102622]: DEBUG placement.requestlog [req-26d40788-ecaf-4fb9-a1e5-4e5609aee987 req-1e57be88-4f9e-4308-a1db-51f69b9da764 None None] Starting request: 10.222.0.32 "PUT /placement/allocations/fe35108f-f275-4bd3-8e8c-a6fd745a68b6" {{(pid=102622) __call__ /opt/stack/placement/placement/requestlog.py:55}}
Nov 09 17:57:19.184458 n-d-817240-1 devstack@placement-api.service[102622]: DEBUG placement.handlers.allocation [req-26d40788-ecaf-4fb9-a1e5-4e5609aee987 req-1e57be88-4f9e-4308-a1db-51f69b9da764 service placement] Successfully wrote allocations [, , ] {{(pid=102622) _update_consumers_and_create_allocations /opt/stack/placement/placement/handlers/allocation.py:462}}
Nov 09 17:57:19.192115 n-d-817240-1 devstack@placement-api.service[102622]: INFO placement.requestlog [req-26d40788-ecaf-4fb9-a1e5-4e5609aee987 req-1e57be88-4f9e-4308-a1db-51f69b9da764 service placement] 10.222.0.32 "PUT /placement/allocations/fe35108f-f275-4bd3-8e8c-a6fd745a68b6" status: 204 len: 0 microversion: 1.36
Nov 09 17:57:19.192796 n-d-817240-1 devstack@placement-api.service[102622]: [pid: 102622|app: 0|req: 67/131] 10.222.0.32 () {64 vars in 1433 bytes} [Tue Nov 9 17:57:19 2021] PUT /placement/allocations/fe35108f-f275-4bd3-8e8c-a6fd745a68b6 => generated 0 bytes in 124 msecs (HTTP/1.1 204) 5 headers in 199 bytes (2 switches on core 0)
Nov 09 17:57:19.558937 n-d-817240-1 devstack@placement-api.service[102623]: DEBUG placement.requestlog [req-26d40788-ecaf-4fb9-a1e5-4e5609aee987 req-5009f589-22ca-4d6b-b381-cdf25bccabfc None None] Starting request: 10.222.0.73 "GET /placement/allocations/fe35108f-f275-4bd3-8e8c-a6fd745a68b6" {{(pid=102623) __call__ /opt/stack/placement/placement/requestlog.py:55}}
Nov 09 17:57:19.675058 n-d-817240-1 devstack@placement-api.service[102623]: INFO placement.requestlog [req-26d40788-ecaf-4fb9-a1e5-4e5609aee987 req-5009f589-22ca-4d6b-b381-cdf25bccabfc service placement] 10.222.0.73 "GET /placement/allocations/fe35108f-f275-4bd3-8e8c-a6fd745a68b6" status: 200 len: 259 microversion: 1.28
Nov 09 17:57:19.675888 n-d-817240-1 devstack@placement-api.service[102623]: [pid: 102623|app: 0|req: 65/132] 10.222.0.73 () {60 vars in 1377 bytes} [Tue Nov 9 17:57:19 2021] GET /placement/allocations/fe35108f-f275-4bd3-8e8c-a6fd745a68b6 => generated 259 bytes in 117 msecs (HTTP/1.1 200) 8 headers in 296 bytes (1 switches on core 0)
Nov 09 17:57:20.557551 n-d-817240-1 devstack@placement-api.service[102622]: DEBUG placement.requestlog [req-661272cb-4706-4201-bed3-800b1cbf02a4 req-b70b1936-b376-403a-82e9-6b8b854ddcd9 None None] Starting request: 10.222.0.85 "GET /placement/resource_providers/5b6f9434-fa96-4ac8-bd4f-1b25fb1eddbb/allocations" {{(pid=102622) __call__ /opt/stack/placement/placement/requestlog.py:55}}
Nov 09 17:57:20.598509 n-d-817240-1 devstack@placement-api.service[102622]: INFO placement.requestlog [req-661272cb-4706-4201-bed3-800b1cbf02a4 req-b70b1936-b376-403a-82e9-6b8b854ddcd9 service placement] 10.222.0.85 "GET /placement/resource_providers/5b6f9434-fa96-4ac8-bd4f-1b25fb1eddbb/allocations" status: 200 len: 355 microversion: 1.0
Nov 09 17:57:20.599323 n-d-817240-1 devstack@placement-api.service[102622]: [pid: 102622|app: 0|req: 68/133] 10.222.0.85 () {58 vars in 1390 bytes} [Tue Nov 9 17:57:20 2021] GET /placement/resource_providers/5b6f9434-fa96-4ac8-bd4f-1b25fb1eddbb/allocations => generated 355 bytes in 42 msecs (HTTP/1.1 200) 6 headers in 224 bytes (2 switches on core 0)
Nov 09 17:57:26.673731 n-d-817240-1 devstack@placement-api.service[102623]: DEBUG placement.requestlog [req-2ec51b07-486e-4dd6-8fee-738aa6b8024a req-e038f065-6444-436f-b044-da8ba47ccf76 None None] Starting request: 10.222.0.85 "DELETE /placement/allocations/f988218b-224b-423a-ab7d-9b666c7c4c4c" {{(pid=102623) __call__ /opt/stack/placement/placement/requestlog.py:55}}
Nov 09 17:57:26.703697 n-d-817240-1 devstack@placement-api.service[102623]: DEBUG placement.handlers.allocation [req-2ec51b07-486e-4dd6-8fee-738aa6b8024a req-e038f065-6444-436f-b044-da8ba47ccf76 service placement] Successfully deleted allocations [, , ] {{(pid=102623) delete_allocations /opt/stack/placement/placement/handlers/allocation.py:627}}
Nov 09 17:57:26.704322 n-d-817240-1 devstack@placement-api.service[102623]: INFO placement.requestlog [req-2ec51b07-486e-4dd6-8fee-738aa6b8024a req-e038f065-6444-436f-b044-da8ba47ccf76 service placement] 10.222.0.85 "DELETE /placement/allocations/f988218b-224b-423a-ab7d-9b666c7c4c4c" status: 204 len: 0 microversion: 1.0
Nov 09 17:57:26.704589 n-d-817240-1 devstack@placement-api.service[102623]: [pid: 102623|app: 0|req: 66/134] 10.222.0.85 () {60 vars in 1355 bytes} [Tue Nov 9 17:57:26 2021] DELETE /placement/allocations/f988218b-224b-423a-ab7d-9b666c7c4c4c => generated 0 bytes in 31 msecs (HTTP/1.1 204) 5 headers in 198 bytes (2 switches on core 0)
Nov 09 17:57:27.830833 n-d-817240-1 devstack@placement-api.service[102622]: DEBUG placement.requestlog [req-20f9a4ee-705a-4b12-9a51-056a44a2b361 req-75261a85-b746-4445-9989-27a7d2bb74b0 None None] Starting request: 10.222.0.73 "GET /placement/allocations/8fbc0fa9-9d07-4f76-ae44-3256358290a1" {{(pid=102622) __call__ /opt/stack/placement/placement/requestlog.py:55}}
Nov 09 17:57:27.845462 n-d-817240-1 devstack@placement-api.service[102622]: INFO placement.requestlog [req-20f9a4ee-705a-4b12-9a51-056a44a2b361 req-75261a85-b746-4445-9989-27a7d2bb74b0 service placement] 10.222.0.73 "GET /placement/allocations/8fbc0fa9-9d07-4f76-ae44-3256358290a1" status: 200 len: 259 microversion: 1.28
Nov 09 17:57:27.846457 n-d-817240-1 devstack@placement-api.service[102622]: [pid: 102622|app: 0|req: 69/135] 10.222.0.73 () {60 vars in 1377 bytes} [Tue Nov 9 17:57:27 2021] GET /placement/allocations/8fbc0fa9-9d07-4f76-ae44-3256358290a1 => generated 259 bytes in 16 msecs (HTTP/1.1 200) 8 headers in 296 bytes (1 switches on core 0)
Nov 09 17:57:33.846416 n-d-817240-1 devstack@placement-api.service[102623]: DEBUG placement.requestlog [None req-ccd3694f-91e2-4730-ac71-a25c963c0700 None None] Starting request: 10.222.0.32 "GET /placement/" {{(pid=102623) __call__ /opt/stack/placement/placement/requestlog.py:55}}
Nov 09 17:57:33.848142 n-d-817240-1 devstack@placement-api.service[102623]: INFO placement.requestlog [None req-ccd3694f-91e2-4730-ac71-a25c963c0700 None None] 10.222.0.32 "GET /placement/" status: 200 len: 136 microversion: 1.0
Nov 09 17:57:33.848627 n-d-817240-1 devstack@placement-api.service[102623]: [pid: 102623|app: 0|req: 67/136] 10.222.0.32 () {54 vars in 907 bytes} [Tue Nov 9 17:57:33 2021] GET /placement => generated 136 bytes in 3 msecs (HTTP/1.1 200) 6 headers in 224 bytes (1 switches on core 0)
Nov 09 17:57:33.861397 n-d-817240-1 devstack@placement-api.service[102622]: DEBUG placement.requestlog [req-66300bb9-693f-4c60-ba81-0f43e1e577a7 req-efd00527-d121-4aa2-ac2d-bc1077fd63ba None None] Starting request: 10.222.0.32 "GET /placement/resource_providers/5b6f9434-fa96-4ac8-bd4f-1b25fb1eddbb/traits" {{(pid=102622) __call__ /opt/stack/placement/placement/requestlog.py:55}}
Nov 09 17:57:34.048057 n-d-817240-1 devstack@placement-api.service[102622]: INFO placement.requestlog [req-66300bb9-693f-4c60-ba81-0f43e1e577a7 req-efd00527-d121-4aa2-ac2d-bc1077fd63ba service placement] 10.222.0.32 "GET /placement/resource_providers/5b6f9434-fa96-4ac8-bd4f-1b25fb1eddbb/traits" status: 200 len: 211 microversion: 1.6
Nov 09 17:57:34.048251 n-d-817240-1 devstack@placement-api.service[102622]: [pid: 102622|app: 0|req: 70/137] 10.222.0.32 () {60 vars in 1412 bytes} [Tue Nov 9 17:57:33 2021] GET /placement/resource_providers/5b6f9434-fa96-4ac8-bd4f-1b25fb1eddbb/traits => generated 211 bytes in 188 msecs (HTTP/1.1 200) 6 headers in 224 bytes (1 switches on core 0)
Nov 09 17:57:34.910539 n-d-817240-1 devstack@placement-api.service[102623]: DEBUG placement.requestlog [None req-92f48509-6c8e-46b8-86bb-92cbbefd7a36 None None] Starting request: 10.222.0.32 "GET /placement/" {{(pid=102623) __call__ /opt/stack/placement/placement/requestlog.py:55}}
Nov 09 17:57:34.911538 n-d-817240-1 devstack@placement-api.service[102623]: INFO placement.requestlog [None req-92f48509-6c8e-46b8-86bb-92cbbefd7a36 None None] 10.222.0.32 "GET /placement/" status: 200 len: 136 microversion: 1.0
Nov 09 17:57:34.921455 n-d-817240-1 devstack@placement-api.service[102623]: [pid: 102623|app: 0|req: 68/138] 10.222.0.32 () {54 vars in 916 bytes} [Tue Nov 9 17:57:34 2021] GET /placement => generated 136 bytes in 11 msecs (HTTP/1.1 200) 6 headers in 224 bytes (1 switches on core 0)
Nov 09 17:57:34.923810 n-d-817240-1 devstack@placement-api.service[102622]: DEBUG placement.requestlog [req-66300bb9-693f-4c60-ba81-0f43e1e577a7 req-23c5b73a-7afe-4733-a80c-d8afdff38be0 None None] Starting request: 10.222.0.32 "GET /placement/allocations/1766515b-58cb-41eb-88e0-f32e6eda0358" {{(pid=102622) __call__ /opt/stack/placement/placement/requestlog.py:55}}
Nov 09 17:57:35.005285 n-d-817240-1 devstack@placement-api.service[102622]: INFO placement.requestlog [req-66300bb9-693f-4c60-ba81-0f43e1e577a7 req-23c5b73a-7afe-4733-a80c-d8afdff38be0 service placement] 10.222.0.32 "GET /placement/allocations/1766515b-58cb-41eb-88e0-f32e6eda0358" status: 200 len: 258 microversion: 1.28
Nov 09 17:57:35.005754 n-d-817240-1 devstack@placement-api.service[102622]: [pid: 102622|app: 0|req: 71/139] 10.222.0.32 () {60 vars in 1380 bytes} [Tue Nov 9 17:57:34 2021] GET /placement/allocations/1766515b-58cb-41eb-88e0-f32e6eda0358 => generated 258 bytes in 82 msecs (HTTP/1.1 200) 8 headers in 296 bytes (1 switches on core 0)
Nov 09 17:57:35.012622 n-d-817240-1 devstack@placement-api.service[102623]: DEBUG placement.requestlog [req-66300bb9-693f-4c60-ba81-0f43e1e577a7 req-9257cd9f-9780-4399-b3f4-01dcdb146f2d None None] Starting request: 10.222.0.32 "GET /placement/allocations/1766515b-58cb-41eb-88e0-f32e6eda0358" {{(pid=102623) __call__ /opt/stack/placement/placement/requestlog.py:55}}
Nov 09 17:57:35.028364 n-d-817240-1 devstack@placement-api.service[102623]: INFO placement.requestlog [req-66300bb9-693f-4c60-ba81-0f43e1e577a7 req-9257cd9f-9780-4399-b3f4-01dcdb146f2d service placement] 10.222.0.32 "GET /placement/allocations/1766515b-58cb-41eb-88e0-f32e6eda0358" status: 200 len: 258 microversion: 1.28
Nov 09 17:57:35.034407 n-d-817240-1 devstack@placement-api.service[102623]: [pid: 102623|app: 0|req: 69/140] 10.222.0.32 () {60 vars in 1380 bytes} [Tue Nov 9 17:57:35 2021] GET /placement/allocations/1766515b-58cb-41eb-88e0-f32e6eda0358 => generated 258 bytes in 22 msecs (HTTP/1.1 200) 8 headers in 296 bytes (2 switches on core 0)
Nov 09 17:57:35.035015 n-d-817240-1 devstack@placement-api.service[102622]: DEBUG placement.requestlog [req-66300bb9-693f-4c60-ba81-0f43e1e577a7 req-eaab60d0-595d-4fe8-8ee3-85d76ed5f94b None None] Starting request: 10.222.0.32 "GET /placement/allocations/47292240-ad8b-48d3-aff8-12052f369c64" {{(pid=102622) __call__ /opt/stack/placement/placement/requestlog.py:55}}
Nov 09 17:57:35.108319 n-d-817240-1 devstack@placement-api.service[102622]: INFO placement.requestlog [req-66300bb9-693f-4c60-ba81-0f43e1e577a7 req-eaab60d0-595d-4fe8-8ee3-85d76ed5f94b service placement] 10.222.0.32 "GET /placement/allocations/47292240-ad8b-48d3-aff8-12052f369c64" status: 200 len: 19 microversion: 1.28
Nov 09 17:57:35.108864 n-d-817240-1 devstack@placement-api.service[102622]: [pid: 102622|app: 0|req: 72/141] 10.222.0.32 () {60 vars in 1380 bytes} [Tue Nov 9 17:57:35 2021] GET /placement/allocations/47292240-ad8b-48d3-aff8-12052f369c64 => generated 19 bytes in 74 msecs (HTTP/1.1 200) 8 headers in 295 bytes (1 switches on core 0)
Nov 09 17:57:35.117294 n-d-817240-1 devstack@placement-api.service[102623]: DEBUG placement.requestlog [req-66300bb9-693f-4c60-ba81-0f43e1e577a7 req-3b973c0b-c453-41e9-b206-123b29c1ebfd None None] Starting request: 10.222.0.32 "POST /placement/allocations" {{(pid=102623) __call__ /opt/stack/placement/placement/requestlog.py:55}}
Nov 09 17:57:35.204361 n-d-817240-1 devstack@placement-api.service[102623]: DEBUG placement.handlers.allocation [req-66300bb9-693f-4c60-ba81-0f43e1e577a7 req-3b973c0b-c453-41e9-b206-123b29c1ebfd service placement] Successfully wrote allocations [, , , , , ] {{(pid=102623) _update_consumers_and_create_allocations /opt/stack/placement/placement/handlers/allocation.py:572}}
Nov 09 17:57:35.215450 n-d-817240-1 devstack@placement-api.service[102623]: INFO placement.requestlog [req-66300bb9-693f-4c60-ba81-0f43e1e577a7 req-3b973c0b-c453-41e9-b206-123b29c1ebfd service placement] 10.222.0.32 "POST /placement/allocations" status: 204 len: 0 microversion: 1.28
Nov 09 17:57:35.229464 n-d-817240-1 devstack@placement-api.service[102623]: [pid: 102623|app: 0|req: 70/142] 10.222.0.32 () {64 vars in 1323 bytes} [Tue Nov 9 17:57:35 2021] POST /placement/allocations => generated 0 bytes in 106 msecs (HTTP/1.1 204) 5 headers in 199 bytes (1 switches on core 0)
Nov 09 17:57:35.263968 n-d-817240-1 devstack@placement-api.service[102622]: DEBUG placement.requestlog [req-66300bb9-693f-4c60-ba81-0f43e1e577a7 req-58cde64f-efbc-49bd-ac16-6b7840617a2d None None] Starting request: 10.222.0.32 "GET /placement/allocation_candidates?limit=1000&resources=DISK_GB%3A1%2CMEMORY_MB%3A1024%2CVCPU%3A1&root_required=%21COMPUTE_STATUS_DISABLED" {{(pid=102622) __call__ /opt/stack/placement/placement/requestlog.py:55}}
Nov 09 17:57:35.303144 n-d-817240-1 devstack@placement-api.service[102622]: DEBUG placement.objects.research_context [req-66300bb9-693f-4c60-ba81-0f43e1e577a7 req-58cde64f-efbc-49bd-ac16-6b7840617a2d service placement] getting providers with 1 DISK_GB {{(pid=102622) __init__ /opt/stack/placement/placement/objects/research_context.py:126}}
Nov 09 17:57:35.309534 n-d-817240-1 devstack@placement-api.service[102622]: DEBUG placement.objects.research_context [req-66300bb9-693f-4c60-ba81-0f43e1e577a7 req-58cde64f-efbc-49bd-ac16-6b7840617a2d service placement] getting providers with 1024 MEMORY_MB {{(pid=102622) __init__ /opt/stack/placement/placement/objects/research_context.py:126}}
Nov 09 17:57:35.315182 n-d-817240-1 devstack@placement-api.service[102622]: DEBUG placement.objects.research_context [req-66300bb9-693f-4c60-ba81-0f43e1e577a7 req-58cde64f-efbc-49bd-ac16-6b7840617a2d service placement] getting providers with 1 VCPU {{(pid=102622) __init__ /opt/stack/placement/placement/objects/research_context.py:126}}
Nov 09 17:57:35.322407 n-d-817240-1 devstack@placement-api.service[102622]: DEBUG placement.objects.research_context [req-66300bb9-693f-4c60-ba81-0f43e1e577a7 req-58cde64f-efbc-49bd-ac16-6b7840617a2d service placement] found 2 providers with available 1 DISK_GB {{(pid=102622) get_provider_ids_matching /opt/stack/placement/placement/objects/research_context.py:549}}
Nov 09 17:57:35.322862 n-d-817240-1 devstack@placement-api.service[102622]: DEBUG placement.objects.research_context [req-66300bb9-693f-4c60-ba81-0f43e1e577a7 req-58cde64f-efbc-49bd-ac16-6b7840617a2d service placement] found 2 providers with available 1024 MEMORY_MB {{(pid=102622) get_provider_ids_matching /opt/stack/placement/placement/objects/research_context.py:549}}
Nov 09 17:57:35.323292 n-d-817240-1 devstack@placement-api.service[102622]: DEBUG placement.objects.research_context [req-66300bb9-693f-4c60-ba81-0f43e1e577a7 req-58cde64f-efbc-49bd-ac16-6b7840617a2d service placement] found 2 providers after filtering by previous result {{(pid=102622) get_provider_ids_matching /opt/stack/placement/placement/objects/research_context.py:580}}
Nov 09 17:57:35.323700 n-d-817240-1 devstack@placement-api.service[102622]: DEBUG placement.objects.research_context [req-66300bb9-693f-4c60-ba81-0f43e1e577a7 req-58cde64f-efbc-49bd-ac16-6b7840617a2d service placement] found 2 providers with available 1 VCPU {{(pid=102622) get_provider_ids_matching /opt/stack/placement/placement/objects/research_context.py:549}}
Nov 09 17:57:35.324130 n-d-817240-1 devstack@placement-api.service[102622]: DEBUG placement.objects.research_context [req-66300bb9-693f-4c60-ba81-0f43e1e577a7 req-58cde64f-efbc-49bd-ac16-6b7840617a2d service placement] found 2 providers after filtering by previous result {{(pid=102622) get_provider_ids_matching /opt/stack/placement/placement/objects/research_context.py:580}}
Nov 09 17:57:35.351154 n-d-817240-1 devstack@placement-api.service[102622]: DEBUG placement.objects.allocation_candidate [req-66300bb9-693f-4c60-ba81-0f43e1e577a7 req-58cde64f-efbc-49bd-ac16-6b7840617a2d service placement] RequestGroup(use_same_provider=False, resources={DISK_GB:1, MEMORY_MB:1024, VCPU:1}, traits=[], aggregates=[]) (suffix '') returned 2 matches {{(pid=102622) _get_by_requests /opt/stack/placement/placement/objects/allocation_candidate.py:145}}
Nov 09 17:57:35.353296 n-d-817240-1 devstack@placement-api.service[102622]: DEBUG placement.objects.allocation_candidate [req-66300bb9-693f-4c60-ba81-0f43e1e577a7 req-58cde64f-efbc-49bd-ac16-6b7840617a2d service placement] Merging candidates yields 2 allocation requests and 2 provider summaries {{(pid=102622) _merge_candidates /opt/stack/placement/placement/objects/allocation_candidate.py:783}}
Nov 09 17:57:35.356339 n-d-817240-1 devstack@placement-api.service[102622]: INFO placement.requestlog [req-66300bb9-693f-4c60-ba81-0f43e1e577a7 req-58cde64f-efbc-49bd-ac16-6b7840617a2d service placement] 10.222.0.32 "GET /placement/allocation_candidates?limit=1000&resources=DISK_GB%3A1%2CMEMORY_MB%3A1024%2CVCPU%3A1&root_required=%21COMPUTE_STATUS_DISABLED" status: 200 len: 1309 microversion: 1.36
Nov 09 17:57:35.357675 n-d-817240-1 devstack@placement-api.service[102622]: [pid: 102622|app: 0|req: 73/143] 10.222.0.32 () {60 vars in 1506 bytes} [Tue Nov 9 17:57:35 2021] GET /placement/allocation_candidates?limit=1000&resources=DISK_GB%3A1%2CMEMORY_MB%3A1024%2CVCPU%3A1&root_required=%21COMPUTE_STATUS_DISABLED => generated 1309 bytes in 94 msecs (HTTP/1.1 200) 8 headers in 297 bytes (1 switches on core 0)
Nov 09 17:57:35.424359 n-d-817240-1 devstack@placement-api.service[102623]: DEBUG placement.requestlog [req-66300bb9-693f-4c60-ba81-0f43e1e577a7 req-d7df7b0a-fa20-46b9-8a02-e8a72a00b9ad None None] Starting request: 10.222.0.32 "GET /placement/allocations/1766515b-58cb-41eb-88e0-f32e6eda0358" {{(pid=102623) __call__ /opt/stack/placement/placement/requestlog.py:55}}
Nov 09 17:57:35.437678 n-d-817240-1 devstack@placement-api.service[102623]: INFO placement.requestlog [req-66300bb9-693f-4c60-ba81-0f43e1e577a7 req-d7df7b0a-fa20-46b9-8a02-e8a72a00b9ad service placement] 10.222.0.32 "GET /placement/allocations/1766515b-58cb-41eb-88e0-f32e6eda0358" status: 200 len: 19 microversion: 1.28
Nov 09 17:57:35.441024 n-d-817240-1 devstack@placement-api.service[102623]: [pid: 102623|app: 0|req: 71/144] 10.222.0.32 () {60 vars in 1380 bytes} [Tue Nov 9 17:57:35 2021] GET /placement/allocations/1766515b-58cb-41eb-88e0-f32e6eda0358 => generated 19 bytes in 17 msecs (HTTP/1.1 200) 8 headers in 295 bytes (1 switches on core 0)
Nov 09 17:57:35.445487 n-d-817240-1 devstack@placement-api.service[102622]: DEBUG placement.requestlog [req-66300bb9-693f-4c60-ba81-0f43e1e577a7 req-0ffcab33-28ca-42af-84cd-8ae4b923bc1d None None] Starting request: 10.222.0.32 "PUT /placement/allocations/1766515b-58cb-41eb-88e0-f32e6eda0358" {{(pid=102622) __call__ /opt/stack/placement/placement/requestlog.py:55}}
Nov 09 17:57:35.516672 n-d-817240-1 devstack@placement-api.service[102622]: DEBUG placement.handlers.allocation [req-66300bb9-693f-4c60-ba81-0f43e1e577a7 req-0ffcab33-28ca-42af-84cd-8ae4b923bc1d service placement] Successfully wrote allocations [, , ] {{(pid=102622) _update_consumers_and_create_allocations /opt/stack/placement/placement/handlers/allocation.py:462}}
Nov 09 17:57:35.521315 n-d-817240-1 devstack@placement-api.service[102622]: INFO placement.requestlog [req-66300bb9-693f-4c60-ba81-0f43e1e577a7 req-0ffcab33-28ca-42af-84cd-8ae4b923bc1d service placement] 10.222.0.32 "PUT /placement/allocations/1766515b-58cb-41eb-88e0-f32e6eda0358" status: 204 len: 0 microversion: 1.36
Nov 09 17:57:35.532003 n-d-817240-1 devstack@placement-api.service[102622]: [pid: 102622|app: 0|req: 74/145] 10.222.0.32 () {64 vars in 1433 bytes} [Tue Nov 9 17:57:35 2021] PUT /placement/allocations/1766515b-58cb-41eb-88e0-f32e6eda0358 => generated 0 bytes in 77 msecs (HTTP/1.1 204) 5 headers in 199 bytes (1 switches on core 0)
Nov 09 17:57:35.751948 n-d-817240-1 devstack@placement-api.service[102623]: DEBUG placement.requestlog [req-66300bb9-693f-4c60-ba81-0f43e1e577a7 req-28ee0184-a3b1-41f5-8854-03cc9be4c240 None None] Starting request: 10.222.0.73 "GET /placement/allocations/1766515b-58cb-41eb-88e0-f32e6eda0358" {{(pid=102623) __call__ /opt/stack/placement/placement/requestlog.py:55}}
Nov 09 17:57:35.783103 n-d-817240-1 devstack@placement-api.service[102623]: INFO placement.requestlog [req-66300bb9-693f-4c60-ba81-0f43e1e577a7 req-28ee0184-a3b1-41f5-8854-03cc9be4c240 service placement] 10.222.0.73 "GET /placement/allocations/1766515b-58cb-41eb-88e0-f32e6eda0358" status: 200 len: 259 microversion: 1.28
Nov 09 17:57:35.783668 n-d-817240-1 devstack@placement-api.service[102623]: [pid: 102623|app: 0|req: 72/146] 10.222.0.73 () {60 vars in 1377 bytes} [Tue Nov 9 17:57:35 2021] GET /placement/allocations/1766515b-58cb-41eb-88e0-f32e6eda0358 => generated 259 bytes in 32 msecs (HTTP/1.1 200) 8 headers in 296 bytes (1 switches on core 0)
Nov 09 17:57:36.747202 n-d-817240-1 devstack@placement-api.service[102622]: DEBUG placement.requestlog [req-9d7fdb71-7e76-444e-b87e-330f0ed2c568 req-3e2e4573-5e86-4154-acd6-c6f4ffd46045 None None] Starting request: 10.222.0.32 "GET /placement/allocation_candidates?limit=1000&resources=DISK_GB%3A1%2CMEMORY_MB%3A1024%2CVCPU%3A1&root_required=%21COMPUTE_STATUS_DISABLED" {{(pid=102622) __call__ /opt/stack/placement/placement/requestlog.py:55}}
Nov 09 17:57:36.798170 n-d-817240-1 devstack@placement-api.service[102622]: DEBUG placement.objects.research_context [req-9d7fdb71-7e76-444e-b87e-330f0ed2c568 req-3e2e4573-5e86-4154-acd6-c6f4ffd46045 service placement] getting providers with 1 DISK_GB {{(pid=102622) __init__ /opt/stack/placement/placement/objects/research_context.py:126}}
Nov 09 17:57:36.805746 n-d-817240-1 devstack@placement-api.service[102622]: DEBUG placement.objects.research_context [req-9d7fdb71-7e76-444e-b87e-330f0ed2c568 req-3e2e4573-5e86-4154-acd6-c6f4ffd46045 service placement] getting providers with 1024 MEMORY_MB {{(pid=102622) __init__ /opt/stack/placement/placement/objects/research_context.py:126}}
Nov 09 17:57:36.811124 n-d-817240-1 devstack@placement-api.service[102622]: DEBUG placement.objects.research_context [req-9d7fdb71-7e76-444e-b87e-330f0ed2c568 req-3e2e4573-5e86-4154-acd6-c6f4ffd46045 service placement] getting providers with 1 VCPU {{(pid=102622) __init__ /opt/stack/placement/placement/objects/research_context.py:126}}
Nov 09 17:57:36.817602 n-d-817240-1 devstack@placement-api.service[102622]: DEBUG placement.objects.research_context [req-9d7fdb71-7e76-444e-b87e-330f0ed2c568 req-3e2e4573-5e86-4154-acd6-c6f4ffd46045 service placement] found 2 providers with available 1 DISK_GB {{(pid=102622) get_provider_ids_matching /opt/stack/placement/placement/objects/research_context.py:549}}
Nov 09 17:57:36.817810 n-d-817240-1 devstack@placement-api.service[102622]: DEBUG placement.objects.research_context [req-9d7fdb71-7e76-444e-b87e-330f0ed2c568 req-3e2e4573-5e86-4154-acd6-c6f4ffd46045 service placement] found 2 providers with available 1024 MEMORY_MB {{(pid=102622) get_provider_ids_matching /opt/stack/placement/placement/objects/research_context.py:549}}
Nov 09 17:57:36.818099 n-d-817240-1 devstack@placement-api.service[102622]: DEBUG placement.objects.research_context [req-9d7fdb71-7e76-444e-b87e-330f0ed2c568 req-3e2e4573-5e86-4154-acd6-c6f4ffd46045 service placement] found 2 providers after filtering by previous result {{(pid=102622) get_provider_ids_matching /opt/stack/placement/placement/objects/research_context.py:580}}
Nov 09 17:57:36.818360 n-d-817240-1 devstack@placement-api.service[102622]: DEBUG placement.objects.research_context [req-9d7fdb71-7e76-444e-b87e-330f0ed2c568 req-3e2e4573-5e86-4154-acd6-c6f4ffd46045 service placement] found 2 providers with available 1 VCPU {{(pid=102622) get_provider_ids_matching /opt/stack/placement/placement/objects/research_context.py:549}}
Nov 09 17:57:36.818617 n-d-817240-1 devstack@placement-api.service[102622]: DEBUG placement.objects.research_context [req-9d7fdb71-7e76-444e-b87e-330f0ed2c568 req-3e2e4573-5e86-4154-acd6-c6f4ffd46045 service placement] found 2 providers after filtering by previous result {{(pid=102622) get_provider_ids_matching /opt/stack/placement/placement/objects/research_context.py:580}}
Nov 09 17:57:36.829314 n-d-817240-1 devstack@placement-api.service[102622]: DEBUG placement.objects.allocation_candidate [req-9d7fdb71-7e76-444e-b87e-330f0ed2c568 req-3e2e4573-5e86-4154-acd6-c6f4ffd46045 service placement] RequestGroup(use_same_provider=False, resources={DISK_GB:1, MEMORY_MB:1024, VCPU:1}, traits=[], aggregates=[]) (suffix '') returned 2 matches {{(pid=102622) _get_by_requests /opt/stack/placement/placement/objects/allocation_candidate.py:145}}
Nov 09 17:57:36.829688 n-d-817240-1 devstack@placement-api.service[102622]: DEBUG placement.objects.allocation_candidate [req-9d7fdb71-7e76-444e-b87e-330f0ed2c568 req-3e2e4573-5e86-4154-acd6-c6f4ffd46045 service placement] Merging candidates yields 2 allocation requests and 2 provider summaries {{(pid=102622) _merge_candidates /opt/stack/placement/placement/objects/allocation_candidate.py:783}}
Nov 09 17:57:36.831482 n-d-817240-1 devstack@placement-api.service[102622]: INFO placement.requestlog [req-9d7fdb71-7e76-444e-b87e-330f0ed2c568 req-3e2e4573-5e86-4154-acd6-c6f4ffd46045 service placement] 10.222.0.32 "GET /placement/allocation_candidates?limit=1000&resources=DISK_GB%3A1%2CMEMORY_MB%3A1024%2CVCPU%3A1&root_required=%21COMPUTE_STATUS_DISABLED" status: 200 len: 1309 microversion: 1.36
