Nov 09 17:56:35.075059 n-d-817240-1 devstack@n-api.service[117196]: [pid: 117196|app: 0|req: 126/261] 10.222.0.32 () {58 vars in 1154 bytes} [Tue Nov 9 17:56:35 2021] DELETE /compute/v2.1/os-aggregates/17 => generated 0 bytes in 48 msecs (HTTP/1.1 200) 9 headers in 355 bytes (1 switches on core 0)
Nov 09 17:56:35.078652 n-d-817240-1 devstack@n-api.service[117196]: DEBUG nova.api.openstack.wsgi [None req-09403a7f-87ae-4db1-a26f-d748455c5cfd tempest-FlavorsExtraSpecsNegativeTestJSON-198786094 tempest-FlavorsExtraSpecsNegativeTestJSON-198786094-project-admin] Action: 'create', calling method: >, body: {"extra_specs": {"hw:numa_nodes": "1", "hw:cpu_policy": "shared"}} {{(pid=117196) _process_stack /opt/stack/nova/nova/api/openstack/wsgi.py:511}}
Nov 09 17:56:35.079911 n-d-817240-1 devstack@n-api.service[117196]: /usr/local/lib/python3.8/dist-packages/oslo_policy/policy.py:1075: UserWarning: Policy os_compute_api:os-flavor-extra-specs:create failed scope check. The token used to make the request was project scoped but the policy requires ['system'] scope. This behavior may change in the future where using the intended scope is required
Nov 09 17:56:35.079911 n-d-817240-1 devstack@n-api.service[117196]: warnings.warn(msg)
Nov 09 17:56:35.124831 n-d-817240-1 devstack@n-api.service[117196]: INFO nova.api.openstack.requestlog [None req-09403a7f-87ae-4db1-a26f-d748455c5cfd tempest-FlavorsExtraSpecsNegativeTestJSON-198786094 tempest-FlavorsExtraSpecsNegativeTestJSON-198786094-project-admin] 10.222.0.32 "POST /compute/v2.1/flavors/914794875/os-extra_specs" status: 200 len: 66 microversion: 2.1 time: 0.052336
Nov 09 17:56:35.126118 n-d-817240-1 devstack@n-api.service[117196]: [pid: 117196|app: 0|req: 127/262] 10.222.0.32 () {60 vars in 1220 bytes} [Tue Nov 9 17:56:35 2021] POST /compute/v2.1/flavors/914794875/os-extra_specs => generated 66 bytes in 54 msecs (HTTP/1.1 200) 9 headers in 356 bytes (1 switches on core 0)
Nov 09 17:56:35.134568 n-d-817240-1 devstack@n-api.service[117196]: DEBUG nova.api.openstack.wsgi [req-c15aeecb-35bc-45f7-8eab-e4a9d11940e2 req-21bac607-ee06-4ac5-8973-ea4636b1c05b service nova] Action: 'create', calling method: >, body: {"events": [{"name": "network-changed", "server_uuid": "761307c8-b112-4e45-82b3-f10aab1417ff", "tag": "7407d5bf-8e9a-4030-b06f-a69e7099f978"}]} {{(pid=117196) _process_stack /opt/stack/nova/nova/api/openstack/wsgi.py:511}}
Nov 09 17:56:35.136391 n-d-817240-1 devstack@n-api.service[117196]: /usr/local/lib/python3.8/dist-packages/oslo_policy/policy.py:1075: UserWarning: Policy os_compute_api:os-server-external-events:create failed scope check. The token used to make the request was project scoped but the policy requires ['system'] scope. This behavior may change in the future where using the intended scope is required
Nov 09 17:56:35.136391 n-d-817240-1 devstack@n-api.service[117196]: warnings.warn(msg)
Nov 09 17:56:35.136843 n-d-817240-1 devstack@n-api.service[117197]: DEBUG nova.policy [None req-a1f7ce62-6625-488f-8832-da6f8ca3d7ca tempest-LiveMigrationNegativeTest-982697588 tempest-LiveMigrationNegativeTest-982697588-project] Policy check for os_compute_api:os-extended-server-attributes failed with credentials {'is_admin': False, 'user_id': '0e3fd64969c3419cbbe7fc3ff734d7a2', 'user_domain_id': 'default', 'system_scope': None, 'domain_id': None, 'project_id': '2de4fe00ee4f4daa9ddccee45d55193b', 'project_domain_id': 'default', 'roles': ['reader', 'member'], 'is_admin_project': True, 'service_user_id': None, 'service_user_domain_id': None, 'service_project_id': None, 'service_project_domain_id': None, 'service_roles': []} {{(pid=117197) authorize /opt/stack/nova/nova/policy.py:199}}
Nov 09 17:56:35.145948 n-d-817240-1 devstack@n-api.service[117196]: DEBUG oslo_concurrency.lockutils [req-c15aeecb-35bc-45f7-8eab-e4a9d11940e2 req-21bac607-ee06-4ac5-8973-ea4636b1c05b service nova] Lock "e370c25b-947b-422a-97b7-1b3da1b20a24" acquired by "nova.context.set_target_cell..get_or_set_cached_cell_and_set_connections" :: waited 0.000s {{(pid=117196) inner /usr/local/lib/python3.8/dist-packages/oslo_concurrency/lockutils.py:355}}
Nov 09 17:56:35.146757 n-d-817240-1 devstack@n-api.service[117196]: DEBUG oslo_concurrency.lockutils [req-c15aeecb-35bc-45f7-8eab-e4a9d11940e2 req-21bac607-ee06-4ac5-8973-ea4636b1c05b service nova] Lock "e370c25b-947b-422a-97b7-1b3da1b20a24" released by "nova.context.set_target_cell..get_or_set_cached_cell_and_set_connections" :: held 0.001s {{(pid=117196) inner /usr/local/lib/python3.8/dist-packages/oslo_concurrency/lockutils.py:367}}
Nov 09 17:56:35.150291 n-d-817240-1 devstack@n-api.service[117197]: INFO nova.api.openstack.requestlog [None req-a1f7ce62-6625-488f-8832-da6f8ca3d7ca tempest-LiveMigrationNegativeTest-982697588 tempest-LiveMigrationNegativeTest-982697588-project] 10.222.0.32 "GET /compute/v2.1/servers/d578cd67-5acc-4165-a04d-235748c8c880" status: 200 len: 1468 microversion: 2.1 time: 0.369828
Nov 09 17:56:35.150892 n-d-817240-1 devstack@n-api.service[117197]: [pid: 117197|app: 0|req: 136/263] 10.222.0.32 () {58 vars in 1235 bytes} [Tue Nov 9 17:56:34 2021] GET /compute/v2.1/servers/d578cd67-5acc-4165-a04d-235748c8c880 => generated 1468 bytes in 371 msecs (HTTP/1.1 200) 9 headers in 358 bytes (1 switches on core 0)
Nov 09 17:56:35.160571 n-d-817240-1 devstack@n-api.service[117196]: INFO nova.api.openstack.compute.server_external_events [req-c15aeecb-35bc-45f7-8eab-e4a9d11940e2 req-21bac607-ee06-4ac5-8973-ea4636b1c05b service nova] Creating event network-changed:7407d5bf-8e9a-4030-b06f-a69e7099f978 for instance 761307c8-b112-4e45-82b3-f10aab1417ff on n-h2-817240-1
Nov 09 17:56:35.162860 n-d-817240-1 devstack@n-api.service[117197]: DEBUG nova.api.openstack.wsgi [None req-c2acd48f-c891-4544-849a-7004bb88d437 tempest-AggregatesAdminNegativeTestJSON-1499516092 tempest-AggregatesAdminNegativeTestJSON-1499516092-project-admin] Action: 'create', calling method: >, body: {"aggregate": {"name": "tempest-test_aggregate-1774512891"}} {{(pid=117197) _process_stack /opt/stack/nova/nova/api/openstack/wsgi.py:511}}
Nov 09 17:56:35.166139 n-d-817240-1 devstack@n-api.service[117196]: INFO nova.api.openstack.requestlog [req-c15aeecb-35bc-45f7-8eab-e4a9d11940e2 req-21bac607-ee06-4ac5-8973-ea4636b1c05b service nova] 10.222.0.32 "POST /compute/v2.1/os-server-external-events" status: 200 len: 179 microversion: 2.1 time: 0.038578
Nov 09 17:56:35.167401 n-d-817240-1 devstack@n-api.service[117196]: [pid: 117196|app: 0|req: 128/264] 10.222.0.32 () {64 vars in 1317 bytes} [Tue Nov 9 17:56:35 2021] POST /compute/v2.1/os-server-external-events => generated 179 bytes in 40 msecs (HTTP/1.1 200) 9 headers in 357 bytes (1 switches on core 0)
Nov 09 17:56:35.168242 n-d-817240-1 devstack@n-api.service[117197]: /usr/local/lib/python3.8/dist-packages/oslo_policy/policy.py:1075: UserWarning: Policy os_compute_api:os-aggregates:create failed scope check. The token used to make the request was project scoped but the policy requires ['system'] scope. This behavior may change in the future where using the intended scope is required
Nov 09 17:56:35.168242 n-d-817240-1 devstack@n-api.service[117197]: warnings.warn(msg)
Nov 09 17:56:35.169507 n-d-817240-1 devstack@n-api.service[117197]: DEBUG nova.objects.aggregate [None req-c2acd48f-c891-4544-849a-7004bb88d437 tempest-AggregatesAdminNegativeTestJSON-1499516092 tempest-AggregatesAdminNegativeTestJSON-1499516092-project-admin] Generated uuid 294e61ca-86c4-4cb1-bc08-d720d14cfa1d for aggregate {{(pid=117197) create /opt/stack/nova/nova/objects/aggregate.py:298}}
Nov 09 17:56:35.174536 n-d-817240-1 devstack@n-api.service[117196]: DEBUG nova.api.openstack.wsgi [req-6e9dcec1-52f4-4e46-b898-133cfd7f60f3 req-32fa1712-4a26-41fe-8fbd-f2a9e59c1be7 service nova] Action: 'create', calling method: >, body: {"events": [{"server_uuid": "56f9f575-ec6b-45ac-9a70-f449f1219e1c", "name": "network-vif-plugged", "status": "completed", "tag": "495e44d3-bceb-4c3c-9ddf-ebd8c41142f6"}]} {{(pid=117196) _process_stack /opt/stack/nova/nova/api/openstack/wsgi.py:511}}
Nov 09 17:56:35.176399 n-d-817240-1 devstack@n-api.service[117196]: /usr/local/lib/python3.8/dist-packages/oslo_policy/policy.py:1075: UserWarning: Policy os_compute_api:os-server-external-events:create failed scope check. The token used to make the request was project scoped but the policy requires ['system'] scope. This behavior may change in the future where using the intended scope is required
Nov 09 17:56:35.176399 n-d-817240-1 devstack@n-api.service[117196]: warnings.warn(msg)
Nov 09 17:56:35.186140 n-d-817240-1 devstack@n-api.service[117196]: DEBUG oslo_concurrency.lockutils [req-6e9dcec1-52f4-4e46-b898-133cfd7f60f3 req-32fa1712-4a26-41fe-8fbd-f2a9e59c1be7 service nova] Lock "e370c25b-947b-422a-97b7-1b3da1b20a24" acquired by "nova.context.set_target_cell..get_or_set_cached_cell_and_set_connections" :: waited 0.000s {{(pid=117196) inner /usr/local/lib/python3.8/dist-packages/oslo_concurrency/lockutils.py:355}}
Nov 09 17:56:35.186846 n-d-817240-1 devstack@n-api.service[117196]: DEBUG oslo_concurrency.lockutils [req-6e9dcec1-52f4-4e46-b898-133cfd7f60f3 req-32fa1712-4a26-41fe-8fbd-f2a9e59c1be7 service nova] Lock "e370c25b-947b-422a-97b7-1b3da1b20a24" released by "nova.context.set_target_cell..get_or_set_cached_cell_and_set_connections" :: held 0.001s {{(pid=117196) inner /usr/local/lib/python3.8/dist-packages/oslo_concurrency/lockutils.py:367}}
Nov 09 17:56:35.198648 n-d-817240-1 devstack@n-api.service[117196]: INFO nova.api.openstack.compute.server_external_events [req-6e9dcec1-52f4-4e46-b898-133cfd7f60f3 req-32fa1712-4a26-41fe-8fbd-f2a9e59c1be7 service nova] Creating event network-vif-plugged:495e44d3-bceb-4c3c-9ddf-ebd8c41142f6 for instance 56f9f575-ec6b-45ac-9a70-f449f1219e1c on n-h1-817240-1
Nov 09 17:56:35.209899 n-d-817240-1 devstack@n-api.service[117196]: INFO nova.api.openstack.requestlog [req-6e9dcec1-52f4-4e46-b898-133cfd7f60f3 req-32fa1712-4a26-41fe-8fbd-f2a9e59c1be7 service nova] 10.222.0.32 "POST /compute/v2.1/os-server-external-events" status: 200 len: 183 microversion: 2.1 time: 0.040589
Nov 09 17:56:35.211052 n-d-817240-1 devstack@n-api.service[117196]: [pid: 117196|app: 0|req: 129/265] 10.222.0.32 () {64 vars in 1317 bytes} [Tue Nov 9 17:56:35 2021] POST /compute/v2.1/os-server-external-events => generated 183 bytes in 43 msecs (HTTP/1.1 200) 9 headers in 357 bytes (1 switches on core 0)
Nov 09 17:56:35.216885 n-d-817240-1 devstack@n-api.service[117197]: INFO nova.api.openstack.requestlog [None req-c2acd48f-c891-4544-849a-7004bb88d437 tempest-AggregatesAdminNegativeTestJSON-1499516092 tempest-AggregatesAdminNegativeTestJSON-1499516092-project-admin] 10.222.0.32 "POST /compute/v2.1/os-aggregates" status: 200 len: 199 microversion: 2.1 time: 0.064802
Nov 09 17:56:35.218412 n-d-817240-1 devstack@n-api.service[117197]: [pid: 117197|app: 0|req: 137/266] 10.222.0.32 () {60 vars in 1163 bytes} [Tue Nov 9 17:56:35 2021] POST /compute/v2.1/os-aggregates => generated 199 bytes in 66 msecs (HTTP/1.1 200) 9 headers in 357 bytes (1 switches on core 0)
Nov 09 17:56:35.226050 n-d-817240-1 devstack@n-api.service[117196]: DEBUG nova.api.openstack.wsgi [None req-c5322edd-7389-470a-a2aa-d648a4432017 tempest-ServersAdminTestJSON-497327270 tempest-ServersAdminTestJSON-497327270-project] Calling method '>' {{(pid=117196) _process_stack /opt/stack/nova/nova/api/openstack/wsgi.py:513}}
Nov 09 17:56:35.226333 n-d-817240-1 devstack@n-api.service[117197]: DEBUG nova.api.openstack.wsgi [None req-96f43e8a-8531-4645-865b-b3cdbe26f187 tempest-FlavorsExtraSpecsNegativeTestJSON-1599572673 tempest-FlavorsExtraSpecsNegativeTestJSON-1599572673-project] Calling method '>' {{(pid=117197) _process_stack /opt/stack/nova/nova/api/openstack/wsgi.py:513}}
Nov 09 17:56:35.227044 n-d-817240-1 devstack@n-api.service[117197]: /usr/local/lib/python3.8/dist-packages/oslo_policy/policy.py:1075: UserWarning: Policy os_compute_api:os-flavor-extra-specs:delete failed scope check. The token used to make the request was project scoped but the policy requires ['system'] scope. This behavior may change in the future where using the intended scope is required
Nov 09 17:56:35.227044 n-d-817240-1 devstack@n-api.service[117197]: warnings.warn(msg)
Nov 09 17:56:35.227982 n-d-817240-1 devstack@n-api.service[117197]: DEBUG nova.policy [None req-96f43e8a-8531-4645-865b-b3cdbe26f187 tempest-FlavorsExtraSpecsNegativeTestJSON-1599572673 tempest-FlavorsExtraSpecsNegativeTestJSON-1599572673-project] Policy check for os_compute_api:os-flavor-extra-specs:delete failed with credentials {'is_admin': False, 'user_id': '3152406a91d3474ea8d1071a81c55d3f', 'user_domain_id': 'default', 'system_scope': None, 'domain_id': None, 'project_id': 'f866aaeff7c44eb5ac75fbb9de0acc15', 'project_domain_id': 'default', 'roles': ['reader', 'member'], 'is_admin_project': True, 'service_user_id': None, 'service_user_domain_id': None, 'service_project_id': None, 'service_project_domain_id': None, 'service_roles': []} {{(pid=117197) authorize /opt/stack/nova/nova/policy.py:199}}
Nov 09 17:56:35.228701 n-d-817240-1 devstack@n-api.service[117197]: DEBUG nova.api.openstack.wsgi [None req-96f43e8a-8531-4645-865b-b3cdbe26f187 tempest-FlavorsExtraSpecsNegativeTestJSON-1599572673 tempest-FlavorsExtraSpecsNegativeTestJSON-1599572673-project] Returning 403 to user: Policy doesn't allow os_compute_api:os-flavor-extra-specs:delete to be performed. {{(pid=117197) __call__ /opt/stack/nova/nova/api/openstack/wsgi.py:936}}
Nov 09 17:56:35.229768 n-d-817240-1 devstack@n-api.service[117197]: INFO nova.api.openstack.requestlog [None req-96f43e8a-8531-4645-865b-b3cdbe26f187 tempest-FlavorsExtraSpecsNegativeTestJSON-1599572673 tempest-FlavorsExtraSpecsNegativeTestJSON-1599572673-project] 10.222.0.32 "DELETE /compute/v2.1/flavors/914794875/os-extra_specs/hw:numa_nodes" status: 403 len: 124 microversion: 2.1 time: 0.010230
Nov 09 17:56:35.230336 n-d-817240-1 devstack@n-api.service[117197]: [pid: 117197|app: 0|req: 138/267] 10.222.0.32 () {58 vars in 1244 bytes} [Tue Nov 9 17:56:35 2021] DELETE /compute/v2.1/flavors/914794875/os-extra_specs/hw:numa_nodes => generated 124 bytes in 11 msecs (HTTP/1.1 403) 9 headers in 379 bytes (1 switches on core 0)
Nov 09 17:56:35.234761 n-d-817240-1 devstack@n-api.service[117196]: DEBUG nova.compute.api [None req-c5322edd-7389-470a-a2aa-d648a4432017 tempest-ServersAdminTestJSON-497327270 tempest-ServersAdminTestJSON-497327270-project] [instance: c7685d19-6db8-4864-b21d-d6d2477e3346] Fetching instance by UUID {{(pid=117196) get /opt/stack/nova/nova/compute/api.py:2863}}
Nov 09 17:56:35.246779 n-d-817240-1 devstack@n-api.service[117196]: DEBUG oslo_concurrency.lockutils [None req-c5322edd-7389-470a-a2aa-d648a4432017 tempest-ServersAdminTestJSON-497327270 tempest-ServersAdminTestJSON-497327270-project] Lock "e370c25b-947b-422a-97b7-1b3da1b20a24" acquired by "nova.context.set_target_cell..get_or_set_cached_cell_and_set_connections" :: waited 0.000s {{(pid=117196) inner /usr/local/lib/python3.8/dist-packages/oslo_concurrency/lockutils.py:355}}
Nov 09 17:56:35.247218 n-d-817240-1 devstack@n-api.service[117196]: DEBUG oslo_concurrency.lockutils [None req-c5322edd-7389-470a-a2aa-d648a4432017 tempest-ServersAdminTestJSON-497327270 tempest-ServersAdminTestJSON-497327270-project] Lock "e370c25b-947b-422a-97b7-1b3da1b20a24" released by "nova.context.set_target_cell..get_or_set_cached_cell_and_set_connections" :: held 0.001s {{(pid=117196) inner /usr/local/lib/python3.8/dist-packages/oslo_concurrency/lockutils.py:367}}
Nov 09 17:56:35.247988 n-d-817240-1 devstack@n-api.service[117196]: DEBUG oslo_concurrency.lockutils [None req-c5322edd-7389-470a-a2aa-d648a4432017 tempest-ServersAdminTestJSON-497327270 tempest-ServersAdminTestJSON-497327270-project] Lock "e370c25b-947b-422a-97b7-1b3da1b20a24" acquired by "nova.context.set_target_cell..get_or_set_cached_cell_and_set_connections" :: waited 0.000s {{(pid=117196) inner /usr/local/lib/python3.8/dist-packages/oslo_concurrency/lockutils.py:355}}
Nov 09 17:56:35.248409 n-d-817240-1 devstack@n-api.service[117196]: DEBUG oslo_concurrency.lockutils [None req-c5322edd-7389-470a-a2aa-d648a4432017 tempest-ServersAdminTestJSON-497327270 tempest-ServersAdminTestJSON-497327270-project] Lock "e370c25b-947b-422a-97b7-1b3da1b20a24" released by "nova.context.set_target_cell..get_or_set_cached_cell_and_set_connections" :: held 0.000s {{(pid=117196) inner /usr/local/lib/python3.8/dist-packages/oslo_concurrency/lockutils.py:367}}
Nov 09 17:56:35.415322 n-d-817240-1 devstack@n-api.service[117197]: DEBUG nova.api.openstack.wsgi [None req-fd36c547-27df-41a2-984a-39a0e7ba1db8 tempest-LiveMigrationNegativeTest-1309593865 tempest-LiveMigrationNegativeTest-1309593865-project-admin] Action: 'action', calling method: >, body: {"os-migrateLive": {"host": "tempest-host-2006906561", "block_migration": true, "disk_over_commit": false}} {{(pid=117197) _process_stack /opt/stack/nova/nova/api/openstack/wsgi.py:511}}
Nov 09 17:56:35.416604 n-d-817240-1 devstack@n-api.service[117197]: DEBUG nova.compute.api [None req-fd36c547-27df-41a2-984a-39a0e7ba1db8 tempest-LiveMigrationNegativeTest-1309593865 tempest-LiveMigrationNegativeTest-1309593865-project-admin] [instance: d578cd67-5acc-4165-a04d-235748c8c880] Fetching instance by UUID {{(pid=117197) get /opt/stack/nova/nova/compute/api.py:2863}}
Nov 09 17:56:35.424431 n-d-817240-1 devstack@n-api.service[117197]: DEBUG oslo_concurrency.lockutils [None req-fd36c547-27df-41a2-984a-39a0e7ba1db8 tempest-LiveMigrationNegativeTest-1309593865 tempest-LiveMigrationNegativeTest-1309593865-project-admin] Lock "e370c25b-947b-422a-97b7-1b3da1b20a24" acquired by "nova.context.set_target_cell..get_or_set_cached_cell_and_set_connections" :: waited 0.000s {{(pid=117197) inner /usr/local/lib/python3.8/dist-packages/oslo_concurrency/lockutils.py:355}}
Nov 09 17:56:35.425012 n-d-817240-1 devstack@n-api.service[117197]: DEBUG oslo_concurrency.lockutils [None req-fd36c547-27df-41a2-984a-39a0e7ba1db8 tempest-LiveMigrationNegativeTest-1309593865 tempest-LiveMigrationNegativeTest-1309593865-project-admin] Lock "e370c25b-947b-422a-97b7-1b3da1b20a24" released by "nova.context.set_target_cell..get_or_set_cached_cell_and_set_connections" :: held 0.001s {{(pid=117197) inner /usr/local/lib/python3.8/dist-packages/oslo_concurrency/lockutils.py:367}}
Nov 09 17:56:35.425894 n-d-817240-1 devstack@n-api.service[117197]: DEBUG oslo_concurrency.lockutils [None req-fd36c547-27df-41a2-984a-39a0e7ba1db8 tempest-LiveMigrationNegativeTest-1309593865 tempest-LiveMigrationNegativeTest-1309593865-project-admin] Lock "e370c25b-947b-422a-97b7-1b3da1b20a24" acquired by "nova.context.set_target_cell..get_or_set_cached_cell_and_set_connections" :: waited 0.000s {{(pid=117197) inner /usr/local/lib/python3.8/dist-packages/oslo_concurrency/lockutils.py:355}}
Nov 09 17:56:35.426437 n-d-817240-1 devstack@n-api.service[117197]: DEBUG oslo_concurrency.lockutils [None req-fd36c547-27df-41a2-984a-39a0e7ba1db8 tempest-LiveMigrationNegativeTest-1309593865 tempest-LiveMigrationNegativeTest-1309593865-project-admin] Lock "e370c25b-947b-422a-97b7-1b3da1b20a24" released by "nova.context.set_target_cell..get_or_set_cached_cell_and_set_connections" :: held 0.000s {{(pid=117197) inner /usr/local/lib/python3.8/dist-packages/oslo_concurrency/lockutils.py:367}}
Nov 09 17:56:35.486824 n-d-817240-1 devstack@n-api.service[117196]: DEBUG nova.policy [None req-c5322edd-7389-470a-a2aa-d648a4432017 tempest-ServersAdminTestJSON-497327270 tempest-ServersAdminTestJSON-497327270-project] Policy check for os_compute_api:os-extended-server-attributes failed with credentials {'is_admin': False, 'user_id': 'd4fabf47121f46f99a8702951b0467be', 'user_domain_id': 'default', 'system_scope': None, 'domain_id': None, 'project_id': '6cc23f309b574168892d7e76ce80248b', 'project_domain_id': 'default', 'roles': ['reader', 'member'], 'is_admin_project': True, 'service_user_id': None, 'service_user_domain_id': None, 'service_project_id': None, 'service_project_domain_id': None, 'service_roles': []} {{(pid=117196) authorize /opt/stack/nova/nova/policy.py:199}}
Nov 09 17:56:35.495863 n-d-817240-1 devstack@n-api.service[117196]: INFO nova.api.openstack.requestlog [None req-c5322edd-7389-470a-a2aa-d648a4432017 tempest-ServersAdminTestJSON-497327270 tempest-ServersAdminTestJSON-497327270-project] 10.222.0.32 "GET /compute/v2.1/servers/c7685d19-6db8-4864-b21d-d6d2477e3346" status: 200 len: 1273 microversion: 2.1 time: 0.280929
Nov 09 17:56:35.504527 n-d-817240-1 devstack@n-api.service[117196]: [pid: 117196|app: 0|req: 130/268] 10.222.0.32 () {58 vars in 1235 bytes} [Tue Nov 9 17:56:35 2021] GET /compute/v2.1/servers/c7685d19-6db8-4864-b21d-d6d2477e3346 => generated 1273 bytes in 293 msecs (HTTP/1.1 200) 9 headers in 358 bytes (1 switches on core 0)
Nov 09 17:56:35.509557 n-d-817240-1 devstack@n-api.service[117196]: DEBUG nova.api.openstack.wsgi [None req-5c77486f-c198-4c4c-9c8c-0f99a726252d tempest-AggregatesAdminNegativeTestJSON-1499516092 tempest-AggregatesAdminNegativeTestJSON-1499516092-project-admin] Action: 'action', calling method: >, body: {"remove_host": {"host": "nonexist_host"}} {{(pid=117196) _process_stack /opt/stack/nova/nova/api/openstack/wsgi.py:511}}
Nov 09 17:56:35.510886 n-d-817240-1 devstack@n-api.service[117196]: /usr/local/lib/python3.8/dist-packages/oslo_policy/policy.py:1075: UserWarning: Policy os_compute_api:os-aggregates:remove_host failed scope check. The token used to make the request was project scoped but the policy requires ['system'] scope. This behavior may change in the future where using the intended scope is required
Nov 09 17:56:35.510886 n-d-817240-1 devstack@n-api.service[117196]: warnings.warn(msg)
Nov 09 17:56:35.516897 n-d-817240-1 devstack@n-api.service[117197]: DEBUG nova.objects.instance [None req-fd36c547-27df-41a2-984a-39a0e7ba1db8 tempest-LiveMigrationNegativeTest-1309593865 tempest-LiveMigrationNegativeTest-1309593865-project-admin] Lazy-loading 'flavor' on Instance uuid d578cd67-5acc-4165-a04d-235748c8c880 {{(pid=117197) obj_load_attr /opt/stack/nova/nova/objects/instance.py:1098}}
Nov 09 17:56:35.519315 n-d-817240-1 devstack@n-api.service[117196]: DEBUG oslo_concurrency.lockutils [None req-5c77486f-c198-4c4c-9c8c-0f99a726252d tempest-AggregatesAdminNegativeTestJSON-1499516092 tempest-AggregatesAdminNegativeTestJSON-1499516092-project-admin] Lock "00000000-0000-0000-0000-000000000000" acquired by "nova.context.set_target_cell..get_or_set_cached_cell_and_set_connections" :: waited 0.000s {{(pid=117196) inner /usr/local/lib/python3.8/dist-packages/oslo_concurrency/lockutils.py:355}}
Nov 09 17:56:35.519787 n-d-817240-1 devstack@n-api.service[117196]: DEBUG oslo_concurrency.lockutils [None req-5c77486f-c198-4c4c-9c8c-0f99a726252d tempest-AggregatesAdminNegativeTestJSON-1499516092 tempest-AggregatesAdminNegativeTestJSON-1499516092-project-admin] Lock "00000000-0000-0000-0000-000000000000" released by "nova.context.set_target_cell..get_or_set_cached_cell_and_set_connections" :: held 0.001s {{(pid=117196) inner /usr/local/lib/python3.8/dist-packages/oslo_concurrency/lockutils.py:367}}
Nov 09 17:56:35.527490 n-d-817240-1 devstack@n-api.service[117196]: DEBUG oslo_concurrency.lockutils [None req-5c77486f-c198-4c4c-9c8c-0f99a726252d tempest-AggregatesAdminNegativeTestJSON-1499516092 tempest-AggregatesAdminNegativeTestJSON-1499516092-project-admin] Lock "e370c25b-947b-422a-97b7-1b3da1b20a24" acquired by "nova.context.set_target_cell..get_or_set_cached_cell_and_set_connections" :: waited 0.000s {{(pid=117196) inner /usr/local/lib/python3.8/dist-packages/oslo_concurrency/lockutils.py:355}}
Nov 09 17:56:35.528184 n-d-817240-1 devstack@n-api.service[117196]: DEBUG oslo_concurrency.lockutils [None req-5c77486f-c198-4c4c-9c8c-0f99a726252d tempest-AggregatesAdminNegativeTestJSON-1499516092 tempest-AggregatesAdminNegativeTestJSON-1499516092-project-admin] Lock "e370c25b-947b-422a-97b7-1b3da1b20a24" released by "nova.context.set_target_cell..get_or_set_cached_cell_and_set_connections" :: held 0.000s {{(pid=117196) inner /usr/local/lib/python3.8/dist-packages/oslo_concurrency/lockutils.py:367}}
Nov 09 17:56:35.541191 n-d-817240-1 devstack@n-api.service[117196]: ERROR nova.api.openstack.compute.aggregates [None req-5c77486f-c198-4c4c-9c8c-0f99a726252d tempest-AggregatesAdminNegativeTestJSON-1499516092 tempest-AggregatesAdminNegativeTestJSON-1499516092-project-admin] Failed to remove host nonexist_host from aggregate 18. Error: Compute host nonexist_host could not be found.: nova.exception.ComputeHostNotFound: Compute host nonexist_host could not be found.
Nov 09 17:56:35.542102 n-d-817240-1 devstack@n-api.service[117196]: INFO nova.api.openstack.wsgi [None req-5c77486f-c198-4c4c-9c8c-0f99a726252d tempest-AggregatesAdminNegativeTestJSON-1499516092 tempest-AggregatesAdminNegativeTestJSON-1499516092-project-admin] HTTP exception thrown: Cannot remove host nonexist_host in aggregate 18
Nov 09 17:56:35.542345 n-d-817240-1 devstack@n-api.service[117196]: DEBUG nova.api.openstack.wsgi [None req-5c77486f-c198-4c4c-9c8c-0f99a726252d tempest-AggregatesAdminNegativeTestJSON-1499516092 tempest-AggregatesAdminNegativeTestJSON-1499516092-project-admin] Returning 404 to user: Cannot remove host nonexist_host in aggregate 18 {{(pid=117196) __call__ /opt/stack/nova/nova/api/openstack/wsgi.py:936}}
Nov 09 17:56:35.543161 n-d-817240-1 devstack@n-api.service[117196]: INFO nova.api.openstack.requestlog [None req-5c77486f-c198-4c4c-9c8c-0f99a726252d tempest-AggregatesAdminNegativeTestJSON-1499516092 tempest-AggregatesAdminNegativeTestJSON-1499516092-project-admin] 10.222.0.32 "POST /compute/v2.1/os-aggregates/18/action" status: 404 len: 94 microversion: 2.1 time: 0.037260
Nov 09 17:56:35.547709 n-d-817240-1 devstack@n-api.service[117196]: [pid: 117196|app: 0|req: 131/269] 10.222.0.32 () {60 vars in 1193 bytes} [Tue Nov 9 17:56:35 2021] POST /compute/v2.1/os-aggregates/18/action => generated 94 bytes in 42 msecs (HTTP/1.1 404) 9 headers in 378 bytes (1 switches on core 0)
Nov 09 17:56:35.552753 n-d-817240-1 devstack@n-api.service[117196]: DEBUG nova.api.openstack.wsgi [None req-31e3eb90-2242-4f67-a513-e4d59f7ba337 tempest-AggregatesAdminTestJSON-806141929 tempest-AggregatesAdminTestJSON-806141929-project] Calling method '>' {{(pid=117196) _process_stack /opt/stack/nova/nova/api/openstack/wsgi.py:513}}
Nov 09 17:56:35.553358 n-d-817240-1 devstack@n-api.service[117196]: DEBUG nova.compute.api [None req-31e3eb90-2242-4f67-a513-e4d59f7ba337 tempest-AggregatesAdminTestJSON-806141929 tempest-AggregatesAdminTestJSON-806141929-project] [instance: baadcf4a-c4c3-452d-ac4f-f568949f9eee] Fetching instance by UUID {{(pid=117196) get /opt/stack/nova/nova/compute/api.py:2863}}
Nov 09 17:56:35.559771 n-d-817240-1 devstack@n-api.service[117196]: DEBUG oslo_concurrency.lockutils [None req-31e3eb90-2242-4f67-a513-e4d59f7ba337 tempest-AggregatesAdminTestJSON-806141929 tempest-AggregatesAdminTestJSON-806141929-project] Lock "e370c25b-947b-422a-97b7-1b3da1b20a24" acquired by "nova.context.set_target_cell..get_or_set_cached_cell_and_set_connections" :: waited 0.000s {{(pid=117196) inner /usr/local/lib/python3.8/dist-packages/oslo_concurrency/lockutils.py:355}}
Nov 09 17:56:35.560336 n-d-817240-1 devstack@n-api.service[117196]: DEBUG oslo_concurrency.lockutils [None req-31e3eb90-2242-4f67-a513-e4d59f7ba337 tempest-AggregatesAdminTestJSON-806141929 tempest-AggregatesAdminTestJSON-806141929-project] Lock "e370c25b-947b-422a-97b7-1b3da1b20a24" released by "nova.context.set_target_cell..get_or_set_cached_cell_and_set_connections" :: held 0.001s {{(pid=117196) inner /usr/local/lib/python3.8/dist-packages/oslo_concurrency/lockutils.py:367}}
Nov 09 17:56:35.560968 n-d-817240-1 devstack@n-api.service[117196]: DEBUG oslo_concurrency.lockutils [None req-31e3eb90-2242-4f67-a513-e4d59f7ba337 tempest-AggregatesAdminTestJSON-806141929 tempest-AggregatesAdminTestJSON-806141929-project] Lock "e370c25b-947b-422a-97b7-1b3da1b20a24" acquired by "nova.context.set_target_cell..get_or_set_cached_cell_and_set_connections" :: waited 0.000s {{(pid=117196) inner /usr/local/lib/python3.8/dist-packages/oslo_concurrency/lockutils.py:355}}
Nov 09 17:56:35.561384 n-d-817240-1 devstack@n-api.service[117196]: DEBUG oslo_concurrency.lockutils [None req-31e3eb90-2242-4f67-a513-e4d59f7ba337 tempest-AggregatesAdminTestJSON-806141929 tempest-AggregatesAdminTestJSON-806141929-project] Lock "e370c25b-947b-422a-97b7-1b3da1b20a24" released by "nova.context.set_target_cell..get_or_set_cached_cell_and_set_connections" :: held 0.000s {{(pid=117196) inner /usr/local/lib/python3.8/dist-packages/oslo_concurrency/lockutils.py:367}}
Nov 09 17:56:35.565594 n-d-817240-1 devstack@n-api.service[117197]: DEBUG nova.compute.api [None req-fd36c547-27df-41a2-984a-39a0e7ba1db8 tempest-LiveMigrationNegativeTest-1309593865 tempest-LiveMigrationNegativeTest-1309593865-project-admin] [instance: d578cd67-5acc-4165-a04d-235748c8c880] Going to try to live migrate instance to tempest-host-2006906561 {{(pid=117197) live_migrate /opt/stack/nova/nova/compute/api.py:5249}}
Nov 09 17:56:35.572386 n-d-817240-1 devstack@n-api.service[117197]: INFO nova.api.openstack.wsgi [None req-fd36c547-27df-41a2-984a-39a0e7ba1db8 tempest-LiveMigrationNegativeTest-1309593865 tempest-LiveMigrationNegativeTest-1309593865-project-admin] HTTP exception thrown: Compute host tempest-host-2006906561 could not be found.
Nov 09 17:56:35.573163 n-d-817240-1 devstack@n-api.service[117197]: DEBUG nova.api.openstack.wsgi [None req-fd36c547-27df-41a2-984a-39a0e7ba1db8 tempest-LiveMigrationNegativeTest-1309593865 tempest-LiveMigrationNegativeTest-1309593865-project-admin] Returning 400 to user: Compute host tempest-host-2006906561 could not be found. {{(pid=117197) __call__ /opt/stack/nova/nova/api/openstack/wsgi.py:936}}
Nov 09 17:56:35.574160 n-d-817240-1 devstack@n-api.service[117197]: INFO nova.api.openstack.requestlog [None req-fd36c547-27df-41a2-984a-39a0e7ba1db8 tempest-LiveMigrationNegativeTest-1309593865 tempest-LiveMigrationNegativeTest-1309593865-project-admin] 10.222.0.32 "POST /compute/v2.1/servers/d578cd67-5acc-4165-a04d-235748c8c880/action" status: 400 len: 100 microversion: 2.1 time: 0.342790
Nov 09 17:56:35.574725 n-d-817240-1 devstack@n-api.service[117197]: [pid: 117197|app: 0|req: 139/270] 10.222.0.32 () {60 vars in 1278 bytes} [Tue Nov 9 17:56:35 2021] POST /compute/v2.1/servers/d578cd67-5acc-4165-a04d-235748c8c880/action => generated 100 bytes in 344 msecs (HTTP/1.1 400) 9 headers in 381 bytes (1 switches on core 0)
Nov 09 17:56:35.579368 n-d-817240-1 devstack@n-api.service[117197]: DEBUG nova.api.openstack.wsgi [None req-74c6eb7a-9fe5-4969-a44c-8a0ee8a6e9b4 tempest-FlavorsExtraSpecsNegativeTestJSON-198786094 tempest-FlavorsExtraSpecsNegativeTestJSON-198786094-project-admin] Action: 'create', calling method: >, body: {"extra_specs": {"hw:numa_nodes": "1", "hw:cpu_policy": "shared"}} {{(pid=117197) _process_stack /opt/stack/nova/nova/api/openstack/wsgi.py:511}}
Nov 09 17:56:35.581368 n-d-817240-1 devstack@n-api.service[117197]: /usr/local/lib/python3.8/dist-packages/oslo_policy/policy.py:1075: UserWarning: Policy os_compute_api:os-flavor-extra-specs:create failed scope check. The token used to make the request was project scoped but the policy requires ['system'] scope. This behavior may change in the future where using the intended scope is required
Nov 09 17:56:35.581368 n-d-817240-1 devstack@n-api.service[117197]: warnings.warn(msg)
Nov 09 17:56:35.601188 n-d-817240-1 devstack@n-api.service[117197]: INFO nova.api.openstack.requestlog [None req-74c6eb7a-9fe5-4969-a44c-8a0ee8a6e9b4 tempest-FlavorsExtraSpecsNegativeTestJSON-198786094 tempest-FlavorsExtraSpecsNegativeTestJSON-198786094-project-admin] 10.222.0.32 "POST /compute/v2.1/flavors/914794875/os-extra_specs" status: 200 len: 66 microversion: 2.1 time: 0.025243
Nov 09 17:56:35.601777 n-d-817240-1 devstack@n-api.service[117197]: [pid: 117197|app: 0|req: 140/271] 10.222.0.32 () {60 vars in 1220 bytes} [Tue Nov 9 17:56:35 2021] POST /compute/v2.1/flavors/914794875/os-extra_specs => generated 66 bytes in 26 msecs (HTTP/1.1 200) 9 headers in 356 bytes (1 switches on core 0)
Nov 09 17:56:35.606635 n-d-817240-1 devstack@n-api.service[117197]: DEBUG nova.api.openstack.wsgi [None req-02961c9c-74a8-40d9-a61c-2f634a1f0c1c tempest-AggregatesAdminNegativeTestJSON-1499516092 tempest-AggregatesAdminNegativeTestJSON-1499516092-project-admin] Calling method '>' {{(pid=117197) _process_stack /opt/stack/nova/nova/api/openstack/wsgi.py:513}}
Nov 09 17:56:35.607552 n-d-817240-1 devstack@n-api.service[117197]: /usr/local/lib/python3.8/dist-packages/oslo_policy/policy.py:1075: UserWarning: Policy os_compute_api:os-aggregates:delete failed scope check. The token used to make the request was project scoped but the policy requires ['system'] scope. This behavior may change in the future where using the intended scope is required
Nov 09 17:56:35.607552 n-d-817240-1 devstack@n-api.service[117197]: warnings.warn(msg)
Nov 09 17:56:35.628501 n-d-817240-1 devstack@n-api.service[117197]: INFO nova.api.openstack.requestlog [None req-02961c9c-74a8-40d9-a61c-2f634a1f0c1c tempest-AggregatesAdminNegativeTestJSON-1499516092 tempest-AggregatesAdminNegativeTestJSON-1499516092-project-admin] 10.222.0.32 "DELETE /compute/v2.1/os-aggregates/18" status: 200 len: 0 microversion: 2.1 time: 0.025509
Nov 09 17:56:35.632783 n-d-817240-1 devstack@n-api.service[117197]: [pid: 117197|app: 0|req: 141/272] 10.222.0.32 () {58 vars in 1154 bytes} [Tue Nov 9 17:56:35 2021] DELETE /compute/v2.1/os-aggregates/18 => generated 0 bytes in 27 msecs (HTTP/1.1 200) 9 headers in 355 bytes (1 switches on core 0)
Nov 09 17:56:35.637773 n-d-817240-1 devstack@n-api.service[117197]: DEBUG nova.api.openstack.wsgi [None req-bb186e75-9cfe-49c7-9b10-e903be857fd8 tempest-LiveMigrationNegativeTest-982697588 tempest-LiveMigrationNegativeTest-982697588-project] Calling method '>' {{(pid=117197) _process_stack /opt/stack/nova/nova/api/openstack/wsgi.py:513}}
Nov 09 17:56:35.638701 n-d-817240-1 devstack@n-api.service[117197]: DEBUG nova.compute.api [None req-bb186e75-9cfe-49c7-9b10-e903be857fd8 tempest-LiveMigrationNegativeTest-982697588 tempest-LiveMigrationNegativeTest-982697588-project] [instance: d578cd67-5acc-4165-a04d-235748c8c880] Fetching instance by UUID {{(pid=117197) get /opt/stack/nova/nova/compute/api.py:2863}}
Nov 09 17:56:35.646346 n-d-817240-1 devstack@n-api.service[117197]: DEBUG oslo_concurrency.lockutils [None req-bb186e75-9cfe-49c7-9b10-e903be857fd8 tempest-LiveMigrationNegativeTest-982697588 tempest-LiveMigrationNegativeTest-982697588-project] Lock "e370c25b-947b-422a-97b7-1b3da1b20a24" acquired by "nova.context.set_target_cell..get_or_set_cached_cell_and_set_connections" :: waited 0.000s {{(pid=117197) inner /usr/local/lib/python3.8/dist-packages/oslo_concurrency/lockutils.py:355}}
Nov 09 17:56:35.647645 n-d-817240-1 devstack@n-api.service[117197]: DEBUG oslo_concurrency.lockutils [None req-bb186e75-9cfe-49c7-9b10-e903be857fd8 tempest-LiveMigrationNegativeTest-982697588 tempest-LiveMigrationNegativeTest-982697588-project] Lock "e370c25b-947b-422a-97b7-1b3da1b20a24" released by "nova.context.set_target_cell..get_or_set_cached_cell_and_set_connections" :: held 0.001s {{(pid=117197) inner /usr/local/lib/python3.8/dist-packages/oslo_concurrency/lockutils.py:367}}
Nov 09 17:56:35.648723 n-d-817240-1 devstack@n-api.service[117196]: DEBUG nova.policy [None req-31e3eb90-2242-4f67-a513-e4d59f7ba337 tempest-AggregatesAdminTestJSON-806141929 tempest-AggregatesAdminTestJSON-806141929-project] Policy check for os_compute_api:os-extended-server-attributes failed with credentials {'is_admin': False, 'user_id': '7a1782a1dcc248fab866ec10c4bc3c25', 'user_domain_id': 'default', 'system_scope': None, 'domain_id': None, 'project_id': 'ac9f333d663944ec9e01767344d02b47', 'project_domain_id': 'default', 'roles': ['reader', 'member'], 'is_admin_project': True, 'service_user_id': None, 'service_user_domain_id': None, 'service_project_id': None, 'service_project_domain_id': None, 'service_roles': []} {{(pid=117196) authorize /opt/stack/nova/nova/policy.py:199}}
Nov 09 17:56:35.649175 n-d-817240-1 devstack@n-api.service[117197]: DEBUG oslo_concurrency.lockutils [None req-bb186e75-9cfe-49c7-9b10-e903be857fd8 tempest-LiveMigrationNegativeTest-982697588 tempest-LiveMigrationNegativeTest-982697588-project] Lock "e370c25b-947b-422a-97b7-1b3da1b20a24" acquired by "nova.context.set_target_cell..get_or_set_cached_cell_and_set_connections" :: waited 0.000s {{(pid=117197) inner /usr/local/lib/python3.8/dist-packages/oslo_concurrency/lockutils.py:355}}
Nov 09 17:56:35.649621 n-d-817240-1 devstack@n-api.service[117197]: DEBUG oslo_concurrency.lockutils [None req-bb186e75-9cfe-49c7-9b10-e903be857fd8 tempest-LiveMigrationNegativeTest-982697588 tempest-LiveMigrationNegativeTest-982697588-project] Lock "e370c25b-947b-422a-97b7-1b3da1b20a24" released by "nova.context.set_target_cell..get_or_set_cached_cell_and_set_connections" :: held 0.001s {{(pid=117197) inner /usr/local/lib/python3.8/dist-packages/oslo_concurrency/lockutils.py:367}}
Nov 09 17:56:35.662176 n-d-817240-1 devstack@n-api.service[117196]: INFO nova.api.openstack.requestlog [None req-31e3eb90-2242-4f67-a513-e4d59f7ba337 tempest-AggregatesAdminTestJSON-806141929 tempest-AggregatesAdminTestJSON-806141929-project] 10.222.0.32 "GET /compute/v2.1/servers/baadcf4a-c4c3-452d-ac4f-f568949f9eee" status: 200 len: 1429 microversion: 2.1 time: 0.113021
Nov 09 17:56:35.663488 n-d-817240-1 devstack@n-api.service[117196]: [pid: 117196|app: 0|req: 132/273] 10.222.0.32 () {58 vars in 1235 bytes} [Tue Nov 9 17:56:35 2021] GET /compute/v2.1/servers/baadcf4a-c4c3-452d-ac4f-f568949f9eee => generated 1429 bytes in 115 msecs (HTTP/1.1 200) 9 headers in 358 bytes (1 switches on core 0)
Nov 09 17:56:35.679109 n-d-817240-1 devstack@n-api.service[117196]: DEBUG nova.api.openstack.wsgi [None req-e061c25c-b0e2-4fc5-8558-13bb0958fbe5 tempest-FlavorsExtraSpecsNegativeTestJSON-1599572673 tempest-FlavorsExtraSpecsNegativeTestJSON-1599572673-project] Action: 'update', calling method: >, body: {"hw:numa_nodes": "1"} {{(pid=117196) _process_stack /opt/stack/nova/nova/api/openstack/wsgi.py:511}}
Nov 09 17:56:35.680629 n-d-817240-1 devstack@n-api.service[117196]: /usr/local/lib/python3.8/dist-packages/oslo_policy/policy.py:1075: UserWarning: Policy os_compute_api:os-flavor-extra-specs:update failed scope check. The token used to make the request was project scoped but the policy requires ['system'] scope. This behavior may change in the future where using the intended scope is required
Nov 09 17:56:35.680629 n-d-817240-1 devstack@n-api.service[117196]: warnings.warn(msg)
Nov 09 17:56:35.681861 n-d-817240-1 devstack@n-api.service[117196]: DEBUG nova.policy [None req-e061c25c-b0e2-4fc5-8558-13bb0958fbe5 tempest-FlavorsExtraSpecsNegativeTestJSON-1599572673 tempest-FlavorsExtraSpecsNegativeTestJSON-1599572673-project] Policy check for os_compute_api:os-flavor-extra-specs:update failed with credentials {'is_admin': False, 'user_id': '3152406a91d3474ea8d1071a81c55d3f', 'user_domain_id': 'default', 'system_scope': None, 'domain_id': None, 'project_id': 'f866aaeff7c44eb5ac75fbb9de0acc15', 'project_domain_id': 'default', 'roles': ['reader', 'member'], 'is_admin_project': True, 'service_user_id': None, 'service_user_domain_id': None, 'service_project_id': None, 'service_project_domain_id': None, 'service_roles': []} {{(pid=117196) authorize /opt/stack/nova/nova/policy.py:199}}
Nov 09 17:56:35.682858 n-d-817240-1 devstack@n-api.service[117196]: DEBUG nova.api.openstack.wsgi [None req-e061c25c-b0e2-4fc5-8558-13bb0958fbe5 tempest-FlavorsExtraSpecsNegativeTestJSON-1599572673 tempest-FlavorsExtraSpecsNegativeTestJSON-1599572673-project] Returning 403 to user: Policy doesn't allow os_compute_api:os-flavor-extra-specs:update to be performed. {{(pid=117196) __call__ /opt/stack/nova/nova/api/openstack/wsgi.py:936}}
Nov 09 17:56:35.693205 n-d-817240-1 devstack@n-api.service[117196]: INFO nova.api.openstack.requestlog [None req-e061c25c-b0e2-4fc5-8558-13bb0958fbe5 tempest-FlavorsExtraSpecsNegativeTestJSON-1599572673 tempest-FlavorsExtraSpecsNegativeTestJSON-1599572673-project] 10.222.0.32 "PUT /compute/v2.1/flavors/914794875/os-extra_specs/hw:numa_nodes" status: 403 len: 124 microversion: 2.1 time: 0.018651
Nov 09 17:56:35.695750 n-d-817240-1 devstack@n-api.service[117196]: [pid: 117196|app: 0|req: 133/274] 10.222.0.32 () {60 vars in 1261 bytes} [Tue Nov 9 17:56:35 2021] PUT /compute/v2.1/flavors/914794875/os-extra_specs/hw:numa_nodes => generated 124 bytes in 22 msecs (HTTP/1.1 403) 9 headers in 379 bytes (1 switches on core 0)
Nov 09 17:56:35.701079 n-d-817240-1 devstack@n-api.service[117196]: DEBUG nova.api.openstack.wsgi [None req-640f1a66-ff75-4dd7-8cce-d4b640793adc tempest-FloatingIPsAssociationNegativeTestJSON-1290684698 tempest-FloatingIPsAssociationNegativeTestJSON-1290684698-project] Calling method '>' {{(pid=117196) _process_stack /opt/stack/nova/nova/api/openstack/wsgi.py:513}}
Nov 09 17:56:35.701974 n-d-817240-1 devstack@n-api.service[117196]: DEBUG nova.compute.api [None req-640f1a66-ff75-4dd7-8cce-d4b640793adc tempest-FloatingIPsAssociationNegativeTestJSON-1290684698 tempest-FloatingIPsAssociationNegativeTestJSON-1290684698-project] [instance: 56f9f575-ec6b-45ac-9a70-f449f1219e1c] Fetching instance by UUID {{(pid=117196) get /opt/stack/nova/nova/compute/api.py:2863}}
Nov 09 17:56:35.712907 n-d-817240-1 devstack@n-api.service[117196]: DEBUG oslo_concurrency.lockutils [None req-640f1a66-ff75-4dd7-8cce-d4b640793adc tempest-FloatingIPsAssociationNegativeTestJSON-1290684698 tempest-FloatingIPsAssociationNegativeTestJSON-1290684698-project] Lock "e370c25b-947b-422a-97b7-1b3da1b20a24" acquired by "nova.context.set_target_cell..get_or_set_cached_cell_and_set_connections" :: waited 0.000s {{(pid=117196) inner /usr/local/lib/python3.8/dist-packages/oslo_concurrency/lockutils.py:355}}
Nov 09 17:56:35.713358 n-d-817240-1 devstack@n-api.service[117196]: DEBUG oslo_concurrency.lockutils [None req-640f1a66-ff75-4dd7-8cce-d4b640793adc tempest-FloatingIPsAssociationNegativeTestJSON-1290684698 tempest-FloatingIPsAssociationNegativeTestJSON-1290684698-project] Lock "e370c25b-947b-422a-97b7-1b3da1b20a24" released by "nova.context.set_target_cell..get_or_set_cached_cell_and_set_connections" :: held 0.001s {{(pid=117196) inner /usr/local/lib/python3.8/dist-packages/oslo_concurrency/lockutils.py:367}}
Nov 09 17:56:35.714207 n-d-817240-1 devstack@n-api.service[117196]: DEBUG oslo_concurrency.lockutils [None req-640f1a66-ff75-4dd7-8cce-d4b640793adc tempest-FloatingIPsAssociationNegativeTestJSON-1290684698 tempest-FloatingIPsAssociationNegativeTestJSON-1290684698-project] Lock "e370c25b-947b-422a-97b7-1b3da1b20a24" acquired by "nova.context.set_target_cell..get_or_set_cached_cell_and_set_connections" :: waited 0.000s {{(pid=117196) inner /usr/local/lib/python3.8/dist-packages/oslo_concurrency/lockutils.py:355}}
Nov 09 17:56:35.714643 n-d-817240-1 devstack@n-api.service[117196]: DEBUG oslo_concurrency.lockutils [None req-640f1a66-ff75-4dd7-8cce-d4b640793adc tempest-FloatingIPsAssociationNegativeTestJSON-1290684698 tempest-FloatingIPsAssociationNegativeTestJSON-1290684698-project] Lock "e370c25b-947b-422a-97b7-1b3da1b20a24" released by "nova.context.set_target_cell..get_or_set_cached_cell_and_set_connections" :: held 0.001s {{(pid=117196) inner /usr/local/lib/python3.8/dist-packages/oslo_concurrency/lockutils.py:367}}
Nov 09 17:56:36.243922 n-d-817240-1 devstack@n-api.service[117197]: DEBUG nova.policy [None req-bb186e75-9cfe-49c7-9b10-e903be857fd8 tempest-LiveMigrationNegativeTest-982697588 tempest-LiveMigrationNegativeTest-982697588-project] Policy check for os_compute_api:os-extended-server-attributes failed with credentials {'is_admin': False, 'user_id': '0e3fd64969c3419cbbe7fc3ff734d7a2', 'user_domain_id': 'default', 'system_scope': None, 'domain_id': None, 'project_id': '2de4fe00ee4f4daa9ddccee45d55193b', 'project_domain_id': 'default', 'roles': ['reader', 'member'], 'is_admin_project': True, 'service_user_id': None, 'service_user_domain_id': None, 'service_project_id': None, 'service_project_domain_id': None, 'service_roles': []} {{(pid=117197) authorize /opt/stack/nova/nova/policy.py:199}}
Nov 09 17:56:36.260581 n-d-817240-1 devstack@n-api.service[117197]: INFO nova.api.openstack.requestlog [None req-bb186e75-9cfe-49c7-9b10-e903be857fd8 tempest-LiveMigrationNegativeTest-982697588 tempest-LiveMigrationNegativeTest-982697588-project] 10.222.0.32 "GET /compute/v2.1/servers/d578cd67-5acc-4165-a04d-235748c8c880" status: 200 len: 1468 microversion: 2.1 time: 0.629979
Nov 09 17:56:36.261180 n-d-817240-1 devstack@n-api.service[117197]: [pid: 117197|app: 0|req: 142/275] 10.222.0.32 () {58 vars in 1235 bytes} [Tue Nov 9 17:56:35 2021] GET /compute/v2.1/servers/d578cd67-5acc-4165-a04d-235748c8c880 => generated 1468 bytes in 631 msecs (HTTP/1.1 200) 9 headers in 358 bytes (1 switches on core 0)
Nov 09 17:56:36.265751 n-d-817240-1 devstack@n-api.service[117197]: DEBUG nova.api.openstack.wsgi [None req-a2b9ff4d-f629-4c9f-9ba8-94947db51f68 tempest-FlavorsExtraSpecsNegativeTestJSON-198786094 tempest-FlavorsExtraSpecsNegativeTestJSON-198786094-project-admin] Calling method '>' {{(pid=117197) _process_stack /opt/stack/nova/nova/api/openstack/wsgi.py:513}}
Nov 09 17:56:36.266836 n-d-817240-1 devstack@n-api.service[117197]: /usr/local/lib/python3.8/dist-packages/oslo_policy/policy.py:1075: UserWarning: Policy os_compute_api:os-flavor-extra-specs:delete failed scope check. The token used to make the request was project scoped but the policy requires ['system'] scope. This behavior may change in the future where using the intended scope is required
Nov 09 17:56:36.266836 n-d-817240-1 devstack@n-api.service[117197]: warnings.warn(msg)
Nov 09 17:56:36.292892 n-d-817240-1 devstack@n-api.service[117197]: INFO nova.api.openstack.wsgi [None req-a2b9ff4d-f629-4c9f-9ba8-94947db51f68 tempest-FlavorsExtraSpecsNegativeTestJSON-198786094 tempest-FlavorsExtraSpecsNegativeTestJSON-198786094-project-admin] HTTP exception thrown: Flavor 914794875 has no extra specs with key hw:cpu_thread_policy.
Nov 09 17:56:36.298414 n-d-817240-1 devstack@n-api.service[117197]: DEBUG nova.api.openstack.wsgi [None req-a2b9ff4d-f629-4c9f-9ba8-94947db51f68 tempest-FlavorsExtraSpecsNegativeTestJSON-198786094 tempest-FlavorsExtraSpecsNegativeTestJSON-198786094-project-admin] Returning 404 to user: Flavor 914794875 has no extra specs with key hw:cpu_thread_policy. {{(pid=117197) __call__ /opt/stack/nova/nova/api/openstack/wsgi.py:936}}
Nov 09 17:56:36.300533 n-d-817240-1 devstack@n-api.service[117197]: INFO nova.api.openstack.requestlog [None req-a2b9ff4d-f629-4c9f-9ba8-94947db51f68 tempest-FlavorsExtraSpecsNegativeTestJSON-198786094 tempest-FlavorsExtraSpecsNegativeTestJSON-198786094-project-admin] 10.222.0.32 "DELETE /compute/v2.1/flavors/914794875/os-extra_specs/hw:cpu_thread_policy" status: 404 len: 112 microversion: 2.1 time: 0.037056
Nov 09 17:56:36.301413 n-d-817240-1 devstack@n-api.service[117197]: [pid: 117197|app: 0|req: 143/276] 10.222.0.32 () {58 vars in 1265 bytes} [Tue Nov 9 17:56:36 2021] DELETE /compute/v2.1/flavors/914794875/os-extra_specs/hw:cpu_thread_policy => generated 112 bytes in 39 msecs (HTTP/1.1 404) 9 headers in 379 bytes (1 switches on core 0)
Nov 09 17:56:36.313975 n-d-817240-1 devstack@n-api.service[117196]: DEBUG nova.policy [None req-640f1a66-ff75-4dd7-8cce-d4b640793adc tempest-FloatingIPsAssociationNegativeTestJSON-1290684698 tempest-FloatingIPsAssociationNegativeTestJSON-1290684698-project] Policy check for os_compute_api:os-extended-server-attributes failed with credentials {'is_admin': False, 'user_id': 'fac5a11c713c4b269735c7ae0ccd30b3', 'user_domain_id': 'default', 'system_scope': None, 'domain_id': None, 'project_id': 'a96169acf64b4cb5b5d2306b44ea6665', 'project_domain_id': 'default', 'roles': ['reader', 'member'], 'is_admin_project': True, 'service_user_id': None, 'service_user_domain_id': None, 'service_project_id': None, 'service_project_domain_id': None, 'service_roles': []} {{(pid=117196) authorize /opt/stack/nova/nova/policy.py:199}}
Nov 09 17:56:36.316591 n-d-817240-1 devstack@n-api.service[117197]: DEBUG nova.api.openstack.wsgi [None req-30dcf896-b912-4b91-a705-534f9cae12ba tempest-DeleteServersAdminTestJSON-2095721431 tempest-DeleteServersAdminTestJSON-2095721431-project] Calling method '>' {{(pid=117197) _process_stack /opt/stack/nova/nova/api/openstack/wsgi.py:513}}
Nov 09 17:56:36.317201 n-d-817240-1 devstack@n-api.service[117197]: DEBUG nova.compute.api [None req-30dcf896-b912-4b91-a705-534f9cae12ba tempest-DeleteServersAdminTestJSON-2095721431 tempest-DeleteServersAdminTestJSON-2095721431-project] [instance: 761307c8-b112-4e45-82b3-f10aab1417ff] Fetching instance by UUID {{(pid=117197) get /opt/stack/nova/nova/compute/api.py:2863}}
Nov 09 17:56:36.322506 n-d-817240-1 devstack@n-api.service[117196]: INFO nova.api.openstack.requestlog [None req-640f1a66-ff75-4dd7-8cce-d4b640793adc tempest-FloatingIPsAssociationNegativeTestJSON-1290684698 tempest-FloatingIPsAssociationNegativeTestJSON-1290684698-project] 10.222.0.32 "GET /compute/v2.1/servers/56f9f575-ec6b-45ac-9a70-f449f1219e1c" status: 200 len: 1332 microversion: 2.1 time: 0.625410
Nov 09 17:56:36.326421 n-d-817240-1 devstack@n-api.service[117196]: [pid: 117196|app: 0|req: 134/277] 10.222.0.32 () {58 vars in 1235 bytes} [Tue Nov 9 17:56:35 2021] GET /compute/v2.1/servers/56f9f575-ec6b-45ac-9a70-f449f1219e1c => generated 1332 bytes in 630 msecs (HTTP/1.1 200) 9 headers in 358 bytes (1 switches on core 0)
