Nov 09 17:46:45.765738 n-d-817237-1 devstack@placement-api.service[114411]: DEBUG placement.objects.resource_provider [req-53020a1f-00fa-48b4-b045-a4a75755fe55 req-80c27390-5178-4b8b-bc0f-21be512dae50 service placement] Setting aggregates for provider eefabeb4-0ad2-4eb0-9397-12051c299f56. Successfully associated aggregate 38df78cb-205f-4499-8528-e24384c94b26. {{(pid=114411) _set_aggregates /opt/stack/placement/placement/objects/resource_provider.py:388}}
Nov 09 17:46:45.773817 n-d-817237-1 devstack@placement-api.service[114411]: INFO placement.requestlog [req-53020a1f-00fa-48b4-b045-a4a75755fe55 req-80c27390-5178-4b8b-bc0f-21be512dae50 service placement] 10.222.0.30 "PUT /placement/resource_providers/eefabeb4-0ad2-4eb0-9397-12051c299f56/aggregates" status: 200 len: 91 microversion: 1.19
Nov 09 17:46:45.774535 n-d-817237-1 devstack@placement-api.service[114411]: [pid: 114411|app: 0|req: 29/56] 10.222.0.30 () {64 vars in 1477 bytes} [Tue Nov 9 17:46:45 2021] PUT /placement/resource_providers/eefabeb4-0ad2-4eb0-9397-12051c299f56/aggregates => generated 91 bytes in 29 msecs (HTTP/1.1 200) 8 headers in 295 bytes (1 switches on core 0)
Nov 09 17:46:46.609721 n-d-817237-1 devstack@placement-api.service[114412]: DEBUG placement.requestlog [None req-5fa54db6-2396-465d-8a0a-975e12132bee None None] Starting request: 10.222.0.30 "GET /placement/" {{(pid=114412) __call__ /opt/stack/placement/placement/requestlog.py:55}}
Nov 09 17:46:46.611660 n-d-817237-1 devstack@placement-api.service[114412]: INFO placement.requestlog [None req-5fa54db6-2396-465d-8a0a-975e12132bee None None] 10.222.0.30 "GET /placement/" status: 200 len: 136 microversion: 1.0
Nov 09 17:46:46.612066 n-d-817237-1 devstack@placement-api.service[114412]: [pid: 114412|app: 0|req: 28/57] 10.222.0.30 () {54 vars in 907 bytes} [Tue Nov 9 17:46:46 2021] GET /placement => generated 136 bytes in 3 msecs (HTTP/1.1 200) 6 headers in 224 bytes (1 switches on core 0)
Nov 09 17:46:46.623075 n-d-817237-1 devstack@placement-api.service[114411]: DEBUG placement.requestlog [req-f504c5a5-b7c2-4c29-af0a-f984ccbe0d79 req-66e549a3-84db-4c29-82d7-fecdbb031959 None None] Starting request: 10.222.0.30 "GET /placement/resource_providers?name=n-h1-817237-1" {{(pid=114411) __call__ /opt/stack/placement/placement/requestlog.py:55}}
Nov 09 17:46:46.706243 n-d-817237-1 devstack@placement-api.service[114411]: INFO placement.requestlog [req-f504c5a5-b7c2-4c29-af0a-f984ccbe0d79 req-66e549a3-84db-4c29-82d7-fecdbb031959 service placement] 10.222.0.30 "GET /placement/resource_providers?name=n-h1-817237-1" status: 200 len: 440 microversion: 1.0
Nov 09 17:46:46.714053 n-d-817237-1 devstack@placement-api.service[114411]: [pid: 114411|app: 0|req: 30/58] 10.222.0.30 () {58 vars in 1274 bytes} [Tue Nov 9 17:46:46 2021] GET /placement/resource_providers?name=n-h1-817237-1 => generated 440 bytes in 91 msecs (HTTP/1.1 200) 6 headers in 224 bytes (1 switches on core 0)
Nov 09 17:46:46.714835 n-d-817237-1 devstack@placement-api.service[114412]: DEBUG placement.requestlog [req-f504c5a5-b7c2-4c29-af0a-f984ccbe0d79 req-cf5891a1-5082-4ada-80f2-5db72730a77d None None] Starting request: 10.222.0.30 "GET /placement/resource_providers/eefabeb4-0ad2-4eb0-9397-12051c299f56/aggregates" {{(pid=114412) __call__ /opt/stack/placement/placement/requestlog.py:55}}
Nov 09 17:46:46.737273 n-d-817237-1 devstack@placement-api.service[114412]: INFO placement.requestlog [req-f504c5a5-b7c2-4c29-af0a-f984ccbe0d79 req-cf5891a1-5082-4ada-80f2-5db72730a77d service placement] 10.222.0.30 "GET /placement/resource_providers/eefabeb4-0ad2-4eb0-9397-12051c299f56/aggregates" status: 200 len: 91 microversion: 1.19
Nov 09 17:46:46.737993 n-d-817237-1 devstack@placement-api.service[114412]: [pid: 114412|app: 0|req: 29/59] 10.222.0.30 () {60 vars in 1425 bytes} [Tue Nov 9 17:46:46 2021] GET /placement/resource_providers/eefabeb4-0ad2-4eb0-9397-12051c299f56/aggregates => generated 91 bytes in 23 msecs (HTTP/1.1 200) 8 headers in 295 bytes (1 switches on core 0)
Nov 09 17:46:46.757031 n-d-817237-1 devstack@placement-api.service[114411]: DEBUG placement.requestlog [req-f504c5a5-b7c2-4c29-af0a-f984ccbe0d79 req-b1b36aba-e2ea-4d19-bd58-14dc572569ea None None] Starting request: 10.222.0.30 "PUT /placement/resource_providers/eefabeb4-0ad2-4eb0-9397-12051c299f56/aggregates" {{(pid=114411) __call__ /opt/stack/placement/placement/requestlog.py:55}}
Nov 09 17:46:46.788008 n-d-817237-1 devstack@placement-api.service[114411]: DEBUG placement.objects.resource_provider [req-f504c5a5-b7c2-4c29-af0a-f984ccbe0d79 req-b1b36aba-e2ea-4d19-bd58-14dc572569ea service placement] Setting aggregates for provider eefabeb4-0ad2-4eb0-9397-12051c299f56. Successfully disassociated aggregate 38df78cb-205f-4499-8528-e24384c94b26. {{(pid=114411) _set_aggregates /opt/stack/placement/placement/objects/resource_provider.py:403}}
Nov 09 17:46:46.796024 n-d-817237-1 devstack@placement-api.service[114411]: INFO placement.requestlog [req-f504c5a5-b7c2-4c29-af0a-f984ccbe0d79 req-b1b36aba-e2ea-4d19-bd58-14dc572569ea service placement] 10.222.0.30 "PUT /placement/resource_providers/eefabeb4-0ad2-4eb0-9397-12051c299f56/aggregates" status: 200 len: 53 microversion: 1.19
Nov 09 17:46:46.796636 n-d-817237-1 devstack@placement-api.service[114411]: [pid: 114411|app: 0|req: 31/60] 10.222.0.30 () {64 vars in 1477 bytes} [Tue Nov 9 17:46:46 2021] PUT /placement/resource_providers/eefabeb4-0ad2-4eb0-9397-12051c299f56/aggregates => generated 53 bytes in 40 msecs (HTTP/1.1 200) 8 headers in 295 bytes (1 switches on core 0)
Nov 09 17:46:47.944736 n-d-817237-1 devstack@placement-api.service[114412]: DEBUG placement.requestlog [req-32154ebb-7b69-4015-b03f-4fe1b9484e58 req-8a601c68-80bb-48ee-80ed-8964ddfac69f None None] Starting request: 10.222.0.30 "GET /placement/resource_providers?name=n-h1-817237-1" {{(pid=114412) __call__ /opt/stack/placement/placement/requestlog.py:55}}
Nov 09 17:46:47.959227 n-d-817237-1 devstack@placement-api.service[114412]: INFO placement.requestlog [req-32154ebb-7b69-4015-b03f-4fe1b9484e58 req-8a601c68-80bb-48ee-80ed-8964ddfac69f service placement] 10.222.0.30 "GET /placement/resource_providers?name=n-h1-817237-1" status: 200 len: 440 microversion: 1.0
Nov 09 17:46:47.959672 n-d-817237-1 devstack@placement-api.service[114412]: [pid: 114412|app: 0|req: 30/61] 10.222.0.30 () {58 vars in 1274 bytes} [Tue Nov 9 17:46:47 2021] GET /placement/resource_providers?name=n-h1-817237-1 => generated 440 bytes in 15 msecs (HTTP/1.1 200) 6 headers in 224 bytes (1 switches on core 0)
Nov 09 17:46:47.968158 n-d-817237-1 devstack@placement-api.service[114411]: DEBUG placement.requestlog [req-32154ebb-7b69-4015-b03f-4fe1b9484e58 req-327f6e08-ad60-46e7-8456-735667b490bf None None] Starting request: 10.222.0.30 "GET /placement/resource_providers/eefabeb4-0ad2-4eb0-9397-12051c299f56/aggregates" {{(pid=114411) __call__ /opt/stack/placement/placement/requestlog.py:55}}
Nov 09 17:46:47.996157 n-d-817237-1 devstack@placement-api.service[114411]: INFO placement.requestlog [req-32154ebb-7b69-4015-b03f-4fe1b9484e58 req-327f6e08-ad60-46e7-8456-735667b490bf service placement] 10.222.0.30 "GET /placement/resource_providers/eefabeb4-0ad2-4eb0-9397-12051c299f56/aggregates" status: 200 len: 53 microversion: 1.19
Nov 09 17:46:47.996969 n-d-817237-1 devstack@placement-api.service[114411]: [pid: 114411|app: 0|req: 32/62] 10.222.0.30 () {60 vars in 1425 bytes} [Tue Nov 9 17:46:47 2021] GET /placement/resource_providers/eefabeb4-0ad2-4eb0-9397-12051c299f56/aggregates => generated 53 bytes in 29 msecs (HTTP/1.1 200) 8 headers in 295 bytes (1 switches on core 0)
Nov 09 17:46:48.004827 n-d-817237-1 devstack@placement-api.service[114412]: DEBUG placement.requestlog [req-32154ebb-7b69-4015-b03f-4fe1b9484e58 req-11744dc4-e352-4b52-a359-064be6966dd8 None None] Starting request: 10.222.0.30 "PUT /placement/resource_providers/eefabeb4-0ad2-4eb0-9397-12051c299f56/aggregates" {{(pid=114412) __call__ /opt/stack/placement/placement/requestlog.py:55}}
Nov 09 17:46:48.027699 n-d-817237-1 devstack@placement-api.service[114412]: DEBUG placement.objects.resource_provider [req-32154ebb-7b69-4015-b03f-4fe1b9484e58 req-11744dc4-e352-4b52-a359-064be6966dd8 service placement] _ensure_aggregate() did not find aggregate e601464e-591c-4319-bfbb-f245e0bb7c34. Attempting to create it. {{(pid=114412) _ensure_aggregate /opt/stack/placement/placement/objects/resource_provider.py:320}}
Nov 09 17:46:48.029890 n-d-817237-1 devstack@placement-api.service[114412]: DEBUG placement.objects.resource_provider [req-32154ebb-7b69-4015-b03f-4fe1b9484e58 req-11744dc4-e352-4b52-a359-064be6966dd8 service placement] _ensure_aggregate() created new aggregate e601464e-591c-4319-bfbb-f245e0bb7c34 (id=3). {{(pid=114412) _ensure_aggregate /opt/stack/placement/placement/objects/resource_provider.py:326}}
Nov 09 17:46:48.031676 n-d-817237-1 devstack@placement-api.service[114412]: DEBUG placement.objects.resource_provider [req-32154ebb-7b69-4015-b03f-4fe1b9484e58 req-11744dc4-e352-4b52-a359-064be6966dd8 service placement] Setting aggregates for provider eefabeb4-0ad2-4eb0-9397-12051c299f56. Successfully associated aggregate e601464e-591c-4319-bfbb-f245e0bb7c34. {{(pid=114412) _set_aggregates /opt/stack/placement/placement/objects/resource_provider.py:388}}
Nov 09 17:46:48.039739 n-d-817237-1 devstack@placement-api.service[114412]: INFO placement.requestlog [req-32154ebb-7b69-4015-b03f-4fe1b9484e58 req-11744dc4-e352-4b52-a359-064be6966dd8 service placement] 10.222.0.30 "PUT /placement/resource_providers/eefabeb4-0ad2-4eb0-9397-12051c299f56/aggregates" status: 200 len: 91 microversion: 1.19
Nov 09 17:46:48.040442 n-d-817237-1 devstack@placement-api.service[114412]: [pid: 114412|app: 0|req: 31/63] 10.222.0.30 () {64 vars in 1477 bytes} [Tue Nov 9 17:46:48 2021] PUT /placement/resource_providers/eefabeb4-0ad2-4eb0-9397-12051c299f56/aggregates => generated 91 bytes in 36 msecs (HTTP/1.1 200) 8 headers in 295 bytes (1 switches on core 0)
Nov 09 17:46:48.766352 n-d-817237-1 devstack@placement-api.service[114411]: DEBUG placement.requestlog [req-86332f90-25d3-4855-b8bf-d42fd5bb2689 req-12859990-4d51-4584-94a6-7e89df616675 None None] Starting request: 10.222.0.30 "GET /placement/resource_providers?name=n-h1-817237-1" {{(pid=114411) __call__ /opt/stack/placement/placement/requestlog.py:55}}
Nov 09 17:46:48.804062 n-d-817237-1 devstack@placement-api.service[114411]: INFO placement.requestlog [req-86332f90-25d3-4855-b8bf-d42fd5bb2689 req-12859990-4d51-4584-94a6-7e89df616675 service placement] 10.222.0.30 "GET /placement/resource_providers?name=n-h1-817237-1" status: 200 len: 440 microversion: 1.0
Nov 09 17:46:48.805784 n-d-817237-1 devstack@placement-api.service[114411]: [pid: 114411|app: 0|req: 33/64] 10.222.0.30 () {58 vars in 1274 bytes} [Tue Nov 9 17:46:48 2021] GET /placement/resource_providers?name=n-h1-817237-1 => generated 440 bytes in 40 msecs (HTTP/1.1 200) 6 headers in 224 bytes (1 switches on core 0)
Nov 09 17:46:48.813508 n-d-817237-1 devstack@placement-api.service[114412]: DEBUG placement.requestlog [req-86332f90-25d3-4855-b8bf-d42fd5bb2689 req-e650a254-95dc-4a2b-a524-63a64043187f None None] Starting request: 10.222.0.30 "GET /placement/resource_providers/eefabeb4-0ad2-4eb0-9397-12051c299f56/aggregates" {{(pid=114412) __call__ /opt/stack/placement/placement/requestlog.py:55}}
Nov 09 17:46:48.834699 n-d-817237-1 devstack@placement-api.service[114412]: INFO placement.requestlog [req-86332f90-25d3-4855-b8bf-d42fd5bb2689 req-e650a254-95dc-4a2b-a524-63a64043187f service placement] 10.222.0.30 "GET /placement/resource_providers/eefabeb4-0ad2-4eb0-9397-12051c299f56/aggregates" status: 200 len: 91 microversion: 1.19
Nov 09 17:46:48.843826 n-d-817237-1 devstack@placement-api.service[114412]: [pid: 114412|app: 0|req: 32/65] 10.222.0.30 () {60 vars in 1425 bytes} [Tue Nov 9 17:46:48 2021] GET /placement/resource_providers/eefabeb4-0ad2-4eb0-9397-12051c299f56/aggregates => generated 91 bytes in 30 msecs (HTTP/1.1 200) 8 headers in 295 bytes (1 switches on core 0)
Nov 09 17:46:48.844363 n-d-817237-1 devstack@placement-api.service[114411]: DEBUG placement.requestlog [req-86332f90-25d3-4855-b8bf-d42fd5bb2689 req-da2c38bd-4774-4cd2-b2f7-c5bce7d722fa None None] Starting request: 10.222.0.30 "PUT /placement/resource_providers/eefabeb4-0ad2-4eb0-9397-12051c299f56/aggregates" {{(pid=114411) __call__ /opt/stack/placement/placement/requestlog.py:55}}
Nov 09 17:46:48.868655 n-d-817237-1 devstack@placement-api.service[114411]: DEBUG placement.objects.resource_provider [req-86332f90-25d3-4855-b8bf-d42fd5bb2689 req-da2c38bd-4774-4cd2-b2f7-c5bce7d722fa service placement] Setting aggregates for provider eefabeb4-0ad2-4eb0-9397-12051c299f56. Successfully disassociated aggregate e601464e-591c-4319-bfbb-f245e0bb7c34. {{(pid=114411) _set_aggregates /opt/stack/placement/placement/objects/resource_provider.py:403}}
Nov 09 17:46:48.880595 n-d-817237-1 devstack@placement-api.service[114411]: INFO placement.requestlog [req-86332f90-25d3-4855-b8bf-d42fd5bb2689 req-da2c38bd-4774-4cd2-b2f7-c5bce7d722fa service placement] 10.222.0.30 "PUT /placement/resource_providers/eefabeb4-0ad2-4eb0-9397-12051c299f56/aggregates" status: 200 len: 54 microversion: 1.19
Nov 09 17:46:48.881374 n-d-817237-1 devstack@placement-api.service[114411]: [pid: 114411|app: 0|req: 34/66] 10.222.0.30 () {64 vars in 1477 bytes} [Tue Nov 9 17:46:48 2021] PUT /placement/resource_providers/eefabeb4-0ad2-4eb0-9397-12051c299f56/aggregates => generated 54 bytes in 37 msecs (HTTP/1.1 200) 8 headers in 295 bytes (1 switches on core 0)
Nov 09 17:46:48.955197 n-d-817237-1 devstack@placement-api.service[114412]: DEBUG placement.requestlog [req-38ee4915-c384-46c3-9ba6-b686931590ca req-5f00137f-367a-4299-b60f-f884189bd825 None None] Starting request: 10.222.0.37 "GET /placement/resource_providers/eefabeb4-0ad2-4eb0-9397-12051c299f56/allocations" {{(pid=114412) __call__ /opt/stack/placement/placement/requestlog.py:55}}
Nov 09 17:46:49.006734 n-d-817237-1 devstack@placement-api.service[114412]: INFO placement.requestlog [req-38ee4915-c384-46c3-9ba6-b686931590ca req-5f00137f-367a-4299-b60f-f884189bd825 service placement] 10.222.0.37 "GET /placement/resource_providers/eefabeb4-0ad2-4eb0-9397-12051c299f56/allocations" status: 200 len: 255 microversion: 1.0
Nov 09 17:46:49.006970 n-d-817237-1 devstack@placement-api.service[114412]: [pid: 114412|app: 0|req: 33/67] 10.222.0.37 () {58 vars in 1390 bytes} [Tue Nov 9 17:46:48 2021] GET /placement/resource_providers/eefabeb4-0ad2-4eb0-9397-12051c299f56/allocations => generated 255 bytes in 52 msecs (HTTP/1.1 200) 6 headers in 224 bytes (2 switches on core 0)
Nov 09 17:46:49.484872 n-d-817237-1 devstack@placement-api.service[114411]: DEBUG placement.requestlog [req-8194daf1-6f64-4081-9d94-1c02378c4a9b req-4ea07772-1b95-4b49-b456-02795afdf151 None None] Starting request: 10.222.0.54 "GET /placement/resource_providers/f750e720-dc39-44fd-a20e-ee488354749f/allocations" {{(pid=114411) __call__ /opt/stack/placement/placement/requestlog.py:55}}
Nov 09 17:46:49.517726 n-d-817237-1 devstack@placement-api.service[114411]: INFO placement.requestlog [req-8194daf1-6f64-4081-9d94-1c02378c4a9b req-4ea07772-1b95-4b49-b456-02795afdf151 service placement] 10.222.0.54 "GET /placement/resource_providers/f750e720-dc39-44fd-a20e-ee488354749f/allocations" status: 200 len: 456 microversion: 1.0
Nov 09 17:46:49.518153 n-d-817237-1 devstack@placement-api.service[114411]: [pid: 114411|app: 0|req: 35/68] 10.222.0.54 () {58 vars in 1390 bytes} [Tue Nov 9 17:46:49 2021] GET /placement/resource_providers/f750e720-dc39-44fd-a20e-ee488354749f/allocations => generated 456 bytes in 33 msecs (HTTP/1.1 200) 6 headers in 224 bytes (1 switches on core 0)
Nov 09 17:46:50.175322 n-d-817237-1 devstack@placement-api.service[114412]: DEBUG placement.requestlog [req-9c7f5481-f1f9-4578-bdad-524054c43df4 req-33e0d63a-821c-4c0a-837a-ec6c7feed13e None None] Starting request: 10.222.0.30 "GET /placement/resource_providers?name=n-h1-817237-1" {{(pid=114412) __call__ /opt/stack/placement/placement/requestlog.py:55}}
Nov 09 17:46:50.193020 n-d-817237-1 devstack@placement-api.service[114412]: INFO placement.requestlog [req-9c7f5481-f1f9-4578-bdad-524054c43df4 req-33e0d63a-821c-4c0a-837a-ec6c7feed13e service placement] 10.222.0.30 "GET /placement/resource_providers?name=n-h1-817237-1" status: 200 len: 441 microversion: 1.0
Nov 09 17:46:50.193755 n-d-817237-1 devstack@placement-api.service[114412]: [pid: 114412|app: 0|req: 34/69] 10.222.0.30 () {58 vars in 1274 bytes} [Tue Nov 9 17:46:50 2021] GET /placement/resource_providers?name=n-h1-817237-1 => generated 441 bytes in 19 msecs (HTTP/1.1 200) 6 headers in 224 bytes (1 switches on core 0)
Nov 09 17:46:50.201937 n-d-817237-1 devstack@placement-api.service[114411]: DEBUG placement.requestlog [req-9c7f5481-f1f9-4578-bdad-524054c43df4 req-6297bdea-7aff-4eee-a71b-5a852f558340 None None] Starting request: 10.222.0.30 "GET /placement/resource_providers/eefabeb4-0ad2-4eb0-9397-12051c299f56/aggregates" {{(pid=114411) __call__ /opt/stack/placement/placement/requestlog.py:55}}
Nov 09 17:46:50.216005 n-d-817237-1 devstack@placement-api.service[114411]: INFO placement.requestlog [req-9c7f5481-f1f9-4578-bdad-524054c43df4 req-6297bdea-7aff-4eee-a71b-5a852f558340 service placement] 10.222.0.30 "GET /placement/resource_providers/eefabeb4-0ad2-4eb0-9397-12051c299f56/aggregates" status: 200 len: 54 microversion: 1.19
Nov 09 17:46:50.216470 n-d-817237-1 devstack@placement-api.service[114411]: [pid: 114411|app: 0|req: 36/70] 10.222.0.30 () {60 vars in 1425 bytes} [Tue Nov 9 17:46:50 2021] GET /placement/resource_providers/eefabeb4-0ad2-4eb0-9397-12051c299f56/aggregates => generated 54 bytes in 15 msecs (HTTP/1.1 200) 8 headers in 295 bytes (1 switches on core 0)
Nov 09 17:46:50.224368 n-d-817237-1 devstack@placement-api.service[114412]: DEBUG placement.requestlog [req-9c7f5481-f1f9-4578-bdad-524054c43df4 req-a4f49491-ff54-46fc-b707-14847e90f535 None None] Starting request: 10.222.0.30 "PUT /placement/resource_providers/eefabeb4-0ad2-4eb0-9397-12051c299f56/aggregates" {{(pid=114412) __call__ /opt/stack/placement/placement/requestlog.py:55}}
Nov 09 17:46:50.240876 n-d-817237-1 devstack@placement-api.service[114412]: DEBUG placement.objects.resource_provider [req-9c7f5481-f1f9-4578-bdad-524054c43df4 req-a4f49491-ff54-46fc-b707-14847e90f535 service placement] _ensure_aggregate() did not find aggregate 1cdb1114-4e03-4bb4-ba8d-4795173f54a9. Attempting to create it. {{(pid=114412) _ensure_aggregate /opt/stack/placement/placement/objects/resource_provider.py:320}}
Nov 09 17:46:50.242483 n-d-817237-1 devstack@placement-api.service[114412]: DEBUG placement.objects.resource_provider [req-9c7f5481-f1f9-4578-bdad-524054c43df4 req-a4f49491-ff54-46fc-b707-14847e90f535 service placement] _ensure_aggregate() created new aggregate 1cdb1114-4e03-4bb4-ba8d-4795173f54a9 (id=4). {{(pid=114412) _ensure_aggregate /opt/stack/placement/placement/objects/resource_provider.py:326}}
Nov 09 17:46:50.244230 n-d-817237-1 devstack@placement-api.service[114412]: DEBUG placement.objects.resource_provider [req-9c7f5481-f1f9-4578-bdad-524054c43df4 req-a4f49491-ff54-46fc-b707-14847e90f535 service placement] Setting aggregates for provider eefabeb4-0ad2-4eb0-9397-12051c299f56. Successfully associated aggregate 1cdb1114-4e03-4bb4-ba8d-4795173f54a9. {{(pid=114412) _set_aggregates /opt/stack/placement/placement/objects/resource_provider.py:388}}
Nov 09 17:46:50.249989 n-d-817237-1 devstack@placement-api.service[114412]: INFO placement.requestlog [req-9c7f5481-f1f9-4578-bdad-524054c43df4 req-a4f49491-ff54-46fc-b707-14847e90f535 service placement] 10.222.0.30 "PUT /placement/resource_providers/eefabeb4-0ad2-4eb0-9397-12051c299f56/aggregates" status: 200 len: 92 microversion: 1.19
Nov 09 17:46:50.250950 n-d-817237-1 devstack@placement-api.service[114412]: [pid: 114412|app: 0|req: 35/71] 10.222.0.30 () {64 vars in 1477 bytes} [Tue Nov 9 17:46:50 2021] PUT /placement/resource_providers/eefabeb4-0ad2-4eb0-9397-12051c299f56/aggregates => generated 92 bytes in 26 msecs (HTTP/1.1 200) 8 headers in 295 bytes (2 switches on core 0)
Nov 09 17:46:50.491756 n-d-817237-1 devstack@placement-api.service[114411]: DEBUG placement.requestlog [req-a70c4c2a-6b05-4763-be96-988c0cfda829 req-e92ef831-8f2a-4946-842e-441c90fda607 None None] Starting request: 10.222.0.30 "GET /placement/resource_providers?name=n-h1-817237-1" {{(pid=114411) __call__ /opt/stack/placement/placement/requestlog.py:55}}
Nov 09 17:46:50.507869 n-d-817237-1 devstack@placement-api.service[114411]: INFO placement.requestlog [req-a70c4c2a-6b05-4763-be96-988c0cfda829 req-e92ef831-8f2a-4946-842e-441c90fda607 service placement] 10.222.0.30 "GET /placement/resource_providers?name=n-h1-817237-1" status: 200 len: 441 microversion: 1.0
Nov 09 17:46:50.508775 n-d-817237-1 devstack@placement-api.service[114411]: [pid: 114411|app: 0|req: 37/72] 10.222.0.30 () {58 vars in 1274 bytes} [Tue Nov 9 17:46:50 2021] GET /placement/resource_providers?name=n-h1-817237-1 => generated 441 bytes in 17 msecs (HTTP/1.1 200) 6 headers in 224 bytes (1 switches on core 0)
Nov 09 17:46:50.517211 n-d-817237-1 devstack@placement-api.service[114412]: DEBUG placement.requestlog [req-a70c4c2a-6b05-4763-be96-988c0cfda829 req-39935cf7-fbd0-429f-bf92-b3344004fe8f None None] Starting request: 10.222.0.30 "GET /placement/resource_providers/eefabeb4-0ad2-4eb0-9397-12051c299f56/aggregates" {{(pid=114412) __call__ /opt/stack/placement/placement/requestlog.py:55}}
Nov 09 17:46:50.531393 n-d-817237-1 devstack@placement-api.service[114412]: INFO placement.requestlog [req-a70c4c2a-6b05-4763-be96-988c0cfda829 req-39935cf7-fbd0-429f-bf92-b3344004fe8f service placement] 10.222.0.30 "GET /placement/resource_providers/eefabeb4-0ad2-4eb0-9397-12051c299f56/aggregates" status: 200 len: 92 microversion: 1.19
Nov 09 17:46:50.531999 n-d-817237-1 devstack@placement-api.service[114412]: [pid: 114412|app: 0|req: 36/73] 10.222.0.30 () {60 vars in 1425 bytes} [Tue Nov 9 17:46:50 2021] GET /placement/resource_providers/eefabeb4-0ad2-4eb0-9397-12051c299f56/aggregates => generated 92 bytes in 15 msecs (HTTP/1.1 200) 8 headers in 295 bytes (1 switches on core 0)
Nov 09 17:46:50.539893 n-d-817237-1 devstack@placement-api.service[114411]: DEBUG placement.requestlog [req-a70c4c2a-6b05-4763-be96-988c0cfda829 req-83a9922d-f025-4e31-8515-089bba1c5309 None None] Starting request: 10.222.0.30 "PUT /placement/resource_providers/eefabeb4-0ad2-4eb0-9397-12051c299f56/aggregates" {{(pid=114411) __call__ /opt/stack/placement/placement/requestlog.py:55}}
Nov 09 17:46:50.559889 n-d-817237-1 devstack@placement-api.service[114411]: DEBUG placement.objects.resource_provider [req-a70c4c2a-6b05-4763-be96-988c0cfda829 req-83a9922d-f025-4e31-8515-089bba1c5309 service placement] Setting aggregates for provider eefabeb4-0ad2-4eb0-9397-12051c299f56. Successfully disassociated aggregate 1cdb1114-4e03-4bb4-ba8d-4795173f54a9. {{(pid=114411) _set_aggregates /opt/stack/placement/placement/objects/resource_provider.py:403}}
Nov 09 17:46:50.570325 n-d-817237-1 devstack@placement-api.service[114411]: INFO placement.requestlog [req-a70c4c2a-6b05-4763-be96-988c0cfda829 req-83a9922d-f025-4e31-8515-089bba1c5309 service placement] 10.222.0.30 "PUT /placement/resource_providers/eefabeb4-0ad2-4eb0-9397-12051c299f56/aggregates" status: 200 len: 54 microversion: 1.19
Nov 09 17:46:50.571302 n-d-817237-1 devstack@placement-api.service[114411]: [pid: 114411|app: 0|req: 38/74] 10.222.0.30 () {64 vars in 1477 bytes} [Tue Nov 9 17:46:50 2021] PUT /placement/resource_providers/eefabeb4-0ad2-4eb0-9397-12051c299f56/aggregates => generated 54 bytes in 31 msecs (HTTP/1.1 200) 8 headers in 295 bytes (1 switches on core 0)
Nov 09 17:46:51.305110 n-d-817237-1 devstack@placement-api.service[114412]: DEBUG placement.requestlog [req-6060ca2d-9898-4fa8-94c6-bd551147bcac req-8ef7514e-dfc1-4527-bf07-a6c3ffa89304 None None] Starting request: 10.222.0.30 "GET /placement/resource_providers?name=n-h1-817237-1" {{(pid=114412) __call__ /opt/stack/placement/placement/requestlog.py:55}}
Nov 09 17:46:51.317979 n-d-817237-1 devstack@placement-api.service[114412]: INFO placement.requestlog [req-6060ca2d-9898-4fa8-94c6-bd551147bcac req-8ef7514e-dfc1-4527-bf07-a6c3ffa89304 service placement] 10.222.0.30 "GET /placement/resource_providers?name=n-h1-817237-1" status: 200 len: 441 microversion: 1.0
Nov 09 17:46:51.319433 n-d-817237-1 devstack@placement-api.service[114412]: [pid: 114412|app: 0|req: 37/75] 10.222.0.30 () {58 vars in 1274 bytes} [Tue Nov 9 17:46:51 2021] GET /placement/resource_providers?name=n-h1-817237-1 => generated 441 bytes in 14 msecs (HTTP/1.1 200) 6 headers in 224 bytes (1 switches on core 0)
Nov 09 17:46:51.336051 n-d-817237-1 devstack@placement-api.service[114411]: DEBUG placement.requestlog [req-6060ca2d-9898-4fa8-94c6-bd551147bcac req-5a076119-7590-4010-9464-dcb79c149c03 None None] Starting request: 10.222.0.30 "GET /placement/resource_providers/eefabeb4-0ad2-4eb0-9397-12051c299f56/aggregates" {{(pid=114411) __call__ /opt/stack/placement/placement/requestlog.py:55}}
Nov 09 17:46:51.362724 n-d-817237-1 devstack@placement-api.service[114411]: INFO placement.requestlog [req-6060ca2d-9898-4fa8-94c6-bd551147bcac req-5a076119-7590-4010-9464-dcb79c149c03 service placement] 10.222.0.30 "GET /placement/resource_providers/eefabeb4-0ad2-4eb0-9397-12051c299f56/aggregates" status: 200 len: 54 microversion: 1.19
Nov 09 17:46:51.363642 n-d-817237-1 devstack@placement-api.service[114411]: [pid: 114411|app: 0|req: 39/76] 10.222.0.30 () {60 vars in 1425 bytes} [Tue Nov 9 17:46:51 2021] GET /placement/resource_providers/eefabeb4-0ad2-4eb0-9397-12051c299f56/aggregates => generated 54 bytes in 28 msecs (HTTP/1.1 200) 8 headers in 295 bytes (1 switches on core 0)
Nov 09 17:46:51.373525 n-d-817237-1 devstack@placement-api.service[114412]: DEBUG placement.requestlog [req-6060ca2d-9898-4fa8-94c6-bd551147bcac req-0b010bd6-6402-4724-b355-f12c2a1fda93 None None] Starting request: 10.222.0.30 "PUT /placement/resource_providers/eefabeb4-0ad2-4eb0-9397-12051c299f56/aggregates" {{(pid=114412) __call__ /opt/stack/placement/placement/requestlog.py:55}}
Nov 09 17:46:51.390269 n-d-817237-1 devstack@placement-api.service[114412]: DEBUG placement.objects.resource_provider [req-6060ca2d-9898-4fa8-94c6-bd551147bcac req-0b010bd6-6402-4724-b355-f12c2a1fda93 service placement] _ensure_aggregate() did not find aggregate 58421724-210f-4bfc-ba87-a853fdc92ddc. Attempting to create it. {{(pid=114412) _ensure_aggregate /opt/stack/placement/placement/objects/resource_provider.py:320}}
Nov 09 17:46:51.391945 n-d-817237-1 devstack@placement-api.service[114412]: DEBUG placement.objects.resource_provider [req-6060ca2d-9898-4fa8-94c6-bd551147bcac req-0b010bd6-6402-4724-b355-f12c2a1fda93 service placement] _ensure_aggregate() created new aggregate 58421724-210f-4bfc-ba87-a853fdc92ddc (id=5). {{(pid=114412) _ensure_aggregate /opt/stack/placement/placement/objects/resource_provider.py:326}}
Nov 09 17:46:51.393422 n-d-817237-1 devstack@placement-api.service[114412]: DEBUG placement.objects.resource_provider [req-6060ca2d-9898-4fa8-94c6-bd551147bcac req-0b010bd6-6402-4724-b355-f12c2a1fda93 service placement] Setting aggregates for provider eefabeb4-0ad2-4eb0-9397-12051c299f56. Successfully associated aggregate 58421724-210f-4bfc-ba87-a853fdc92ddc. {{(pid=114412) _set_aggregates /opt/stack/placement/placement/objects/resource_provider.py:388}}
Nov 09 17:46:51.401963 n-d-817237-1 devstack@placement-api.service[114412]: INFO placement.requestlog [req-6060ca2d-9898-4fa8-94c6-bd551147bcac req-0b010bd6-6402-4724-b355-f12c2a1fda93 service placement] 10.222.0.30 "PUT /placement/resource_providers/eefabeb4-0ad2-4eb0-9397-12051c299f56/aggregates" status: 200 len: 92 microversion: 1.19
Nov 09 17:46:51.402409 n-d-817237-1 devstack@placement-api.service[114412]: [pid: 114412|app: 0|req: 38/77] 10.222.0.30 () {64 vars in 1477 bytes} [Tue Nov 9 17:46:51 2021] PUT /placement/resource_providers/eefabeb4-0ad2-4eb0-9397-12051c299f56/aggregates => generated 92 bytes in 29 msecs (HTTP/1.1 200) 8 headers in 295 bytes (2 switches on core 0)
Nov 09 17:46:51.507461 n-d-817237-1 devstack@placement-api.service[114411]: DEBUG placement.requestlog [req-78698a36-df75-4b66-929e-12682b02668a req-bb86ec21-d723-46a2-b900-599a885de0c2 None None] Starting request: 10.222.0.30 "GET /placement/resource_providers?name=n-h1-817237-1" {{(pid=114411) __call__ /opt/stack/placement/placement/requestlog.py:55}}
Nov 09 17:46:51.531767 n-d-817237-1 devstack@placement-api.service[114411]: INFO placement.requestlog [req-78698a36-df75-4b66-929e-12682b02668a req-bb86ec21-d723-46a2-b900-599a885de0c2 service placement] 10.222.0.30 "GET /placement/resource_providers?name=n-h1-817237-1" status: 200 len: 441 microversion: 1.0
Nov 09 17:46:51.532530 n-d-817237-1 devstack@placement-api.service[114411]: [pid: 114411|app: 0|req: 40/78] 10.222.0.30 () {58 vars in 1274 bytes} [Tue Nov 9 17:46:51 2021] GET /placement/resource_providers?name=n-h1-817237-1 => generated 441 bytes in 25 msecs (HTTP/1.1 200) 6 headers in 224 bytes (1 switches on core 0)
Nov 09 17:46:51.551011 n-d-817237-1 devstack@placement-api.service[114412]: DEBUG placement.requestlog [req-78698a36-df75-4b66-929e-12682b02668a req-fcfbc583-0b5b-4eeb-8941-db3faf2343ea None None] Starting request: 10.222.0.30 "GET /placement/resource_providers/eefabeb4-0ad2-4eb0-9397-12051c299f56/aggregates" {{(pid=114412) __call__ /opt/stack/placement/placement/requestlog.py:55}}
Nov 09 17:46:51.573037 n-d-817237-1 devstack@placement-api.service[114412]: INFO placement.requestlog [req-78698a36-df75-4b66-929e-12682b02668a req-fcfbc583-0b5b-4eeb-8941-db3faf2343ea service placement] 10.222.0.30 "GET /placement/resource_providers/eefabeb4-0ad2-4eb0-9397-12051c299f56/aggregates" status: 200 len: 92 microversion: 1.19
Nov 09 17:46:51.573614 n-d-817237-1 devstack@placement-api.service[114412]: [pid: 114412|app: 0|req: 39/79] 10.222.0.30 () {60 vars in 1425 bytes} [Tue Nov 9 17:46:51 2021] GET /placement/resource_providers/eefabeb4-0ad2-4eb0-9397-12051c299f56/aggregates => generated 92 bytes in 23 msecs (HTTP/1.1 200) 8 headers in 295 bytes (1 switches on core 0)
Nov 09 17:46:51.580535 n-d-817237-1 devstack@placement-api.service[114411]: DEBUG placement.requestlog [req-78698a36-df75-4b66-929e-12682b02668a req-bce853f4-4fac-4e16-a0ff-658244ff5412 None None] Starting request: 10.222.0.30 "PUT /placement/resource_providers/eefabeb4-0ad2-4eb0-9397-12051c299f56/aggregates" {{(pid=114411) __call__ /opt/stack/placement/placement/requestlog.py:55}}
Nov 09 17:46:51.598068 n-d-817237-1 devstack@placement-api.service[114411]: DEBUG placement.objects.resource_provider [req-78698a36-df75-4b66-929e-12682b02668a req-bce853f4-4fac-4e16-a0ff-658244ff5412 service placement] Setting aggregates for provider eefabeb4-0ad2-4eb0-9397-12051c299f56. Successfully disassociated aggregate 58421724-210f-4bfc-ba87-a853fdc92ddc. {{(pid=114411) _set_aggregates /opt/stack/placement/placement/objects/resource_provider.py:403}}
Nov 09 17:46:51.605806 n-d-817237-1 devstack@placement-api.service[114411]: INFO placement.requestlog [req-78698a36-df75-4b66-929e-12682b02668a req-bce853f4-4fac-4e16-a0ff-658244ff5412 service placement] 10.222.0.30 "PUT /placement/resource_providers/eefabeb4-0ad2-4eb0-9397-12051c299f56/aggregates" status: 200 len: 54 microversion: 1.19
Nov 09 17:46:51.606203 n-d-817237-1 devstack@placement-api.service[114411]: [pid: 114411|app: 0|req: 41/80] 10.222.0.30 () {64 vars in 1477 bytes} [Tue Nov 9 17:46:51 2021] PUT /placement/resource_providers/eefabeb4-0ad2-4eb0-9397-12051c299f56/aggregates => generated 54 bytes in 26 msecs (HTTP/1.1 200) 8 headers in 295 bytes (1 switches on core 0)
Nov 09 17:46:52.371241 n-d-817237-1 devstack@placement-api.service[114412]: DEBUG placement.requestlog [req-c908fe9f-1263-4086-ae0d-10ce26fe9ff1 req-98e1ef14-2f74-42bc-8618-95c931ba7c83 None None] Starting request: 10.222.0.30 "GET /placement/resource_providers?name=n-h1-817237-1" {{(pid=114412) __call__ /opt/stack/placement/placement/requestlog.py:55}}
Nov 09 17:46:52.383576 n-d-817237-1 devstack@placement-api.service[114412]: INFO placement.requestlog [req-c908fe9f-1263-4086-ae0d-10ce26fe9ff1 req-98e1ef14-2f74-42bc-8618-95c931ba7c83 service placement] 10.222.0.30 "GET /placement/resource_providers?name=n-h1-817237-1" status: 200 len: 441 microversion: 1.0
Nov 09 17:46:52.390277 n-d-817237-1 devstack@placement-api.service[114412]: [pid: 114412|app: 0|req: 40/81] 10.222.0.30 () {58 vars in 1274 bytes} [Tue Nov 9 17:46:52 2021] GET /placement/resource_providers?name=n-h1-817237-1 => generated 441 bytes in 19 msecs (HTTP/1.1 200) 6 headers in 224 bytes (1 switches on core 0)
Nov 09 17:46:52.394640 n-d-817237-1 devstack@placement-api.service[114411]: DEBUG placement.requestlog [req-c908fe9f-1263-4086-ae0d-10ce26fe9ff1 req-1ec4908a-0df1-4a29-8212-554dc9da4c96 None None] Starting request: 10.222.0.30 "GET /placement/resource_providers/eefabeb4-0ad2-4eb0-9397-12051c299f56/aggregates" {{(pid=114411) __call__ /opt/stack/placement/placement/requestlog.py:55}}
Nov 09 17:46:52.408726 n-d-817237-1 devstack@placement-api.service[114411]: INFO placement.requestlog [req-c908fe9f-1263-4086-ae0d-10ce26fe9ff1 req-1ec4908a-0df1-4a29-8212-554dc9da4c96 service placement] 10.222.0.30 "GET /placement/resource_providers/eefabeb4-0ad2-4eb0-9397-12051c299f56/aggregates" status: 200 len: 54 microversion: 1.19
Nov 09 17:46:52.416779 n-d-817237-1 devstack@placement-api.service[114411]: [pid: 114411|app: 0|req: 42/82] 10.222.0.30 () {60 vars in 1425 bytes} [Tue Nov 9 17:46:52 2021] GET /placement/resource_providers/eefabeb4-0ad2-4eb0-9397-12051c299f56/aggregates => generated 54 bytes in 22 msecs (HTTP/1.1 200) 8 headers in 295 bytes (1 switches on core 0)
Nov 09 17:46:52.419017 n-d-817237-1 devstack@placement-api.service[114412]: DEBUG placement.requestlog [req-c908fe9f-1263-4086-ae0d-10ce26fe9ff1 req-cc66278e-8164-4fa7-85d1-c25a2bdab830 None None] Starting request: 10.222.0.30 "PUT /placement/resource_providers/eefabeb4-0ad2-4eb0-9397-12051c299f56/aggregates" {{(pid=114412) __call__ /opt/stack/placement/placement/requestlog.py:55}}
Nov 09 17:46:52.439480 n-d-817237-1 devstack@placement-api.service[114412]: DEBUG placement.objects.resource_provider [req-c908fe9f-1263-4086-ae0d-10ce26fe9ff1 req-cc66278e-8164-4fa7-85d1-c25a2bdab830 service placement] _ensure_aggregate() did not find aggregate 6f0610ee-461f-4b0a-8942-e5a4016d19f4. Attempting to create it. {{(pid=114412) _ensure_aggregate /opt/stack/placement/placement/objects/resource_provider.py:320}}
Nov 09 17:46:52.440886 n-d-817237-1 devstack@placement-api.service[114412]: DEBUG placement.objects.resource_provider [req-c908fe9f-1263-4086-ae0d-10ce26fe9ff1 req-cc66278e-8164-4fa7-85d1-c25a2bdab830 service placement] _ensure_aggregate() created new aggregate 6f0610ee-461f-4b0a-8942-e5a4016d19f4 (id=6). {{(pid=114412) _ensure_aggregate /opt/stack/placement/placement/objects/resource_provider.py:326}}
Nov 09 17:46:52.442586 n-d-817237-1 devstack@placement-api.service[114412]: DEBUG placement.objects.resource_provider [req-c908fe9f-1263-4086-ae0d-10ce26fe9ff1 req-cc66278e-8164-4fa7-85d1-c25a2bdab830 service placement] Setting aggregates for provider eefabeb4-0ad2-4eb0-9397-12051c299f56. Successfully associated aggregate 6f0610ee-461f-4b0a-8942-e5a4016d19f4. {{(pid=114412) _set_aggregates /opt/stack/placement/placement/objects/resource_provider.py:388}}
Nov 09 17:46:52.453813 n-d-817237-1 devstack@placement-api.service[114412]: INFO placement.requestlog [req-c908fe9f-1263-4086-ae0d-10ce26fe9ff1 req-cc66278e-8164-4fa7-85d1-c25a2bdab830 service placement] 10.222.0.30 "PUT /placement/resource_providers/eefabeb4-0ad2-4eb0-9397-12051c299f56/aggregates" status: 200 len: 92 microversion: 1.19
Nov 09 17:46:52.455018 n-d-817237-1 devstack@placement-api.service[114412]: [pid: 114412|app: 0|req: 41/83] 10.222.0.30 () {64 vars in 1477 bytes} [Tue Nov 9 17:46:52 2021] PUT /placement/resource_providers/eefabeb4-0ad2-4eb0-9397-12051c299f56/aggregates => generated 92 bytes in 36 msecs (HTTP/1.1 200) 8 headers in 295 bytes (1 switches on core 0)
Nov 09 17:46:52.554699 n-d-817237-1 devstack@placement-api.service[114411]: DEBUG placement.requestlog [req-4b75d5b4-ab8f-489e-96ce-bc4a132405a1 req-38a51726-b742-437a-a17a-a3a13df0c57d None None] Starting request: 10.222.0.30 "GET /placement/resource_providers?name=n-h1-817237-1" {{(pid=114411) __call__ /opt/stack/placement/placement/requestlog.py:55}}
Nov 09 17:46:52.568073 n-d-817237-1 devstack@placement-api.service[114411]: INFO placement.requestlog [req-4b75d5b4-ab8f-489e-96ce-bc4a132405a1 req-38a51726-b742-437a-a17a-a3a13df0c57d service placement] 10.222.0.30 "GET /placement/resource_providers?name=n-h1-817237-1" status: 200 len: 441 microversion: 1.0
Nov 09 17:46:52.569845 n-d-817237-1 devstack@placement-api.service[114411]: [pid: 114411|app: 0|req: 43/84] 10.222.0.30 () {58 vars in 1274 bytes} [Tue Nov 9 17:46:52 2021] GET /placement/resource_providers?name=n-h1-817237-1 => generated 441 bytes in 15 msecs (HTTP/1.1 200) 6 headers in 224 bytes (1 switches on core 0)
Nov 09 17:46:52.575950 n-d-817237-1 devstack@placement-api.service[114412]: DEBUG placement.requestlog [req-4b75d5b4-ab8f-489e-96ce-bc4a132405a1 req-b3b3c22d-dfae-4a5b-b1b1-7cf13517cc0c None None] Starting request: 10.222.0.30 "GET /placement/resource_providers/eefabeb4-0ad2-4eb0-9397-12051c299f56/aggregates" {{(pid=114412) __call__ /opt/stack/placement/placement/requestlog.py:55}}
Nov 09 17:46:52.590649 n-d-817237-1 devstack@placement-api.service[114412]: INFO placement.requestlog [req-4b75d5b4-ab8f-489e-96ce-bc4a132405a1 req-b3b3c22d-dfae-4a5b-b1b1-7cf13517cc0c service placement] 10.222.0.30 "GET /placement/resource_providers/eefabeb4-0ad2-4eb0-9397-12051c299f56/aggregates" status: 200 len: 92 microversion: 1.19
Nov 09 17:46:52.591580 n-d-817237-1 devstack@placement-api.service[114412]: [pid: 114412|app: 0|req: 42/85] 10.222.0.30 () {60 vars in 1425 bytes} [Tue Nov 9 17:46:52 2021] GET /placement/resource_providers/eefabeb4-0ad2-4eb0-9397-12051c299f56/aggregates => generated 92 bytes in 16 msecs (HTTP/1.1 200) 8 headers in 295 bytes (1 switches on core 0)
Nov 09 17:46:52.598770 n-d-817237-1 devstack@placement-api.service[114411]: DEBUG placement.requestlog [req-4b75d5b4-ab8f-489e-96ce-bc4a132405a1 req-bbbd2649-5286-4f2c-a275-2e3257f655ba None None] Starting request: 10.222.0.30 "PUT /placement/resource_providers/eefabeb4-0ad2-4eb0-9397-12051c299f56/aggregates" {{(pid=114411) __call__ /opt/stack/placement/placement/requestlog.py:55}}
Nov 09 17:46:52.614423 n-d-817237-1 devstack@placement-api.service[114411]: DEBUG placement.objects.resource_provider [req-4b75d5b4-ab8f-489e-96ce-bc4a132405a1 req-bbbd2649-5286-4f2c-a275-2e3257f655ba service placement] Setting aggregates for provider eefabeb4-0ad2-4eb0-9397-12051c299f56. Successfully disassociated aggregate 6f0610ee-461f-4b0a-8942-e5a4016d19f4. {{(pid=114411) _set_aggregates /opt/stack/placement/placement/objects/resource_provider.py:403}}
Nov 09 17:46:52.620901 n-d-817237-1 devstack@placement-api.service[114411]: INFO placement.requestlog [req-4b75d5b4-ab8f-489e-96ce-bc4a132405a1 req-bbbd2649-5286-4f2c-a275-2e3257f655ba service placement] 10.222.0.30 "PUT /placement/resource_providers/eefabeb4-0ad2-4eb0-9397-12051c299f56/aggregates" status: 200 len: 54 microversion: 1.19
Nov 09 17:46:52.621511 n-d-817237-1 devstack@placement-api.service[114411]: [pid: 114411|app: 0|req: 44/86] 10.222.0.30 () {64 vars in 1477 bytes} [Tue Nov 9 17:46:52 2021] PUT /placement/resource_providers/eefabeb4-0ad2-4eb0-9397-12051c299f56/aggregates => generated 54 bytes in 23 msecs (HTTP/1.1 200) 8 headers in 295 bytes (1 switches on core 0)
Nov 09 17:46:56.094839 n-d-817237-1 devstack@placement-api.service[114412]: DEBUG placement.requestlog [req-a48b4d24-00e0-4c99-8631-15192bbfb270 req-3cc91fc4-32a1-41ef-b81c-c354b86ed2d4 None None] Starting request: 10.222.0.30 "GET /placement/allocation_candidates?limit=1000&resources=DISK_GB%3A1%2CMEMORY_MB%3A1024%2CVCPU%3A1&root_required=%21COMPUTE_STATUS_DISABLED" {{(pid=114412) __call__ /opt/stack/placement/placement/requestlog.py:55}}
Nov 09 17:46:56.117657 n-d-817237-1 devstack@placement-api.service[114411]: DEBUG placement.requestlog [req-5ec0f184-ac63-487f-b52d-196aed1dd05e req-eca0dacf-0fed-4900-a1be-5228af101cad None None] Starting request: 10.222.0.37 "DELETE /placement/allocations/f04623ba-bd36-4cdf-97be-fc6b472bac5c" {{(pid=114411) __call__ /opt/stack/placement/placement/requestlog.py:55}}
Nov 09 17:46:56.178720 n-d-817237-1 devstack@placement-api.service[114412]: DEBUG placement.objects.research_context [req-a48b4d24-00e0-4c99-8631-15192bbfb270 req-3cc91fc4-32a1-41ef-b81c-c354b86ed2d4 service placement] getting providers with 1 DISK_GB {{(pid=114412) __init__ /opt/stack/placement/placement/objects/research_context.py:126}}
Nov 09 17:46:56.180440 n-d-817237-1 devstack@placement-api.service[114411]: DEBUG placement.handlers.allocation [req-5ec0f184-ac63-487f-b52d-196aed1dd05e req-eca0dacf-0fed-4900-a1be-5228af101cad service placement] Successfully deleted allocations [, , ] {{(pid=114411) delete_allocations /opt/stack/placement/placement/handlers/allocation.py:627}}
Nov 09 17:46:56.181647 n-d-817237-1 devstack@placement-api.service[114411]: INFO placement.requestlog [req-5ec0f184-ac63-487f-b52d-196aed1dd05e req-eca0dacf-0fed-4900-a1be-5228af101cad service placement] 10.222.0.37 "DELETE /placement/allocations/f04623ba-bd36-4cdf-97be-fc6b472bac5c" status: 204 len: 0 microversion: 1.0
Nov 09 17:46:56.182374 n-d-817237-1 devstack@placement-api.service[114411]: [pid: 114411|app: 0|req: 45/87] 10.222.0.37 () {60 vars in 1355 bytes} [Tue Nov 9 17:46:56 2021] DELETE /placement/allocations/f04623ba-bd36-4cdf-97be-fc6b472bac5c => generated 0 bytes in 65 msecs (HTTP/1.1 204) 5 headers in 198 bytes (1 switches on core 0)
Nov 09 17:46:56.204410 n-d-817237-1 devstack@placement-api.service[114412]: DEBUG placement.objects.research_context [req-a48b4d24-00e0-4c99-8631-15192bbfb270 req-3cc91fc4-32a1-41ef-b81c-c354b86ed2d4 service placement] getting providers with 1024 MEMORY_MB {{(pid=114412) __init__ /opt/stack/placement/placement/objects/research_context.py:126}}
Nov 09 17:46:56.210848 n-d-817237-1 devstack@placement-api.service[114412]: DEBUG placement.objects.research_context [req-a48b4d24-00e0-4c99-8631-15192bbfb270 req-3cc91fc4-32a1-41ef-b81c-c354b86ed2d4 service placement] getting providers with 1 VCPU {{(pid=114412) __init__ /opt/stack/placement/placement/objects/research_context.py:126}}
Nov 09 17:46:56.232870 n-d-817237-1 devstack@placement-api.service[114412]: DEBUG placement.objects.research_context [req-a48b4d24-00e0-4c99-8631-15192bbfb270 req-3cc91fc4-32a1-41ef-b81c-c354b86ed2d4 service placement] found 2 providers with available 1 DISK_GB {{(pid=114412) get_provider_ids_matching /opt/stack/placement/placement/objects/research_context.py:549}}
Nov 09 17:46:56.232984 n-d-817237-1 devstack@placement-api.service[114412]: DEBUG placement.objects.research_context [req-a48b4d24-00e0-4c99-8631-15192bbfb270 req-3cc91fc4-32a1-41ef-b81c-c354b86ed2d4 service placement] found 2 providers with available 1024 MEMORY_MB {{(pid=114412) get_provider_ids_matching /opt/stack/placement/placement/objects/research_context.py:549}}
Nov 09 17:46:56.233290 n-d-817237-1 devstack@placement-api.service[114412]: DEBUG placement.objects.research_context [req-a48b4d24-00e0-4c99-8631-15192bbfb270 req-3cc91fc4-32a1-41ef-b81c-c354b86ed2d4 service placement] found 2 providers after filtering by previous result {{(pid=114412) get_provider_ids_matching /opt/stack/placement/placement/objects/research_context.py:580}}
Nov 09 17:46:56.235250 n-d-817237-1 devstack@placement-api.service[114412]: DEBUG placement.objects.research_context [req-a48b4d24-00e0-4c99-8631-15192bbfb270 req-3cc91fc4-32a1-41ef-b81c-c354b86ed2d4 service placement] found 2 providers with available 1 VCPU {{(pid=114412) get_provider_ids_matching /opt/stack/placement/placement/objects/research_context.py:549}}
Nov 09 17:46:56.236986 n-d-817237-1 devstack@placement-api.service[114412]: DEBUG placement.objects.research_context [req-a48b4d24-00e0-4c99-8631-15192bbfb270 req-3cc91fc4-32a1-41ef-b81c-c354b86ed2d4 service placement] found 2 providers after filtering by previous result {{(pid=114412) get_provider_ids_matching /opt/stack/placement/placement/objects/research_context.py:580}}
Nov 09 17:46:56.271571 n-d-817237-1 devstack@placement-api.service[114412]: DEBUG placement.objects.allocation_candidate [req-a48b4d24-00e0-4c99-8631-15192bbfb270 req-3cc91fc4-32a1-41ef-b81c-c354b86ed2d4 service placement] RequestGroup(use_same_provider=False, resources={DISK_GB:1, MEMORY_MB:1024, VCPU:1}, traits=[], aggregates=[]) (suffix '') returned 2 matches {{(pid=114412) _get_by_requests /opt/stack/placement/placement/objects/allocation_candidate.py:145}}
Nov 09 17:46:56.272160 n-d-817237-1 devstack@placement-api.service[114412]: DEBUG placement.objects.allocation_candidate [req-a48b4d24-00e0-4c99-8631-15192bbfb270 req-3cc91fc4-32a1-41ef-b81c-c354b86ed2d4 service placement] Merging candidates yields 2 allocation requests and 2 provider summaries {{(pid=114412) _merge_candidates /opt/stack/placement/placement/objects/allocation_candidate.py:783}}
Nov 09 17:46:56.273807 n-d-817237-1 devstack@placement-api.service[114412]: INFO placement.requestlog [req-a48b4d24-00e0-4c99-8631-15192bbfb270 req-3cc91fc4-32a1-41ef-b81c-c354b86ed2d4 service placement] 10.222.0.30 "GET /placement/allocation_candidates?limit=1000&resources=DISK_GB%3A1%2CMEMORY_MB%3A1024%2CVCPU%3A1&root_required=%21COMPUTE_STATUS_DISABLED" status: 200 len: 1309 microversion: 1.36
Nov 09 17:46:56.274425 n-d-817237-1 devstack@placement-api.service[114412]: [pid: 114412|app: 0|req: 43/88] 10.222.0.30 () {60 vars in 1506 bytes} [Tue Nov 9 17:46:56 2021] GET /placement/allocation_candidates?limit=1000&resources=DISK_GB%3A1%2CMEMORY_MB%3A1024%2CVCPU%3A1&root_required=%21COMPUTE_STATUS_DISABLED => generated 1309 bytes in 180 msecs (HTTP/1.1 200) 8 headers in 297 bytes (1 switches on core 0)
Nov 09 17:46:56.341745 n-d-817237-1 devstack@placement-api.service[114411]: DEBUG placement.requestlog [req-2309a942-681e-4593-8b6f-e228a9a9f261 req-332598f6-2e8c-4609-b536-61beedf53d09 None None] Starting request: 10.222.0.30 "GET /placement/resource_providers?name=n-h1-817237-1" {{(pid=114411) __call__ /opt/stack/placement/placement/requestlog.py:55}}
Nov 09 17:46:56.359582 n-d-817237-1 devstack@placement-api.service[114411]: INFO placement.requestlog [req-2309a942-681e-4593-8b6f-e228a9a9f261 req-332598f6-2e8c-4609-b536-61beedf53d09 service placement] 10.222.0.30 "GET /placement/resource_providers?name=n-h1-817237-1" status: 200 len: 441 microversion: 1.0
Nov 09 17:46:56.360532 n-d-817237-1 devstack@placement-api.service[114411]: [pid: 114411|app: 0|req: 46/89] 10.222.0.30 () {58 vars in 1274 bytes} [Tue Nov 9 17:46:56 2021] GET /placement/resource_providers?name=n-h1-817237-1 => generated 441 bytes in 19 msecs (HTTP/1.1 200) 6 headers in 224 bytes (1 switches on core 0)
Nov 09 17:46:56.367483 n-d-817237-1 devstack@placement-api.service[114412]: DEBUG placement.requestlog [req-2309a942-681e-4593-8b6f-e228a9a9f261 req-9c855f38-31a6-4db4-84b6-1e742fe94e8f None None] Starting request: 10.222.0.30 "GET /placement/resource_providers/eefabeb4-0ad2-4eb0-9397-12051c299f56/aggregates" {{(pid=114412) __call__ /opt/stack/placement/placement/requestlog.py:55}}
Nov 09 17:46:56.372811 n-d-817237-1 devstack@placement-api.service[114411]: DEBUG placement.requestlog [req-a48b4d24-00e0-4c99-8631-15192bbfb270 req-eb3dc87e-ed73-40f8-a03a-26261c1414a4 None None] Starting request: 10.222.0.30 "GET /placement/allocations/6b6cefc4-afb5-4263-bbb4-c26e0411d0c6" {{(pid=114411) __call__ /opt/stack/placement/placement/requestlog.py:55}}
Nov 09 17:46:56.383024 n-d-817237-1 devstack@placement-api.service[114412]: INFO placement.requestlog [req-2309a942-681e-4593-8b6f-e228a9a9f261 req-9c855f38-31a6-4db4-84b6-1e742fe94e8f service placement] 10.222.0.30 "GET /placement/resource_providers/eefabeb4-0ad2-4eb0-9397-12051c299f56/aggregates" status: 200 len: 54 microversion: 1.19
Nov 09 17:46:56.387420 n-d-817237-1 devstack@placement-api.service[114411]: INFO placement.requestlog [req-a48b4d24-00e0-4c99-8631-15192bbfb270 req-eb3dc87e-ed73-40f8-a03a-26261c1414a4 service placement] 10.222.0.30 "GET /placement/allocations/6b6cefc4-afb5-4263-bbb4-c26e0411d0c6" status: 200 len: 19 microversion: 1.28
Nov 09 17:46:56.388552 n-d-817237-1 devstack@placement-api.service[114412]: [pid: 114412|app: 0|req: 44/91] 10.222.0.30 () {60 vars in 1425 bytes} [Tue Nov 9 17:46:56 2021] GET /placement/resource_providers/eefabeb4-0ad2-4eb0-9397-12051c299f56/aggregates => generated 54 bytes in 21 msecs (HTTP/1.1 200) 8 headers in 295 bytes (1 switches on core 0)
Nov 09 17:46:56.392022 n-d-817237-1 devstack@placement-api.service[114411]: [pid: 114411|app: 0|req: 47/91] 10.222.0.30 () {60 vars in 1380 bytes} [Tue Nov 9 17:46:56 2021] GET /placement/allocations/6b6cefc4-afb5-4263-bbb4-c26e0411d0c6 => generated 19 bytes in 15 msecs (HTTP/1.1 200) 8 headers in 295 bytes (1 switches on core 0)
Nov 09 17:46:56.404832 n-d-817237-1 devstack@placement-api.service[114412]: DEBUG placement.requestlog [req-a48b4d24-00e0-4c99-8631-15192bbfb270 req-a5929ffd-8609-4c10-8829-3b56aa522f17 None None] Starting request: 10.222.0.30 "PUT /placement/allocations/6b6cefc4-afb5-4263-bbb4-c26e0411d0c6" {{(pid=114412) __call__ /opt/stack/placement/placement/requestlog.py:55}}
