Nov 09 17:34:59.872996 n-d-817236-1 devstack@placement-api.service[102636]: DEBUG placement.objects.research_context [req-2f606599-2522-4af8-85b1-4a47324152ff req-2aee18d3-1ae8-42f5-9a7e-41a64d78b2d6 service placement] getting providers with 1 VCPU {{(pid=102636) __init__ /opt/stack/placement/placement/objects/research_context.py:126}}
Nov 09 17:34:59.897529 n-d-817236-1 devstack@placement-api.service[102636]: DEBUG placement.objects.research_context [req-2f606599-2522-4af8-85b1-4a47324152ff req-2aee18d3-1ae8-42f5-9a7e-41a64d78b2d6 service placement] found 2 providers with available 1024 MEMORY_MB {{(pid=102636) get_provider_ids_matching /opt/stack/placement/placement/objects/research_context.py:549}}
Nov 09 17:34:59.908054 n-d-817236-1 devstack@placement-api.service[102636]: DEBUG placement.objects.research_context [req-2f606599-2522-4af8-85b1-4a47324152ff req-2aee18d3-1ae8-42f5-9a7e-41a64d78b2d6 service placement] found 2 providers with available 1 VCPU {{(pid=102636) get_provider_ids_matching /opt/stack/placement/placement/objects/research_context.py:549}}
Nov 09 17:34:59.913679 n-d-817236-1 devstack@placement-api.service[102636]: DEBUG placement.objects.research_context [req-2f606599-2522-4af8-85b1-4a47324152ff req-2aee18d3-1ae8-42f5-9a7e-41a64d78b2d6 service placement] found 2 providers after filtering by previous result {{(pid=102636) get_provider_ids_matching /opt/stack/placement/placement/objects/research_context.py:580}}
Nov 09 17:34:59.945501 n-d-817236-1 devstack@placement-api.service[102636]: DEBUG placement.objects.allocation_candidate [req-2f606599-2522-4af8-85b1-4a47324152ff req-2aee18d3-1ae8-42f5-9a7e-41a64d78b2d6 service placement] RequestGroup(use_same_provider=False, resources={MEMORY_MB:1024, VCPU:1}, traits=[], aggregates=[]) (suffix '') returned 2 matches {{(pid=102636) _get_by_requests /opt/stack/placement/placement/objects/allocation_candidate.py:145}}
Nov 09 17:34:59.946591 n-d-817236-1 devstack@placement-api.service[102636]: DEBUG placement.objects.allocation_candidate [req-2f606599-2522-4af8-85b1-4a47324152ff req-2aee18d3-1ae8-42f5-9a7e-41a64d78b2d6 service placement] Merging candidates yields 2 allocation requests and 2 provider summaries {{(pid=102636) _merge_candidates /opt/stack/placement/placement/objects/allocation_candidate.py:783}}
Nov 09 17:34:59.949699 n-d-817236-1 devstack@placement-api.service[102636]: INFO placement.requestlog [req-2f606599-2522-4af8-85b1-4a47324152ff req-2aee18d3-1ae8-42f5-9a7e-41a64d78b2d6 service placement] 10.222.0.81 "GET /placement/allocation_candidates?limit=1000&resources=MEMORY_MB%3A1024%2CVCPU%3A1&root_required=%21COMPUTE_STATUS_DISABLED" status: 200 len: 1281 microversion: 1.36
Nov 09 17:34:59.956770 n-d-817236-1 devstack@placement-api.service[102636]: [pid: 102636|app: 0|req: 129/253] 10.222.0.81 () {60 vars in 1478 bytes} [Tue Nov 9 17:34:59 2021] GET /placement/allocation_candidates?limit=1000&resources=MEMORY_MB%3A1024%2CVCPU%3A1&root_required=%21COMPUTE_STATUS_DISABLED => generated 1281 bytes in 252 msecs (HTTP/1.1 200) 8 headers in 297 bytes (1 switches on core 0)
Nov 09 17:35:00.079432 n-d-817236-1 devstack@placement-api.service[102637]: DEBUG placement.requestlog [req-2f606599-2522-4af8-85b1-4a47324152ff req-4ecec175-5ed0-41af-b5d5-f9c2c58464ec None None] Starting request: 10.222.0.81 "GET /placement/allocations/00a8cd6b-5f4e-4a01-aa56-78bcad53a00b" {{(pid=102637) __call__ /opt/stack/placement/placement/requestlog.py:55}}
Nov 09 17:35:00.111703 n-d-817236-1 devstack@placement-api.service[102637]: INFO placement.requestlog [req-2f606599-2522-4af8-85b1-4a47324152ff req-4ecec175-5ed0-41af-b5d5-f9c2c58464ec service placement] 10.222.0.81 "GET /placement/allocations/00a8cd6b-5f4e-4a01-aa56-78bcad53a00b" status: 200 len: 19 microversion: 1.28
Nov 09 17:35:00.125498 n-d-817236-1 devstack@placement-api.service[102637]: [pid: 102637|app: 0|req: 125/254] 10.222.0.81 () {60 vars in 1380 bytes} [Tue Nov 9 17:35:00 2021] GET /placement/allocations/00a8cd6b-5f4e-4a01-aa56-78bcad53a00b => generated 19 bytes in 47 msecs (HTTP/1.1 200) 8 headers in 295 bytes (1 switches on core 0)
Nov 09 17:35:00.126296 n-d-817236-1 devstack@placement-api.service[102636]: DEBUG placement.requestlog [req-2f606599-2522-4af8-85b1-4a47324152ff req-0c58af17-de7c-4740-b50e-1d18f2f3afab None None] Starting request: 10.222.0.81 "PUT /placement/allocations/00a8cd6b-5f4e-4a01-aa56-78bcad53a00b" {{(pid=102636) __call__ /opt/stack/placement/placement/requestlog.py:55}}
Nov 09 17:35:00.288304 n-d-817236-1 devstack@placement-api.service[102636]: DEBUG placement.handlers.allocation [req-2f606599-2522-4af8-85b1-4a47324152ff req-0c58af17-de7c-4740-b50e-1d18f2f3afab service placement] Successfully wrote allocations [, ] {{(pid=102636) _update_consumers_and_create_allocations /opt/stack/placement/placement/handlers/allocation.py:462}}
Nov 09 17:35:00.297401 n-d-817236-1 devstack@placement-api.service[102636]: INFO placement.requestlog [req-2f606599-2522-4af8-85b1-4a47324152ff req-0c58af17-de7c-4740-b50e-1d18f2f3afab service placement] 10.222.0.81 "PUT /placement/allocations/00a8cd6b-5f4e-4a01-aa56-78bcad53a00b" status: 204 len: 0 microversion: 1.36
Nov 09 17:35:00.312695 n-d-817236-1 devstack@placement-api.service[102636]: [pid: 102636|app: 0|req: 130/255] 10.222.0.81 () {64 vars in 1433 bytes} [Tue Nov 9 17:35:00 2021] PUT /placement/allocations/00a8cd6b-5f4e-4a01-aa56-78bcad53a00b => generated 0 bytes in 173 msecs (HTTP/1.1 204) 5 headers in 199 bytes (2 switches on core 0)
Nov 09 17:35:01.080342 n-d-817236-1 devstack@placement-api.service[102637]: DEBUG placement.requestlog [req-2f606599-2522-4af8-85b1-4a47324152ff req-293f73d7-b372-4460-836c-cc354bfd7740 None None] Starting request: 10.222.0.18 "GET /placement/allocations/00a8cd6b-5f4e-4a01-aa56-78bcad53a00b" {{(pid=102637) __call__ /opt/stack/placement/placement/requestlog.py:55}}
Nov 09 17:35:01.112088 n-d-817236-1 devstack@placement-api.service[102637]: INFO placement.requestlog [req-2f606599-2522-4af8-85b1-4a47324152ff req-293f73d7-b372-4460-836c-cc354bfd7740 service placement] 10.222.0.18 "GET /placement/allocations/00a8cd6b-5f4e-4a01-aa56-78bcad53a00b" status: 200 len: 245 microversion: 1.28
Nov 09 17:35:01.112781 n-d-817236-1 devstack@placement-api.service[102637]: [pid: 102637|app: 0|req: 126/256] 10.222.0.18 () {60 vars in 1377 bytes} [Tue Nov 9 17:35:01 2021] GET /placement/allocations/00a8cd6b-5f4e-4a01-aa56-78bcad53a00b => generated 245 bytes in 33 msecs (HTTP/1.1 200) 8 headers in 296 bytes (1 switches on core 0)
Nov 09 17:35:06.444306 n-d-817236-1 devstack@placement-api.service[102636]: DEBUG placement.requestlog [req-ae3c3caf-fa3d-4c2e-a513-5ece02c91593 req-13c0be54-1d42-4a4d-ad6c-15433d2fe41e None None] Starting request: 10.222.0.81 "GET /placement/allocation_candidates?limit=1000&resources=DISK_GB%3A1%2CMEMORY_MB%3A1024%2CVCPU%3A1&root_required=%21COMPUTE_STATUS_DISABLED" {{(pid=102636) __call__ /opt/stack/placement/placement/requestlog.py:55}}
Nov 09 17:35:06.874607 n-d-817236-1 devstack@placement-api.service[102636]: DEBUG placement.objects.research_context [req-ae3c3caf-fa3d-4c2e-a513-5ece02c91593 req-13c0be54-1d42-4a4d-ad6c-15433d2fe41e service placement] getting providers with 1 DISK_GB {{(pid=102636) __init__ /opt/stack/placement/placement/objects/research_context.py:126}}
Nov 09 17:35:06.888784 n-d-817236-1 devstack@placement-api.service[102636]: DEBUG placement.objects.research_context [req-ae3c3caf-fa3d-4c2e-a513-5ece02c91593 req-13c0be54-1d42-4a4d-ad6c-15433d2fe41e service placement] getting providers with 1024 MEMORY_MB {{(pid=102636) __init__ /opt/stack/placement/placement/objects/research_context.py:126}}
Nov 09 17:35:06.903193 n-d-817236-1 devstack@placement-api.service[102636]: DEBUG placement.objects.research_context [req-ae3c3caf-fa3d-4c2e-a513-5ece02c91593 req-13c0be54-1d42-4a4d-ad6c-15433d2fe41e service placement] getting providers with 1 VCPU {{(pid=102636) __init__ /opt/stack/placement/placement/objects/research_context.py:126}}
Nov 09 17:35:06.913247 n-d-817236-1 devstack@placement-api.service[102636]: DEBUG placement.objects.research_context [req-ae3c3caf-fa3d-4c2e-a513-5ece02c91593 req-13c0be54-1d42-4a4d-ad6c-15433d2fe41e service placement] found 2 providers with available 1 DISK_GB {{(pid=102636) get_provider_ids_matching /opt/stack/placement/placement/objects/research_context.py:549}}
Nov 09 17:35:06.915569 n-d-817236-1 devstack@placement-api.service[102636]: DEBUG placement.objects.research_context [req-ae3c3caf-fa3d-4c2e-a513-5ece02c91593 req-13c0be54-1d42-4a4d-ad6c-15433d2fe41e service placement] found 2 providers with available 1024 MEMORY_MB {{(pid=102636) get_provider_ids_matching /opt/stack/placement/placement/objects/research_context.py:549}}
Nov 09 17:35:06.915951 n-d-817236-1 devstack@placement-api.service[102636]: DEBUG placement.objects.research_context [req-ae3c3caf-fa3d-4c2e-a513-5ece02c91593 req-13c0be54-1d42-4a4d-ad6c-15433d2fe41e service placement] found 2 providers after filtering by previous result {{(pid=102636) get_provider_ids_matching /opt/stack/placement/placement/objects/research_context.py:580}}
Nov 09 17:35:06.916285 n-d-817236-1 devstack@placement-api.service[102636]: DEBUG placement.objects.research_context [req-ae3c3caf-fa3d-4c2e-a513-5ece02c91593 req-13c0be54-1d42-4a4d-ad6c-15433d2fe41e service placement] found 2 providers with available 1 VCPU {{(pid=102636) get_provider_ids_matching /opt/stack/placement/placement/objects/research_context.py:549}}
Nov 09 17:35:06.918166 n-d-817236-1 devstack@placement-api.service[102636]: DEBUG placement.objects.research_context [req-ae3c3caf-fa3d-4c2e-a513-5ece02c91593 req-13c0be54-1d42-4a4d-ad6c-15433d2fe41e service placement] found 2 providers after filtering by previous result {{(pid=102636) get_provider_ids_matching /opt/stack/placement/placement/objects/research_context.py:580}}
Nov 09 17:35:06.947151 n-d-817236-1 devstack@placement-api.service[102636]: DEBUG placement.objects.allocation_candidate [req-ae3c3caf-fa3d-4c2e-a513-5ece02c91593 req-13c0be54-1d42-4a4d-ad6c-15433d2fe41e service placement] RequestGroup(use_same_provider=False, resources={DISK_GB:1, MEMORY_MB:1024, VCPU:1}, traits=[], aggregates=[]) (suffix '') returned 2 matches {{(pid=102636) _get_by_requests /opt/stack/placement/placement/objects/allocation_candidate.py:145}}
Nov 09 17:35:06.947611 n-d-817236-1 devstack@placement-api.service[102636]: DEBUG placement.objects.allocation_candidate [req-ae3c3caf-fa3d-4c2e-a513-5ece02c91593 req-13c0be54-1d42-4a4d-ad6c-15433d2fe41e service placement] Merging candidates yields 2 allocation requests and 2 provider summaries {{(pid=102636) _merge_candidates /opt/stack/placement/placement/objects/allocation_candidate.py:783}}
Nov 09 17:35:06.956098 n-d-817236-1 devstack@placement-api.service[102636]: INFO placement.requestlog [req-ae3c3caf-fa3d-4c2e-a513-5ece02c91593 req-13c0be54-1d42-4a4d-ad6c-15433d2fe41e service placement] 10.222.0.81 "GET /placement/allocation_candidates?limit=1000&resources=DISK_GB%3A1%2CMEMORY_MB%3A1024%2CVCPU%3A1&root_required=%21COMPUTE_STATUS_DISABLED" status: 200 len: 1309 microversion: 1.36
Nov 09 17:35:06.956719 n-d-817236-1 devstack@placement-api.service[102636]: [pid: 102636|app: 0|req: 131/257] 10.222.0.81 () {60 vars in 1506 bytes} [Tue Nov 9 17:35:06 2021] GET /placement/allocation_candidates?limit=1000&resources=DISK_GB%3A1%2CMEMORY_MB%3A1024%2CVCPU%3A1&root_required=%21COMPUTE_STATUS_DISABLED => generated 1309 bytes in 512 msecs (HTTP/1.1 200) 8 headers in 297 bytes (1 switches on core 0)
Nov 09 17:35:07.164925 n-d-817236-1 devstack@placement-api.service[102637]: DEBUG placement.requestlog [req-ae3c3caf-fa3d-4c2e-a513-5ece02c91593 req-f123b6b5-95fb-4a41-9def-9841ee701c3b None None] Starting request: 10.222.0.81 "GET /placement/allocations/c4d80909-fd4f-4da5-bcc1-80caac660b77" {{(pid=102637) __call__ /opt/stack/placement/placement/requestlog.py:55}}
Nov 09 17:35:07.216597 n-d-817236-1 devstack@placement-api.service[102637]: INFO placement.requestlog [req-ae3c3caf-fa3d-4c2e-a513-5ece02c91593 req-f123b6b5-95fb-4a41-9def-9841ee701c3b service placement] 10.222.0.81 "GET /placement/allocations/c4d80909-fd4f-4da5-bcc1-80caac660b77" status: 200 len: 19 microversion: 1.28
Nov 09 17:35:07.217454 n-d-817236-1 devstack@placement-api.service[102637]: [pid: 102637|app: 0|req: 127/258] 10.222.0.81 () {60 vars in 1380 bytes} [Tue Nov 9 17:35:07 2021] GET /placement/allocations/c4d80909-fd4f-4da5-bcc1-80caac660b77 => generated 19 bytes in 53 msecs (HTTP/1.1 200) 8 headers in 295 bytes (1 switches on core 0)
Nov 09 17:35:07.238526 n-d-817236-1 devstack@placement-api.service[102636]: DEBUG placement.requestlog [req-ae3c3caf-fa3d-4c2e-a513-5ece02c91593 req-4ca3461b-2ac0-492d-bbab-85383a8762a8 None None] Starting request: 10.222.0.81 "PUT /placement/allocations/c4d80909-fd4f-4da5-bcc1-80caac660b77" {{(pid=102636) __call__ /opt/stack/placement/placement/requestlog.py:55}}
Nov 09 17:35:07.456750 n-d-817236-1 devstack@placement-api.service[102636]: DEBUG placement.handlers.allocation [req-ae3c3caf-fa3d-4c2e-a513-5ece02c91593 req-4ca3461b-2ac0-492d-bbab-85383a8762a8 service placement] Successfully wrote allocations [, , ] {{(pid=102636) _update_consumers_and_create_allocations /opt/stack/placement/placement/handlers/allocation.py:462}}
Nov 09 17:35:07.464195 n-d-817236-1 devstack@placement-api.service[102636]: INFO placement.requestlog [req-ae3c3caf-fa3d-4c2e-a513-5ece02c91593 req-4ca3461b-2ac0-492d-bbab-85383a8762a8 service placement] 10.222.0.81 "PUT /placement/allocations/c4d80909-fd4f-4da5-bcc1-80caac660b77" status: 204 len: 0 microversion: 1.36
Nov 09 17:35:07.465267 n-d-817236-1 devstack@placement-api.service[102636]: [pid: 102636|app: 0|req: 132/259] 10.222.0.81 () {64 vars in 1433 bytes} [Tue Nov 9 17:35:07 2021] PUT /placement/allocations/c4d80909-fd4f-4da5-bcc1-80caac660b77 => generated 0 bytes in 227 msecs (HTTP/1.1 204) 5 headers in 199 bytes (1 switches on core 0)
Nov 09 17:35:08.272542 n-d-817236-1 devstack@placement-api.service[102637]: DEBUG placement.requestlog [req-ae3c3caf-fa3d-4c2e-a513-5ece02c91593 req-49ca04fa-1c4e-412c-bec5-c60accb93676 None None] Starting request: 10.222.0.13 "GET /placement/allocations/c4d80909-fd4f-4da5-bcc1-80caac660b77" {{(pid=102637) __call__ /opt/stack/placement/placement/requestlog.py:55}}
Nov 09 17:35:08.329102 n-d-817236-1 devstack@placement-api.service[102637]: INFO placement.requestlog [req-ae3c3caf-fa3d-4c2e-a513-5ece02c91593 req-49ca04fa-1c4e-412c-bec5-c60accb93676 service placement] 10.222.0.13 "GET /placement/allocations/c4d80909-fd4f-4da5-bcc1-80caac660b77" status: 200 len: 259 microversion: 1.28
Nov 09 17:35:08.329661 n-d-817236-1 devstack@placement-api.service[102637]: [pid: 102637|app: 0|req: 128/260] 10.222.0.13 () {60 vars in 1377 bytes} [Tue Nov 9 17:35:08 2021] GET /placement/allocations/c4d80909-fd4f-4da5-bcc1-80caac660b77 => generated 259 bytes in 57 msecs (HTTP/1.1 200) 8 headers in 296 bytes (1 switches on core 0)
Nov 09 17:35:19.047966 n-d-817236-1 devstack@placement-api.service[102636]: DEBUG placement.requestlog [req-13ffe705-d3e5-4960-914b-4e2ef123d5f3 req-14d2c786-9056-4c09-baf8-3186a7b256cc None None] Starting request: 10.222.0.13 "DELETE /placement/allocations/9d908164-761d-46b3-9ab4-013b008c2eff" {{(pid=102636) __call__ /opt/stack/placement/placement/requestlog.py:55}}
Nov 09 17:35:19.119127 n-d-817236-1 devstack@placement-api.service[102636]: DEBUG placement.handlers.allocation [req-13ffe705-d3e5-4960-914b-4e2ef123d5f3 req-14d2c786-9056-4c09-baf8-3186a7b256cc service placement] Successfully deleted allocations [, , ] {{(pid=102636) delete_allocations /opt/stack/placement/placement/handlers/allocation.py:627}}
Nov 09 17:35:19.134010 n-d-817236-1 devstack@placement-api.service[102636]: INFO placement.requestlog [req-13ffe705-d3e5-4960-914b-4e2ef123d5f3 req-14d2c786-9056-4c09-baf8-3186a7b256cc service placement] 10.222.0.13 "DELETE /placement/allocations/9d908164-761d-46b3-9ab4-013b008c2eff" status: 204 len: 0 microversion: 1.0
Nov 09 17:35:19.138318 n-d-817236-1 devstack@placement-api.service[102636]: [pid: 102636|app: 0|req: 133/261] 10.222.0.13 () {60 vars in 1355 bytes} [Tue Nov 9 17:35:19 2021] DELETE /placement/allocations/9d908164-761d-46b3-9ab4-013b008c2eff => generated 0 bytes in 91 msecs (HTTP/1.1 204) 5 headers in 198 bytes (1 switches on core 0)
Nov 09 17:35:19.171854 n-d-817236-1 devstack@placement-api.service[102637]: DEBUG placement.requestlog [req-c6b4cb8b-a3bb-48ac-9ee8-c6986445532d req-2f06bc7a-a7c9-443f-aeb2-37170b69a268 None None] Starting request: 10.222.0.81 "GET /placement/allocation_candidates?limit=1000&resources=DISK_GB%3A2%2CMEMORY_MB%3A1024%2CVCPU%3A1&root_required=%21COMPUTE_STATUS_DISABLED" {{(pid=102637) __call__ /opt/stack/placement/placement/requestlog.py:55}}
Nov 09 17:35:19.328296 n-d-817236-1 devstack@placement-api.service[102637]: DEBUG placement.objects.research_context [req-c6b4cb8b-a3bb-48ac-9ee8-c6986445532d req-2f06bc7a-a7c9-443f-aeb2-37170b69a268 service placement] getting providers with 2 DISK_GB {{(pid=102637) __init__ /opt/stack/placement/placement/objects/research_context.py:126}}
Nov 09 17:35:19.355757 n-d-817236-1 devstack@placement-api.service[102637]: DEBUG placement.objects.research_context [req-c6b4cb8b-a3bb-48ac-9ee8-c6986445532d req-2f06bc7a-a7c9-443f-aeb2-37170b69a268 service placement] getting providers with 1024 MEMORY_MB {{(pid=102637) __init__ /opt/stack/placement/placement/objects/research_context.py:126}}
Nov 09 17:35:19.449811 n-d-817236-1 devstack@placement-api.service[102637]: DEBUG placement.objects.research_context [req-c6b4cb8b-a3bb-48ac-9ee8-c6986445532d req-2f06bc7a-a7c9-443f-aeb2-37170b69a268 service placement] getting providers with 1 VCPU {{(pid=102637) __init__ /opt/stack/placement/placement/objects/research_context.py:126}}
Nov 09 17:35:19.485280 n-d-817236-1 devstack@placement-api.service[102637]: DEBUG placement.objects.research_context [req-c6b4cb8b-a3bb-48ac-9ee8-c6986445532d req-2f06bc7a-a7c9-443f-aeb2-37170b69a268 service placement] found 2 providers with available 2 DISK_GB {{(pid=102637) get_provider_ids_matching /opt/stack/placement/placement/objects/research_context.py:549}}
Nov 09 17:35:19.485757 n-d-817236-1 devstack@placement-api.service[102637]: DEBUG placement.objects.research_context [req-c6b4cb8b-a3bb-48ac-9ee8-c6986445532d req-2f06bc7a-a7c9-443f-aeb2-37170b69a268 service placement] found 2 providers with available 1024 MEMORY_MB {{(pid=102637) get_provider_ids_matching /opt/stack/placement/placement/objects/research_context.py:549}}
Nov 09 17:35:19.486230 n-d-817236-1 devstack@placement-api.service[102637]: DEBUG placement.objects.research_context [req-c6b4cb8b-a3bb-48ac-9ee8-c6986445532d req-2f06bc7a-a7c9-443f-aeb2-37170b69a268 service placement] found 2 providers after filtering by previous result {{(pid=102637) get_provider_ids_matching /opt/stack/placement/placement/objects/research_context.py:580}}
Nov 09 17:35:19.486685 n-d-817236-1 devstack@placement-api.service[102637]: DEBUG placement.objects.research_context [req-c6b4cb8b-a3bb-48ac-9ee8-c6986445532d req-2f06bc7a-a7c9-443f-aeb2-37170b69a268 service placement] found 2 providers with available 1 VCPU {{(pid=102637) get_provider_ids_matching /opt/stack/placement/placement/objects/research_context.py:549}}
Nov 09 17:35:19.487168 n-d-817236-1 devstack@placement-api.service[102637]: DEBUG placement.objects.research_context [req-c6b4cb8b-a3bb-48ac-9ee8-c6986445532d req-2f06bc7a-a7c9-443f-aeb2-37170b69a268 service placement] found 2 providers after filtering by previous result {{(pid=102637) get_provider_ids_matching /opt/stack/placement/placement/objects/research_context.py:580}}
Nov 09 17:35:19.552053 n-d-817236-1 devstack@placement-api.service[102637]: DEBUG placement.objects.allocation_candidate [req-c6b4cb8b-a3bb-48ac-9ee8-c6986445532d req-2f06bc7a-a7c9-443f-aeb2-37170b69a268 service placement] RequestGroup(use_same_provider=False, resources={DISK_GB:2, MEMORY_MB:1024, VCPU:1}, traits=[], aggregates=[]) (suffix '') returned 2 matches {{(pid=102637) _get_by_requests /opt/stack/placement/placement/objects/allocation_candidate.py:145}}
Nov 09 17:35:19.552936 n-d-817236-1 devstack@placement-api.service[102637]: DEBUG placement.objects.allocation_candidate [req-c6b4cb8b-a3bb-48ac-9ee8-c6986445532d req-2f06bc7a-a7c9-443f-aeb2-37170b69a268 service placement] Merging candidates yields 2 allocation requests and 2 provider summaries {{(pid=102637) _merge_candidates /opt/stack/placement/placement/objects/allocation_candidate.py:783}}
Nov 09 17:35:19.564668 n-d-817236-1 devstack@placement-api.service[102637]: INFO placement.requestlog [req-c6b4cb8b-a3bb-48ac-9ee8-c6986445532d req-2f06bc7a-a7c9-443f-aeb2-37170b69a268 service placement] 10.222.0.81 "GET /placement/allocation_candidates?limit=1000&resources=DISK_GB%3A2%2CMEMORY_MB%3A1024%2CVCPU%3A1&root_required=%21COMPUTE_STATUS_DISABLED" status: 200 len: 1309 microversion: 1.36
Nov 09 17:35:19.566199 n-d-817236-1 devstack@placement-api.service[102637]: [pid: 102637|app: 0|req: 129/262] 10.222.0.81 () {60 vars in 1506 bytes} [Tue Nov 9 17:35:19 2021] GET /placement/allocation_candidates?limit=1000&resources=DISK_GB%3A2%2CMEMORY_MB%3A1024%2CVCPU%3A1&root_required=%21COMPUTE_STATUS_DISABLED => generated 1309 bytes in 395 msecs (HTTP/1.1 200) 8 headers in 297 bytes (1 switches on core 0)
Nov 09 17:35:19.643774 n-d-817236-1 devstack@placement-api.service[102636]: DEBUG placement.requestlog [req-c6b4cb8b-a3bb-48ac-9ee8-c6986445532d req-2886b279-c8c8-4989-8734-a560d6d97486 None None] Starting request: 10.222.0.81 "GET /placement/allocations/8d13ba22-95ac-45be-bd35-d11dfeeb6004" {{(pid=102636) __call__ /opt/stack/placement/placement/requestlog.py:55}}
Nov 09 17:35:19.661440 n-d-817236-1 devstack@placement-api.service[102636]: INFO placement.requestlog [req-c6b4cb8b-a3bb-48ac-9ee8-c6986445532d req-2886b279-c8c8-4989-8734-a560d6d97486 service placement] 10.222.0.81 "GET /placement/allocations/8d13ba22-95ac-45be-bd35-d11dfeeb6004" status: 200 len: 19 microversion: 1.28
Nov 09 17:35:19.662182 n-d-817236-1 devstack@placement-api.service[102636]: [pid: 102636|app: 0|req: 134/263] 10.222.0.81 () {60 vars in 1380 bytes} [Tue Nov 9 17:35:19 2021] GET /placement/allocations/8d13ba22-95ac-45be-bd35-d11dfeeb6004 => generated 19 bytes in 19 msecs (HTTP/1.1 200) 8 headers in 295 bytes (2 switches on core 0)
Nov 09 17:35:19.670803 n-d-817236-1 devstack@placement-api.service[102637]: DEBUG placement.requestlog [req-c6b4cb8b-a3bb-48ac-9ee8-c6986445532d req-8bd05bd3-004d-4560-82ce-d63f8fc84fbc None None] Starting request: 10.222.0.81 "PUT /placement/allocations/8d13ba22-95ac-45be-bd35-d11dfeeb6004" {{(pid=102637) __call__ /opt/stack/placement/placement/requestlog.py:55}}
Nov 09 17:35:19.906859 n-d-817236-1 devstack@placement-api.service[102637]: DEBUG placement.handlers.allocation [req-c6b4cb8b-a3bb-48ac-9ee8-c6986445532d req-8bd05bd3-004d-4560-82ce-d63f8fc84fbc service placement] Successfully wrote allocations [, , ] {{(pid=102637) _update_consumers_and_create_allocations /opt/stack/placement/placement/handlers/allocation.py:462}}
Nov 09 17:35:19.917340 n-d-817236-1 devstack@placement-api.service[102637]: INFO placement.requestlog [req-c6b4cb8b-a3bb-48ac-9ee8-c6986445532d req-8bd05bd3-004d-4560-82ce-d63f8fc84fbc service placement] 10.222.0.81 "PUT /placement/allocations/8d13ba22-95ac-45be-bd35-d11dfeeb6004" status: 204 len: 0 microversion: 1.36
Nov 09 17:35:19.918306 n-d-817236-1 devstack@placement-api.service[102637]: [pid: 102637|app: 0|req: 130/264] 10.222.0.81 () {64 vars in 1433 bytes} [Tue Nov 9 17:35:19 2021] PUT /placement/allocations/8d13ba22-95ac-45be-bd35-d11dfeeb6004 => generated 0 bytes in 248 msecs (HTTP/1.1 204) 5 headers in 199 bytes (1 switches on core 0)
Nov 09 17:35:20.981412 n-d-817236-1 devstack@placement-api.service[102636]: DEBUG placement.requestlog [req-c6b4cb8b-a3bb-48ac-9ee8-c6986445532d req-1b1ad6a6-0269-4edc-ad66-3911e02b7546 None None] Starting request: 10.222.0.13 "GET /placement/allocations/8d13ba22-95ac-45be-bd35-d11dfeeb6004" {{(pid=102636) __call__ /opt/stack/placement/placement/requestlog.py:55}}
Nov 09 17:35:21.036480 n-d-817236-1 devstack@placement-api.service[102636]: INFO placement.requestlog [req-c6b4cb8b-a3bb-48ac-9ee8-c6986445532d req-1b1ad6a6-0269-4edc-ad66-3911e02b7546 service placement] 10.222.0.13 "GET /placement/allocations/8d13ba22-95ac-45be-bd35-d11dfeeb6004" status: 200 len: 259 microversion: 1.28
Nov 09 17:35:21.037212 n-d-817236-1 devstack@placement-api.service[102636]: [pid: 102636|app: 0|req: 135/265] 10.222.0.13 () {60 vars in 1377 bytes} [Tue Nov 9 17:35:20 2021] GET /placement/allocations/8d13ba22-95ac-45be-bd35-d11dfeeb6004 => generated 259 bytes in 56 msecs (HTTP/1.1 200) 8 headers in 296 bytes (1 switches on core 0)
Nov 09 17:35:23.727994 n-d-817236-1 devstack@placement-api.service[102637]: DEBUG placement.requestlog [req-8b0bf575-8489-46f4-b86a-c73efceed2e2 req-5b452dfc-ef57-4542-acbc-be952488aa8b None None] Starting request: 10.222.0.18 "DELETE /placement/allocations/f8354f9a-ef62-46f4-b6ba-652a964c8840" {{(pid=102637) __call__ /opt/stack/placement/placement/requestlog.py:55}}
Nov 09 17:35:23.783941 n-d-817236-1 devstack@placement-api.service[102637]: DEBUG placement.handlers.allocation [req-8b0bf575-8489-46f4-b86a-c73efceed2e2 req-5b452dfc-ef57-4542-acbc-be952488aa8b service placement] Successfully deleted allocations [, , ] {{(pid=102637) delete_allocations /opt/stack/placement/placement/handlers/allocation.py:627}}
Nov 09 17:35:23.785323 n-d-817236-1 devstack@placement-api.service[102637]: INFO placement.requestlog [req-8b0bf575-8489-46f4-b86a-c73efceed2e2 req-5b452dfc-ef57-4542-acbc-be952488aa8b service placement] 10.222.0.18 "DELETE /placement/allocations/f8354f9a-ef62-46f4-b6ba-652a964c8840" status: 204 len: 0 microversion: 1.0
Nov 09 17:35:23.785994 n-d-817236-1 devstack@placement-api.service[102637]: [pid: 102637|app: 0|req: 131/266] 10.222.0.18 () {60 vars in 1355 bytes} [Tue Nov 9 17:35:23 2021] DELETE /placement/allocations/f8354f9a-ef62-46f4-b6ba-652a964c8840 => generated 0 bytes in 58 msecs (HTTP/1.1 204) 5 headers in 198 bytes (2 switches on core 0)
Nov 09 17:35:29.480131 n-d-817236-1 devstack@placement-api.service[102636]: DEBUG placement.requestlog [None req-9593e352-cfc7-42dd-9a75-8d29317e4762 None None] Starting request: 10.222.0.81 "GET /placement/" {{(pid=102636) __call__ /opt/stack/placement/placement/requestlog.py:55}}
Nov 09 17:35:29.481794 n-d-817236-1 devstack@placement-api.service[102636]: INFO placement.requestlog [None req-9593e352-cfc7-42dd-9a75-8d29317e4762 None None] 10.222.0.81 "GET /placement/" status: 200 len: 136 microversion: 1.0
Nov 09 17:35:29.482832 n-d-817236-1 devstack@placement-api.service[102636]: [pid: 102636|app: 0|req: 136/267] 10.222.0.81 () {54 vars in 916 bytes} [Tue Nov 9 17:35:29 2021] GET /placement => generated 136 bytes in 3 msecs (HTTP/1.1 200) 6 headers in 224 bytes (2 switches on core 0)
Nov 09 17:35:29.500971 n-d-817236-1 devstack@placement-api.service[102637]: DEBUG placement.requestlog [req-862cefc2-e91c-45b1-a458-761ef98bf673 req-be386aba-84aa-467f-98e1-61befd9e7459 None None] Starting request: 10.222.0.81 "GET /placement/allocations/9a3a7bed-b870-4b04-9669-c418300dce2b" {{(pid=102637) __call__ /opt/stack/placement/placement/requestlog.py:55}}
Nov 09 17:35:29.630154 n-d-817236-1 devstack@placement-api.service[102637]: INFO placement.requestlog [req-862cefc2-e91c-45b1-a458-761ef98bf673 req-be386aba-84aa-467f-98e1-61befd9e7459 service placement] 10.222.0.81 "GET /placement/allocations/9a3a7bed-b870-4b04-9669-c418300dce2b" status: 200 len: 259 microversion: 1.28
Nov 09 17:35:29.635479 n-d-817236-1 devstack@placement-api.service[102637]: [pid: 102637|app: 0|req: 132/268] 10.222.0.81 () {60 vars in 1380 bytes} [Tue Nov 9 17:35:29 2021] GET /placement/allocations/9a3a7bed-b870-4b04-9669-c418300dce2b => generated 259 bytes in 135 msecs (HTTP/1.1 200) 8 headers in 296 bytes (1 switches on core 0)
Nov 09 17:35:29.642202 n-d-817236-1 devstack@placement-api.service[102636]: DEBUG placement.requestlog [req-862cefc2-e91c-45b1-a458-761ef98bf673 req-40dabcb3-a113-46aa-bf02-e756e27472d6 None None] Starting request: 10.222.0.81 "GET /placement/allocations/9a3a7bed-b870-4b04-9669-c418300dce2b" {{(pid=102636) __call__ /opt/stack/placement/placement/requestlog.py:55}}
Nov 09 17:35:29.674975 n-d-817236-1 devstack@placement-api.service[102636]: INFO placement.requestlog [req-862cefc2-e91c-45b1-a458-761ef98bf673 req-40dabcb3-a113-46aa-bf02-e756e27472d6 service placement] 10.222.0.81 "GET /placement/allocations/9a3a7bed-b870-4b04-9669-c418300dce2b" status: 200 len: 259 microversion: 1.28
Nov 09 17:35:29.675531 n-d-817236-1 devstack@placement-api.service[102636]: [pid: 102636|app: 0|req: 137/269] 10.222.0.81 () {60 vars in 1380 bytes} [Tue Nov 9 17:35:29 2021] GET /placement/allocations/9a3a7bed-b870-4b04-9669-c418300dce2b => generated 259 bytes in 34 msecs (HTTP/1.1 200) 8 headers in 296 bytes (2 switches on core 0)
Nov 09 17:35:29.684477 n-d-817236-1 devstack@placement-api.service[102637]: DEBUG placement.requestlog [req-862cefc2-e91c-45b1-a458-761ef98bf673 req-4acb7af3-1577-4698-89cc-fa267544cfb1 None None] Starting request: 10.222.0.81 "GET /placement/allocations/25013ead-ca2b-4d01-991b-c5a5b4fc3a5a" {{(pid=102637) __call__ /opt/stack/placement/placement/requestlog.py:55}}
Nov 09 17:35:29.722074 n-d-817236-1 devstack@placement-api.service[102637]: INFO placement.requestlog [req-862cefc2-e91c-45b1-a458-761ef98bf673 req-4acb7af3-1577-4698-89cc-fa267544cfb1 service placement] 10.222.0.81 "GET /placement/allocations/25013ead-ca2b-4d01-991b-c5a5b4fc3a5a" status: 200 len: 19 microversion: 1.28
Nov 09 17:35:29.722661 n-d-817236-1 devstack@placement-api.service[102637]: [pid: 102637|app: 0|req: 133/270] 10.222.0.81 () {60 vars in 1380 bytes} [Tue Nov 9 17:35:29 2021] GET /placement/allocations/25013ead-ca2b-4d01-991b-c5a5b4fc3a5a => generated 19 bytes in 39 msecs (HTTP/1.1 200) 8 headers in 295 bytes (2 switches on core 0)
Nov 09 17:35:29.731555 n-d-817236-1 devstack@placement-api.service[102636]: DEBUG placement.requestlog [req-862cefc2-e91c-45b1-a458-761ef98bf673 req-c089abdf-4962-41d8-9212-39fbecbdc740 None None] Starting request: 10.222.0.81 "POST /placement/allocations" {{(pid=102636) __call__ /opt/stack/placement/placement/requestlog.py:55}}
Nov 09 17:35:30.021671 n-d-817236-1 devstack@placement-api.service[102636]: DEBUG placement.handlers.allocation [req-862cefc2-e91c-45b1-a458-761ef98bf673 req-c089abdf-4962-41d8-9212-39fbecbdc740 service placement] Successfully wrote allocations [, , , , , ] {{(pid=102636) _update_consumers_and_create_allocations /opt/stack/placement/placement/handlers/allocation.py:572}}
Nov 09 17:35:30.032084 n-d-817236-1 devstack@placement-api.service[102636]: INFO placement.requestlog [req-862cefc2-e91c-45b1-a458-761ef98bf673 req-c089abdf-4962-41d8-9212-39fbecbdc740 service placement] 10.222.0.81 "POST /placement/allocations" status: 204 len: 0 microversion: 1.28
Nov 09 17:35:30.032840 n-d-817236-1 devstack@placement-api.service[102636]: [pid: 102636|app: 0|req: 138/271] 10.222.0.81 () {64 vars in 1323 bytes} [Tue Nov 9 17:35:29 2021] POST /placement/allocations => generated 0 bytes in 302 msecs (HTTP/1.1 204) 5 headers in 199 bytes (1 switches on core 0)
Nov 09 17:35:30.095928 n-d-817236-1 devstack@placement-api.service[102637]: DEBUG placement.requestlog [req-862cefc2-e91c-45b1-a458-761ef98bf673 req-88bac537-8c5b-4ad3-a759-4e0b4ebf89de None None] Starting request: 10.222.0.81 "GET /placement/allocations/9a3a7bed-b870-4b04-9669-c418300dce2b" {{(pid=102637) __call__ /opt/stack/placement/placement/requestlog.py:55}}
Nov 09 17:35:30.118832 n-d-817236-1 devstack@placement-api.service[102637]: INFO placement.requestlog [req-862cefc2-e91c-45b1-a458-761ef98bf673 req-88bac537-8c5b-4ad3-a759-4e0b4ebf89de service placement] 10.222.0.81 "GET /placement/allocations/9a3a7bed-b870-4b04-9669-c418300dce2b" status: 200 len: 19 microversion: 1.28
Nov 09 17:35:30.132221 n-d-817236-1 devstack@placement-api.service[102637]: [pid: 102637|app: 0|req: 134/272] 10.222.0.81 () {60 vars in 1380 bytes} [Tue Nov 9 17:35:30 2021] GET /placement/allocations/9a3a7bed-b870-4b04-9669-c418300dce2b => generated 19 bytes in 37 msecs (HTTP/1.1 200) 8 headers in 295 bytes (2 switches on core 0)
Nov 09 17:35:30.133443 n-d-817236-1 devstack@placement-api.service[102636]: DEBUG placement.requestlog [req-862cefc2-e91c-45b1-a458-761ef98bf673 req-9635d486-e2f6-4355-b199-d765f2c00192 None None] Starting request: 10.222.0.81 "PUT /placement/allocations/9a3a7bed-b870-4b04-9669-c418300dce2b" {{(pid=102636) __call__ /opt/stack/placement/placement/requestlog.py:55}}
Nov 09 17:35:30.265057 n-d-817236-1 devstack@placement-api.service[102636]: DEBUG placement.handlers.allocation [req-862cefc2-e91c-45b1-a458-761ef98bf673 req-9635d486-e2f6-4355-b199-d765f2c00192 service placement] Successfully wrote allocations [, , ] {{(pid=102636) _update_consumers_and_create_allocations /opt/stack/placement/placement/handlers/allocation.py:462}}
Nov 09 17:35:30.269920 n-d-817236-1 devstack@placement-api.service[102636]: INFO placement.requestlog [req-862cefc2-e91c-45b1-a458-761ef98bf673 req-9635d486-e2f6-4355-b199-d765f2c00192 service placement] 10.222.0.81 "PUT /placement/allocations/9a3a7bed-b870-4b04-9669-c418300dce2b" status: 204 len: 0 microversion: 1.28
Nov 09 17:35:30.270341 n-d-817236-1 devstack@placement-api.service[102636]: [pid: 102636|app: 0|req: 139/273] 10.222.0.81 () {64 vars in 1433 bytes} [Tue Nov 9 17:35:30 2021] PUT /placement/allocations/9a3a7bed-b870-4b04-9669-c418300dce2b => generated 0 bytes in 137 msecs (HTTP/1.1 204) 5 headers in 199 bytes (1 switches on core 0)
Nov 09 17:35:30.401247 n-d-817236-1 devstack@placement-api.service[102637]: DEBUG placement.requestlog [req-f8a1cbbb-2a84-4245-a8f0-8862c60c9e84 req-c9ab5595-a87b-443c-9701-a9d605746fba None None] Starting request: 10.222.0.13 "GET /placement/resource_providers/02136cf5-bf62-4637-95a5-8d13dc9e1aef/allocations" {{(pid=102637) __call__ /opt/stack/placement/placement/requestlog.py:55}}
Nov 09 17:35:30.423530 n-d-817236-1 devstack@placement-api.service[102636]: DEBUG placement.requestlog [req-862cefc2-e91c-45b1-a458-761ef98bf673 req-ad0a3db0-ac35-422c-9a5c-020e31e13ea6 None None] Starting request: 10.222.0.18 "GET /placement/allocations/9a3a7bed-b870-4b04-9669-c418300dce2b" {{(pid=102636) __call__ /opt/stack/placement/placement/requestlog.py:55}}
Nov 09 17:35:30.442854 n-d-817236-1 devstack@placement-api.service[102637]: INFO placement.requestlog [req-f8a1cbbb-2a84-4245-a8f0-8862c60c9e84 req-c9ab5595-a87b-443c-9701-a9d605746fba service placement] 10.222.0.13 "GET /placement/resource_providers/02136cf5-bf62-4637-95a5-8d13dc9e1aef/allocations" status: 200 len: 457 microversion: 1.0
Nov 09 17:35:30.443642 n-d-817236-1 devstack@placement-api.service[102637]: [pid: 102637|app: 0|req: 135/274] 10.222.0.13 () {58 vars in 1390 bytes} [Tue Nov 9 17:35:30 2021] GET /placement/resource_providers/02136cf5-bf62-4637-95a5-8d13dc9e1aef/allocations => generated 457 bytes in 43 msecs (HTTP/1.1 200) 6 headers in 224 bytes (1 switches on core 0)
Nov 09 17:35:30.447405 n-d-817236-1 devstack@placement-api.service[102636]: INFO placement.requestlog [req-862cefc2-e91c-45b1-a458-761ef98bf673 req-ad0a3db0-ac35-422c-9a5c-020e31e13ea6 service placement] 10.222.0.18 "GET /placement/allocations/9a3a7bed-b870-4b04-9669-c418300dce2b" status: 200 len: 259 microversion: 1.28
Nov 09 17:35:30.447861 n-d-817236-1 devstack@placement-api.service[102636]: [pid: 102636|app: 0|req: 140/275] 10.222.0.18 () {60 vars in 1377 bytes} [Tue Nov 9 17:35:30 2021] GET /placement/allocations/9a3a7bed-b870-4b04-9669-c418300dce2b => generated 259 bytes in 25 msecs (HTTP/1.1 200) 8 headers in 296 bytes (1 switches on core 0)
Nov 09 17:35:33.072622 n-d-817236-1 devstack@placement-api.service[102637]: DEBUG placement.requestlog [req-0384d923-7849-4038-b17d-b9ab3c1e61a6 req-c8f86daa-04c6-49d8-b7bc-7a8b23e8856c None None] Starting request: 10.222.0.18 "GET /placement/resource_providers/2230fa78-35c0-4dab-94a3-cd7afaa7776a/allocations" {{(pid=102637) __call__ /opt/stack/placement/placement/requestlog.py:55}}
Nov 09 17:35:33.110365 n-d-817236-1 devstack@placement-api.service[102637]: INFO placement.requestlog [req-0384d923-7849-4038-b17d-b9ab3c1e61a6 req-c8f86daa-04c6-49d8-b7bc-7a8b23e8856c service placement] 10.222.0.18 "GET /placement/resource_providers/2230fa78-35c0-4dab-94a3-cd7afaa7776a/allocations" status: 200 len: 847 microversion: 1.0
Nov 09 17:35:33.112505 n-d-817236-1 devstack@placement-api.service[102637]: [pid: 102637|app: 0|req: 136/276] 10.222.0.18 () {58 vars in 1390 bytes} [Tue Nov 9 17:35:33 2021] GET /placement/resource_providers/2230fa78-35c0-4dab-94a3-cd7afaa7776a/allocations => generated 847 bytes in 41 msecs (HTTP/1.1 200) 6 headers in 224 bytes (1 switches on core 0)
Nov 09 17:35:41.281760 n-d-817236-1 devstack@placement-api.service[102636]: DEBUG placement.requestlog [None req-bbc0e232-8b6f-4310-b211-6ed6c14f912d None None] Starting request: 10.222.0.81 "GET /placement/" {{(pid=102636) __call__ /opt/stack/placement/placement/requestlog.py:55}}
Nov 09 17:35:41.296923 n-d-817236-1 devstack@placement-api.service[102636]: INFO placement.requestlog [None req-bbc0e232-8b6f-4310-b211-6ed6c14f912d None None] 10.222.0.81 "GET /placement/" status: 200 len: 136 microversion: 1.0
Nov 09 17:35:41.303795 n-d-817236-1 devstack@placement-api.service[102636]: [pid: 102636|app: 0|req: 141/277] 10.222.0.81 () {54 vars in 916 bytes} [Tue Nov 9 17:35:41 2021] GET /placement => generated 136 bytes in 22 msecs (HTTP/1.1 200) 6 headers in 224 bytes (1 switches on core 0)
Nov 09 17:35:41.322831 n-d-817236-1 devstack@placement-api.service[102637]: DEBUG placement.requestlog [req-3a6de857-0cf6-4e39-b773-723826dc72d5 req-bd322d90-334a-4e4f-ab00-73f8b948e5e6 None None] Starting request: 10.222.0.81 "GET /placement/allocations/00a8cd6b-5f4e-4a01-aa56-78bcad53a00b" {{(pid=102637) __call__ /opt/stack/placement/placement/requestlog.py:55}}
Nov 09 17:35:41.438609 n-d-817236-1 devstack@placement-api.service[102637]: INFO placement.requestlog [req-3a6de857-0cf6-4e39-b773-723826dc72d5 req-bd322d90-334a-4e4f-ab00-73f8b948e5e6 service placement] 10.222.0.81 "GET /placement/allocations/00a8cd6b-5f4e-4a01-aa56-78bcad53a00b" status: 200 len: 245 microversion: 1.28
Nov 09 17:35:41.453503 n-d-817236-1 devstack@placement-api.service[102636]: DEBUG placement.requestlog [req-3a6de857-0cf6-4e39-b773-723826dc72d5 req-f938141d-0ecc-4234-8f02-8597224634a5 None None] Starting request: 10.222.0.81 "GET /placement/allocations/00a8cd6b-5f4e-4a01-aa56-78bcad53a00b" {{(pid=102636) __call__ /opt/stack/placement/placement/requestlog.py:55}}
Nov 09 17:35:41.463385 n-d-817236-1 devstack@placement-api.service[102637]: [pid: 102637|app: 0|req: 137/278] 10.222.0.81 () {60 vars in 1380 bytes} [Tue Nov 9 17:35:41 2021] GET /placement/allocations/00a8cd6b-5f4e-4a01-aa56-78bcad53a00b => generated 245 bytes in 130 msecs (HTTP/1.1 200) 8 headers in 296 bytes (1 switches on core 0)
Nov 09 17:35:41.485052 n-d-817236-1 devstack@placement-api.service[102636]: INFO placement.requestlog [req-3a6de857-0cf6-4e39-b773-723826dc72d5 req-f938141d-0ecc-4234-8f02-8597224634a5 service placement] 10.222.0.81 "GET /placement/allocations/00a8cd6b-5f4e-4a01-aa56-78bcad53a00b" status: 200 len: 245 microversion: 1.28
Nov 09 17:35:41.485408 n-d-817236-1 devstack@placement-api.service[102636]: [pid: 102636|app: 0|req: 142/279] 10.222.0.81 () {60 vars in 1380 bytes} [Tue Nov 9 17:35:41 2021] GET /placement/allocations/00a8cd6b-5f4e-4a01-aa56-78bcad53a00b => generated 245 bytes in 33 msecs (HTTP/1.1 200) 8 headers in 296 bytes (1 switches on core 0)
Nov 09 17:35:41.498200 n-d-817236-1 devstack@placement-api.service[102637]: DEBUG placement.requestlog [req-3a6de857-0cf6-4e39-b773-723826dc72d5 req-c047b47b-8df0-4b3e-bd8c-e2f942409399 None None] Starting request: 10.222.0.81 "GET /placement/allocations/42600c63-f178-457c-875f-7673c80e42de" {{(pid=102637) __call__ /opt/stack/placement/placement/requestlog.py:55}}
Nov 09 17:35:41.529897 n-d-817236-1 devstack@placement-api.service[102637]: INFO placement.requestlog [req-3a6de857-0cf6-4e39-b773-723826dc72d5 req-c047b47b-8df0-4b3e-bd8c-e2f942409399 service placement] 10.222.0.81 "GET /placement/allocations/42600c63-f178-457c-875f-7673c80e42de" status: 200 len: 19 microversion: 1.28
Nov 09 17:35:41.539512 n-d-817236-1 devstack@placement-api.service[102637]: [pid: 102637|app: 0|req: 138/280] 10.222.0.81 () {60 vars in 1380 bytes} [Tue Nov 9 17:35:41 2021] GET /placement/allocations/42600c63-f178-457c-875f-7673c80e42de => generated 19 bytes in 42 msecs (HTTP/1.1 200) 8 headers in 295 bytes (2 switches on core 0)
Nov 09 17:35:41.542321 n-d-817236-1 devstack@placement-api.service[102636]: DEBUG placement.requestlog [req-3a6de857-0cf6-4e39-b773-723826dc72d5 req-464bc957-fa0c-465e-b26e-aebbbe034cdc None None] Starting request: 10.222.0.81 "POST /placement/allocations" {{(pid=102636) __call__ /opt/stack/placement/placement/requestlog.py:55}}
Nov 09 17:35:41.777943 n-d-817236-1 devstack@placement-api.service[102636]: DEBUG placement.handlers.allocation [req-3a6de857-0cf6-4e39-b773-723826dc72d5 req-464bc957-fa0c-465e-b26e-aebbbe034cdc service placement] Successfully wrote allocations [, , , ] {{(pid=102636) _update_consumers_and_create_allocations /opt/stack/placement/placement/handlers/allocation.py:572}}
Nov 09 17:35:41.788101 n-d-817236-1 devstack@placement-api.service[102636]: INFO placement.requestlog [req-3a6de857-0cf6-4e39-b773-723826dc72d5 req-464bc957-fa0c-465e-b26e-aebbbe034cdc service placement] 10.222.0.81 "POST /placement/allocations" status: 204 len: 0 microversion: 1.28
Nov 09 17:35:41.789055 n-d-817236-1 devstack@placement-api.service[102636]: [pid: 102636|app: 0|req: 143/281] 10.222.0.81 () {64 vars in 1323 bytes} [Tue Nov 9 17:35:41 2021] POST /placement/allocations => generated 0 bytes in 247 msecs (HTTP/1.1 204) 5 headers in 199 bytes (2 switches on core 0)
Nov 09 17:35:41.902308 n-d-817236-1 devstack@placement-api.service[102637]: DEBUG placement.requestlog [req-3a6de857-0cf6-4e39-b773-723826dc72d5 req-87e6536a-c087-4a5f-978a-1f34b5fa658f None None] Starting request: 10.222.0.81 "GET /placement/allocations/00a8cd6b-5f4e-4a01-aa56-78bcad53a00b" {{(pid=102637) __call__ /opt/stack/placement/placement/requestlog.py:55}}
Nov 09 17:35:41.932496 n-d-817236-1 devstack@placement-api.service[102637]: INFO placement.requestlog [req-3a6de857-0cf6-4e39-b773-723826dc72d5 req-87e6536a-c087-4a5f-978a-1f34b5fa658f service placement] 10.222.0.81 "GET /placement/allocations/00a8cd6b-5f4e-4a01-aa56-78bcad53a00b" status: 200 len: 19 microversion: 1.28
Nov 09 17:35:41.935621 n-d-817236-1 devstack@placement-api.service[102637]: [pid: 102637|app: 0|req: 139/282] 10.222.0.81 () {60 vars in 1380 bytes} [Tue Nov 9 17:35:41 2021] GET /placement/allocations/00a8cd6b-5f4e-4a01-aa56-78bcad53a00b => generated 19 bytes in 33 msecs (HTTP/1.1 200) 8 headers in 295 bytes (1 switches on core 0)
Nov 09 17:35:41.944827 n-d-817236-1 devstack@placement-api.service[102636]: DEBUG placement.requestlog [req-3a6de857-0cf6-4e39-b773-723826dc72d5 req-bfbdd2a2-db2b-4002-97b2-9ce27ece6877 None None] Starting request: 10.222.0.81 "PUT /placement/allocations/00a8cd6b-5f4e-4a01-aa56-78bcad53a00b" {{(pid=102636) __call__ /opt/stack/placement/placement/requestlog.py:55}}
Nov 09 17:35:42.116702 n-d-817236-1 devstack@placement-api.service[102636]: DEBUG placement.handlers.allocation [req-3a6de857-0cf6-4e39-b773-723826dc72d5 req-bfbdd2a2-db2b-4002-97b2-9ce27ece6877 service placement] Successfully wrote allocations [, ] {{(pid=102636) _update_consumers_and_create_allocations /opt/stack/placement/placement/handlers/allocation.py:462}}
Nov 09 17:35:42.123211 n-d-817236-1 devstack@placement-api.service[102636]: INFO placement.requestlog [req-3a6de857-0cf6-4e39-b773-723826dc72d5 req-bfbdd2a2-db2b-4002-97b2-9ce27ece6877 service placement] 10.222.0.81 "PUT /placement/allocations/00a8cd6b-5f4e-4a01-aa56-78bcad53a00b" status: 204 len: 0 microversion: 1.28
Nov 09 17:35:42.126703 n-d-817236-1 devstack@placement-api.service[102636]: [pid: 102636|app: 0|req: 144/283] 10.222.0.81 () {64 vars in 1433 bytes} [Tue Nov 9 17:35:41 2021] PUT /placement/allocations/00a8cd6b-5f4e-4a01-aa56-78bcad53a00b => generated 0 bytes in 179 msecs (HTTP/1.1 204) 5 headers in 199 bytes (1 switches on core 0)
Nov 09 17:35:42.305870 n-d-817236-1 devstack@placement-api.service[102637]: DEBUG placement.requestlog [req-3a6de857-0cf6-4e39-b773-723826dc72d5 req-f0693d1c-475e-4088-9d07-bad5e20de033 None None] Starting request: 10.222.0.13 "GET /placement/allocations/00a8cd6b-5f4e-4a01-aa56-78bcad53a00b" {{(pid=102637) __call__ /opt/stack/placement/placement/requestlog.py:55}}
Nov 09 17:35:42.348754 n-d-817236-1 devstack@placement-api.service[102637]: INFO placement.requestlog [req-3a6de857-0cf6-4e39-b773-723826dc72d5 req-f0693d1c-475e-4088-9d07-bad5e20de033 service placement] 10.222.0.13 "GET /placement/allocations/00a8cd6b-5f4e-4a01-aa56-78bcad53a00b" status: 200 len: 245 microversion: 1.28
Nov 09 17:35:42.350009 n-d-817236-1 devstack@placement-api.service[102637]: [pid: 102637|app: 0|req: 140/284] 10.222.0.13 () {60 vars in 1377 bytes} [Tue Nov 9 17:35:42 2021] GET /placement/allocations/00a8cd6b-5f4e-4a01-aa56-78bcad53a00b => generated 245 bytes in 45 msecs (HTTP/1.1 200) 8 headers in 296 bytes (1 switches on core 0)
Nov 09 17:35:55.210163 n-d-817236-1 devstack@placement-api.service[102636]: DEBUG placement.requestlog [req-1149b8d7-b3a4-4ea0-91d7-b2ebd5a4ef9b req-bcffaa99-3953-49ee-bd28-86877829ba7c None None] Starting request: 10.222.0.18 "DELETE /placement/allocations/95149615-a970-4683-8c71-f70fc26363da" {{(pid=102636) __call__ /opt/stack/placement/placement/requestlog.py:55}}
Nov 09 17:35:55.291205 n-d-817236-1 devstack@placement-api.service[102636]: DEBUG placement.handlers.allocation [req-1149b8d7-b3a4-4ea0-91d7-b2ebd5a4ef9b req-bcffaa99-3953-49ee-bd28-86877829ba7c service placement] Successfully deleted allocations [, , ] {{(pid=102636) delete_allocations /opt/stack/placement/placement/handlers/allocation.py:627}}
Nov 09 17:35:55.291910 n-d-817236-1 devstack@placement-api.service[102636]: INFO placement.requestlog [req-1149b8d7-b3a4-4ea0-91d7-b2ebd5a4ef9b req-bcffaa99-3953-49ee-bd28-86877829ba7c service placement] 10.222.0.18 "DELETE /placement/allocations/95149615-a970-4683-8c71-f70fc26363da" status: 204 len: 0 microversion: 1.0
Nov 09 17:35:55.293328 n-d-817236-1 devstack@placement-api.service[102636]: [pid: 102636|app: 0|req: 145/285] 10.222.0.18 () {60 vars in 1355 bytes} [Tue Nov 9 17:35:55 2021] DELETE /placement/allocations/95149615-a970-4683-8c71-f70fc26363da => generated 0 bytes in 84 msecs (HTTP/1.1 204) 5 headers in 198 bytes (1 switches on core 0)
Nov 09 17:36:02.562325 n-d-817236-1 devstack@placement-api.service[102637]: DEBUG placement.requestlog [req-b55d4eee-983a-49cb-9cc0-77c03f2b7cf5 req-4b400c5a-ba52-4362-b90a-699306fedaac None None] Starting request: 10.222.0.13 "DELETE /placement/allocations/c4d80909-fd4f-4da5-bcc1-80caac660b77" {{(pid=102637) __call__ /opt/stack/placement/placement/requestlog.py:55}}
Nov 09 17:36:02.619395 n-d-817236-1 devstack@placement-api.service[102637]: DEBUG placement.handlers.allocation [req-b55d4eee-983a-49cb-9cc0-77c03f2b7cf5 req-4b400c5a-ba52-4362-b90a-699306fedaac service placement] Successfully deleted allocations [, , ] {{(pid=102637) delete_allocations /opt/stack/placement/placement/handlers/allocation.py:627}}
Nov 09 17:36:02.619939 n-d-817236-1 devstack@placement-api.service[102637]: INFO placement.requestlog [req-b55d4eee-983a-49cb-9cc0-77c03f2b7cf5 req-4b400c5a-ba52-4362-b90a-699306fedaac service placement] 10.222.0.13 "DELETE /placement/allocations/c4d80909-fd4f-4da5-bcc1-80caac660b77" status: 204 len: 0 microversion: 1.0
Nov 09 17:36:02.620440 n-d-817236-1 devstack@placement-api.service[102637]: [pid: 102637|app: 0|req: 141/286] 10.222.0.13 () {60 vars in 1355 bytes} [Tue Nov 9 17:36:02 2021] DELETE /placement/allocations/c4d80909-fd4f-4da5-bcc1-80caac660b77 => generated 0 bytes in 58 msecs (HTTP/1.1 204) 5 headers in 198 bytes (1 switches on core 0)
Nov 09 17:36:08.597854 n-d-817236-1 devstack@placement-api.service[102636]: DEBUG placement.requestlog [req-862cefc2-e91c-45b1-a458-761ef98bf673 req-a6b47fa5-3c6e-4f74-a9b6-ae73470197c8 None None] Starting request: 10.222.0.13 "GET /placement/resource_providers/02136cf5-bf62-4637-95a5-8d13dc9e1aef/allocations" {{(pid=102636) __call__ /opt/stack/placement/placement/requestlog.py:55}}
Nov 09 17:36:08.642035 n-d-817236-1 devstack@placement-api.service[102636]: INFO placement.requestlog [req-862cefc2-e91c-45b1-a458-761ef98bf673 req-a6b47fa5-3c6e-4f74-a9b6-ae73470197c8 service placement] 10.222.0.13 "GET /placement/resource_providers/02136cf5-bf62-4637-95a5-8d13dc9e1aef/allocations" status: 200 len: 443 microversion: 1.0
Nov 09 17:36:08.642564 n-d-817236-1 devstack@placement-api.service[102636]: [pid: 102636|app: 0|req: 146/287] 10.222.0.13 () {58 vars in 1390 bytes} [Tue Nov 9 17:36:08 2021] GET /placement/resource_providers/02136cf5-bf62-4637-95a5-8d13dc9e1aef/allocations => generated 443 bytes in 45 msecs (HTTP/1.1 200) 6 headers in 224 bytes (1 switches on core 0)
Nov 09 17:36:09.101734 n-d-817236-1 devstack@placement-api.service[102637]: DEBUG placement.requestlog [req-862cefc2-e91c-45b1-a458-761ef98bf673 req-f25365e9-2218-4444-af5b-b7197a2bbfc2 None None] Starting request: 10.222.0.13 "GET /placement/allocations/25013ead-ca2b-4d01-991b-c5a5b4fc3a5a" {{(pid=102637) __call__ /opt/stack/placement/placement/requestlog.py:55}}
