Nov 09 17:44:40.548243 n-d-817236-1 cinder-volume[110274]: DEBUG cinder.volume.manager [None req-4f58f7e2-d72c-44b8-b90c-c70aabdaba4f tempest-ServersTestBootFromVolume-775975444 None] Flow 'volume_create_manager' (0b812684-d2d6-414e-9de8-749d388b3ad5) transitioned into state 'SUCCESS' from state 'RUNNING' {{(pid=110274) _flow_receiver /usr/local/lib/python3.8/dist-packages/taskflow/listeners/logging.py:141}}
Nov 09 17:44:40.568109 n-d-817236-1 cinder-volume[110274]: INFO cinder.volume.manager [None req-4f58f7e2-d72c-44b8-b90c-c70aabdaba4f tempest-ServersTestBootFromVolume-775975444 None] Created volume successfully.
Nov 09 17:44:45.800192 n-d-817236-1 cinder-volume[110274]: DEBUG oslo_concurrency.processutils [req-8780194c-b049-4203-a305-23a979a01bec req-7185550b-7d79-485b-b668-f3aa13017e39 tempest-ServersTestBootFromVolume-775975444 None] Running cmd (subprocess): sudo cinder-rootwrap /etc/cinder/rootwrap.conf lvchange -a y --yes -K stack-volumes-lvmdriver-1/volume-25d78b1a-90ad-4156-a947-56b98949dcbe {{(pid=110274) execute /usr/local/lib/python3.8/dist-packages/oslo_concurrency/processutils.py:384}}
Nov 09 17:44:45.850684 n-d-817236-1 sudo[135462]: ubuntu : TTY=unknown ; PWD=/ ; USER=root ; COMMAND=/usr/local/bin/cinder-rootwrap /etc/cinder/rootwrap.conf lvchange -a y --yes -K stack-volumes-lvmdriver-1/volume-25d78b1a-90ad-4156-a947-56b98949dcbe
Nov 09 17:44:45.852395 n-d-817236-1 sudo[135462]: pam_unix(sudo:session): session opened for user root by (uid=0)
Nov 09 17:44:46.514009 n-d-817236-1 sudo[135462]: pam_unix(sudo:session): session closed for user root
Nov 09 17:44:46.517125 n-d-817236-1 cinder-volume[110274]: DEBUG oslo_concurrency.processutils [req-8780194c-b049-4203-a305-23a979a01bec req-7185550b-7d79-485b-b668-f3aa13017e39 tempest-ServersTestBootFromVolume-775975444 None] CMD "sudo cinder-rootwrap /etc/cinder/rootwrap.conf lvchange -a y --yes -K stack-volumes-lvmdriver-1/volume-25d78b1a-90ad-4156-a947-56b98949dcbe" returned: 0 in 0.718s {{(pid=110274) execute /usr/local/lib/python3.8/dist-packages/oslo_concurrency/processutils.py:422}}
Nov 09 17:44:46.547141 n-d-817236-1 cinder-volume[110274]: INFO cinder.volume.targets.lio [req-8780194c-b049-4203-a305-23a979a01bec req-7185550b-7d79-485b-b668-f3aa13017e39 tempest-ServersTestBootFromVolume-775975444 None] Creating iscsi_target for volume: volume-25d78b1a-90ad-4156-a947-56b98949dcbe
Nov 09 17:44:46.549039 n-d-817236-1 cinder-volume[110274]: DEBUG oslo_concurrency.lockutils [req-8780194c-b049-4203-a305-23a979a01bec req-7185550b-7d79-485b-b668-f3aa13017e39 tempest-ServersTestBootFromVolume-775975444 None] Lock "lioadm" acquired by "cinder.volume.targets.lio.LioAdm._execute" :: waited 0.001s {{(pid=110274) inner /usr/local/lib/python3.8/dist-packages/oslo_concurrency/lockutils.py:355}}
Nov 09 17:44:46.553831 n-d-817236-1 cinder-volume[110274]: DEBUG oslo_concurrency.processutils [req-8780194c-b049-4203-a305-23a979a01bec req-7185550b-7d79-485b-b668-f3aa13017e39 tempest-ServersTestBootFromVolume-775975444 None] Running cmd (subprocess): sudo cinder-rootwrap /etc/cinder/rootwrap.conf cinder-rtstool create /dev/stack-volumes-lvmdriver-1/volume-25d78b1a-90ad-4156-a947-56b98949dcbe iqn.2010-10.org.openstack:volume-25d78b1a-90ad-4156-a947-56b98949dcbe 3F5MP4gjy7CPtdfcYK9E uQuy4CAJrVj9QcHG False -p3260 -a10.222.0.81 {{(pid=110274) execute /usr/local/lib/python3.8/dist-packages/oslo_concurrency/processutils.py:384}}
Nov 09 17:44:46.606876 n-d-817236-1 sudo[135466]: ubuntu : TTY=unknown ; PWD=/ ; USER=root ; COMMAND=/usr/local/bin/cinder-rootwrap /etc/cinder/rootwrap.conf cinder-rtstool create /dev/stack-volumes-lvmdriver-1/volume-25d78b1a-90ad-4156-a947-56b98949dcbe iqn.2010-10.org.openstack:volume-25d78b1a-90ad-4156-a947-56b98949dcbe 3F5MP4gjy7CPtdfcYK9E uQuy4CAJrVj9QcHG False -p3260 -a10.222.0.81
Nov 09 17:44:46.619990 n-d-817236-1 sudo[135466]: pam_unix(sudo:session): session opened for user root by (uid=0)
Nov 09 17:44:48.391885 n-d-817236-1 sudo[135466]: pam_unix(sudo:session): session closed for user root
Nov 09 17:44:48.398535 n-d-817236-1 cinder-volume[110274]: DEBUG oslo_concurrency.processutils [req-8780194c-b049-4203-a305-23a979a01bec req-7185550b-7d79-485b-b668-f3aa13017e39 tempest-ServersTestBootFromVolume-775975444 None] CMD "sudo cinder-rootwrap /etc/cinder/rootwrap.conf cinder-rtstool create /dev/stack-volumes-lvmdriver-1/volume-25d78b1a-90ad-4156-a947-56b98949dcbe iqn.2010-10.org.openstack:volume-25d78b1a-90ad-4156-a947-56b98949dcbe 3F5MP4gjy7CPtdfcYK9E uQuy4CAJrVj9QcHG False -p3260 -a10.222.0.81" returned: 0 in 1.841s {{(pid=110274) execute /usr/local/lib/python3.8/dist-packages/oslo_concurrency/processutils.py:422}}
Nov 09 17:44:48.398535 n-d-817236-1 cinder-volume[110274]: DEBUG oslo_concurrency.lockutils [req-8780194c-b049-4203-a305-23a979a01bec req-7185550b-7d79-485b-b668-f3aa13017e39 tempest-ServersTestBootFromVolume-775975444 None] Lock "lioadm" released by "cinder.volume.targets.lio.LioAdm._execute" :: held 1.847s {{(pid=110274) inner /usr/local/lib/python3.8/dist-packages/oslo_concurrency/lockutils.py:367}}
Nov 09 17:44:48.399617 n-d-817236-1 cinder-volume[110274]: DEBUG oslo_concurrency.lockutils [req-8780194c-b049-4203-a305-23a979a01bec req-7185550b-7d79-485b-b668-f3aa13017e39 tempest-ServersTestBootFromVolume-775975444 None] Lock "lioadm" acquired by "cinder.volume.targets.lio.LioAdm._execute" :: waited 0.001s {{(pid=110274) inner /usr/local/lib/python3.8/dist-packages/oslo_concurrency/lockutils.py:355}}
Nov 09 17:44:48.400529 n-d-817236-1 cinder-volume[110274]: DEBUG oslo_concurrency.processutils [req-8780194c-b049-4203-a305-23a979a01bec req-7185550b-7d79-485b-b668-f3aa13017e39 tempest-ServersTestBootFromVolume-775975444 None] Running cmd (subprocess): sudo cinder-rootwrap /etc/cinder/rootwrap.conf cinder-rtstool get-targets {{(pid=110274) execute /usr/local/lib/python3.8/dist-packages/oslo_concurrency/processutils.py:384}}
Nov 09 17:44:48.449314 n-d-817236-1 sudo[135492]: ubuntu : TTY=unknown ; PWD=/ ; USER=root ; COMMAND=/usr/local/bin/cinder-rootwrap /etc/cinder/rootwrap.conf cinder-rtstool get-targets
Nov 09 17:44:48.450896 n-d-817236-1 sudo[135492]: pam_unix(sudo:session): session opened for user root by (uid=0)
Nov 09 17:44:50.214931 n-d-817236-1 sudo[135492]: pam_unix(sudo:session): session closed for user root
Nov 09 17:44:50.218646 n-d-817236-1 cinder-volume[110274]: DEBUG oslo_concurrency.processutils [req-8780194c-b049-4203-a305-23a979a01bec req-7185550b-7d79-485b-b668-f3aa13017e39 tempest-ServersTestBootFromVolume-775975444 None] CMD "sudo cinder-rootwrap /etc/cinder/rootwrap.conf cinder-rtstool get-targets" returned: 0 in 1.817s {{(pid=110274) execute /usr/local/lib/python3.8/dist-packages/oslo_concurrency/processutils.py:422}}
Nov 09 17:44:50.219850 n-d-817236-1 cinder-volume[110274]: DEBUG oslo_concurrency.lockutils [req-8780194c-b049-4203-a305-23a979a01bec req-7185550b-7d79-485b-b668-f3aa13017e39 tempest-ServersTestBootFromVolume-775975444 None] Lock "lioadm" released by "cinder.volume.targets.lio.LioAdm._execute" :: held 1.821s {{(pid=110274) inner /usr/local/lib/python3.8/dist-packages/oslo_concurrency/lockutils.py:367}}
Nov 09 17:44:50.229069 n-d-817236-1 cinder-volume[110274]: DEBUG oslo_concurrency.lockutils [req-8780194c-b049-4203-a305-23a979a01bec req-7185550b-7d79-485b-b668-f3aa13017e39 tempest-ServersTestBootFromVolume-775975444 None] Lock "lioadm" acquired by "cinder.volume.targets.lio.LioAdm._execute" :: waited 0.001s {{(pid=110274) inner /usr/local/lib/python3.8/dist-packages/oslo_concurrency/lockutils.py:355}}
Nov 09 17:44:50.230745 n-d-817236-1 cinder-volume[110274]: DEBUG oslo_concurrency.processutils [req-8780194c-b049-4203-a305-23a979a01bec req-7185550b-7d79-485b-b668-f3aa13017e39 tempest-ServersTestBootFromVolume-775975444 None] Running cmd (subprocess): sudo cinder-rootwrap /etc/cinder/rootwrap.conf cinder-rtstool save {{(pid=110274) execute /usr/local/lib/python3.8/dist-packages/oslo_concurrency/processutils.py:384}}
Nov 09 17:44:50.285480 n-d-817236-1 sudo[135506]: ubuntu : TTY=unknown ; PWD=/ ; USER=root ; COMMAND=/usr/local/bin/cinder-rootwrap /etc/cinder/rootwrap.conf cinder-rtstool save
Nov 09 17:44:50.286346 n-d-817236-1 sudo[135506]: pam_unix(sudo:session): session opened for user root by (uid=0)
Nov 09 17:44:51.914637 n-d-817236-1 sudo[135506]: pam_unix(sudo:session): session closed for user root
Nov 09 17:44:51.918110 n-d-817236-1 cinder-volume[110274]: DEBUG oslo_concurrency.processutils [req-8780194c-b049-4203-a305-23a979a01bec req-7185550b-7d79-485b-b668-f3aa13017e39 tempest-ServersTestBootFromVolume-775975444 None] CMD "sudo cinder-rootwrap /etc/cinder/rootwrap.conf cinder-rtstool save" returned: 0 in 1.687s {{(pid=110274) execute /usr/local/lib/python3.8/dist-packages/oslo_concurrency/processutils.py:422}}
Nov 09 17:44:51.919383 n-d-817236-1 cinder-volume[110274]: DEBUG oslo_concurrency.lockutils [req-8780194c-b049-4203-a305-23a979a01bec req-7185550b-7d79-485b-b668-f3aa13017e39 tempest-ServersTestBootFromVolume-775975444 None] Lock "lioadm" released by "cinder.volume.targets.lio.LioAdm._execute" :: held 1.698s {{(pid=110274) inner /usr/local/lib/python3.8/dist-packages/oslo_concurrency/lockutils.py:367}}
Nov 09 17:44:51.920730 n-d-817236-1 cinder-volume[110274]: DEBUG cinder.volume.targets.iscsi [req-8780194c-b049-4203-a305-23a979a01bec req-7185550b-7d79-485b-b668-f3aa13017e39 tempest-ServersTestBootFromVolume-775975444 None] Set provider_location to: 10.222.0.81:3260,iqn.2010-10.org.openstack:volume-25d78b1a-90ad-4156-a947-56b98949dcbe iqn.2010-10.org.openstack:volume-25d78b1a-90ad-4156-a947-56b98949dcbe 0 {{(pid=110274) create_export /opt/stack/cinder/cinder/volume/targets/iscsi.py:204}}
Nov 09 17:44:51.955078 n-d-817236-1 cinder-volume[110274]: DEBUG oslo_concurrency.lockutils [req-8780194c-b049-4203-a305-23a979a01bec req-7185550b-7d79-485b-b668-f3aa13017e39 tempest-ServersTestBootFromVolume-775975444 None] Lock "lioadm" acquired by "cinder.volume.targets.lio.LioAdm._execute" :: waited 0.001s {{(pid=110274) inner /usr/local/lib/python3.8/dist-packages/oslo_concurrency/lockutils.py:355}}
Nov 09 17:44:51.958770 n-d-817236-1 cinder-volume[110274]: DEBUG oslo_concurrency.processutils [req-8780194c-b049-4203-a305-23a979a01bec req-7185550b-7d79-485b-b668-f3aa13017e39 tempest-ServersTestBootFromVolume-775975444 None] Running cmd (subprocess): sudo cinder-rootwrap /etc/cinder/rootwrap.conf cinder-rtstool add-initiator iqn.2010-10.org.openstack:volume-25d78b1a-90ad-4156-a947-56b98949dcbe 3F5MP4gjy7CPtdfcYK9E uQuy4CAJrVj9QcHG iqn.1991-05.com.microsoft:n-h2-817236-1.cbci-817236-1.local {{(pid=110274) execute /usr/local/lib/python3.8/dist-packages/oslo_concurrency/processutils.py:384}}
Nov 09 17:44:52.066607 n-d-817236-1 sudo[135520]: ubuntu : TTY=unknown ; PWD=/ ; USER=root ; COMMAND=/usr/local/bin/cinder-rootwrap /etc/cinder/rootwrap.conf cinder-rtstool add-initiator iqn.2010-10.org.openstack:volume-25d78b1a-90ad-4156-a947-56b98949dcbe 3F5MP4gjy7CPtdfcYK9E uQuy4CAJrVj9QcHG iqn.1991-05.com.microsoft:n-h2-817236-1.cbci-817236-1.local
Nov 09 17:44:52.072116 n-d-817236-1 sudo[135520]: pam_unix(sudo:session): session opened for user root by (uid=0)
Nov 09 17:44:53.956265 n-d-817236-1 sudo[135520]: pam_unix(sudo:session): session closed for user root
Nov 09 17:44:53.958911 n-d-817236-1 cinder-volume[110274]: DEBUG oslo_concurrency.processutils [req-8780194c-b049-4203-a305-23a979a01bec req-7185550b-7d79-485b-b668-f3aa13017e39 tempest-ServersTestBootFromVolume-775975444 None] CMD "sudo cinder-rootwrap /etc/cinder/rootwrap.conf cinder-rtstool add-initiator iqn.2010-10.org.openstack:volume-25d78b1a-90ad-4156-a947-56b98949dcbe 3F5MP4gjy7CPtdfcYK9E uQuy4CAJrVj9QcHG iqn.1991-05.com.microsoft:n-h2-817236-1.cbci-817236-1.local" returned: 0 in 2.000s {{(pid=110274) execute /usr/local/lib/python3.8/dist-packages/oslo_concurrency/processutils.py:422}}
Nov 09 17:44:53.959734 n-d-817236-1 cinder-volume[110274]: DEBUG oslo_concurrency.lockutils [req-8780194c-b049-4203-a305-23a979a01bec req-7185550b-7d79-485b-b668-f3aa13017e39 tempest-ServersTestBootFromVolume-775975444 None] Lock "lioadm" released by "cinder.volume.targets.lio.LioAdm._execute" :: held 2.005s {{(pid=110274) inner /usr/local/lib/python3.8/dist-packages/oslo_concurrency/lockutils.py:367}}
Nov 09 17:44:53.960611 n-d-817236-1 cinder-volume[110274]: DEBUG oslo_concurrency.lockutils [req-8780194c-b049-4203-a305-23a979a01bec req-7185550b-7d79-485b-b668-f3aa13017e39 tempest-ServersTestBootFromVolume-775975444 None] Lock "lioadm" acquired by "cinder.volume.targets.lio.LioAdm._execute" :: waited 0.000s {{(pid=110274) inner /usr/local/lib/python3.8/dist-packages/oslo_concurrency/lockutils.py:355}}
Nov 09 17:44:53.961517 n-d-817236-1 cinder-volume[110274]: DEBUG oslo_concurrency.processutils [req-8780194c-b049-4203-a305-23a979a01bec req-7185550b-7d79-485b-b668-f3aa13017e39 tempest-ServersTestBootFromVolume-775975444 None] Running cmd (subprocess): sudo cinder-rootwrap /etc/cinder/rootwrap.conf cinder-rtstool save {{(pid=110274) execute /usr/local/lib/python3.8/dist-packages/oslo_concurrency/processutils.py:384}}
Nov 09 17:44:54.006384 n-d-817236-1 sudo[135535]: ubuntu : TTY=unknown ; PWD=/ ; USER=root ; COMMAND=/usr/local/bin/cinder-rootwrap /etc/cinder/rootwrap.conf cinder-rtstool save
Nov 09 17:44:54.008920 n-d-817236-1 sudo[135535]: pam_unix(sudo:session): session opened for user root by (uid=0)
Nov 09 17:44:54.774958 n-d-817236-1 cinder-volume[110274]: INFO cinder.volume.manager [None req-bb1769c1-8307-45cd-a1db-155f12f1d414 tempest-GroupSnapshotsTest-1621555883 None] Group tempest-GroupSnapshotsTest-Group-1147837948: creating
Nov 09 17:44:54.849301 n-d-817236-1 cinder-volume[110274]: INFO cinder.volume.manager [None req-bb1769c1-8307-45cd-a1db-155f12f1d414 tempest-GroupSnapshotsTest-1621555883 None] Group tempest-GroupSnapshotsTest-Group-1147837948: created successfully
Nov 09 17:44:54.866944 n-d-817236-1 cinder-volume[110274]: INFO cinder.volume.manager [None req-bb1769c1-8307-45cd-a1db-155f12f1d414 tempest-GroupSnapshotsTest-1621555883 None] Create group completed successfully.
Nov 09 17:44:55.343966 n-d-817236-1 sudo[135535]: pam_unix(sudo:session): session closed for user root
Nov 09 17:44:55.348196 n-d-817236-1 cinder-volume[110274]: DEBUG oslo_concurrency.processutils [req-8780194c-b049-4203-a305-23a979a01bec req-7185550b-7d79-485b-b668-f3aa13017e39 tempest-ServersTestBootFromVolume-775975444 None] CMD "sudo cinder-rootwrap /etc/cinder/rootwrap.conf cinder-rtstool save" returned: 0 in 1.385s {{(pid=110274) execute /usr/local/lib/python3.8/dist-packages/oslo_concurrency/processutils.py:422}}
Nov 09 17:44:55.351959 n-d-817236-1 cinder-volume[110274]: DEBUG oslo_concurrency.lockutils [req-8780194c-b049-4203-a305-23a979a01bec req-7185550b-7d79-485b-b668-f3aa13017e39 tempest-ServersTestBootFromVolume-775975444 None] Lock "lioadm" released by "cinder.volume.targets.lio.LioAdm._execute" :: held 1.391s {{(pid=110274) inner /usr/local/lib/python3.8/dist-packages/oslo_concurrency/lockutils.py:367}}
Nov 09 17:44:55.411534 n-d-817236-1 cinder-volume[110274]: DEBUG cinder.volume.manager [req-8780194c-b049-4203-a305-23a979a01bec req-7185550b-7d79-485b-b668-f3aa13017e39 tempest-ServersTestBootFromVolume-775975444 None] Connection info returned from driver {'target_discovered': False, 'target_portal': '10.222.0.81:3260', 'target_iqn': 'iqn.2010-10.org.openstack:volume-25d78b1a-90ad-4156-a947-56b98949dcbe', 'target_lun': 0, 'volume_id': '25d78b1a-90ad-4156-a947-56b98949dcbe', 'auth_method': 'CHAP', 'auth_username': '3F5MP4gjy7CPtdfcYK9E', 'auth_password': '***', 'encrypted': False, 'qos_specs': None, 'access_mode': 'rw', 'cacheable': False, 'driver_volume_type': 'iscsi', 'attachment_id': '1ec17f82-6877-4fc2-b5cc-b539a150dd01'} {{(pid=110274) _connection_create /opt/stack/cinder/cinder/volume/manager.py:4808}}
Nov 09 17:44:55.573406 n-d-817236-1 cinder-volume[110274]: INFO cinder.volume.manager [req-8780194c-b049-4203-a305-23a979a01bec req-7185550b-7d79-485b-b668-f3aa13017e39 tempest-ServersTestBootFromVolume-775975444 None] attachment_update completed successfully.
Nov 09 17:44:56.523664 n-d-817236-1 cinder-volume[110274]: DEBUG cinder.volume.flows.manager.create_volume [None req-e5e28d71-3249-485e-bae3-afdf5c1fb69b tempest-GroupSnapshotsTest-1621555883 None] Volume reschedule parameters: True retry: {'num_attempts': 1, 'backends': ['n-d-817236-1@lvmdriver-1#lvmdriver-1'], 'hosts': ['n-d-817236-1@lvmdriver-1#lvmdriver-1']} {{(pid=110274) get_flow /opt/stack/cinder/cinder/volume/flows/manager/create_volume.py:1348}}
Nov 09 17:44:56.547379 n-d-817236-1 cinder-volume[110274]: WARNING stevedore.named [None req-e5e28d71-3249-485e-bae3-afdf5c1fb69b tempest-GroupSnapshotsTest-1621555883 None] Could not load cinder.keymgr.conf_key_mgr.ConfKeyManager
Nov 09 17:44:56.549623 n-d-817236-1 cinder-volume[110274]: WARNING castellan.key_manager [None req-e5e28d71-3249-485e-bae3-afdf5c1fb69b tempest-GroupSnapshotsTest-1621555883 None] Deprecation Warning : cinder.keymgr.conf_key_mgr.ConfKeyManager is not a stevedore based driver, trying to load it as a class: stevedore.exception.NoMatches: No 'castellan.drivers' driver found, looking for 'cinder.keymgr.conf_key_mgr.ConfKeyManager'
Nov 09 17:44:56.631949 n-d-817236-1 cinder-volume[110274]: DEBUG cinder.volume.manager [None req-e5e28d71-3249-485e-bae3-afdf5c1fb69b tempest-GroupSnapshotsTest-1621555883 None] Flow 'volume_create_manager' (741cdb5c-bde2-4617-a43f-8702dd99f8ec) transitioned into state 'RUNNING' from state 'PENDING' {{(pid=110274) _flow_receiver /usr/local/lib/python3.8/dist-packages/taskflow/listeners/logging.py:141}}
Nov 09 17:44:56.659943 n-d-817236-1 cinder-volume[110274]: DEBUG cinder.volume.manager [None req-e5e28d71-3249-485e-bae3-afdf5c1fb69b tempest-GroupSnapshotsTest-1621555883 None] Task 'cinder.volume.flows.manager.create_volume.ExtractVolumeRefTask;volume:create' (933fd781-d46e-4f12-aca4-c9727b9b1f74) transitioned into state 'RUNNING' from state 'PENDING' {{(pid=110274) _task_receiver /usr/local/lib/python3.8/dist-packages/taskflow/listeners/logging.py:190}}
Nov 09 17:44:56.685733 n-d-817236-1 cinder-volume[110274]: DEBUG oslo_db.sqlalchemy.engines [None req-e5e28d71-3249-485e-bae3-afdf5c1fb69b tempest-GroupSnapshotsTest-1621555883 None] MySQL server mode set to STRICT_TRANS_TABLES,STRICT_ALL_TABLES,NO_ZERO_IN_DATE,NO_ZERO_DATE,ERROR_FOR_DIVISION_BY_ZERO,TRADITIONAL,NO_ENGINE_SUBSTITUTION {{(pid=110274) _check_effective_sql_mode /usr/local/lib/python3.8/dist-packages/oslo_db/sqlalchemy/engines.py:314}}
Nov 09 17:44:56.724546 n-d-817236-1 cinder-volume[110274]: DEBUG cinder.volume.manager [None req-e5e28d71-3249-485e-bae3-afdf5c1fb69b tempest-GroupSnapshotsTest-1621555883 None] Task 'cinder.volume.flows.manager.create_volume.ExtractVolumeRefTask;volume:create' (933fd781-d46e-4f12-aca4-c9727b9b1f74) transitioned into state 'SUCCESS' from state 'RUNNING' with result 'Volume(_name_id=None,admin_metadata=,attach_status='detached',availability_zone='nova',bootable=False,cluster=,cluster_name=None,consistencygroup=,consistencygroup_id=None,created_at=2021-11-09T17:44:56Z,deleted=False,deleted_at=None,display_description=None,display_name='tempest-GroupSnapshotsTest-Volume-1773284510',ec2_id=None,encryption_key_id=None,glance_metadata=,group=,group_id=168ad8f7-7782-4063-951c-c899b75e2953,host='n-d-817236-1@lvmdriver-1#lvmdriver-1',id=3998c7cf-0abe-4576-93eb-8c68f3dc8d33,launched_at=None,metadata={},migration_status=None,multiattach=False,previous_status=None,project_id='cdfa3d6cd0b6497783b4e35f4b13eb08',provider_auth=None,provider_geometry=None,provider_id=None,provider_location=None,replication_driver_data=None,replication_extended_status=None,replication_status=None,scheduled_at=2021-11-09T17:44:56Z,service_uuid=None,shared_targets=True,size=1,snapshot_id=None,snapshots=,source_volid=None,status='creating',terminated_at=None,updated_at=2021-11-09T17:44:56Z,use_quota=True,user_id='6e8b65d2aa9248d19ba11b2e3ea817ce',volume_attachment=,volume_type=VolumeType(ef9a9a2a-cc5a-4ef9-acb9-2c9beb03dcaa),volume_type_id=ef9a9a2a-cc5a-4ef9-acb9-2c9beb03dcaa)' {{(pid=110274) _task_receiver /usr/local/lib/python3.8/dist-packages/taskflow/listeners/logging.py:178}}
Nov 09 17:44:56.728876 n-d-817236-1 cinder-volume[110274]: DEBUG cinder.volume.manager [None req-e5e28d71-3249-485e-bae3-afdf5c1fb69b tempest-GroupSnapshotsTest-1621555883 None] Task 'cinder.volume.flows.manager.create_volume.OnFailureRescheduleTask;volume:create' (4330da46-75b6-4c64-b97c-0f6465d7d678) transitioned into state 'RUNNING' from state 'PENDING' {{(pid=110274) _task_receiver /usr/local/lib/python3.8/dist-packages/taskflow/listeners/logging.py:190}}
Nov 09 17:44:56.748828 n-d-817236-1 cinder-volume[110274]: DEBUG cinder.volume.manager [None req-e5e28d71-3249-485e-bae3-afdf5c1fb69b tempest-GroupSnapshotsTest-1621555883 None] Task 'cinder.volume.flows.manager.create_volume.OnFailureRescheduleTask;volume:create' (4330da46-75b6-4c64-b97c-0f6465d7d678) transitioned into state 'SUCCESS' from state 'RUNNING' with result 'None' {{(pid=110274) _task_receiver /usr/local/lib/python3.8/dist-packages/taskflow/listeners/logging.py:178}}
Nov 09 17:44:56.754456 n-d-817236-1 cinder-volume[110274]: DEBUG cinder.volume.manager [None req-e5e28d71-3249-485e-bae3-afdf5c1fb69b tempest-GroupSnapshotsTest-1621555883 None] Task 'cinder.volume.flows.manager.create_volume.ExtractVolumeSpecTask;volume:create' (423c6fd9-6a9c-479a-b67a-2f37cba78892) transitioned into state 'RUNNING' from state 'PENDING' {{(pid=110274) _task_receiver /usr/local/lib/python3.8/dist-packages/taskflow/listeners/logging.py:190}}
Nov 09 17:44:56.762238 n-d-817236-1 cinder-volume[110274]: DEBUG cinder.volume.manager [None req-e5e28d71-3249-485e-bae3-afdf5c1fb69b tempest-GroupSnapshotsTest-1621555883 None] Task 'cinder.volume.flows.manager.create_volume.ExtractVolumeSpecTask;volume:create' (423c6fd9-6a9c-479a-b67a-2f37cba78892) transitioned into state 'SUCCESS' from state 'RUNNING' with result '{'status': 'creating', 'type': 'raw', 'volume_id': '3998c7cf-0abe-4576-93eb-8c68f3dc8d33', 'volume_name': 'volume-3998c7cf-0abe-4576-93eb-8c68f3dc8d33', 'volume_size': 1}' {{(pid=110274) _task_receiver /usr/local/lib/python3.8/dist-packages/taskflow/listeners/logging.py:178}}
Nov 09 17:44:56.773938 n-d-817236-1 cinder-volume[110274]: DEBUG cinder.volume.manager [None req-e5e28d71-3249-485e-bae3-afdf5c1fb69b tempest-GroupSnapshotsTest-1621555883 None] Task 'cinder.volume.flows.manager.create_volume.NotifyVolumeActionTask;volume:create, create.start' (8ac119e3-535d-490a-b487-dab6cc9053ee) transitioned into state 'RUNNING' from state 'PENDING' {{(pid=110274) _task_receiver /usr/local/lib/python3.8/dist-packages/taskflow/listeners/logging.py:190}}
Nov 09 17:44:56.778334 n-d-817236-1 cinder-volume[110274]: DEBUG cinder.volume.manager [None req-e5e28d71-3249-485e-bae3-afdf5c1fb69b tempest-GroupSnapshotsTest-1621555883 None] Task 'cinder.volume.flows.manager.create_volume.NotifyVolumeActionTask;volume:create, create.start' (8ac119e3-535d-490a-b487-dab6cc9053ee) transitioned into state 'SUCCESS' from state 'RUNNING' with result 'None' {{(pid=110274) _task_receiver /usr/local/lib/python3.8/dist-packages/taskflow/listeners/logging.py:178}}
Nov 09 17:44:56.802009 n-d-817236-1 cinder-volume[110274]: DEBUG cinder.volume.manager [None req-e5e28d71-3249-485e-bae3-afdf5c1fb69b tempest-GroupSnapshotsTest-1621555883 None] Task 'cinder.volume.flows.manager.create_volume.CreateVolumeFromSpecTask;volume:create' (68ad5159-a5e2-4849-937f-26a48fd4971e) transitioned into state 'RUNNING' from state 'PENDING' {{(pid=110274) _task_receiver /usr/local/lib/python3.8/dist-packages/taskflow/listeners/logging.py:190}}
Nov 09 17:44:56.886454 n-d-817236-1 cinder-volume[110274]: INFO cinder.volume.flows.manager.create_volume [None req-e5e28d71-3249-485e-bae3-afdf5c1fb69b tempest-GroupSnapshotsTest-1621555883 None] Volume 3998c7cf-0abe-4576-93eb-8c68f3dc8d33: being created as raw with specification: {'status': 'creating', 'volume_name': 'volume-3998c7cf-0abe-4576-93eb-8c68f3dc8d33', 'volume_size': 1}
Nov 09 17:44:56.888377 n-d-817236-1 cinder-volume[110274]: DEBUG oslo_concurrency.processutils [None req-e5e28d71-3249-485e-bae3-afdf5c1fb69b tempest-GroupSnapshotsTest-1621555883 None] Running cmd (subprocess): sudo cinder-rootwrap /etc/cinder/rootwrap.conf env LC_ALL=C lvcreate -n volume-3998c7cf-0abe-4576-93eb-8c68f3dc8d33 stack-volumes-lvmdriver-1 -L 1g {{(pid=110274) execute /usr/local/lib/python3.8/dist-packages/oslo_concurrency/processutils.py:384}}
Nov 09 17:44:56.923052 n-d-817236-1 sudo[135549]: ubuntu : TTY=unknown ; PWD=/ ; USER=root ; COMMAND=/usr/local/bin/cinder-rootwrap /etc/cinder/rootwrap.conf env LC_ALL=C lvcreate -n volume-3998c7cf-0abe-4576-93eb-8c68f3dc8d33 stack-volumes-lvmdriver-1 -L 1g
Nov 09 17:44:56.924981 n-d-817236-1 sudo[135549]: pam_unix(sudo:session): session opened for user root by (uid=0)
Nov 09 17:44:57.818442 n-d-817236-1 sudo[135549]: pam_unix(sudo:session): session closed for user root
Nov 09 17:44:57.821570 n-d-817236-1 cinder-volume[110274]: DEBUG oslo_concurrency.processutils [None req-e5e28d71-3249-485e-bae3-afdf5c1fb69b tempest-GroupSnapshotsTest-1621555883 None] CMD "sudo cinder-rootwrap /etc/cinder/rootwrap.conf env LC_ALL=C lvcreate -n volume-3998c7cf-0abe-4576-93eb-8c68f3dc8d33 stack-volumes-lvmdriver-1 -L 1g" returned: 0 in 0.933s {{(pid=110274) execute /usr/local/lib/python3.8/dist-packages/oslo_concurrency/processutils.py:422}}
Nov 09 17:44:57.827165 n-d-817236-1 cinder-volume[110274]: DEBUG cinder.volume.manager [None req-e5e28d71-3249-485e-bae3-afdf5c1fb69b tempest-GroupSnapshotsTest-1621555883 None] Task 'cinder.volume.flows.manager.create_volume.CreateVolumeFromSpecTask;volume:create' (68ad5159-a5e2-4849-937f-26a48fd4971e) transitioned into state 'SUCCESS' from state 'RUNNING' with result '{'status': 'creating', 'volume_name': 'volume-3998c7cf-0abe-4576-93eb-8c68f3dc8d33', 'volume_size': 1}' {{(pid=110274) _task_receiver /usr/local/lib/python3.8/dist-packages/taskflow/listeners/logging.py:178}}
Nov 09 17:44:57.830018 n-d-817236-1 cinder-volume[110274]: DEBUG cinder.volume.manager [None req-e5e28d71-3249-485e-bae3-afdf5c1fb69b tempest-GroupSnapshotsTest-1621555883 None] Task 'cinder.volume.flows.manager.create_volume.CreateVolumeOnFinishTask;volume:create, create.end' (752f06bb-4893-4ed9-8aff-00ed09517748) transitioned into state 'RUNNING' from state 'PENDING' {{(pid=110274) _task_receiver /usr/local/lib/python3.8/dist-packages/taskflow/listeners/logging.py:190}}
Nov 09 17:44:57.852041 n-d-817236-1 cinder-volume[110274]: INFO cinder.volume.flows.manager.create_volume [None req-e5e28d71-3249-485e-bae3-afdf5c1fb69b tempest-GroupSnapshotsTest-1621555883 None] Volume volume-3998c7cf-0abe-4576-93eb-8c68f3dc8d33 (3998c7cf-0abe-4576-93eb-8c68f3dc8d33): created successfully
Nov 09 17:44:57.861962 n-d-817236-1 cinder-volume[110274]: DEBUG cinder.volume.manager [None req-e5e28d71-3249-485e-bae3-afdf5c1fb69b tempest-GroupSnapshotsTest-1621555883 None] Task 'cinder.volume.flows.manager.create_volume.CreateVolumeOnFinishTask;volume:create, create.end' (752f06bb-4893-4ed9-8aff-00ed09517748) transitioned into state 'SUCCESS' from state 'RUNNING' with result 'None' {{(pid=110274) _task_receiver /usr/local/lib/python3.8/dist-packages/taskflow/listeners/logging.py:178}}
Nov 09 17:44:57.872315 n-d-817236-1 cinder-volume[110274]: DEBUG cinder.volume.manager [None req-e5e28d71-3249-485e-bae3-afdf5c1fb69b tempest-GroupSnapshotsTest-1621555883 None] Flow 'volume_create_manager' (741cdb5c-bde2-4617-a43f-8702dd99f8ec) transitioned into state 'SUCCESS' from state 'RUNNING' {{(pid=110274) _flow_receiver /usr/local/lib/python3.8/dist-packages/taskflow/listeners/logging.py:141}}
Nov 09 17:44:57.890927 n-d-817236-1 cinder-volume[110274]: INFO cinder.volume.manager [None req-e5e28d71-3249-485e-bae3-afdf5c1fb69b tempest-GroupSnapshotsTest-1621555883 None] Created volume successfully.
Nov 09 17:44:58.567862 n-d-817236-1 cinder-volume[110274]: DEBUG oslo_service.periodic_task [None req-59556734-7784-4977-badd-df81ecc36768 None None] Running periodic task VolumeManager.publish_service_capabilities {{(pid=110274) run_periodic_tasks /usr/local/lib/python3.8/dist-packages/oslo_service/periodic_task.py:210}}
Nov 09 17:44:58.570439 n-d-817236-1 cinder-volume[110274]: DEBUG cinder.volume.drivers.lvm [None req-59556734-7784-4977-badd-df81ecc36768 None None] Updating volume stats {{(pid=110274) _update_volume_stats /opt/stack/cinder/cinder/volume/drivers/lvm.py:213}}
Nov 09 17:44:58.572376 n-d-817236-1 cinder-volume[110274]: DEBUG oslo_concurrency.processutils [None req-59556734-7784-4977-badd-df81ecc36768 None None] Running cmd (subprocess): sudo cinder-rootwrap /etc/cinder/rootwrap.conf env LC_ALL=C vgs --noheadings --unit=g -o name,size,free,lv_count,uuid --separator : --nosuffix stack-volumes-lvmdriver-1 {{(pid=110274) execute /usr/local/lib/python3.8/dist-packages/oslo_concurrency/processutils.py:384}}
Nov 09 17:44:58.602174 n-d-817236-1 sudo[135586]: ubuntu : TTY=unknown ; PWD=/ ; USER=root ; COMMAND=/usr/local/bin/cinder-rootwrap /etc/cinder/rootwrap.conf env LC_ALL=C vgs --noheadings --unit=g -o name,size,free,lv_count,uuid --separator : --nosuffix stack-volumes-lvmdriver-1
Nov 09 17:44:58.603055 n-d-817236-1 sudo[135586]: pam_unix(sudo:session): session opened for user root by (uid=0)
Nov 09 17:44:58.777625 n-d-817236-1 cinder-volume[110274]: INFO cinder.volume.manager [None req-57dae138-7f64-4689-b748-489e485a5dc2 tempest-GroupSnapshotsTest-1621555883 None] GroupSnapshot 01e0b1ff-394a-4c42-baae-93d42eb69e8d: creating.
Nov 09 17:44:58.861717 n-d-817236-1 cinder-volume[110274]: DEBUG cinder.volume.manager [None req-57dae138-7f64-4689-b748-489e485a5dc2 tempest-GroupSnapshotsTest-1621555883 None] Group snapshot 01e0b1ff-394a-4c42-baae-93d42eb69e8d: creating. {{(pid=110274) create_group_snapshot /opt/stack/cinder/cinder/volume/manager.py:4074}}
Nov 09 17:44:58.895275 n-d-817236-1 cinder-volume[110274]: DEBUG oslo_concurrency.processutils [None req-57dae138-7f64-4689-b748-489e485a5dc2 tempest-GroupSnapshotsTest-1621555883 None] Running cmd (subprocess): sudo cinder-rootwrap /etc/cinder/rootwrap.conf env LC_ALL=C lvs --noheadings --unit=g -o vg_name,name,size --nosuffix --readonly stack-volumes-lvmdriver-1/volume-3998c7cf-0abe-4576-93eb-8c68f3dc8d33 {{(pid=110274) execute /usr/local/lib/python3.8/dist-packages/oslo_concurrency/processutils.py:384}}
Nov 09 17:44:58.918798 n-d-817236-1 sudo[135588]: ubuntu : TTY=unknown ; PWD=/ ; USER=root ; COMMAND=/usr/local/bin/cinder-rootwrap /etc/cinder/rootwrap.conf env LC_ALL=C lvs --noheadings --unit=g -o vg_name,name,size --nosuffix --readonly stack-volumes-lvmdriver-1/volume-3998c7cf-0abe-4576-93eb-8c68f3dc8d33
Nov 09 17:44:58.921203 n-d-817236-1 sudo[135588]: pam_unix(sudo:session): session opened for user root by (uid=0)
Nov 09 17:44:59.623599 n-d-817236-1 sudo[135586]: pam_unix(sudo:session): session closed for user root
Nov 09 17:44:59.626188 n-d-817236-1 cinder-volume[110274]: DEBUG oslo_concurrency.processutils [None req-59556734-7784-4977-badd-df81ecc36768 None None] CMD "sudo cinder-rootwrap /etc/cinder/rootwrap.conf env LC_ALL=C vgs --noheadings --unit=g -o name,size,free,lv_count,uuid --separator : --nosuffix stack-volumes-lvmdriver-1" returned: 0 in 1.054s {{(pid=110274) execute /usr/local/lib/python3.8/dist-packages/oslo_concurrency/processutils.py:422}}
Nov 09 17:44:59.628394 n-d-817236-1 cinder-volume[110274]: DEBUG oslo_concurrency.processutils [None req-59556734-7784-4977-badd-df81ecc36768 None None] Running cmd (subprocess): sudo cinder-rootwrap /etc/cinder/rootwrap.conf env LC_ALL=C lvs --noheadings --unit=g -o vg_name,name,size --nosuffix --readonly stack-volumes-lvmdriver-1 {{(pid=110274) execute /usr/local/lib/python3.8/dist-packages/oslo_concurrency/processutils.py:384}}
Nov 09 17:44:59.675197 n-d-817236-1 sudo[135591]: ubuntu : TTY=unknown ; PWD=/ ; USER=root ; COMMAND=/usr/local/bin/cinder-rootwrap /etc/cinder/rootwrap.conf env LC_ALL=C lvs --noheadings --unit=g -o vg_name,name,size --nosuffix --readonly stack-volumes-lvmdriver-1
Nov 09 17:44:59.683762 n-d-817236-1 sudo[135591]: pam_unix(sudo:session): session opened for user root by (uid=0)
Nov 09 17:44:59.959518 n-d-817236-1 sudo[135588]: pam_unix(sudo:session): session closed for user root
Nov 09 17:44:59.964331 n-d-817236-1 cinder-volume[110274]: DEBUG oslo_concurrency.processutils [None req-57dae138-7f64-4689-b748-489e485a5dc2 tempest-GroupSnapshotsTest-1621555883 None] CMD "sudo cinder-rootwrap /etc/cinder/rootwrap.conf env LC_ALL=C lvs --noheadings --unit=g -o vg_name,name,size --nosuffix --readonly stack-volumes-lvmdriver-1/volume-3998c7cf-0abe-4576-93eb-8c68f3dc8d33" returned: 0 in 1.068s {{(pid=110274) execute /usr/local/lib/python3.8/dist-packages/oslo_concurrency/processutils.py:422}}
Nov 09 17:44:59.967265 n-d-817236-1 cinder-volume[110274]: DEBUG oslo_concurrency.processutils [None req-57dae138-7f64-4689-b748-489e485a5dc2 tempest-GroupSnapshotsTest-1621555883 None] Running cmd (subprocess): sudo cinder-rootwrap /etc/cinder/rootwrap.conf env LC_ALL=C lvcreate --name _snapshot-daa330ac-ea15-4e23-a707-b30410982f13 --snapshot stack-volumes-lvmdriver-1/volume-3998c7cf-0abe-4576-93eb-8c68f3dc8d33 -L 1.00g {{(pid=110274) execute /usr/local/lib/python3.8/dist-packages/oslo_concurrency/processutils.py:384}}
Nov 09 17:45:00.039829 n-d-817236-1 sudo[135594]: ubuntu : TTY=unknown ; PWD=/ ; USER=root ; COMMAND=/usr/local/bin/cinder-rootwrap /etc/cinder/rootwrap.conf env LC_ALL=C lvcreate --name _snapshot-daa330ac-ea15-4e23-a707-b30410982f13 --snapshot stack-volumes-lvmdriver-1/volume-3998c7cf-0abe-4576-93eb-8c68f3dc8d33 -L 1.00g
Nov 09 17:45:00.041696 n-d-817236-1 sudo[135594]: pam_unix(sudo:session): session opened for user root by (uid=0)
Nov 09 17:45:00.395785 n-d-817236-1 sudo[135591]: pam_unix(sudo:session): session closed for user root
Nov 09 17:45:00.398244 n-d-817236-1 cinder-volume[110274]: DEBUG oslo_concurrency.processutils [None req-59556734-7784-4977-badd-df81ecc36768 None None] CMD "sudo cinder-rootwrap /etc/cinder/rootwrap.conf env LC_ALL=C lvs --noheadings --unit=g -o vg_name,name,size --nosuffix --readonly stack-volumes-lvmdriver-1" returned: 0 in 0.770s {{(pid=110274) execute /usr/local/lib/python3.8/dist-packages/oslo_concurrency/processutils.py:422}}
Nov 09 17:45:00.401453 n-d-817236-1 cinder-volume[110274]: DEBUG cinder.manager [None req-59556734-7784-4977-badd-df81ecc36768 None None] Notifying Schedulers of capabilities ... {{(pid=110274) _publish_service_capabilities /opt/stack/cinder/cinder/manager.py:202}}
Nov 09 17:45:01.081658 n-d-817236-1 sudo[135594]: pam_unix(sudo:session): session closed for user root
Nov 09 17:45:01.083790 n-d-817236-1 cinder-volume[110274]: DEBUG oslo_concurrency.processutils [None req-57dae138-7f64-4689-b748-489e485a5dc2 tempest-GroupSnapshotsTest-1621555883 None] CMD "sudo cinder-rootwrap /etc/cinder/rootwrap.conf env LC_ALL=C lvcreate --name _snapshot-daa330ac-ea15-4e23-a707-b30410982f13 --snapshot stack-volumes-lvmdriver-1/volume-3998c7cf-0abe-4576-93eb-8c68f3dc8d33 -L 1.00g" returned: 0 in 1.117s {{(pid=110274) execute /usr/local/lib/python3.8/dist-packages/oslo_concurrency/processutils.py:422}}
Nov 09 17:45:01.314067 n-d-817236-1 cinder-volume[110274]: INFO cinder.volume.manager [None req-57dae138-7f64-4689-b748-489e485a5dc2 tempest-GroupSnapshotsTest-1621555883 None] group_snapshot 01e0b1ff-394a-4c42-baae-93d42eb69e8d: created successfully
Nov 09 17:45:03.186275 n-d-817236-1 cinder-volume[110274]: DEBUG oslo_concurrency.processutils [None req-5f787d8d-cda3-4730-a766-e8bece06d427 tempest-GroupSnapshotsTest-1621555883 None] Running cmd (subprocess): sudo cinder-rootwrap /etc/cinder/rootwrap.conf env LC_ALL=C lvcreate -n volume-9c678712-fb1c-43a1-bbaf-6b744b949264 stack-volumes-lvmdriver-1 -L 1g {{(pid=110274) execute /usr/local/lib/python3.8/dist-packages/oslo_concurrency/processutils.py:384}}
Nov 09 17:45:03.228333 n-d-817236-1 sudo[135729]: ubuntu : TTY=unknown ; PWD=/ ; USER=root ; COMMAND=/usr/local/bin/cinder-rootwrap /etc/cinder/rootwrap.conf env LC_ALL=C lvcreate -n volume-9c678712-fb1c-43a1-bbaf-6b744b949264 stack-volumes-lvmdriver-1 -L 1g
Nov 09 17:45:03.230129 n-d-817236-1 sudo[135729]: pam_unix(sudo:session): session opened for user root by (uid=0)
Nov 09 17:45:04.473146 n-d-817236-1 sudo[135729]: pam_unix(sudo:session): session closed for user root
Nov 09 17:45:04.476614 n-d-817236-1 cinder-volume[110274]: DEBUG oslo_concurrency.processutils [None req-5f787d8d-cda3-4730-a766-e8bece06d427 tempest-GroupSnapshotsTest-1621555883 None] CMD "sudo cinder-rootwrap /etc/cinder/rootwrap.conf env LC_ALL=C lvcreate -n volume-9c678712-fb1c-43a1-bbaf-6b744b949264 stack-volumes-lvmdriver-1 -L 1g" returned: 0 in 1.290s {{(pid=110274) execute /usr/local/lib/python3.8/dist-packages/oslo_concurrency/processutils.py:422}}
Nov 09 17:45:04.481429 n-d-817236-1 cinder-volume[110274]: DEBUG oslo_concurrency.processutils [None req-5f787d8d-cda3-4730-a766-e8bece06d427 tempest-GroupSnapshotsTest-1621555883 None] Running cmd (subprocess): env LC_ALL=C lvm version {{(pid=110274) execute /usr/local/lib/python3.8/dist-packages/oslo_concurrency/processutils.py:384}}
Nov 09 17:45:04.543883 n-d-817236-1 cinder-volume[110274]: DEBUG oslo_concurrency.processutils [None req-5f787d8d-cda3-4730-a766-e8bece06d427 tempest-GroupSnapshotsTest-1621555883 None] CMD "env LC_ALL=C lvm version" returned: 0 in 0.062s {{(pid=110274) execute /usr/local/lib/python3.8/dist-packages/oslo_concurrency/processutils.py:422}}
Nov 09 17:45:04.546317 n-d-817236-1 cinder-volume[110274]: DEBUG oslo_concurrency.processutils [None req-5f787d8d-cda3-4730-a766-e8bece06d427 tempest-GroupSnapshotsTest-1621555883 None] Running cmd (subprocess): sudo cinder-rootwrap /etc/cinder/rootwrap.conf lvchange -a y --yes -K stack-volumes-lvmdriver-1/_snapshot-daa330ac-ea15-4e23-a707-b30410982f13 {{(pid=110274) execute /usr/local/lib/python3.8/dist-packages/oslo_concurrency/processutils.py:384}}
Nov 09 17:45:04.601421 n-d-817236-1 sudo[135765]: ubuntu : TTY=unknown ; PWD=/ ; USER=root ; COMMAND=/usr/local/bin/cinder-rootwrap /etc/cinder/rootwrap.conf lvchange -a y --yes -K stack-volumes-lvmdriver-1/_snapshot-daa330ac-ea15-4e23-a707-b30410982f13
Nov 09 17:45:04.608791 n-d-817236-1 sudo[135765]: pam_unix(sudo:session): session opened for user root by (uid=0)
Nov 09 17:45:05.580916 n-d-817236-1 sudo[135765]: pam_unix(sudo:session): session closed for user root
Nov 09 17:45:05.585035 n-d-817236-1 cinder-volume[110274]: DEBUG oslo_concurrency.processutils [None req-5f787d8d-cda3-4730-a766-e8bece06d427 tempest-GroupSnapshotsTest-1621555883 None] CMD "sudo cinder-rootwrap /etc/cinder/rootwrap.conf lvchange -a y --yes -K stack-volumes-lvmdriver-1/_snapshot-daa330ac-ea15-4e23-a707-b30410982f13" returned: 0 in 1.038s {{(pid=110274) execute /usr/local/lib/python3.8/dist-packages/oslo_concurrency/processutils.py:422}}
Nov 09 17:45:05.589815 n-d-817236-1 cinder-volume[110274]: DEBUG oslo_concurrency.processutils [None req-5f787d8d-cda3-4730-a766-e8bece06d427 tempest-GroupSnapshotsTest-1621555883 None] Running cmd (subprocess): sudo cinder-rootwrap /etc/cinder/rootwrap.conf dd count=0 if=/dev/mapper/stack--volumes--lvmdriver--1-_snapshot--daa330ac--ea15--4e23--a707--b30410982f13 of=/dev/mapper/stack--volumes--lvmdriver--1-volume--9c678712--fb1c--43a1--bbaf--6b744b949264 iflag=direct {{(pid=110274) execute /usr/local/lib/python3.8/dist-packages/oslo_concurrency/processutils.py:384}}
Nov 09 17:45:05.646685 n-d-817236-1 sudo[135768]: ubuntu : TTY=unknown ; PWD=/ ; USER=root ; COMMAND=/usr/local/bin/cinder-rootwrap /etc/cinder/rootwrap.conf dd count=0 if=/dev/mapper/stack--volumes--lvmdriver--1-_snapshot--daa330ac--ea15--4e23--a707--b30410982f13 of=/dev/mapper/stack--volumes--lvmdriver--1-volume--9c678712--fb1c--43a1--bbaf--6b744b949264 iflag=direct
Nov 09 17:45:05.649079 n-d-817236-1 sudo[135768]: pam_unix(sudo:session): session opened for user root by (uid=0)
Nov 09 17:45:06.576325 n-d-817236-1 sudo[135768]: pam_unix(sudo:session): session closed for user root
Nov 09 17:45:06.579514 n-d-817236-1 cinder-volume[110274]: DEBUG oslo_concurrency.processutils [None req-5f787d8d-cda3-4730-a766-e8bece06d427 tempest-GroupSnapshotsTest-1621555883 None] CMD "sudo cinder-rootwrap /etc/cinder/rootwrap.conf dd count=0 if=/dev/mapper/stack--volumes--lvmdriver--1-_snapshot--daa330ac--ea15--4e23--a707--b30410982f13 of=/dev/mapper/stack--volumes--lvmdriver--1-volume--9c678712--fb1c--43a1--bbaf--6b744b949264 iflag=direct" returned: 0 in 0.989s {{(pid=110274) execute /usr/local/lib/python3.8/dist-packages/oslo_concurrency/processutils.py:422}}
Nov 09 17:45:06.582039 n-d-817236-1 cinder-volume[110274]: DEBUG oslo_concurrency.processutils [None req-5f787d8d-cda3-4730-a766-e8bece06d427 tempest-GroupSnapshotsTest-1621555883 None] Running cmd (subprocess): sudo cinder-rootwrap /etc/cinder/rootwrap.conf dd count=0 if=/dev/mapper/stack--volumes--lvmdriver--1-_snapshot--daa330ac--ea15--4e23--a707--b30410982f13 of=/dev/mapper/stack--volumes--lvmdriver--1-volume--9c678712--fb1c--43a1--bbaf--6b744b949264 oflag=direct {{(pid=110274) execute /usr/local/lib/python3.8/dist-packages/oslo_concurrency/processutils.py:384}}
Nov 09 17:45:06.610171 n-d-817236-1 sudo[135780]: ubuntu : TTY=unknown ; PWD=/ ; USER=root ; COMMAND=/usr/local/bin/cinder-rootwrap /etc/cinder/rootwrap.conf dd count=0 if=/dev/mapper/stack--volumes--lvmdriver--1-_snapshot--daa330ac--ea15--4e23--a707--b30410982f13 of=/dev/mapper/stack--volumes--lvmdriver--1-volume--9c678712--fb1c--43a1--bbaf--6b744b949264 oflag=direct
Nov 09 17:45:06.612338 n-d-817236-1 sudo[135780]: pam_unix(sudo:session): session opened for user root by (uid=0)
Nov 09 17:45:07.258872 n-d-817236-1 sudo[135780]: pam_unix(sudo:session): session closed for user root
Nov 09 17:45:07.265033 n-d-817236-1 cinder-volume[110274]: DEBUG oslo_concurrency.processutils [None req-5f787d8d-cda3-4730-a766-e8bece06d427 tempest-GroupSnapshotsTest-1621555883 None] CMD "sudo cinder-rootwrap /etc/cinder/rootwrap.conf dd count=0 if=/dev/mapper/stack--volumes--lvmdriver--1-_snapshot--daa330ac--ea15--4e23--a707--b30410982f13 of=/dev/mapper/stack--volumes--lvmdriver--1-volume--9c678712--fb1c--43a1--bbaf--6b744b949264 oflag=direct" returned: 0 in 0.681s {{(pid=110274) execute /usr/local/lib/python3.8/dist-packages/oslo_concurrency/processutils.py:422}}
Nov 09 17:45:07.268355 n-d-817236-1 cinder-volume[110274]: DEBUG oslo_concurrency.processutils [None req-5f787d8d-cda3-4730-a766-e8bece06d427 tempest-GroupSnapshotsTest-1621555883 None] Running cmd (subprocess): sudo cinder-rootwrap /etc/cinder/rootwrap.conf dd if=/dev/mapper/stack--volumes--lvmdriver--1-_snapshot--daa330ac--ea15--4e23--a707--b30410982f13 of=/dev/mapper/stack--volumes--lvmdriver--1-volume--9c678712--fb1c--43a1--bbaf--6b744b949264 count=1073741824 bs=1M iflag=count_bytes,direct oflag=direct {{(pid=110274) execute /usr/local/lib/python3.8/dist-packages/oslo_concurrency/processutils.py:384}}
Nov 09 17:45:07.355965 n-d-817236-1 sudo[135794]: ubuntu : TTY=unknown ; PWD=/ ; USER=root ; COMMAND=/usr/local/bin/cinder-rootwrap /etc/cinder/rootwrap.conf dd if=/dev/mapper/stack--volumes--lvmdriver--1-_snapshot--daa330ac--ea15--4e23--a707--b30410982f13 of=/dev/mapper/stack--volumes--lvmdriver--1-volume--9c678712--fb1c--43a1--bbaf--6b744b949264 count=1073741824 bs=1M iflag=count_bytes,direct oflag=direct
Nov 09 17:45:07.366459 n-d-817236-1 sudo[135794]: pam_unix(sudo:session): session opened for user root by (uid=0)
Nov 09 17:45:17.124731 n-d-817236-1 sudo[135794]: pam_unix(sudo:session): session closed for user root
Nov 09 17:45:17.128187 n-d-817236-1 cinder-volume[110274]: DEBUG oslo_concurrency.processutils [None req-5f787d8d-cda3-4730-a766-e8bece06d427 tempest-GroupSnapshotsTest-1621555883 None] CMD "sudo cinder-rootwrap /etc/cinder/rootwrap.conf dd if=/dev/mapper/stack--volumes--lvmdriver--1-_snapshot--daa330ac--ea15--4e23--a707--b30410982f13 of=/dev/mapper/stack--volumes--lvmdriver--1-volume--9c678712--fb1c--43a1--bbaf--6b744b949264 count=1073741824 bs=1M iflag=count_bytes,direct oflag=direct" returned: 0 in 9.860s {{(pid=110274) execute /usr/local/lib/python3.8/dist-packages/oslo_concurrency/processutils.py:422}}
Nov 09 17:45:17.130204 n-d-817236-1 cinder-volume[110274]: DEBUG cinder.volume.volume_utils [None req-5f787d8d-cda3-4730-a766-e8bece06d427 tempest-GroupSnapshotsTest-1621555883 None] Volume copy details: src /dev/mapper/stack--volumes--lvmdriver--1-_snapshot--daa330ac--ea15--4e23--a707--b30410982f13, dest /dev/mapper/stack--volumes--lvmdriver--1-volume--9c678712--fb1c--43a1--bbaf--6b744b949264, size 1024.00 MB, duration 9.86 sec {{(pid=110274) _copy_volume_with_path /opt/stack/cinder/cinder/volume/volume_utils.py:550}}
Nov 09 17:45:17.131077 n-d-817236-1 cinder-volume[110274]: INFO cinder.volume.volume_utils [None req-5f787d8d-cda3-4730-a766-e8bece06d427 tempest-GroupSnapshotsTest-1621555883 None] Volume copy 1024.00 MB at 103.83 MB/s
Nov 09 17:45:17.388672 n-d-817236-1 cinder-volume[110274]: INFO cinder.volume.manager [None req-5f787d8d-cda3-4730-a766-e8bece06d427 tempest-GroupSnapshotsTest-1621555883 None] Create group from source-snapshot-01e0b1ff-394a-4c42-baae-93d42eb69e8d completed successfully.
Nov 09 17:45:18.415045 n-d-817236-1 cinder-volume[110274]: INFO cinder.volume.targets.iscsi [None req-1b822afa-2758-4801-8e04-bd7e0935b7a7 tempest-GroupSnapshotsTest-1621555883 None] Skipping remove_export. No iscsi_target is presently exported for volume: 9c678712-fb1c-43a1-bbaf-6b744b949264
Nov 09 17:45:18.417242 n-d-817236-1 cinder-volume[110274]: DEBUG oslo_concurrency.processutils [None req-1b822afa-2758-4801-8e04-bd7e0935b7a7 tempest-GroupSnapshotsTest-1621555883 None] Running cmd (subprocess): sudo cinder-rootwrap /etc/cinder/rootwrap.conf env LC_ALL=C lvs --noheadings --unit=g -o vg_name,name,size --nosuffix --readonly stack-volumes-lvmdriver-1/volume-9c678712-fb1c-43a1-bbaf-6b744b949264 {{(pid=110274) execute /usr/local/lib/python3.8/dist-packages/oslo_concurrency/processutils.py:384}}
Nov 09 17:45:18.517469 n-d-817236-1 sudo[135843]: ubuntu : TTY=unknown ; PWD=/ ; USER=root ; COMMAND=/usr/local/bin/cinder-rootwrap /etc/cinder/rootwrap.conf env LC_ALL=C lvs --noheadings --unit=g -o vg_name,name,size --nosuffix --readonly stack-volumes-lvmdriver-1/volume-9c678712-fb1c-43a1-bbaf-6b744b949264
Nov 09 17:45:18.518795 n-d-817236-1 sudo[135843]: pam_unix(sudo:session): session opened for user root by (uid=0)
Nov 09 17:45:19.299060 n-d-817236-1 sudo[135843]: pam_unix(sudo:session): session closed for user root
Nov 09 17:45:19.301715 n-d-817236-1 cinder-volume[110274]: DEBUG oslo_concurrency.processutils [None req-1b822afa-2758-4801-8e04-bd7e0935b7a7 tempest-GroupSnapshotsTest-1621555883 None] CMD "sudo cinder-rootwrap /etc/cinder/rootwrap.conf env LC_ALL=C lvs --noheadings --unit=g -o vg_name,name,size --nosuffix --readonly stack-volumes-lvmdriver-1/volume-9c678712-fb1c-43a1-bbaf-6b744b949264" returned: 0 in 0.884s {{(pid=110274) execute /usr/local/lib/python3.8/dist-packages/oslo_concurrency/processutils.py:422}}
Nov 09 17:45:19.304428 n-d-817236-1 cinder-volume[110274]: DEBUG oslo_concurrency.processutils [None req-1b822afa-2758-4801-8e04-bd7e0935b7a7 tempest-GroupSnapshotsTest-1621555883 None] Running cmd (subprocess): sudo cinder-rootwrap /etc/cinder/rootwrap.conf env LC_ALL=C lvdisplay --noheading -C -o Attr --readonly stack-volumes-lvmdriver-1/volume-9c678712-fb1c-43a1-bbaf-6b744b949264 {{(pid=110274) execute /usr/local/lib/python3.8/dist-packages/oslo_concurrency/processutils.py:384}}
Nov 09 17:45:19.380836 n-d-817236-1 sudo[135873]: ubuntu : TTY=unknown ; PWD=/ ; USER=root ; COMMAND=/usr/local/bin/cinder-rootwrap /etc/cinder/rootwrap.conf env LC_ALL=C lvdisplay --noheading -C -o Attr --readonly stack-volumes-lvmdriver-1/volume-9c678712-fb1c-43a1-bbaf-6b744b949264
Nov 09 17:45:19.381711 n-d-817236-1 sudo[135873]: pam_unix(sudo:session): session opened for user root by (uid=0)
Nov 09 17:45:20.668200 n-d-817236-1 sudo[135873]: pam_unix(sudo:session): session closed for user root
Nov 09 17:45:20.670526 n-d-817236-1 cinder-volume[110274]: DEBUG oslo_concurrency.processutils [None req-1b822afa-2758-4801-8e04-bd7e0935b7a7 tempest-GroupSnapshotsTest-1621555883 None] CMD "sudo cinder-rootwrap /etc/cinder/rootwrap.conf env LC_ALL=C lvdisplay --noheading -C -o Attr --readonly stack-volumes-lvmdriver-1/volume-9c678712-fb1c-43a1-bbaf-6b744b949264" returned: 0 in 1.366s {{(pid=110274) execute /usr/local/lib/python3.8/dist-packages/oslo_concurrency/processutils.py:422}}
Nov 09 17:45:20.674145 n-d-817236-1 cinder-volume[110274]: DEBUG oslo_concurrency.processutils [None req-1b822afa-2758-4801-8e04-bd7e0935b7a7 tempest-GroupSnapshotsTest-1621555883 None] Running cmd (subprocess): sudo cinder-rootwrap /etc/cinder/rootwrap.conf lvremove --config activation { retry_deactivation = 1} -f stack-volumes-lvmdriver-1/volume-9c678712-fb1c-43a1-bbaf-6b744b949264 {{(pid=110274) execute /usr/local/lib/python3.8/dist-packages/oslo_concurrency/processutils.py:384}}
Nov 09 17:45:20.770512 n-d-817236-1 sudo[135901]: ubuntu : TTY=unknown ; PWD=/ ; USER=root ; COMMAND=/usr/local/bin/cinder-rootwrap /etc/cinder/rootwrap.conf lvremove --config activation { retry_deactivation = 1} -f stack-volumes-lvmdriver-1/volume-9c678712-fb1c-43a1-bbaf-6b744b949264
Nov 09 17:45:20.788032 n-d-817236-1 sudo[135901]: pam_unix(sudo:session): session opened for user root by (uid=0)
Nov 09 17:45:21.971203 n-d-817236-1 sudo[135901]: pam_unix(sudo:session): session closed for user root
