Nov 09 17:28:41.630464 n-d-817218-1 devstack@placement-api.service[84717]: [pid: 84717|app: 0|req: 63/126] 10.222.0.79 () {58 vars in 1390 bytes} [Tue Nov 9 17:28:41 2021] GET /placement/resource_providers/ebc9cf66-0f65-470a-af40-1b86aa1dcc5b/allocations => generated 557 bytes in 40 msecs (HTTP/1.1 200) 6 headers in 224 bytes (1 switches on core 0)
Nov 09 17:28:41.776881 n-d-817218-1 devstack@placement-api.service[84718]: DEBUG placement.handlers.allocation [req-a3fd862b-5353-4072-b143-4b1ec47e7641 req-d1cb5b70-fbf2-4132-b375-24fc3baa3dc6 service placement] Successfully wrote allocations [, , ] {{(pid=84718) _create_allocations /opt/stack/placement/placement/handlers/allocation.py:435}}
Nov 09 17:28:41.777780 n-d-817218-1 devstack@placement-api.service[84718]: INFO placement.requestlog [req-a3fd862b-5353-4072-b143-4b1ec47e7641 req-d1cb5b70-fbf2-4132-b375-24fc3baa3dc6 service placement] 10.222.0.57 "PUT /placement/allocations/3e4534d2-9927-4db7-9fca-d5b213af89ad" status: 204 len: 0 microversion: 1.35
Nov 09 17:28:41.778506 n-d-817218-1 devstack@placement-api.service[84718]: [pid: 84718|app: 0|req: 64/127] 10.222.0.57 () {64 vars in 1433 bytes} [Tue Nov 9 17:28:41 2021] PUT /placement/allocations/3e4534d2-9927-4db7-9fca-d5b213af89ad => generated 0 bytes in 259 msecs (HTTP/1.1 204) 5 headers in 199 bytes (1 switches on core 0)
Nov 09 17:28:42.571262 n-d-817218-1 devstack@placement-api.service[84717]: DEBUG placement.requestlog [req-6ce9adf3-b396-49d6-8a9b-f449923bb2c7 req-84a3f998-748a-4773-b851-d873924c381b None None] Starting request: 10.222.0.79 "GET /placement/allocations/9fc3da0e-2972-4833-be06-6a27de3da84e" {{(pid=84717) __call__ /opt/stack/placement/placement/requestlog.py:55}}
Nov 09 17:28:42.599135 n-d-817218-1 devstack@placement-api.service[84717]: INFO placement.requestlog [req-6ce9adf3-b396-49d6-8a9b-f449923bb2c7 req-84a3f998-748a-4773-b851-d873924c381b service placement] 10.222.0.79 "GET /placement/allocations/9fc3da0e-2972-4833-be06-6a27de3da84e" status: 200 len: 258 microversion: 1.28
Nov 09 17:28:42.600158 n-d-817218-1 devstack@placement-api.service[84717]: [pid: 84717|app: 0|req: 64/128] 10.222.0.79 () {60 vars in 1377 bytes} [Tue Nov 9 17:28:42 2021] GET /placement/allocations/9fc3da0e-2972-4833-be06-6a27de3da84e => generated 258 bytes in 29 msecs (HTTP/1.1 200) 8 headers in 296 bytes (1 switches on core 0)
Nov 09 17:28:42.608110 n-d-817218-1 devstack@placement-api.service[84718]: DEBUG placement.requestlog [req-6ce9adf3-b396-49d6-8a9b-f449923bb2c7 req-1c96bed0-86a1-4725-a586-877233c33b07 None None] Starting request: 10.222.0.79 "PUT /placement/allocations/9fc3da0e-2972-4833-be06-6a27de3da84e" {{(pid=84718) __call__ /opt/stack/placement/placement/requestlog.py:55}}
Nov 09 17:28:42.957568 n-d-817218-1 devstack@placement-api.service[84718]: DEBUG placement.handlers.allocation [req-6ce9adf3-b396-49d6-8a9b-f449923bb2c7 req-1c96bed0-86a1-4725-a586-877233c33b07 service placement] Successfully wrote allocations [, , ] {{(pid=84718) _create_allocations /opt/stack/placement/placement/handlers/allocation.py:435}}
Nov 09 17:28:42.958715 n-d-817218-1 devstack@placement-api.service[84718]: INFO placement.requestlog [req-6ce9adf3-b396-49d6-8a9b-f449923bb2c7 req-1c96bed0-86a1-4725-a586-877233c33b07 service placement] 10.222.0.79 "PUT /placement/allocations/9fc3da0e-2972-4833-be06-6a27de3da84e" status: 204 len: 0 microversion: 1.28
Nov 09 17:28:42.959001 n-d-817218-1 devstack@placement-api.service[84718]: [pid: 84718|app: 0|req: 65/129] 10.222.0.79 () {64 vars in 1430 bytes} [Tue Nov 9 17:28:42 2021] PUT /placement/allocations/9fc3da0e-2972-4833-be06-6a27de3da84e => generated 0 bytes in 352 msecs (HTTP/1.1 204) 5 headers in 199 bytes (1 switches on core 0)
Nov 09 17:28:43.724017 n-d-817218-1 devstack@placement-api.service[84717]: DEBUG placement.requestlog [req-a3fd862b-5353-4072-b143-4b1ec47e7641 req-376d2e45-253b-4ef7-a43c-0d99a3ed58a3 None None] Starting request: 10.222.0.79 "GET /placement/allocations/3e4534d2-9927-4db7-9fca-d5b213af89ad" {{(pid=84717) __call__ /opt/stack/placement/placement/requestlog.py:55}}
Nov 09 17:28:43.775529 n-d-817218-1 devstack@placement-api.service[84717]: INFO placement.requestlog [req-a3fd862b-5353-4072-b143-4b1ec47e7641 req-376d2e45-253b-4ef7-a43c-0d99a3ed58a3 service placement] 10.222.0.79 "GET /placement/allocations/3e4534d2-9927-4db7-9fca-d5b213af89ad" status: 200 len: 259 microversion: 1.28
Nov 09 17:28:43.777050 n-d-817218-1 devstack@placement-api.service[84717]: [pid: 84717|app: 0|req: 65/130] 10.222.0.79 () {60 vars in 1377 bytes} [Tue Nov 9 17:28:43 2021] GET /placement/allocations/3e4534d2-9927-4db7-9fca-d5b213af89ad => generated 259 bytes in 56 msecs (HTTP/1.1 200) 8 headers in 296 bytes (1 switches on core 0)
Nov 09 17:28:45.015715 n-d-817218-1 devstack@placement-api.service[84718]: DEBUG placement.requestlog [req-4432c7a8-4122-4979-8483-a52baba0f452 req-6d2b849c-3971-4984-869b-29a489280421 None None] Starting request: 10.222.0.57 "GET /placement/allocation_candidates?limit=1000&resources=DISK_GB%3A1%2CMEMORY_MB%3A1024%2CVCPU%3A1&root_required=%21COMPUTE_STATUS_DISABLED" {{(pid=84718) __call__ /opt/stack/placement/placement/requestlog.py:55}}
Nov 09 17:28:45.081756 n-d-817218-1 devstack@placement-api.service[84718]: DEBUG placement.objects.research_context [req-4432c7a8-4122-4979-8483-a52baba0f452 req-6d2b849c-3971-4984-869b-29a489280421 service placement] getting providers with 1 DISK_GB {{(pid=84718) __init__ /opt/stack/placement/placement/objects/research_context.py:126}}
Nov 09 17:28:45.103432 n-d-817218-1 devstack@placement-api.service[84718]: DEBUG placement.objects.research_context [req-4432c7a8-4122-4979-8483-a52baba0f452 req-6d2b849c-3971-4984-869b-29a489280421 service placement] getting providers with 1024 MEMORY_MB {{(pid=84718) __init__ /opt/stack/placement/placement/objects/research_context.py:126}}
Nov 09 17:28:45.123228 n-d-817218-1 devstack@placement-api.service[84718]: DEBUG placement.objects.research_context [req-4432c7a8-4122-4979-8483-a52baba0f452 req-6d2b849c-3971-4984-869b-29a489280421 service placement] getting providers with 1 VCPU {{(pid=84718) __init__ /opt/stack/placement/placement/objects/research_context.py:126}}
Nov 09 17:28:45.133957 n-d-817218-1 devstack@placement-api.service[84718]: DEBUG placement.objects.research_context [req-4432c7a8-4122-4979-8483-a52baba0f452 req-6d2b849c-3971-4984-869b-29a489280421 service placement] found 2 providers with available 1 DISK_GB {{(pid=84718) get_provider_ids_matching /opt/stack/placement/placement/objects/research_context.py:549}}
Nov 09 17:28:45.134243 n-d-817218-1 devstack@placement-api.service[84718]: DEBUG placement.objects.research_context [req-4432c7a8-4122-4979-8483-a52baba0f452 req-6d2b849c-3971-4984-869b-29a489280421 service placement] found 2 providers with available 1024 MEMORY_MB {{(pid=84718) get_provider_ids_matching /opt/stack/placement/placement/objects/research_context.py:549}}
Nov 09 17:28:45.134521 n-d-817218-1 devstack@placement-api.service[84718]: DEBUG placement.objects.research_context [req-4432c7a8-4122-4979-8483-a52baba0f452 req-6d2b849c-3971-4984-869b-29a489280421 service placement] found 2 providers after filtering by previous result {{(pid=84718) get_provider_ids_matching /opt/stack/placement/placement/objects/research_context.py:580}}
Nov 09 17:28:45.134784 n-d-817218-1 devstack@placement-api.service[84718]: DEBUG placement.objects.research_context [req-4432c7a8-4122-4979-8483-a52baba0f452 req-6d2b849c-3971-4984-869b-29a489280421 service placement] found 2 providers with available 1 VCPU {{(pid=84718) get_provider_ids_matching /opt/stack/placement/placement/objects/research_context.py:549}}
Nov 09 17:28:45.135074 n-d-817218-1 devstack@placement-api.service[84718]: DEBUG placement.objects.research_context [req-4432c7a8-4122-4979-8483-a52baba0f452 req-6d2b849c-3971-4984-869b-29a489280421 service placement] found 2 providers after filtering by previous result {{(pid=84718) get_provider_ids_matching /opt/stack/placement/placement/objects/research_context.py:580}}
Nov 09 17:28:45.160331 n-d-817218-1 devstack@placement-api.service[84718]: DEBUG placement.objects.allocation_candidate [req-4432c7a8-4122-4979-8483-a52baba0f452 req-6d2b849c-3971-4984-869b-29a489280421 service placement] RequestGroup(use_same_provider=False, resources={DISK_GB:1, MEMORY_MB:1024, VCPU:1}, traits=[], aggregates=[]) (suffix '') returned 2 matches {{(pid=84718) _get_by_requests /opt/stack/placement/placement/objects/allocation_candidate.py:145}}
Nov 09 17:28:45.164146 n-d-817218-1 devstack@placement-api.service[84718]: DEBUG placement.objects.allocation_candidate [req-4432c7a8-4122-4979-8483-a52baba0f452 req-6d2b849c-3971-4984-869b-29a489280421 service placement] Merging candidates yields 2 allocation requests and 2 provider summaries {{(pid=84718) _merge_candidates /opt/stack/placement/placement/objects/allocation_candidate.py:783}}
Nov 09 17:28:45.164519 n-d-817218-1 devstack@placement-api.service[84718]: INFO placement.requestlog [req-4432c7a8-4122-4979-8483-a52baba0f452 req-6d2b849c-3971-4984-869b-29a489280421 service placement] 10.222.0.57 "GET /placement/allocation_candidates?limit=1000&resources=DISK_GB%3A1%2CMEMORY_MB%3A1024%2CVCPU%3A1&root_required=%21COMPUTE_STATUS_DISABLED" status: 200 len: 1235 microversion: 1.35
Nov 09 17:28:45.165136 n-d-817218-1 devstack@placement-api.service[84718]: [pid: 84718|app: 0|req: 66/131] 10.222.0.57 () {60 vars in 1506 bytes} [Tue Nov 9 17:28:45 2021] GET /placement/allocation_candidates?limit=1000&resources=DISK_GB%3A1%2CMEMORY_MB%3A1024%2CVCPU%3A1&root_required=%21COMPUTE_STATUS_DISABLED => generated 1235 bytes in 156 msecs (HTTP/1.1 200) 8 headers in 297 bytes (1 switches on core 0)
Nov 09 17:28:45.290492 n-d-817218-1 devstack@placement-api.service[84717]: DEBUG placement.requestlog [req-4432c7a8-4122-4979-8483-a52baba0f452 req-4acc56c5-1447-4c2a-a703-7b50c84ce4de None None] Starting request: 10.222.0.57 "GET /placement/allocations/3b8ddaa9-c3bc-4aae-962a-103c44384925" {{(pid=84717) __call__ /opt/stack/placement/placement/requestlog.py:55}}
Nov 09 17:28:45.306998 n-d-817218-1 devstack@placement-api.service[84717]: INFO placement.requestlog [req-4432c7a8-4122-4979-8483-a52baba0f452 req-4acc56c5-1447-4c2a-a703-7b50c84ce4de service placement] 10.222.0.57 "GET /placement/allocations/3b8ddaa9-c3bc-4aae-962a-103c44384925" status: 200 len: 19 microversion: 1.28
Nov 09 17:28:45.308019 n-d-817218-1 devstack@placement-api.service[84717]: [pid: 84717|app: 0|req: 66/132] 10.222.0.57 () {60 vars in 1380 bytes} [Tue Nov 9 17:28:45 2021] GET /placement/allocations/3b8ddaa9-c3bc-4aae-962a-103c44384925 => generated 19 bytes in 18 msecs (HTTP/1.1 200) 8 headers in 295 bytes (1 switches on core 0)
Nov 09 17:28:45.313703 n-d-817218-1 devstack@placement-api.service[84718]: DEBUG placement.requestlog [req-4432c7a8-4122-4979-8483-a52baba0f452 req-c51e60c3-d448-4023-8685-4afc210b148c None None] Starting request: 10.222.0.57 "PUT /placement/allocations/3b8ddaa9-c3bc-4aae-962a-103c44384925" {{(pid=84718) __call__ /opt/stack/placement/placement/requestlog.py:55}}
Nov 09 17:28:45.768298 n-d-817218-1 devstack@placement-api.service[84718]: DEBUG placement.handlers.allocation [req-4432c7a8-4122-4979-8483-a52baba0f452 req-c51e60c3-d448-4023-8685-4afc210b148c service placement] Successfully wrote allocations [, , ] {{(pid=84718) _create_allocations /opt/stack/placement/placement/handlers/allocation.py:435}}
Nov 09 17:28:45.773058 n-d-817218-1 devstack@placement-api.service[84718]: INFO placement.requestlog [req-4432c7a8-4122-4979-8483-a52baba0f452 req-c51e60c3-d448-4023-8685-4afc210b148c service placement] 10.222.0.57 "PUT /placement/allocations/3b8ddaa9-c3bc-4aae-962a-103c44384925" status: 204 len: 0 microversion: 1.35
Nov 09 17:28:45.773058 n-d-817218-1 devstack@placement-api.service[84718]: [pid: 84718|app: 0|req: 67/133] 10.222.0.57 () {64 vars in 1433 bytes} [Tue Nov 9 17:28:45 2021] PUT /placement/allocations/3b8ddaa9-c3bc-4aae-962a-103c44384925 => generated 0 bytes in 456 msecs (HTTP/1.1 204) 5 headers in 199 bytes (1 switches on core 0)
Nov 09 17:28:47.121012 n-d-817218-1 devstack@placement-api.service[84717]: DEBUG placement.requestlog [req-4432c7a8-4122-4979-8483-a52baba0f452 req-9616a026-4d03-4eb8-b0b0-436144c58941 None None] Starting request: 10.222.0.79 "GET /placement/allocations/3b8ddaa9-c3bc-4aae-962a-103c44384925" {{(pid=84717) __call__ /opt/stack/placement/placement/requestlog.py:55}}
Nov 09 17:28:47.152263 n-d-817218-1 devstack@placement-api.service[84717]: INFO placement.requestlog [req-4432c7a8-4122-4979-8483-a52baba0f452 req-9616a026-4d03-4eb8-b0b0-436144c58941 service placement] 10.222.0.79 "GET /placement/allocations/3b8ddaa9-c3bc-4aae-962a-103c44384925" status: 200 len: 259 microversion: 1.28
Nov 09 17:28:47.152411 n-d-817218-1 devstack@placement-api.service[84717]: [pid: 84717|app: 0|req: 67/134] 10.222.0.79 () {60 vars in 1377 bytes} [Tue Nov 9 17:28:47 2021] GET /placement/allocations/3b8ddaa9-c3bc-4aae-962a-103c44384925 => generated 259 bytes in 32 msecs (HTTP/1.1 200) 8 headers in 296 bytes (1 switches on core 0)
Nov 09 17:28:57.331422 n-d-817218-1 devstack@placement-api.service[84718]: DEBUG placement.requestlog [None req-dda389f4-184e-42f4-a824-48a99d0a462f None None] Starting request: 10.222.0.57 "GET /placement/" {{(pid=84718) __call__ /opt/stack/placement/placement/requestlog.py:55}}
Nov 09 17:28:57.332967 n-d-817218-1 devstack@placement-api.service[84718]: INFO placement.requestlog [None req-dda389f4-184e-42f4-a824-48a99d0a462f None None] 10.222.0.57 "GET /placement/" status: 200 len: 136 microversion: 1.0
Nov 09 17:28:57.334852 n-d-817218-1 devstack@placement-api.service[84718]: [pid: 84718|app: 0|req: 68/135] 10.222.0.57 () {54 vars in 916 bytes} [Tue Nov 9 17:28:57 2021] GET /placement => generated 136 bytes in 2 msecs (HTTP/1.1 200) 6 headers in 224 bytes (1 switches on core 0)
Nov 09 17:28:57.338652 n-d-817218-1 devstack@placement-api.service[84717]: DEBUG placement.requestlog [req-08d66afc-296f-4c23-b610-307a027a966e req-bf80d9ea-52a8-4e21-a1c5-4c4bc179cdda None None] Starting request: 10.222.0.57 "GET /placement/allocations/4e15af2f-458d-45a5-9a4b-e1e294d700d5" {{(pid=84717) __call__ /opt/stack/placement/placement/requestlog.py:55}}
Nov 09 17:28:57.523278 n-d-817218-1 devstack@placement-api.service[84717]: INFO placement.requestlog [req-08d66afc-296f-4c23-b610-307a027a966e req-bf80d9ea-52a8-4e21-a1c5-4c4bc179cdda service placement] 10.222.0.57 "GET /placement/allocations/4e15af2f-458d-45a5-9a4b-e1e294d700d5" status: 200 len: 259 microversion: 1.28
Nov 09 17:28:57.523754 n-d-817218-1 devstack@placement-api.service[84717]: [pid: 84717|app: 0|req: 68/136] 10.222.0.57 () {60 vars in 1380 bytes} [Tue Nov 9 17:28:57 2021] GET /placement/allocations/4e15af2f-458d-45a5-9a4b-e1e294d700d5 => generated 259 bytes in 185 msecs (HTTP/1.1 200) 8 headers in 296 bytes (1 switches on core 0)
Nov 09 17:28:57.529430 n-d-817218-1 devstack@placement-api.service[84718]: DEBUG placement.requestlog [req-08d66afc-296f-4c23-b610-307a027a966e req-570c347e-7548-4f91-bd74-003a46204f13 None None] Starting request: 10.222.0.57 "GET /placement/allocations/4e15af2f-458d-45a5-9a4b-e1e294d700d5" {{(pid=84718) __call__ /opt/stack/placement/placement/requestlog.py:55}}
Nov 09 17:28:57.555457 n-d-817218-1 devstack@placement-api.service[84718]: INFO placement.requestlog [req-08d66afc-296f-4c23-b610-307a027a966e req-570c347e-7548-4f91-bd74-003a46204f13 service placement] 10.222.0.57 "GET /placement/allocations/4e15af2f-458d-45a5-9a4b-e1e294d700d5" status: 200 len: 259 microversion: 1.28
Nov 09 17:28:57.561780 n-d-817218-1 devstack@placement-api.service[84717]: DEBUG placement.requestlog [req-08d66afc-296f-4c23-b610-307a027a966e req-39d1ff43-7455-4a9f-9fbc-e343f9bb7a7d None None] Starting request: 10.222.0.57 "GET /placement/allocations/91c0d23f-9d7f-4d79-82bf-af23c1a5bac4" {{(pid=84717) __call__ /opt/stack/placement/placement/requestlog.py:55}}
Nov 09 17:28:57.562390 n-d-817218-1 devstack@placement-api.service[84718]: [pid: 84718|app: 0|req: 69/137] 10.222.0.57 () {60 vars in 1380 bytes} [Tue Nov 9 17:28:57 2021] GET /placement/allocations/4e15af2f-458d-45a5-9a4b-e1e294d700d5 => generated 259 bytes in 33 msecs (HTTP/1.1 200) 8 headers in 296 bytes (1 switches on core 0)
Nov 09 17:28:57.578742 n-d-817218-1 devstack@placement-api.service[84717]: INFO placement.requestlog [req-08d66afc-296f-4c23-b610-307a027a966e req-39d1ff43-7455-4a9f-9fbc-e343f9bb7a7d service placement] 10.222.0.57 "GET /placement/allocations/91c0d23f-9d7f-4d79-82bf-af23c1a5bac4" status: 200 len: 19 microversion: 1.28
Nov 09 17:28:57.579204 n-d-817218-1 devstack@placement-api.service[84717]: [pid: 84717|app: 0|req: 69/138] 10.222.0.57 () {60 vars in 1380 bytes} [Tue Nov 9 17:28:57 2021] GET /placement/allocations/91c0d23f-9d7f-4d79-82bf-af23c1a5bac4 => generated 19 bytes in 18 msecs (HTTP/1.1 200) 8 headers in 295 bytes (1 switches on core 0)
Nov 09 17:28:57.584787 n-d-817218-1 devstack@placement-api.service[84718]: DEBUG placement.requestlog [req-08d66afc-296f-4c23-b610-307a027a966e req-6b67e107-1745-45d4-82c5-6666fa354939 None None] Starting request: 10.222.0.57 "POST /placement/allocations" {{(pid=84718) __call__ /opt/stack/placement/placement/requestlog.py:55}}
Nov 09 17:28:58.017848 n-d-817218-1 devstack@placement-api.service[84718]: DEBUG placement.handlers.allocation [req-08d66afc-296f-4c23-b610-307a027a966e req-6b67e107-1745-45d4-82c5-6666fa354939 service placement] Successfully wrote allocations [, , , , , ] {{(pid=84718) _create_allocations /opt/stack/placement/placement/handlers/allocation.py:524}}
Nov 09 17:28:58.018842 n-d-817218-1 devstack@placement-api.service[84718]: INFO placement.requestlog [req-08d66afc-296f-4c23-b610-307a027a966e req-6b67e107-1745-45d4-82c5-6666fa354939 service placement] 10.222.0.57 "POST /placement/allocations" status: 204 len: 0 microversion: 1.28
Nov 09 17:28:58.019324 n-d-817218-1 devstack@placement-api.service[84718]: [pid: 84718|app: 0|req: 70/139] 10.222.0.57 () {64 vars in 1323 bytes} [Tue Nov 9 17:28:57 2021] POST /placement/allocations => generated 0 bytes in 435 msecs (HTTP/1.1 204) 5 headers in 199 bytes (1 switches on core 0)
Nov 09 17:28:58.071176 n-d-817218-1 devstack@placement-api.service[84717]: DEBUG placement.requestlog [req-08d66afc-296f-4c23-b610-307a027a966e req-f6cf05e0-e084-4c02-b191-3e51927dcad0 None None] Starting request: 10.222.0.57 "GET /placement/allocations/4e15af2f-458d-45a5-9a4b-e1e294d700d5" {{(pid=84717) __call__ /opt/stack/placement/placement/requestlog.py:55}}
Nov 09 17:28:58.082728 n-d-817218-1 devstack@placement-api.service[84717]: INFO placement.requestlog [req-08d66afc-296f-4c23-b610-307a027a966e req-f6cf05e0-e084-4c02-b191-3e51927dcad0 service placement] 10.222.0.57 "GET /placement/allocations/4e15af2f-458d-45a5-9a4b-e1e294d700d5" status: 200 len: 19 microversion: 1.28
Nov 09 17:28:58.086340 n-d-817218-1 devstack@placement-api.service[84717]: [pid: 84717|app: 0|req: 70/140] 10.222.0.57 () {60 vars in 1380 bytes} [Tue Nov 9 17:28:58 2021] GET /placement/allocations/4e15af2f-458d-45a5-9a4b-e1e294d700d5 => generated 19 bytes in 15 msecs (HTTP/1.1 200) 8 headers in 295 bytes (1 switches on core 0)
Nov 09 17:28:58.089523 n-d-817218-1 devstack@placement-api.service[84718]: DEBUG placement.requestlog [req-08d66afc-296f-4c23-b610-307a027a966e req-90b8a5de-912b-4836-8caa-ceacd1f94d59 None None] Starting request: 10.222.0.57 "PUT /placement/allocations/4e15af2f-458d-45a5-9a4b-e1e294d700d5" {{(pid=84718) __call__ /opt/stack/placement/placement/requestlog.py:55}}
Nov 09 17:28:58.322916 n-d-817218-1 devstack@placement-api.service[84718]: DEBUG placement.handlers.allocation [req-08d66afc-296f-4c23-b610-307a027a966e req-90b8a5de-912b-4836-8caa-ceacd1f94d59 service placement] Successfully wrote allocations [, , ] {{(pid=84718) _create_allocations /opt/stack/placement/placement/handlers/allocation.py:435}}
Nov 09 17:28:58.322916 n-d-817218-1 devstack@placement-api.service[84718]: INFO placement.requestlog [req-08d66afc-296f-4c23-b610-307a027a966e req-90b8a5de-912b-4836-8caa-ceacd1f94d59 service placement] 10.222.0.57 "PUT /placement/allocations/4e15af2f-458d-45a5-9a4b-e1e294d700d5" status: 204 len: 0 microversion: 1.28
Nov 09 17:28:58.322916 n-d-817218-1 devstack@placement-api.service[84718]: [pid: 84718|app: 0|req: 71/141] 10.222.0.57 () {64 vars in 1433 bytes} [Tue Nov 9 17:28:58 2021] PUT /placement/allocations/4e15af2f-458d-45a5-9a4b-e1e294d700d5 => generated 0 bytes in 229 msecs (HTTP/1.1 204) 5 headers in 199 bytes (1 switches on core 0)
Nov 09 17:28:58.627249 n-d-817218-1 devstack@placement-api.service[84717]: DEBUG placement.requestlog [req-08d66afc-296f-4c23-b610-307a027a966e req-9eb6db2b-0bc8-4aa5-a49d-04007e681cd1 None None] Starting request: 10.222.0.79 "GET /placement/allocations/4e15af2f-458d-45a5-9a4b-e1e294d700d5" {{(pid=84717) __call__ /opt/stack/placement/placement/requestlog.py:55}}
Nov 09 17:28:58.646981 n-d-817218-1 devstack@placement-api.service[84717]: INFO placement.requestlog [req-08d66afc-296f-4c23-b610-307a027a966e req-9eb6db2b-0bc8-4aa5-a49d-04007e681cd1 service placement] 10.222.0.79 "GET /placement/allocations/4e15af2f-458d-45a5-9a4b-e1e294d700d5" status: 200 len: 259 microversion: 1.28
Nov 09 17:28:58.647562 n-d-817218-1 devstack@placement-api.service[84717]: [pid: 84717|app: 0|req: 71/142] 10.222.0.79 () {60 vars in 1377 bytes} [Tue Nov 9 17:28:58 2021] GET /placement/allocations/4e15af2f-458d-45a5-9a4b-e1e294d700d5 => generated 259 bytes in 21 msecs (HTTP/1.1 200) 8 headers in 296 bytes (1 switches on core 0)
Nov 09 17:28:59.728409 n-d-817218-1 devstack@placement-api.service[84718]: DEBUG placement.requestlog [req-2603bd41-a65b-49bb-a224-d7140206b34e req-eca5d636-c6ae-4382-9d25-56264eb85622 None None] Starting request: 10.222.0.57 "GET /placement/allocation_candidates?limit=1000&resources=DISK_GB%3A1%2CMEMORY_MB%3A1024%2CVCPU%3A1&root_required=%21COMPUTE_STATUS_DISABLED" {{(pid=84718) __call__ /opt/stack/placement/placement/requestlog.py:55}}
Nov 09 17:28:59.760485 n-d-817218-1 devstack@placement-api.service[84718]: DEBUG placement.objects.research_context [req-2603bd41-a65b-49bb-a224-d7140206b34e req-eca5d636-c6ae-4382-9d25-56264eb85622 service placement] getting providers with 1 DISK_GB {{(pid=84718) __init__ /opt/stack/placement/placement/objects/research_context.py:126}}
Nov 09 17:28:59.766545 n-d-817218-1 devstack@placement-api.service[84718]: DEBUG placement.objects.research_context [req-2603bd41-a65b-49bb-a224-d7140206b34e req-eca5d636-c6ae-4382-9d25-56264eb85622 service placement] getting providers with 1024 MEMORY_MB {{(pid=84718) __init__ /opt/stack/placement/placement/objects/research_context.py:126}}
Nov 09 17:28:59.775692 n-d-817218-1 devstack@placement-api.service[84718]: DEBUG placement.objects.research_context [req-2603bd41-a65b-49bb-a224-d7140206b34e req-eca5d636-c6ae-4382-9d25-56264eb85622 service placement] getting providers with 1 VCPU {{(pid=84718) __init__ /opt/stack/placement/placement/objects/research_context.py:126}}
Nov 09 17:28:59.783401 n-d-817218-1 devstack@placement-api.service[84718]: DEBUG placement.objects.research_context [req-2603bd41-a65b-49bb-a224-d7140206b34e req-eca5d636-c6ae-4382-9d25-56264eb85622 service placement] found 2 providers with available 1 DISK_GB {{(pid=84718) get_provider_ids_matching /opt/stack/placement/placement/objects/research_context.py:549}}
Nov 09 17:28:59.784080 n-d-817218-1 devstack@placement-api.service[84718]: DEBUG placement.objects.research_context [req-2603bd41-a65b-49bb-a224-d7140206b34e req-eca5d636-c6ae-4382-9d25-56264eb85622 service placement] found 2 providers with available 1024 MEMORY_MB {{(pid=84718) get_provider_ids_matching /opt/stack/placement/placement/objects/research_context.py:549}}
Nov 09 17:28:59.784230 n-d-817218-1 devstack@placement-api.service[84718]: DEBUG placement.objects.research_context [req-2603bd41-a65b-49bb-a224-d7140206b34e req-eca5d636-c6ae-4382-9d25-56264eb85622 service placement] found 2 providers after filtering by previous result {{(pid=84718) get_provider_ids_matching /opt/stack/placement/placement/objects/research_context.py:580}}
Nov 09 17:28:59.784495 n-d-817218-1 devstack@placement-api.service[84718]: DEBUG placement.objects.research_context [req-2603bd41-a65b-49bb-a224-d7140206b34e req-eca5d636-c6ae-4382-9d25-56264eb85622 service placement] found 2 providers with available 1 VCPU {{(pid=84718) get_provider_ids_matching /opt/stack/placement/placement/objects/research_context.py:549}}
Nov 09 17:28:59.784832 n-d-817218-1 devstack@placement-api.service[84718]: DEBUG placement.objects.research_context [req-2603bd41-a65b-49bb-a224-d7140206b34e req-eca5d636-c6ae-4382-9d25-56264eb85622 service placement] found 2 providers after filtering by previous result {{(pid=84718) get_provider_ids_matching /opt/stack/placement/placement/objects/research_context.py:580}}
Nov 09 17:28:59.797580 n-d-817218-1 devstack@placement-api.service[84718]: DEBUG placement.objects.allocation_candidate [req-2603bd41-a65b-49bb-a224-d7140206b34e req-eca5d636-c6ae-4382-9d25-56264eb85622 service placement] RequestGroup(use_same_provider=False, resources={DISK_GB:1, MEMORY_MB:1024, VCPU:1}, traits=[], aggregates=[]) (suffix '') returned 2 matches {{(pid=84718) _get_by_requests /opt/stack/placement/placement/objects/allocation_candidate.py:145}}
Nov 09 17:28:59.798030 n-d-817218-1 devstack@placement-api.service[84718]: DEBUG placement.objects.allocation_candidate [req-2603bd41-a65b-49bb-a224-d7140206b34e req-eca5d636-c6ae-4382-9d25-56264eb85622 service placement] Merging candidates yields 2 allocation requests and 2 provider summaries {{(pid=84718) _merge_candidates /opt/stack/placement/placement/objects/allocation_candidate.py:783}}
Nov 09 17:28:59.799454 n-d-817218-1 devstack@placement-api.service[84718]: INFO placement.requestlog [req-2603bd41-a65b-49bb-a224-d7140206b34e req-eca5d636-c6ae-4382-9d25-56264eb85622 service placement] 10.222.0.57 "GET /placement/allocation_candidates?limit=1000&resources=DISK_GB%3A1%2CMEMORY_MB%3A1024%2CVCPU%3A1&root_required=%21COMPUTE_STATUS_DISABLED" status: 200 len: 1235 microversion: 1.35
Nov 09 17:28:59.800041 n-d-817218-1 devstack@placement-api.service[84718]: [pid: 84718|app: 0|req: 72/143] 10.222.0.57 () {60 vars in 1506 bytes} [Tue Nov 9 17:28:59 2021] GET /placement/allocation_candidates?limit=1000&resources=DISK_GB%3A1%2CMEMORY_MB%3A1024%2CVCPU%3A1&root_required=%21COMPUTE_STATUS_DISABLED => generated 1235 bytes in 72 msecs (HTTP/1.1 200) 8 headers in 297 bytes (2 switches on core 0)
Nov 09 17:28:59.865337 n-d-817218-1 devstack@placement-api.service[84717]: DEBUG placement.requestlog [req-2603bd41-a65b-49bb-a224-d7140206b34e req-7c4d77b5-090b-404d-8671-2895491192dd None None] Starting request: 10.222.0.57 "GET /placement/allocations/a97857af-e503-4275-b589-31dd6065752e" {{(pid=84717) __call__ /opt/stack/placement/placement/requestlog.py:55}}
Nov 09 17:28:59.876415 n-d-817218-1 devstack@placement-api.service[84717]: INFO placement.requestlog [req-2603bd41-a65b-49bb-a224-d7140206b34e req-7c4d77b5-090b-404d-8671-2895491192dd service placement] 10.222.0.57 "GET /placement/allocations/a97857af-e503-4275-b589-31dd6065752e" status: 200 len: 19 microversion: 1.28
Nov 09 17:28:59.876662 n-d-817218-1 devstack@placement-api.service[84717]: [pid: 84717|app: 0|req: 72/144] 10.222.0.57 () {60 vars in 1380 bytes} [Tue Nov 9 17:28:59 2021] GET /placement/allocations/a97857af-e503-4275-b589-31dd6065752e => generated 19 bytes in 12 msecs (HTTP/1.1 200) 8 headers in 295 bytes (1 switches on core 0)
Nov 09 17:28:59.883144 n-d-817218-1 devstack@placement-api.service[84718]: DEBUG placement.requestlog [req-2603bd41-a65b-49bb-a224-d7140206b34e req-ea4f909e-fc23-4722-a5af-1ffa4d40b8f4 None None] Starting request: 10.222.0.57 "PUT /placement/allocations/a97857af-e503-4275-b589-31dd6065752e" {{(pid=84718) __call__ /opt/stack/placement/placement/requestlog.py:55}}
Nov 09 17:29:00.424939 n-d-817218-1 devstack@placement-api.service[84718]: DEBUG placement.handlers.allocation [req-2603bd41-a65b-49bb-a224-d7140206b34e req-ea4f909e-fc23-4722-a5af-1ffa4d40b8f4 service placement] Successfully wrote allocations [, , ] {{(pid=84718) _create_allocations /opt/stack/placement/placement/handlers/allocation.py:435}}
Nov 09 17:29:00.425535 n-d-817218-1 devstack@placement-api.service[84718]: INFO placement.requestlog [req-2603bd41-a65b-49bb-a224-d7140206b34e req-ea4f909e-fc23-4722-a5af-1ffa4d40b8f4 service placement] 10.222.0.57 "PUT /placement/allocations/a97857af-e503-4275-b589-31dd6065752e" status: 204 len: 0 microversion: 1.35
Nov 09 17:29:00.426412 n-d-817218-1 devstack@placement-api.service[84718]: [pid: 84718|app: 0|req: 73/145] 10.222.0.57 () {64 vars in 1433 bytes} [Tue Nov 9 17:28:59 2021] PUT /placement/allocations/a97857af-e503-4275-b589-31dd6065752e => generated 0 bytes in 543 msecs (HTTP/1.1 204) 5 headers in 199 bytes (1 switches on core 0)
Nov 09 17:29:02.141436 n-d-817218-1 devstack@placement-api.service[84717]: DEBUG placement.requestlog [req-2603bd41-a65b-49bb-a224-d7140206b34e req-4a23fdf2-ae02-430a-8567-a5be84f31235 None None] Starting request: 10.222.0.41 "GET /placement/allocations/a97857af-e503-4275-b589-31dd6065752e" {{(pid=84717) __call__ /opt/stack/placement/placement/requestlog.py:55}}
Nov 09 17:29:02.166232 n-d-817218-1 devstack@placement-api.service[84717]: INFO placement.requestlog [req-2603bd41-a65b-49bb-a224-d7140206b34e req-4a23fdf2-ae02-430a-8567-a5be84f31235 service placement] 10.222.0.41 "GET /placement/allocations/a97857af-e503-4275-b589-31dd6065752e" status: 200 len: 259 microversion: 1.28
Nov 09 17:29:02.166625 n-d-817218-1 devstack@placement-api.service[84717]: [pid: 84717|app: 0|req: 73/146] 10.222.0.41 () {60 vars in 1377 bytes} [Tue Nov 9 17:29:02 2021] GET /placement/allocations/a97857af-e503-4275-b589-31dd6065752e => generated 259 bytes in 25 msecs (HTTP/1.1 200) 8 headers in 296 bytes (1 switches on core 0)
Nov 09 17:29:07.213815 n-d-817218-1 devstack@placement-api.service[84718]: DEBUG placement.requestlog [req-766a6e1b-48f7-41ce-bc32-ada1f12c29d9 req-f90aa28c-c1ca-4f90-8358-d2f30d944431 None None] Starting request: 10.222.0.41 "GET /placement/allocations/04adba54-afe1-4a99-b6bb-d3fb8065ce1c" {{(pid=84718) __call__ /opt/stack/placement/placement/requestlog.py:55}}
Nov 09 17:29:07.229000 n-d-817218-1 devstack@placement-api.service[84718]: INFO placement.requestlog [req-766a6e1b-48f7-41ce-bc32-ada1f12c29d9 req-f90aa28c-c1ca-4f90-8358-d2f30d944431 service placement] 10.222.0.41 "GET /placement/allocations/04adba54-afe1-4a99-b6bb-d3fb8065ce1c" status: 200 len: 259 microversion: 1.28
Nov 09 17:29:07.229452 n-d-817218-1 devstack@placement-api.service[84718]: [pid: 84718|app: 0|req: 74/147] 10.222.0.41 () {60 vars in 1377 bytes} [Tue Nov 9 17:29:07 2021] GET /placement/allocations/04adba54-afe1-4a99-b6bb-d3fb8065ce1c => generated 259 bytes in 16 msecs (HTTP/1.1 200) 8 headers in 296 bytes (1 switches on core 0)
Nov 09 17:29:07.236491 n-d-817218-1 devstack@placement-api.service[84717]: DEBUG placement.requestlog [req-766a6e1b-48f7-41ce-bc32-ada1f12c29d9 req-d4316999-37ae-4274-88d6-12094653daaf None None] Starting request: 10.222.0.41 "PUT /placement/allocations/04adba54-afe1-4a99-b6bb-d3fb8065ce1c" {{(pid=84717) __call__ /opt/stack/placement/placement/requestlog.py:55}}
Nov 09 17:29:07.413767 n-d-817218-1 devstack@placement-api.service[84717]: DEBUG placement.handlers.allocation [req-766a6e1b-48f7-41ce-bc32-ada1f12c29d9 req-d4316999-37ae-4274-88d6-12094653daaf service placement] Successfully wrote allocations [, , ] {{(pid=84717) _create_allocations /opt/stack/placement/placement/handlers/allocation.py:435}}
Nov 09 17:29:07.414542 n-d-817218-1 devstack@placement-api.service[84717]: INFO placement.requestlog [req-766a6e1b-48f7-41ce-bc32-ada1f12c29d9 req-d4316999-37ae-4274-88d6-12094653daaf service placement] 10.222.0.41 "PUT /placement/allocations/04adba54-afe1-4a99-b6bb-d3fb8065ce1c" status: 204 len: 0 microversion: 1.28
Nov 09 17:29:07.414940 n-d-817218-1 devstack@placement-api.service[84717]: [pid: 84717|app: 0|req: 74/148] 10.222.0.41 () {64 vars in 1430 bytes} [Tue Nov 9 17:29:07 2021] PUT /placement/allocations/04adba54-afe1-4a99-b6bb-d3fb8065ce1c => generated 0 bytes in 179 msecs (HTTP/1.1 204) 5 headers in 199 bytes (1 switches on core 0)
Nov 09 17:29:08.001307 n-d-817218-1 devstack@placement-api.service[84718]: DEBUG placement.requestlog [req-766b317f-50ed-4855-bffc-87436180e64d req-9add2297-e57f-4d67-99d4-7479a7da763d None None] Starting request: 10.222.0.79 "GET /placement/allocations/e01d3d9a-2558-4e1a-9e72-ae234f553b9d" {{(pid=84718) __call__ /opt/stack/placement/placement/requestlog.py:55}}
Nov 09 17:29:08.030476 n-d-817218-1 devstack@placement-api.service[84718]: INFO placement.requestlog [req-766b317f-50ed-4855-bffc-87436180e64d req-9add2297-e57f-4d67-99d4-7479a7da763d service placement] 10.222.0.79 "GET /placement/allocations/e01d3d9a-2558-4e1a-9e72-ae234f553b9d" status: 200 len: 259 microversion: 1.28
Nov 09 17:29:08.033172 n-d-817218-1 devstack@placement-api.service[84718]: [pid: 84718|app: 0|req: 75/149] 10.222.0.79 () {60 vars in 1377 bytes} [Tue Nov 9 17:29:07 2021] GET /placement/allocations/e01d3d9a-2558-4e1a-9e72-ae234f553b9d => generated 259 bytes in 32 msecs (HTTP/1.1 200) 8 headers in 296 bytes (1 switches on core 0)
Nov 09 17:29:18.303878 n-d-817218-1 devstack@placement-api.service[84717]: DEBUG placement.requestlog [None req-dbefb3b3-becc-46f8-ae39-8d914212a927 None None] Starting request: 10.222.0.57 "GET /placement/" {{(pid=84717) __call__ /opt/stack/placement/placement/requestlog.py:55}}
Nov 09 17:29:18.305386 n-d-817218-1 devstack@placement-api.service[84717]: INFO placement.requestlog [None req-dbefb3b3-becc-46f8-ae39-8d914212a927 None None] 10.222.0.57 "GET /placement/" status: 200 len: 136 microversion: 1.0
Nov 09 17:29:18.306260 n-d-817218-1 devstack@placement-api.service[84717]: [pid: 84717|app: 0|req: 75/150] 10.222.0.57 () {54 vars in 916 bytes} [Tue Nov 9 17:29:18 2021] GET /placement => generated 136 bytes in 3 msecs (HTTP/1.1 200) 6 headers in 224 bytes (1 switches on core 0)
Nov 09 17:29:18.317219 n-d-817218-1 devstack@placement-api.service[84718]: DEBUG placement.requestlog [req-80fb6f0b-cc91-4734-96e4-e4f307be3804 req-405ce951-30a6-4278-aad8-a25cbe5e9502 None None] Starting request: 10.222.0.57 "GET /placement/allocations/3b8ddaa9-c3bc-4aae-962a-103c44384925" {{(pid=84718) __call__ /opt/stack/placement/placement/requestlog.py:55}}
Nov 09 17:29:18.568408 n-d-817218-1 devstack@placement-api.service[84718]: INFO placement.requestlog [req-80fb6f0b-cc91-4734-96e4-e4f307be3804 req-405ce951-30a6-4278-aad8-a25cbe5e9502 service placement] 10.222.0.57 "GET /placement/allocations/3b8ddaa9-c3bc-4aae-962a-103c44384925" status: 200 len: 259 microversion: 1.28
Nov 09 17:29:18.576341 n-d-817218-1 devstack@placement-api.service[84717]: DEBUG placement.requestlog [req-80fb6f0b-cc91-4734-96e4-e4f307be3804 req-c2da84b3-2b9f-4e58-abe7-07f918c04ed4 None None] Starting request: 10.222.0.57 "GET /placement/allocations/3b8ddaa9-c3bc-4aae-962a-103c44384925" {{(pid=84717) __call__ /opt/stack/placement/placement/requestlog.py:55}}
Nov 09 17:29:18.595074 n-d-817218-1 devstack@placement-api.service[84718]: [pid: 84718|app: 0|req: 76/151] 10.222.0.57 () {60 vars in 1380 bytes} [Tue Nov 9 17:29:18 2021] GET /placement/allocations/3b8ddaa9-c3bc-4aae-962a-103c44384925 => generated 259 bytes in 281 msecs (HTTP/1.1 200) 8 headers in 296 bytes (1 switches on core 0)
Nov 09 17:29:18.617418 n-d-817218-1 devstack@placement-api.service[84717]: INFO placement.requestlog [req-80fb6f0b-cc91-4734-96e4-e4f307be3804 req-c2da84b3-2b9f-4e58-abe7-07f918c04ed4 service placement] 10.222.0.57 "GET /placement/allocations/3b8ddaa9-c3bc-4aae-962a-103c44384925" status: 200 len: 259 microversion: 1.28
Nov 09 17:29:18.627188 n-d-817218-1 devstack@placement-api.service[84718]: DEBUG placement.requestlog [req-80fb6f0b-cc91-4734-96e4-e4f307be3804 req-bd2f7fe2-0e9b-4d6f-9ca4-d69338ec3607 None None] Starting request: 10.222.0.57 "GET /placement/allocations/afe77119-3d4a-4cfe-881e-c2b5f163ac50" {{(pid=84718) __call__ /opt/stack/placement/placement/requestlog.py:55}}
Nov 09 17:29:18.636839 n-d-817218-1 devstack@placement-api.service[84717]: [pid: 84717|app: 0|req: 76/152] 10.222.0.57 () {60 vars in 1380 bytes} [Tue Nov 9 17:29:18 2021] GET /placement/allocations/3b8ddaa9-c3bc-4aae-962a-103c44384925 => generated 259 bytes in 60 msecs (HTTP/1.1 200) 8 headers in 296 bytes (1 switches on core 0)
Nov 09 17:29:18.648798 n-d-817218-1 devstack@placement-api.service[84718]: INFO placement.requestlog [req-80fb6f0b-cc91-4734-96e4-e4f307be3804 req-bd2f7fe2-0e9b-4d6f-9ca4-d69338ec3607 service placement] 10.222.0.57 "GET /placement/allocations/afe77119-3d4a-4cfe-881e-c2b5f163ac50" status: 200 len: 19 microversion: 1.28
Nov 09 17:29:18.656143 n-d-817218-1 devstack@placement-api.service[84717]: DEBUG placement.requestlog [req-80fb6f0b-cc91-4734-96e4-e4f307be3804 req-f7ea4176-7d61-47f1-bcda-7e5f3bfd81be None None] Starting request: 10.222.0.57 "POST /placement/allocations" {{(pid=84717) __call__ /opt/stack/placement/placement/requestlog.py:55}}
Nov 09 17:29:18.664087 n-d-817218-1 devstack@placement-api.service[84718]: [pid: 84718|app: 0|req: 77/153] 10.222.0.57 () {60 vars in 1380 bytes} [Tue Nov 9 17:29:18 2021] GET /placement/allocations/afe77119-3d4a-4cfe-881e-c2b5f163ac50 => generated 19 bytes in 37 msecs (HTTP/1.1 200) 8 headers in 295 bytes (1 switches on core 0)
Nov 09 17:29:19.024960 n-d-817218-1 devstack@placement-api.service[84717]: DEBUG placement.handlers.allocation [req-80fb6f0b-cc91-4734-96e4-e4f307be3804 req-f7ea4176-7d61-47f1-bcda-7e5f3bfd81be service placement] Successfully wrote allocations [, , , , , ] {{(pid=84717) _create_allocations /opt/stack/placement/placement/handlers/allocation.py:524}}
Nov 09 17:29:19.025473 n-d-817218-1 devstack@placement-api.service[84717]: INFO placement.requestlog [req-80fb6f0b-cc91-4734-96e4-e4f307be3804 req-f7ea4176-7d61-47f1-bcda-7e5f3bfd81be service placement] 10.222.0.57 "POST /placement/allocations" status: 204 len: 0 microversion: 1.28
Nov 09 17:29:19.025716 n-d-817218-1 devstack@placement-api.service[84717]: [pid: 84717|app: 0|req: 77/154] 10.222.0.57 () {64 vars in 1323 bytes} [Tue Nov 9 17:29:18 2021] POST /placement/allocations => generated 0 bytes in 370 msecs (HTTP/1.1 204) 5 headers in 199 bytes (1 switches on core 0)
Nov 09 17:29:19.081998 n-d-817218-1 devstack@placement-api.service[84718]: DEBUG placement.requestlog [req-80fb6f0b-cc91-4734-96e4-e4f307be3804 req-483cb239-8653-420b-8e26-652b417d2981 None None] Starting request: 10.222.0.57 "GET /placement/allocations/3b8ddaa9-c3bc-4aae-962a-103c44384925" {{(pid=84718) __call__ /opt/stack/placement/placement/requestlog.py:55}}
Nov 09 17:29:19.093490 n-d-817218-1 devstack@placement-api.service[84718]: INFO placement.requestlog [req-80fb6f0b-cc91-4734-96e4-e4f307be3804 req-483cb239-8653-420b-8e26-652b417d2981 service placement] 10.222.0.57 "GET /placement/allocations/3b8ddaa9-c3bc-4aae-962a-103c44384925" status: 200 len: 19 microversion: 1.28
Nov 09 17:29:19.094348 n-d-817218-1 devstack@placement-api.service[84718]: [pid: 84718|app: 0|req: 78/155] 10.222.0.57 () {60 vars in 1380 bytes} [Tue Nov 9 17:29:19 2021] GET /placement/allocations/3b8ddaa9-c3bc-4aae-962a-103c44384925 => generated 19 bytes in 13 msecs (HTTP/1.1 200) 8 headers in 295 bytes (1 switches on core 0)
Nov 09 17:29:19.100605 n-d-817218-1 devstack@placement-api.service[84717]: DEBUG placement.requestlog [req-80fb6f0b-cc91-4734-96e4-e4f307be3804 req-66405164-a15b-4829-8ff0-d565b8a8b7e7 None None] Starting request: 10.222.0.57 "PUT /placement/allocations/3b8ddaa9-c3bc-4aae-962a-103c44384925" {{(pid=84717) __call__ /opt/stack/placement/placement/requestlog.py:55}}
Nov 09 17:29:19.578407 n-d-817218-1 devstack@placement-api.service[84717]: DEBUG placement.handlers.allocation [req-80fb6f0b-cc91-4734-96e4-e4f307be3804 req-66405164-a15b-4829-8ff0-d565b8a8b7e7 service placement] Successfully wrote allocations [, , ] {{(pid=84717) _create_allocations /opt/stack/placement/placement/handlers/allocation.py:435}}
Nov 09 17:29:19.579729 n-d-817218-1 devstack@placement-api.service[84717]: INFO placement.requestlog [req-80fb6f0b-cc91-4734-96e4-e4f307be3804 req-66405164-a15b-4829-8ff0-d565b8a8b7e7 service placement] 10.222.0.57 "PUT /placement/allocations/3b8ddaa9-c3bc-4aae-962a-103c44384925" status: 204 len: 0 microversion: 1.28
Nov 09 17:29:19.580454 n-d-817218-1 devstack@placement-api.service[84717]: [pid: 84717|app: 0|req: 78/156] 10.222.0.57 () {64 vars in 1433 bytes} [Tue Nov 9 17:29:19 2021] PUT /placement/allocations/3b8ddaa9-c3bc-4aae-962a-103c44384925 => generated 0 bytes in 480 msecs (HTTP/1.1 204) 5 headers in 199 bytes (1 switches on core 0)
Nov 09 17:29:19.867292 n-d-817218-1 devstack@placement-api.service[84718]: DEBUG placement.requestlog [req-80fb6f0b-cc91-4734-96e4-e4f307be3804 req-ef019787-6d42-4c81-8137-612f51a5a43e None None] Starting request: 10.222.0.41 "GET /placement/allocations/3b8ddaa9-c3bc-4aae-962a-103c44384925" {{(pid=84718) __call__ /opt/stack/placement/placement/requestlog.py:55}}
Nov 09 17:29:19.893586 n-d-817218-1 devstack@placement-api.service[84718]: INFO placement.requestlog [req-80fb6f0b-cc91-4734-96e4-e4f307be3804 req-ef019787-6d42-4c81-8137-612f51a5a43e service placement] 10.222.0.41 "GET /placement/allocations/3b8ddaa9-c3bc-4aae-962a-103c44384925" status: 200 len: 259 microversion: 1.28
Nov 09 17:29:19.894646 n-d-817218-1 devstack@placement-api.service[84718]: [pid: 84718|app: 0|req: 79/157] 10.222.0.41 () {60 vars in 1377 bytes} [Tue Nov 9 17:29:19 2021] GET /placement/allocations/3b8ddaa9-c3bc-4aae-962a-103c44384925 => generated 259 bytes in 28 msecs (HTTP/1.1 200) 8 headers in 296 bytes (1 switches on core 0)
Nov 09 17:29:23.804685 n-d-817218-1 devstack@placement-api.service[84717]: DEBUG placement.requestlog [req-08d66afc-296f-4c23-b610-307a027a966e req-4e2b942e-cf4f-49fc-8a00-7c8bee5885af None None] Starting request: 10.222.0.41 "GET /placement/resource_providers/2d68d479-463f-4b1e-b502-dfcb69e5bb84/allocations" {{(pid=84717) __call__ /opt/stack/placement/placement/requestlog.py:55}}
Nov 09 17:29:23.839253 n-d-817218-1 devstack@placement-api.service[84717]: INFO placement.requestlog [req-08d66afc-296f-4c23-b610-307a027a966e req-4e2b942e-cf4f-49fc-8a00-7c8bee5885af service placement] 10.222.0.41 "GET /placement/resource_providers/2d68d479-463f-4b1e-b502-dfcb69e5bb84/allocations" status: 200 len: 558 microversion: 1.0
Nov 09 17:29:23.841946 n-d-817218-1 devstack@placement-api.service[84717]: [pid: 84717|app: 0|req: 79/158] 10.222.0.41 () {58 vars in 1390 bytes} [Tue Nov 9 17:29:23 2021] GET /placement/resource_providers/2d68d479-463f-4b1e-b502-dfcb69e5bb84/allocations => generated 558 bytes in 37 msecs (HTTP/1.1 200) 6 headers in 224 bytes (1 switches on core 0)
Nov 09 17:29:24.554377 n-d-817218-1 devstack@placement-api.service[84718]: DEBUG placement.requestlog [req-08d66afc-296f-4c23-b610-307a027a966e req-c9dfbfbb-5998-4fb5-8586-0895cc1c4722 None None] Starting request: 10.222.0.41 "GET /placement/allocations/91c0d23f-9d7f-4d79-82bf-af23c1a5bac4" {{(pid=84718) __call__ /opt/stack/placement/placement/requestlog.py:55}}
Nov 09 17:29:24.580631 n-d-817218-1 devstack@placement-api.service[84718]: INFO placement.requestlog [req-08d66afc-296f-4c23-b610-307a027a966e req-c9dfbfbb-5998-4fb5-8586-0895cc1c4722 service placement] 10.222.0.41 "GET /placement/allocations/91c0d23f-9d7f-4d79-82bf-af23c1a5bac4" status: 200 len: 259 microversion: 1.28
Nov 09 17:29:24.580631 n-d-817218-1 devstack@placement-api.service[84718]: [pid: 84718|app: 0|req: 80/159] 10.222.0.41 () {60 vars in 1377 bytes} [Tue Nov 9 17:29:24 2021] GET /placement/allocations/91c0d23f-9d7f-4d79-82bf-af23c1a5bac4 => generated 259 bytes in 26 msecs (HTTP/1.1 200) 8 headers in 296 bytes (1 switches on core 0)
Nov 09 17:29:24.593238 n-d-817218-1 devstack@placement-api.service[84717]: DEBUG placement.requestlog [req-08d66afc-296f-4c23-b610-307a027a966e req-95186d02-060d-4dfb-ab75-043c8581bf77 None None] Starting request: 10.222.0.41 "PUT /placement/allocations/91c0d23f-9d7f-4d79-82bf-af23c1a5bac4" {{(pid=84717) __call__ /opt/stack/placement/placement/requestlog.py:55}}
Nov 09 17:29:24.767688 n-d-817218-1 devstack@placement-api.service[84717]: DEBUG placement.handlers.allocation [req-08d66afc-296f-4c23-b610-307a027a966e req-95186d02-060d-4dfb-ab75-043c8581bf77 service placement] Successfully wrote allocations [, , ] {{(pid=84717) _create_allocations /opt/stack/placement/placement/handlers/allocation.py:435}}
Nov 09 17:29:24.768244 n-d-817218-1 devstack@placement-api.service[84717]: INFO placement.requestlog [req-08d66afc-296f-4c23-b610-307a027a966e req-95186d02-060d-4dfb-ab75-043c8581bf77 service placement] 10.222.0.41 "PUT /placement/allocations/91c0d23f-9d7f-4d79-82bf-af23c1a5bac4" status: 204 len: 0 microversion: 1.28
Nov 09 17:29:24.768555 n-d-817218-1 devstack@placement-api.service[84717]: [pid: 84717|app: 0|req: 80/160] 10.222.0.41 () {64 vars in 1430 bytes} [Tue Nov 9 17:29:24 2021] PUT /placement/allocations/91c0d23f-9d7f-4d79-82bf-af23c1a5bac4 => generated 0 bytes in 175 msecs (HTTP/1.1 204) 5 headers in 199 bytes (2 switches on core 0)
Nov 09 17:29:28.146689 n-d-817218-1 devstack@placement-api.service[84718]: DEBUG placement.requestlog [req-a9479320-244e-4bc5-b987-4026c41dc14f req-9d37b48e-fa51-450d-9a17-51e425cc1a74 None None] Starting request: 10.222.0.41 "GET /placement/resource_providers/2d68d479-463f-4b1e-b502-dfcb69e5bb84/allocations" {{(pid=84718) __call__ /opt/stack/placement/placement/requestlog.py:55}}
Nov 09 17:29:28.452569 n-d-817218-1 devstack@placement-api.service[84718]: INFO placement.requestlog [req-a9479320-244e-4bc5-b987-4026c41dc14f req-9d37b48e-fa51-450d-9a17-51e425cc1a74 service placement] 10.222.0.41 "GET /placement/resource_providers/2d68d479-463f-4b1e-b502-dfcb69e5bb84/allocations" status: 200 len: 457 microversion: 1.0
Nov 09 17:29:28.453992 n-d-817218-1 devstack@placement-api.service[84718]: [pid: 84718|app: 0|req: 81/161] 10.222.0.41 () {58 vars in 1390 bytes} [Tue Nov 9 17:29:28 2021] GET /placement/resource_providers/2d68d479-463f-4b1e-b502-dfcb69e5bb84/allocations => generated 457 bytes in 307 msecs (HTTP/1.1 200) 6 headers in 224 bytes (1 switches on core 0)
Nov 09 17:29:28.728173 n-d-817218-1 devstack@placement-api.service[84717]: DEBUG placement.requestlog [req-a9479320-244e-4bc5-b987-4026c41dc14f req-5e8c74fd-5632-4a2b-9190-24b6e1a045be None None] Starting request: 10.222.0.41 "GET /placement/resource_providers?in_tree=2d68d479-463f-4b1e-b502-dfcb69e5bb84" {{(pid=84717) __call__ /opt/stack/placement/placement/requestlog.py:55}}
Nov 09 17:29:28.760236 n-d-817218-1 devstack@placement-api.service[84717]: INFO placement.requestlog [req-a9479320-244e-4bc5-b987-4026c41dc14f req-5e8c74fd-5632-4a2b-9190-24b6e1a045be service placement] 10.222.0.41 "GET /placement/resource_providers?in_tree=2d68d479-463f-4b1e-b502-dfcb69e5bb84" status: 200 len: 863 microversion: 1.14
Nov 09 17:29:28.761410 n-d-817218-1 devstack@placement-api.service[84717]: [pid: 84717|app: 0|req: 81/162] 10.222.0.41 () {60 vars in 1376 bytes} [Tue Nov 9 17:29:28 2021] GET /placement/resource_providers?in_tree=2d68d479-463f-4b1e-b502-dfcb69e5bb84 => generated 863 bytes in 33 msecs (HTTP/1.1 200) 6 headers in 225 bytes (1 switches on core 0)
Nov 09 17:29:28.769511 n-d-817218-1 devstack@placement-api.service[84718]: DEBUG placement.requestlog [req-a9479320-244e-4bc5-b987-4026c41dc14f req-771ac7d6-cf74-404a-9e29-9c0b8350c9b4 None None] Starting request: 10.222.0.41 "GET /placement/resource_providers/2d68d479-463f-4b1e-b502-dfcb69e5bb84/inventories" {{(pid=84718) __call__ /opt/stack/placement/placement/requestlog.py:55}}
Nov 09 17:29:28.824622 n-d-817218-1 devstack@placement-api.service[84718]: INFO placement.requestlog [req-a9479320-244e-4bc5-b987-4026c41dc14f req-771ac7d6-cf74-404a-9e29-9c0b8350c9b4 service placement] 10.222.0.41 "GET /placement/resource_providers/2d68d479-463f-4b1e-b502-dfcb69e5bb84/inventories" status: 200 len: 398 microversion: 1.0
Nov 09 17:29:28.831192 n-d-817218-1 devstack@placement-api.service[84718]: [pid: 84718|app: 0|req: 82/163] 10.222.0.41 () {58 vars in 1390 bytes} [Tue Nov 9 17:29:28 2021] GET /placement/resource_providers/2d68d479-463f-4b1e-b502-dfcb69e5bb84/inventories => generated 398 bytes in 56 msecs (HTTP/1.1 200) 6 headers in 224 bytes (1 switches on core 0)
Nov 09 17:29:28.834924 n-d-817218-1 devstack@placement-api.service[84717]: DEBUG placement.requestlog [req-a9479320-244e-4bc5-b987-4026c41dc14f req-7ab406ec-76e3-4fbd-9495-7e64c046cbc0 None None] Starting request: 10.222.0.41 "GET /placement/resource_providers/2d68d479-463f-4b1e-b502-dfcb69e5bb84/aggregates" {{(pid=84717) __call__ /opt/stack/placement/placement/requestlog.py:55}}
Nov 09 17:29:28.863547 n-d-817218-1 devstack@placement-api.service[84717]: INFO placement.requestlog [req-a9479320-244e-4bc5-b987-4026c41dc14f req-7ab406ec-76e3-4fbd-9495-7e64c046cbc0 service placement] 10.222.0.41 "GET /placement/resource_providers/2d68d479-463f-4b1e-b502-dfcb69e5bb84/aggregates" status: 200 len: 54 microversion: 1.19
Nov 09 17:29:28.864327 n-d-817218-1 devstack@placement-api.service[84717]: [pid: 84717|app: 0|req: 82/164] 10.222.0.41 () {60 vars in 1431 bytes} [Tue Nov 9 17:29:28 2021] GET /placement/resource_providers/2d68d479-463f-4b1e-b502-dfcb69e5bb84/aggregates => generated 54 bytes in 30 msecs (HTTP/1.1 200) 8 headers in 295 bytes (2 switches on core 0)
Nov 09 17:29:28.873035 n-d-817218-1 devstack@placement-api.service[84718]: DEBUG placement.requestlog [req-a9479320-244e-4bc5-b987-4026c41dc14f req-0b9477fd-b831-4a46-8325-7c89cafdd6cc None None] Starting request: 10.222.0.41 "GET /placement/resource_providers/2d68d479-463f-4b1e-b502-dfcb69e5bb84/traits" {{(pid=84718) __call__ /opt/stack/placement/placement/requestlog.py:55}}
