Nov 09 17:29:28.906545 n-d-817218-1 devstack@placement-api.service[84718]: INFO placement.requestlog [req-a9479320-244e-4bc5-b987-4026c41dc14f req-0b9477fd-b831-4a46-8325-7c89cafdd6cc service placement] 10.222.0.41 "GET /placement/resource_providers/2d68d479-463f-4b1e-b502-dfcb69e5bb84/traits" status: 200 len: 175 microversion: 1.6
Nov 09 17:29:28.907238 n-d-817218-1 devstack@placement-api.service[84718]: [pid: 84718|app: 0|req: 83/165] 10.222.0.41 () {60 vars in 1418 bytes} [Tue Nov 9 17:29:28 2021] GET /placement/resource_providers/2d68d479-463f-4b1e-b502-dfcb69e5bb84/traits => generated 175 bytes in 36 msecs (HTTP/1.1 200) 6 headers in 224 bytes (1 switches on core 0)
Nov 09 17:29:31.737202 n-d-817218-1 devstack@placement-api.service[84717]: DEBUG placement.requestlog [req-903e70fc-587d-45fe-8da7-e49b2e23e53f req-f00fbfde-0197-4a57-bb87-029418083cf3 None None] Starting request: 10.222.0.57 "GET /placement/allocation_candidates?limit=1000&resources=DISK_GB%3A1%2CMEMORY_MB%3A1024%2CVCPU%3A1&root_required=%21COMPUTE_STATUS_DISABLED" {{(pid=84717) __call__ /opt/stack/placement/placement/requestlog.py:55}}
Nov 09 17:29:31.809758 n-d-817218-1 devstack@placement-api.service[84717]: DEBUG placement.objects.research_context [req-903e70fc-587d-45fe-8da7-e49b2e23e53f req-f00fbfde-0197-4a57-bb87-029418083cf3 service placement] getting providers with 1 DISK_GB {{(pid=84717) __init__ /opt/stack/placement/placement/objects/research_context.py:126}}
Nov 09 17:29:31.835862 n-d-817218-1 devstack@placement-api.service[84717]: DEBUG placement.objects.research_context [req-903e70fc-587d-45fe-8da7-e49b2e23e53f req-f00fbfde-0197-4a57-bb87-029418083cf3 service placement] getting providers with 1024 MEMORY_MB {{(pid=84717) __init__ /opt/stack/placement/placement/objects/research_context.py:126}}
Nov 09 17:29:31.844906 n-d-817218-1 devstack@placement-api.service[84717]: DEBUG placement.objects.research_context [req-903e70fc-587d-45fe-8da7-e49b2e23e53f req-f00fbfde-0197-4a57-bb87-029418083cf3 service placement] getting providers with 1 VCPU {{(pid=84717) __init__ /opt/stack/placement/placement/objects/research_context.py:126}}
Nov 09 17:29:31.868855 n-d-817218-1 devstack@placement-api.service[84717]: DEBUG placement.objects.research_context [req-903e70fc-587d-45fe-8da7-e49b2e23e53f req-f00fbfde-0197-4a57-bb87-029418083cf3 service placement] found 2 providers with available 1 DISK_GB {{(pid=84717) get_provider_ids_matching /opt/stack/placement/placement/objects/research_context.py:549}}
Nov 09 17:29:31.869126 n-d-817218-1 devstack@placement-api.service[84717]: DEBUG placement.objects.research_context [req-903e70fc-587d-45fe-8da7-e49b2e23e53f req-f00fbfde-0197-4a57-bb87-029418083cf3 service placement] found 2 providers with available 1024 MEMORY_MB {{(pid=84717) get_provider_ids_matching /opt/stack/placement/placement/objects/research_context.py:549}}
Nov 09 17:29:31.869568 n-d-817218-1 devstack@placement-api.service[84717]: DEBUG placement.objects.research_context [req-903e70fc-587d-45fe-8da7-e49b2e23e53f req-f00fbfde-0197-4a57-bb87-029418083cf3 service placement] found 2 providers after filtering by previous result {{(pid=84717) get_provider_ids_matching /opt/stack/placement/placement/objects/research_context.py:580}}
Nov 09 17:29:31.870723 n-d-817218-1 devstack@placement-api.service[84717]: DEBUG placement.objects.research_context [req-903e70fc-587d-45fe-8da7-e49b2e23e53f req-f00fbfde-0197-4a57-bb87-029418083cf3 service placement] found 2 providers with available 1 VCPU {{(pid=84717) get_provider_ids_matching /opt/stack/placement/placement/objects/research_context.py:549}}
Nov 09 17:29:31.871188 n-d-817218-1 devstack@placement-api.service[84717]: DEBUG placement.objects.research_context [req-903e70fc-587d-45fe-8da7-e49b2e23e53f req-f00fbfde-0197-4a57-bb87-029418083cf3 service placement] found 2 providers after filtering by previous result {{(pid=84717) get_provider_ids_matching /opt/stack/placement/placement/objects/research_context.py:580}}
Nov 09 17:29:31.896278 n-d-817218-1 devstack@placement-api.service[84717]: DEBUG placement.objects.allocation_candidate [req-903e70fc-587d-45fe-8da7-e49b2e23e53f req-f00fbfde-0197-4a57-bb87-029418083cf3 service placement] RequestGroup(use_same_provider=False, resources={DISK_GB:1, MEMORY_MB:1024, VCPU:1}, traits=[], aggregates=[]) (suffix '') returned 2 matches {{(pid=84717) _get_by_requests /opt/stack/placement/placement/objects/allocation_candidate.py:145}}
Nov 09 17:29:31.896911 n-d-817218-1 devstack@placement-api.service[84717]: DEBUG placement.objects.allocation_candidate [req-903e70fc-587d-45fe-8da7-e49b2e23e53f req-f00fbfde-0197-4a57-bb87-029418083cf3 service placement] Merging candidates yields 2 allocation requests and 2 provider summaries {{(pid=84717) _merge_candidates /opt/stack/placement/placement/objects/allocation_candidate.py:783}}
Nov 09 17:29:31.898678 n-d-817218-1 devstack@placement-api.service[84717]: INFO placement.requestlog [req-903e70fc-587d-45fe-8da7-e49b2e23e53f req-f00fbfde-0197-4a57-bb87-029418083cf3 service placement] 10.222.0.57 "GET /placement/allocation_candidates?limit=1000&resources=DISK_GB%3A1%2CMEMORY_MB%3A1024%2CVCPU%3A1&root_required=%21COMPUTE_STATUS_DISABLED" status: 200 len: 1235 microversion: 1.35
Nov 09 17:29:31.899383 n-d-817218-1 devstack@placement-api.service[84717]: [pid: 84717|app: 0|req: 83/166] 10.222.0.57 () {60 vars in 1506 bytes} [Tue Nov 9 17:29:31 2021] GET /placement/allocation_candidates?limit=1000&resources=DISK_GB%3A1%2CMEMORY_MB%3A1024%2CVCPU%3A1&root_required=%21COMPUTE_STATUS_DISABLED => generated 1235 bytes in 162 msecs (HTTP/1.1 200) 8 headers in 297 bytes (1 switches on core 0)
Nov 09 17:29:31.986661 n-d-817218-1 devstack@placement-api.service[84718]: DEBUG placement.requestlog [req-903e70fc-587d-45fe-8da7-e49b2e23e53f req-87a2045b-6fe7-4447-8937-62e2319c294e None None] Starting request: 10.222.0.57 "GET /placement/allocations/00bf2cdf-ce0a-4f68-87e3-76942901d4d4" {{(pid=84718) __call__ /opt/stack/placement/placement/requestlog.py:55}}
Nov 09 17:29:31.999756 n-d-817218-1 devstack@placement-api.service[84718]: INFO placement.requestlog [req-903e70fc-587d-45fe-8da7-e49b2e23e53f req-87a2045b-6fe7-4447-8937-62e2319c294e service placement] 10.222.0.57 "GET /placement/allocations/00bf2cdf-ce0a-4f68-87e3-76942901d4d4" status: 200 len: 19 microversion: 1.28
Nov 09 17:29:32.004015 n-d-817218-1 devstack@placement-api.service[84718]: [pid: 84718|app: 0|req: 84/167] 10.222.0.57 () {60 vars in 1380 bytes} [Tue Nov 9 17:29:31 2021] GET /placement/allocations/00bf2cdf-ce0a-4f68-87e3-76942901d4d4 => generated 19 bytes in 17 msecs (HTTP/1.1 200) 8 headers in 295 bytes (1 switches on core 0)
Nov 09 17:29:32.006766 n-d-817218-1 devstack@placement-api.service[84717]: DEBUG placement.requestlog [req-903e70fc-587d-45fe-8da7-e49b2e23e53f req-69570092-bf91-49e7-8212-af727d3fbafe None None] Starting request: 10.222.0.57 "PUT /placement/allocations/00bf2cdf-ce0a-4f68-87e3-76942901d4d4" {{(pid=84717) __call__ /opt/stack/placement/placement/requestlog.py:55}}
Nov 09 17:29:32.309825 n-d-817218-1 devstack@placement-api.service[84717]: DEBUG placement.handlers.allocation [req-903e70fc-587d-45fe-8da7-e49b2e23e53f req-69570092-bf91-49e7-8212-af727d3fbafe service placement] Successfully wrote allocations [, , ] {{(pid=84717) _create_allocations /opt/stack/placement/placement/handlers/allocation.py:435}}
Nov 09 17:29:32.310630 n-d-817218-1 devstack@placement-api.service[84717]: INFO placement.requestlog [req-903e70fc-587d-45fe-8da7-e49b2e23e53f req-69570092-bf91-49e7-8212-af727d3fbafe service placement] 10.222.0.57 "PUT /placement/allocations/00bf2cdf-ce0a-4f68-87e3-76942901d4d4" status: 204 len: 0 microversion: 1.35
Nov 09 17:29:32.311355 n-d-817218-1 devstack@placement-api.service[84717]: [pid: 84717|app: 0|req: 84/168] 10.222.0.57 () {64 vars in 1433 bytes} [Tue Nov 9 17:29:32 2021] PUT /placement/allocations/00bf2cdf-ce0a-4f68-87e3-76942901d4d4 => generated 0 bytes in 305 msecs (HTTP/1.1 204) 5 headers in 199 bytes (1 switches on core 0)
Nov 09 17:29:33.909419 n-d-817218-1 devstack@placement-api.service[84718]: DEBUG placement.requestlog [req-c842f803-fde7-41a9-8e85-5d4478e47ea1 req-def6a98f-5de5-4fca-a967-1b465b477f0b None None] Starting request: 10.222.0.79 "GET /placement/resource_providers/ebc9cf66-0f65-470a-af40-1b86aa1dcc5b/allocations" {{(pid=84718) __call__ /opt/stack/placement/placement/requestlog.py:55}}
Nov 09 17:29:33.932528 n-d-817218-1 devstack@placement-api.service[84717]: DEBUG placement.requestlog [req-903e70fc-587d-45fe-8da7-e49b2e23e53f req-dc25fa00-79a7-4cb8-807c-1f35a8f4e8dc None None] Starting request: 10.222.0.41 "GET /placement/allocations/00bf2cdf-ce0a-4f68-87e3-76942901d4d4" {{(pid=84717) __call__ /opt/stack/placement/placement/requestlog.py:55}}
Nov 09 17:29:33.959603 n-d-817218-1 devstack@placement-api.service[84717]: INFO placement.requestlog [req-903e70fc-587d-45fe-8da7-e49b2e23e53f req-dc25fa00-79a7-4cb8-807c-1f35a8f4e8dc service placement] 10.222.0.41 "GET /placement/allocations/00bf2cdf-ce0a-4f68-87e3-76942901d4d4" status: 200 len: 259 microversion: 1.28
Nov 09 17:29:33.961553 n-d-817218-1 devstack@placement-api.service[84717]: [pid: 84717|app: 0|req: 85/169] 10.222.0.41 () {60 vars in 1377 bytes} [Tue Nov 9 17:29:33 2021] GET /placement/allocations/00bf2cdf-ce0a-4f68-87e3-76942901d4d4 => generated 259 bytes in 29 msecs (HTTP/1.1 200) 8 headers in 296 bytes (1 switches on core 0)
Nov 09 17:29:34.147043 n-d-817218-1 devstack@placement-api.service[84718]: INFO placement.requestlog [req-c842f803-fde7-41a9-8e85-5d4478e47ea1 req-def6a98f-5de5-4fca-a967-1b465b477f0b service placement] 10.222.0.79 "GET /placement/resource_providers/ebc9cf66-0f65-470a-af40-1b86aa1dcc5b/allocations" status: 200 len: 760 microversion: 1.0
Nov 09 17:29:34.149617 n-d-817218-1 devstack@placement-api.service[84718]: [pid: 84718|app: 0|req: 85/170] 10.222.0.79 () {58 vars in 1390 bytes} [Tue Nov 9 17:29:33 2021] GET /placement/resource_providers/ebc9cf66-0f65-470a-af40-1b86aa1dcc5b/allocations => generated 760 bytes in 241 msecs (HTTP/1.1 200) 6 headers in 224 bytes (1 switches on core 0)
Nov 09 17:29:34.648902 n-d-817218-1 devstack@placement-api.service[84717]: DEBUG placement.requestlog [req-c842f803-fde7-41a9-8e85-5d4478e47ea1 req-b7223ac2-07be-479a-8dab-311bb503793f None None] Starting request: 10.222.0.79 "GET /placement/resource_providers?in_tree=ebc9cf66-0f65-470a-af40-1b86aa1dcc5b" {{(pid=84717) __call__ /opt/stack/placement/placement/requestlog.py:55}}
Nov 09 17:29:34.678296 n-d-817218-1 devstack@placement-api.service[84717]: INFO placement.requestlog [req-c842f803-fde7-41a9-8e85-5d4478e47ea1 req-b7223ac2-07be-479a-8dab-311bb503793f service placement] 10.222.0.79 "GET /placement/resource_providers?in_tree=ebc9cf66-0f65-470a-af40-1b86aa1dcc5b" status: 200 len: 863 microversion: 1.14
Nov 09 17:29:34.681053 n-d-817218-1 devstack@placement-api.service[84717]: [pid: 84717|app: 0|req: 86/171] 10.222.0.79 () {60 vars in 1376 bytes} [Tue Nov 9 17:29:34 2021] GET /placement/resource_providers?in_tree=ebc9cf66-0f65-470a-af40-1b86aa1dcc5b => generated 863 bytes in 32 msecs (HTTP/1.1 200) 6 headers in 225 bytes (1 switches on core 0)
Nov 09 17:29:34.688506 n-d-817218-1 devstack@placement-api.service[84718]: DEBUG placement.requestlog [req-c842f803-fde7-41a9-8e85-5d4478e47ea1 req-6c76fdd2-6155-4c8b-a3f6-3810b86fff9c None None] Starting request: 10.222.0.79 "GET /placement/resource_providers/ebc9cf66-0f65-470a-af40-1b86aa1dcc5b/inventories" {{(pid=84718) __call__ /opt/stack/placement/placement/requestlog.py:55}}
Nov 09 17:29:34.720428 n-d-817218-1 devstack@placement-api.service[84718]: INFO placement.requestlog [req-c842f803-fde7-41a9-8e85-5d4478e47ea1 req-6c76fdd2-6155-4c8b-a3f6-3810b86fff9c service placement] 10.222.0.79 "GET /placement/resource_providers/ebc9cf66-0f65-470a-af40-1b86aa1dcc5b/inventories" status: 200 len: 398 microversion: 1.0
Nov 09 17:29:34.720940 n-d-817218-1 devstack@placement-api.service[84718]: [pid: 84718|app: 0|req: 86/172] 10.222.0.79 () {58 vars in 1390 bytes} [Tue Nov 9 17:29:34 2021] GET /placement/resource_providers/ebc9cf66-0f65-470a-af40-1b86aa1dcc5b/inventories => generated 398 bytes in 32 msecs (HTTP/1.1 200) 6 headers in 224 bytes (1 switches on core 0)
Nov 09 17:29:34.731583 n-d-817218-1 devstack@placement-api.service[84717]: DEBUG placement.requestlog [req-c842f803-fde7-41a9-8e85-5d4478e47ea1 req-ecfa70b2-fcdd-40fb-a8e3-26dc3ffc75fa None None] Starting request: 10.222.0.79 "GET /placement/resource_providers/ebc9cf66-0f65-470a-af40-1b86aa1dcc5b/aggregates" {{(pid=84717) __call__ /opt/stack/placement/placement/requestlog.py:55}}
Nov 09 17:29:34.747063 n-d-817218-1 devstack@placement-api.service[84717]: INFO placement.requestlog [req-c842f803-fde7-41a9-8e85-5d4478e47ea1 req-ecfa70b2-fcdd-40fb-a8e3-26dc3ffc75fa service placement] 10.222.0.79 "GET /placement/resource_providers/ebc9cf66-0f65-470a-af40-1b86aa1dcc5b/aggregates" status: 200 len: 54 microversion: 1.19
Nov 09 17:29:34.747844 n-d-817218-1 devstack@placement-api.service[84717]: [pid: 84717|app: 0|req: 87/173] 10.222.0.79 () {60 vars in 1431 bytes} [Tue Nov 9 17:29:34 2021] GET /placement/resource_providers/ebc9cf66-0f65-470a-af40-1b86aa1dcc5b/aggregates => generated 54 bytes in 16 msecs (HTTP/1.1 200) 8 headers in 295 bytes (1 switches on core 0)
Nov 09 17:29:34.773028 n-d-817218-1 devstack@placement-api.service[84718]: DEBUG placement.requestlog [req-c842f803-fde7-41a9-8e85-5d4478e47ea1 req-5a1b0ce3-8233-4948-ad71-1cc8149c590b None None] Starting request: 10.222.0.79 "GET /placement/resource_providers/ebc9cf66-0f65-470a-af40-1b86aa1dcc5b/traits" {{(pid=84718) __call__ /opt/stack/placement/placement/requestlog.py:55}}
Nov 09 17:29:34.813393 n-d-817218-1 devstack@placement-api.service[84718]: INFO placement.requestlog [req-c842f803-fde7-41a9-8e85-5d4478e47ea1 req-5a1b0ce3-8233-4948-ad71-1cc8149c590b service placement] 10.222.0.79 "GET /placement/resource_providers/ebc9cf66-0f65-470a-af40-1b86aa1dcc5b/traits" status: 200 len: 175 microversion: 1.6
Nov 09 17:29:34.819973 n-d-817218-1 devstack@placement-api.service[84718]: [pid: 84718|app: 0|req: 87/174] 10.222.0.79 () {60 vars in 1418 bytes} [Tue Nov 9 17:29:34 2021] GET /placement/resource_providers/ebc9cf66-0f65-470a-af40-1b86aa1dcc5b/traits => generated 175 bytes in 48 msecs (HTTP/1.1 200) 6 headers in 224 bytes (1 switches on core 0)
Nov 09 17:29:40.833350 n-d-817218-1 devstack@placement-api.service[84717]: DEBUG placement.requestlog [req-69cbbb1f-0509-4942-97c8-73fe3aababea req-9286fa80-614a-433b-96d2-cab9e44abcfb None None] Starting request: 10.222.0.79 "GET /placement/allocations/3e4534d2-9927-4db7-9fca-d5b213af89ad" {{(pid=84717) __call__ /opt/stack/placement/placement/requestlog.py:55}}
Nov 09 17:29:40.868363 n-d-817218-1 devstack@placement-api.service[84717]: INFO placement.requestlog [req-69cbbb1f-0509-4942-97c8-73fe3aababea req-9286fa80-614a-433b-96d2-cab9e44abcfb service placement] 10.222.0.79 "GET /placement/allocations/3e4534d2-9927-4db7-9fca-d5b213af89ad" status: 200 len: 259 microversion: 1.28
Nov 09 17:29:40.869009 n-d-817218-1 devstack@placement-api.service[84717]: [pid: 84717|app: 0|req: 88/175] 10.222.0.79 () {60 vars in 1377 bytes} [Tue Nov 9 17:29:40 2021] GET /placement/allocations/3e4534d2-9927-4db7-9fca-d5b213af89ad => generated 259 bytes in 36 msecs (HTTP/1.1 200) 8 headers in 296 bytes (1 switches on core 0)
Nov 09 17:29:40.876288 n-d-817218-1 devstack@placement-api.service[84718]: DEBUG placement.requestlog [req-69cbbb1f-0509-4942-97c8-73fe3aababea req-9ee275f3-12d5-40e2-8e9e-de028e316903 None None] Starting request: 10.222.0.79 "PUT /placement/allocations/3e4534d2-9927-4db7-9fca-d5b213af89ad" {{(pid=84718) __call__ /opt/stack/placement/placement/requestlog.py:55}}
Nov 09 17:29:41.035709 n-d-817218-1 devstack@placement-api.service[84717]: DEBUG placement.requestlog [req-80fb6f0b-cc91-4734-96e4-e4f307be3804 req-422fc669-c3c8-4a6f-9353-cc8551c64e65 None None] Starting request: 10.222.0.79 "GET /placement/resource_providers/ebc9cf66-0f65-470a-af40-1b86aa1dcc5b/allocations" {{(pid=84717) __call__ /opt/stack/placement/placement/requestlog.py:55}}
Nov 09 17:29:41.057732 n-d-817218-1 devstack@placement-api.service[84718]: DEBUG placement.handlers.allocation [req-69cbbb1f-0509-4942-97c8-73fe3aababea req-9ee275f3-12d5-40e2-8e9e-de028e316903 service placement] Successfully wrote allocations [, , ] {{(pid=84718) _create_allocations /opt/stack/placement/placement/handlers/allocation.py:435}}
Nov 09 17:29:41.058239 n-d-817218-1 devstack@placement-api.service[84718]: INFO placement.requestlog [req-69cbbb1f-0509-4942-97c8-73fe3aababea req-9ee275f3-12d5-40e2-8e9e-de028e316903 service placement] 10.222.0.79 "PUT /placement/allocations/3e4534d2-9927-4db7-9fca-d5b213af89ad" status: 204 len: 0 microversion: 1.28
Nov 09 17:29:41.058504 n-d-817218-1 devstack@placement-api.service[84718]: [pid: 84718|app: 0|req: 88/176] 10.222.0.79 () {64 vars in 1430 bytes} [Tue Nov 9 17:29:40 2021] PUT /placement/allocations/3e4534d2-9927-4db7-9fca-d5b213af89ad => generated 0 bytes in 182 msecs (HTTP/1.1 204) 5 headers in 199 bytes (1 switches on core 0)
Nov 09 17:29:41.078144 n-d-817218-1 devstack@placement-api.service[84717]: INFO placement.requestlog [req-80fb6f0b-cc91-4734-96e4-e4f307be3804 req-422fc669-c3c8-4a6f-9353-cc8551c64e65 service placement] 10.222.0.79 "GET /placement/resource_providers/ebc9cf66-0f65-470a-af40-1b86aa1dcc5b/allocations" status: 200 len: 659 microversion: 1.0
Nov 09 17:29:41.078670 n-d-817218-1 devstack@placement-api.service[84717]: [pid: 84717|app: 0|req: 89/177] 10.222.0.79 () {58 vars in 1390 bytes} [Tue Nov 9 17:29:41 2021] GET /placement/resource_providers/ebc9cf66-0f65-470a-af40-1b86aa1dcc5b/allocations => generated 659 bytes in 43 msecs (HTTP/1.1 200) 6 headers in 224 bytes (2 switches on core 0)
Nov 09 17:29:41.635199 n-d-817218-1 devstack@placement-api.service[84718]: DEBUG placement.requestlog [req-80fb6f0b-cc91-4734-96e4-e4f307be3804 req-5186bdc4-d5a2-43ca-bb79-dbe9a406f9b1 None None] Starting request: 10.222.0.79 "GET /placement/allocations/afe77119-3d4a-4cfe-881e-c2b5f163ac50" {{(pid=84718) __call__ /opt/stack/placement/placement/requestlog.py:55}}
Nov 09 17:29:41.650022 n-d-817218-1 devstack@placement-api.service[84718]: INFO placement.requestlog [req-80fb6f0b-cc91-4734-96e4-e4f307be3804 req-5186bdc4-d5a2-43ca-bb79-dbe9a406f9b1 service placement] 10.222.0.79 "GET /placement/allocations/afe77119-3d4a-4cfe-881e-c2b5f163ac50" status: 200 len: 259 microversion: 1.28
Nov 09 17:29:41.650707 n-d-817218-1 devstack@placement-api.service[84718]: [pid: 84718|app: 0|req: 89/178] 10.222.0.79 () {60 vars in 1377 bytes} [Tue Nov 9 17:29:41 2021] GET /placement/allocations/afe77119-3d4a-4cfe-881e-c2b5f163ac50 => generated 259 bytes in 16 msecs (HTTP/1.1 200) 8 headers in 296 bytes (2 switches on core 0)
Nov 09 17:29:41.658264 n-d-817218-1 devstack@placement-api.service[84717]: DEBUG placement.requestlog [req-80fb6f0b-cc91-4734-96e4-e4f307be3804 req-f5d0c6a3-8378-4f82-8f76-c85320f42fa6 None None] Starting request: 10.222.0.79 "PUT /placement/allocations/afe77119-3d4a-4cfe-881e-c2b5f163ac50" {{(pid=84717) __call__ /opt/stack/placement/placement/requestlog.py:55}}
Nov 09 17:29:41.774829 n-d-817218-1 devstack@placement-api.service[84717]: DEBUG placement.handlers.allocation [req-80fb6f0b-cc91-4734-96e4-e4f307be3804 req-f5d0c6a3-8378-4f82-8f76-c85320f42fa6 service placement] Successfully wrote allocations [, , ] {{(pid=84717) _create_allocations /opt/stack/placement/placement/handlers/allocation.py:435}}
Nov 09 17:29:41.775826 n-d-817218-1 devstack@placement-api.service[84717]: INFO placement.requestlog [req-80fb6f0b-cc91-4734-96e4-e4f307be3804 req-f5d0c6a3-8378-4f82-8f76-c85320f42fa6 service placement] 10.222.0.79 "PUT /placement/allocations/afe77119-3d4a-4cfe-881e-c2b5f163ac50" status: 204 len: 0 microversion: 1.28
Nov 09 17:29:41.776619 n-d-817218-1 devstack@placement-api.service[84717]: [pid: 84717|app: 0|req: 90/179] 10.222.0.79 () {64 vars in 1430 bytes} [Tue Nov 9 17:29:41 2021] PUT /placement/allocations/afe77119-3d4a-4cfe-881e-c2b5f163ac50 => generated 0 bytes in 119 msecs (HTTP/1.1 204) 5 headers in 199 bytes (1 switches on core 0)
Nov 09 17:29:42.749297 n-d-817218-1 devstack@placement-api.service[84718]: DEBUG placement.requestlog [req-ffdfcfbf-667d-4053-a349-f5b72ace1ccb req-cd52ebea-0526-4ad8-85fc-cce0a207a227 None None] Starting request: 10.222.0.57 "GET /placement/allocation_candidates?limit=1000&resources=DISK_GB%3A1%2CMEMORY_MB%3A1024%2CVCPU%3A1&root_required=%21COMPUTE_STATUS_DISABLED" {{(pid=84718) __call__ /opt/stack/placement/placement/requestlog.py:55}}
Nov 09 17:29:42.782860 n-d-817218-1 devstack@placement-api.service[84718]: DEBUG placement.objects.research_context [req-ffdfcfbf-667d-4053-a349-f5b72ace1ccb req-cd52ebea-0526-4ad8-85fc-cce0a207a227 service placement] getting providers with 1 DISK_GB {{(pid=84718) __init__ /opt/stack/placement/placement/objects/research_context.py:126}}
Nov 09 17:29:42.792178 n-d-817218-1 devstack@placement-api.service[84718]: DEBUG placement.objects.research_context [req-ffdfcfbf-667d-4053-a349-f5b72ace1ccb req-cd52ebea-0526-4ad8-85fc-cce0a207a227 service placement] getting providers with 1024 MEMORY_MB {{(pid=84718) __init__ /opt/stack/placement/placement/objects/research_context.py:126}}
Nov 09 17:29:42.804823 n-d-817218-1 devstack@placement-api.service[84718]: DEBUG placement.objects.research_context [req-ffdfcfbf-667d-4053-a349-f5b72ace1ccb req-cd52ebea-0526-4ad8-85fc-cce0a207a227 service placement] getting providers with 1 VCPU {{(pid=84718) __init__ /opt/stack/placement/placement/objects/research_context.py:126}}
Nov 09 17:29:42.812081 n-d-817218-1 devstack@placement-api.service[84718]: DEBUG placement.objects.research_context [req-ffdfcfbf-667d-4053-a349-f5b72ace1ccb req-cd52ebea-0526-4ad8-85fc-cce0a207a227 service placement] found 2 providers with available 1 DISK_GB {{(pid=84718) get_provider_ids_matching /opt/stack/placement/placement/objects/research_context.py:549}}
Nov 09 17:29:42.813004 n-d-817218-1 devstack@placement-api.service[84718]: DEBUG placement.objects.research_context [req-ffdfcfbf-667d-4053-a349-f5b72ace1ccb req-cd52ebea-0526-4ad8-85fc-cce0a207a227 service placement] found 2 providers with available 1024 MEMORY_MB {{(pid=84718) get_provider_ids_matching /opt/stack/placement/placement/objects/research_context.py:549}}
Nov 09 17:29:42.813584 n-d-817218-1 devstack@placement-api.service[84718]: DEBUG placement.objects.research_context [req-ffdfcfbf-667d-4053-a349-f5b72ace1ccb req-cd52ebea-0526-4ad8-85fc-cce0a207a227 service placement] found 2 providers after filtering by previous result {{(pid=84718) get_provider_ids_matching /opt/stack/placement/placement/objects/research_context.py:580}}
Nov 09 17:29:42.813584 n-d-817218-1 devstack@placement-api.service[84718]: DEBUG placement.objects.research_context [req-ffdfcfbf-667d-4053-a349-f5b72ace1ccb req-cd52ebea-0526-4ad8-85fc-cce0a207a227 service placement] found 2 providers with available 1 VCPU {{(pid=84718) get_provider_ids_matching /opt/stack/placement/placement/objects/research_context.py:549}}
Nov 09 17:29:42.813808 n-d-817218-1 devstack@placement-api.service[84718]: DEBUG placement.objects.research_context [req-ffdfcfbf-667d-4053-a349-f5b72ace1ccb req-cd52ebea-0526-4ad8-85fc-cce0a207a227 service placement] found 2 providers after filtering by previous result {{(pid=84718) get_provider_ids_matching /opt/stack/placement/placement/objects/research_context.py:580}}
Nov 09 17:29:42.826028 n-d-817218-1 devstack@placement-api.service[84718]: DEBUG placement.objects.allocation_candidate [req-ffdfcfbf-667d-4053-a349-f5b72ace1ccb req-cd52ebea-0526-4ad8-85fc-cce0a207a227 service placement] RequestGroup(use_same_provider=False, resources={DISK_GB:1, MEMORY_MB:1024, VCPU:1}, traits=[], aggregates=[]) (suffix '') returned 2 matches {{(pid=84718) _get_by_requests /opt/stack/placement/placement/objects/allocation_candidate.py:145}}
Nov 09 17:29:42.826412 n-d-817218-1 devstack@placement-api.service[84718]: DEBUG placement.objects.allocation_candidate [req-ffdfcfbf-667d-4053-a349-f5b72ace1ccb req-cd52ebea-0526-4ad8-85fc-cce0a207a227 service placement] Merging candidates yields 2 allocation requests and 2 provider summaries {{(pid=84718) _merge_candidates /opt/stack/placement/placement/objects/allocation_candidate.py:783}}
Nov 09 17:29:42.827860 n-d-817218-1 devstack@placement-api.service[84718]: INFO placement.requestlog [req-ffdfcfbf-667d-4053-a349-f5b72ace1ccb req-cd52ebea-0526-4ad8-85fc-cce0a207a227 service placement] 10.222.0.57 "GET /placement/allocation_candidates?limit=1000&resources=DISK_GB%3A1%2CMEMORY_MB%3A1024%2CVCPU%3A1&root_required=%21COMPUTE_STATUS_DISABLED" status: 200 len: 1235 microversion: 1.35
Nov 09 17:29:42.833202 n-d-817218-1 devstack@placement-api.service[84718]: [pid: 84718|app: 0|req: 90/180] 10.222.0.57 () {60 vars in 1506 bytes} [Tue Nov 9 17:29:42 2021] GET /placement/allocation_candidates?limit=1000&resources=DISK_GB%3A1%2CMEMORY_MB%3A1024%2CVCPU%3A1&root_required=%21COMPUTE_STATUS_DISABLED => generated 1235 bytes in 84 msecs (HTTP/1.1 200) 8 headers in 297 bytes (1 switches on core 0)
Nov 09 17:29:42.879897 n-d-817218-1 devstack@placement-api.service[84717]: DEBUG placement.requestlog [req-ffdfcfbf-667d-4053-a349-f5b72ace1ccb req-49436d43-0120-4d48-bcdf-6ee7bf26be40 None None] Starting request: 10.222.0.57 "GET /placement/allocations/6f878356-02eb-4df9-b224-691509d79d8e" {{(pid=84717) __call__ /opt/stack/placement/placement/requestlog.py:55}}
Nov 09 17:29:42.890476 n-d-817218-1 devstack@placement-api.service[84717]: INFO placement.requestlog [req-ffdfcfbf-667d-4053-a349-f5b72ace1ccb req-49436d43-0120-4d48-bcdf-6ee7bf26be40 service placement] 10.222.0.57 "GET /placement/allocations/6f878356-02eb-4df9-b224-691509d79d8e" status: 200 len: 19 microversion: 1.28
Nov 09 17:29:42.895832 n-d-817218-1 devstack@placement-api.service[84717]: [pid: 84717|app: 0|req: 91/181] 10.222.0.57 () {60 vars in 1380 bytes} [Tue Nov 9 17:29:42 2021] GET /placement/allocations/6f878356-02eb-4df9-b224-691509d79d8e => generated 19 bytes in 16 msecs (HTTP/1.1 200) 8 headers in 295 bytes (1 switches on core 0)
Nov 09 17:29:42.896323 n-d-817218-1 devstack@placement-api.service[84718]: DEBUG placement.requestlog [req-ffdfcfbf-667d-4053-a349-f5b72ace1ccb req-c100e15a-9a2b-4e24-be37-3f3cdeee9b9d None None] Starting request: 10.222.0.57 "PUT /placement/allocations/6f878356-02eb-4df9-b224-691509d79d8e" {{(pid=84718) __call__ /opt/stack/placement/placement/requestlog.py:55}}
Nov 09 17:29:43.298403 n-d-817218-1 devstack@placement-api.service[84718]: DEBUG placement.handlers.allocation [req-ffdfcfbf-667d-4053-a349-f5b72ace1ccb req-c100e15a-9a2b-4e24-be37-3f3cdeee9b9d service placement] Successfully wrote allocations [, , ] {{(pid=84718) _create_allocations /opt/stack/placement/placement/handlers/allocation.py:435}}
Nov 09 17:29:43.298960 n-d-817218-1 devstack@placement-api.service[84718]: INFO placement.requestlog [req-ffdfcfbf-667d-4053-a349-f5b72ace1ccb req-c100e15a-9a2b-4e24-be37-3f3cdeee9b9d service placement] 10.222.0.57 "PUT /placement/allocations/6f878356-02eb-4df9-b224-691509d79d8e" status: 204 len: 0 microversion: 1.35
Nov 09 17:29:43.299980 n-d-817218-1 devstack@placement-api.service[84718]: [pid: 84718|app: 0|req: 91/182] 10.222.0.57 () {64 vars in 1433 bytes} [Tue Nov 9 17:29:42 2021] PUT /placement/allocations/6f878356-02eb-4df9-b224-691509d79d8e => generated 0 bytes in 404 msecs (HTTP/1.1 204) 5 headers in 199 bytes (2 switches on core 0)
Nov 09 17:29:44.119723 n-d-817218-1 devstack@placement-api.service[84717]: DEBUG placement.requestlog [req-6a1b9391-c590-4d1a-b1a4-608646a6fb22 req-b4301333-716d-4c1d-831a-4aeb8bb1ca0a None None] Starting request: 10.222.0.79 "GET /placement/allocations/e01d3d9a-2558-4e1a-9e72-ae234f553b9d" {{(pid=84717) __call__ /opt/stack/placement/placement/requestlog.py:55}}
Nov 09 17:29:44.135940 n-d-817218-1 devstack@placement-api.service[84717]: INFO placement.requestlog [req-6a1b9391-c590-4d1a-b1a4-608646a6fb22 req-b4301333-716d-4c1d-831a-4aeb8bb1ca0a service placement] 10.222.0.79 "GET /placement/allocations/e01d3d9a-2558-4e1a-9e72-ae234f553b9d" status: 200 len: 259 microversion: 1.28
Nov 09 17:29:44.136495 n-d-817218-1 devstack@placement-api.service[84717]: [pid: 84717|app: 0|req: 92/183] 10.222.0.79 () {60 vars in 1377 bytes} [Tue Nov 9 17:29:44 2021] GET /placement/allocations/e01d3d9a-2558-4e1a-9e72-ae234f553b9d => generated 259 bytes in 17 msecs (HTTP/1.1 200) 8 headers in 296 bytes (1 switches on core 0)
Nov 09 17:29:44.764102 n-d-817218-1 devstack@placement-api.service[84718]: DEBUG placement.requestlog [req-ffdfcfbf-667d-4053-a349-f5b72ace1ccb req-a0551056-3ff8-4cd6-a7a0-06ead94540ed None None] Starting request: 10.222.0.79 "GET /placement/allocations/6f878356-02eb-4df9-b224-691509d79d8e" {{(pid=84718) __call__ /opt/stack/placement/placement/requestlog.py:55}}
Nov 09 17:29:44.782273 n-d-817218-1 devstack@placement-api.service[84718]: INFO placement.requestlog [req-ffdfcfbf-667d-4053-a349-f5b72ace1ccb req-a0551056-3ff8-4cd6-a7a0-06ead94540ed service placement] 10.222.0.79 "GET /placement/allocations/6f878356-02eb-4df9-b224-691509d79d8e" status: 200 len: 259 microversion: 1.28
Nov 09 17:29:44.783107 n-d-817218-1 devstack@placement-api.service[84718]: [pid: 84718|app: 0|req: 92/184] 10.222.0.79 () {60 vars in 1377 bytes} [Tue Nov 9 17:29:44 2021] GET /placement/allocations/6f878356-02eb-4df9-b224-691509d79d8e => generated 259 bytes in 19 msecs (HTTP/1.1 200) 8 headers in 296 bytes (2 switches on core 0)
Nov 09 17:29:46.694839 n-d-817218-1 devstack@placement-api.service[84717]: DEBUG placement.requestlog [req-9c705e05-55a1-40ee-a6b5-e0b0486124a2 req-a8642577-9025-45ff-934b-d5fd07a8666f None None] Starting request: 10.222.0.57 "GET /placement/allocation_candidates?limit=1000&resources=DISK_GB%3A1%2CMEMORY_MB%3A1024%2CVCPU%3A1&root_required=%21COMPUTE_STATUS_DISABLED" {{(pid=84717) __call__ /opt/stack/placement/placement/requestlog.py:55}}
Nov 09 17:29:46.735614 n-d-817218-1 devstack@placement-api.service[84717]: DEBUG placement.objects.research_context [req-9c705e05-55a1-40ee-a6b5-e0b0486124a2 req-a8642577-9025-45ff-934b-d5fd07a8666f service placement] getting providers with 1 DISK_GB {{(pid=84717) __init__ /opt/stack/placement/placement/objects/research_context.py:126}}
Nov 09 17:29:46.751609 n-d-817218-1 devstack@placement-api.service[84717]: DEBUG placement.objects.research_context [req-9c705e05-55a1-40ee-a6b5-e0b0486124a2 req-a8642577-9025-45ff-934b-d5fd07a8666f service placement] getting providers with 1024 MEMORY_MB {{(pid=84717) __init__ /opt/stack/placement/placement/objects/research_context.py:126}}
Nov 09 17:29:46.758735 n-d-817218-1 devstack@placement-api.service[84717]: DEBUG placement.objects.research_context [req-9c705e05-55a1-40ee-a6b5-e0b0486124a2 req-a8642577-9025-45ff-934b-d5fd07a8666f service placement] getting providers with 1 VCPU {{(pid=84717) __init__ /opt/stack/placement/placement/objects/research_context.py:126}}
Nov 09 17:29:46.764628 n-d-817218-1 devstack@placement-api.service[84717]: DEBUG placement.objects.research_context [req-9c705e05-55a1-40ee-a6b5-e0b0486124a2 req-a8642577-9025-45ff-934b-d5fd07a8666f service placement] found 2 providers with available 1 DISK_GB {{(pid=84717) get_provider_ids_matching /opt/stack/placement/placement/objects/research_context.py:549}}
Nov 09 17:29:46.765519 n-d-817218-1 devstack@placement-api.service[84717]: DEBUG placement.objects.research_context [req-9c705e05-55a1-40ee-a6b5-e0b0486124a2 req-a8642577-9025-45ff-934b-d5fd07a8666f service placement] found 2 providers with available 1024 MEMORY_MB {{(pid=84717) get_provider_ids_matching /opt/stack/placement/placement/objects/research_context.py:549}}
Nov 09 17:29:46.765993 n-d-817218-1 devstack@placement-api.service[84717]: DEBUG placement.objects.research_context [req-9c705e05-55a1-40ee-a6b5-e0b0486124a2 req-a8642577-9025-45ff-934b-d5fd07a8666f service placement] found 2 providers after filtering by previous result {{(pid=84717) get_provider_ids_matching /opt/stack/placement/placement/objects/research_context.py:580}}
Nov 09 17:29:46.766267 n-d-817218-1 devstack@placement-api.service[84717]: DEBUG placement.objects.research_context [req-9c705e05-55a1-40ee-a6b5-e0b0486124a2 req-a8642577-9025-45ff-934b-d5fd07a8666f service placement] found 2 providers with available 1 VCPU {{(pid=84717) get_provider_ids_matching /opt/stack/placement/placement/objects/research_context.py:549}}
Nov 09 17:29:46.767190 n-d-817218-1 devstack@placement-api.service[84717]: DEBUG placement.objects.research_context [req-9c705e05-55a1-40ee-a6b5-e0b0486124a2 req-a8642577-9025-45ff-934b-d5fd07a8666f service placement] found 2 providers after filtering by previous result {{(pid=84717) get_provider_ids_matching /opt/stack/placement/placement/objects/research_context.py:580}}
Nov 09 17:29:46.782252 n-d-817218-1 devstack@placement-api.service[84717]: DEBUG placement.objects.allocation_candidate [req-9c705e05-55a1-40ee-a6b5-e0b0486124a2 req-a8642577-9025-45ff-934b-d5fd07a8666f service placement] RequestGroup(use_same_provider=False, resources={DISK_GB:1, MEMORY_MB:1024, VCPU:1}, traits=[], aggregates=[]) (suffix '') returned 2 matches {{(pid=84717) _get_by_requests /opt/stack/placement/placement/objects/allocation_candidate.py:145}}
Nov 09 17:29:46.782714 n-d-817218-1 devstack@placement-api.service[84717]: DEBUG placement.objects.allocation_candidate [req-9c705e05-55a1-40ee-a6b5-e0b0486124a2 req-a8642577-9025-45ff-934b-d5fd07a8666f service placement] Merging candidates yields 2 allocation requests and 2 provider summaries {{(pid=84717) _merge_candidates /opt/stack/placement/placement/objects/allocation_candidate.py:783}}
Nov 09 17:29:46.784621 n-d-817218-1 devstack@placement-api.service[84717]: INFO placement.requestlog [req-9c705e05-55a1-40ee-a6b5-e0b0486124a2 req-a8642577-9025-45ff-934b-d5fd07a8666f service placement] 10.222.0.57 "GET /placement/allocation_candidates?limit=1000&resources=DISK_GB%3A1%2CMEMORY_MB%3A1024%2CVCPU%3A1&root_required=%21COMPUTE_STATUS_DISABLED" status: 200 len: 1235 microversion: 1.35
Nov 09 17:29:46.785260 n-d-817218-1 devstack@placement-api.service[84717]: [pid: 84717|app: 0|req: 93/185] 10.222.0.57 () {60 vars in 1506 bytes} [Tue Nov 9 17:29:46 2021] GET /placement/allocation_candidates?limit=1000&resources=DISK_GB%3A1%2CMEMORY_MB%3A1024%2CVCPU%3A1&root_required=%21COMPUTE_STATUS_DISABLED => generated 1235 bytes in 93 msecs (HTTP/1.1 200) 8 headers in 297 bytes (1 switches on core 0)
Nov 09 17:29:46.856021 n-d-817218-1 devstack@placement-api.service[84718]: DEBUG placement.requestlog [req-9c705e05-55a1-40ee-a6b5-e0b0486124a2 req-bed68851-503e-4128-b0d7-d0291f3b7df8 None None] Starting request: 10.222.0.57 "GET /placement/allocations/cae78258-fa73-4be1-ba0f-279cf2436c8b" {{(pid=84718) __call__ /opt/stack/placement/placement/requestlog.py:55}}
Nov 09 17:29:46.868271 n-d-817218-1 devstack@placement-api.service[84718]: INFO placement.requestlog [req-9c705e05-55a1-40ee-a6b5-e0b0486124a2 req-bed68851-503e-4128-b0d7-d0291f3b7df8 service placement] 10.222.0.57 "GET /placement/allocations/cae78258-fa73-4be1-ba0f-279cf2436c8b" status: 200 len: 19 microversion: 1.28
Nov 09 17:29:46.868852 n-d-817218-1 devstack@placement-api.service[84718]: [pid: 84718|app: 0|req: 93/186] 10.222.0.57 () {60 vars in 1380 bytes} [Tue Nov 9 17:29:46 2021] GET /placement/allocations/cae78258-fa73-4be1-ba0f-279cf2436c8b => generated 19 bytes in 13 msecs (HTTP/1.1 200) 8 headers in 295 bytes (2 switches on core 0)
Nov 09 17:29:46.875348 n-d-817218-1 devstack@placement-api.service[84717]: DEBUG placement.requestlog [req-9c705e05-55a1-40ee-a6b5-e0b0486124a2 req-cc51bf69-c61b-42db-b9ba-c529e3154819 None None] Starting request: 10.222.0.57 "PUT /placement/allocations/cae78258-fa73-4be1-ba0f-279cf2436c8b" {{(pid=84717) __call__ /opt/stack/placement/placement/requestlog.py:55}}
Nov 09 17:29:47.160622 n-d-817218-1 devstack@placement-api.service[84717]: DEBUG placement.handlers.allocation [req-9c705e05-55a1-40ee-a6b5-e0b0486124a2 req-cc51bf69-c61b-42db-b9ba-c529e3154819 service placement] Successfully wrote allocations [, , ] {{(pid=84717) _create_allocations /opt/stack/placement/placement/handlers/allocation.py:435}}
Nov 09 17:29:47.161047 n-d-817218-1 devstack@placement-api.service[84717]: INFO placement.requestlog [req-9c705e05-55a1-40ee-a6b5-e0b0486124a2 req-cc51bf69-c61b-42db-b9ba-c529e3154819 service placement] 10.222.0.57 "PUT /placement/allocations/cae78258-fa73-4be1-ba0f-279cf2436c8b" status: 204 len: 0 microversion: 1.35
Nov 09 17:29:47.161341 n-d-817218-1 devstack@placement-api.service[84717]: [pid: 84717|app: 0|req: 94/187] 10.222.0.57 () {64 vars in 1433 bytes} [Tue Nov 9 17:29:46 2021] PUT /placement/allocations/cae78258-fa73-4be1-ba0f-279cf2436c8b => generated 0 bytes in 287 msecs (HTTP/1.1 204) 5 headers in 199 bytes (1 switches on core 0)
Nov 09 17:29:48.831980 n-d-817218-1 devstack@placement-api.service[84718]: DEBUG placement.requestlog [req-9c705e05-55a1-40ee-a6b5-e0b0486124a2 req-4ca95846-0591-4c4e-b4be-51a1c1c4bed8 None None] Starting request: 10.222.0.41 "GET /placement/allocations/cae78258-fa73-4be1-ba0f-279cf2436c8b" {{(pid=84718) __call__ /opt/stack/placement/placement/requestlog.py:55}}
Nov 09 17:29:48.869653 n-d-817218-1 devstack@placement-api.service[84718]: INFO placement.requestlog [req-9c705e05-55a1-40ee-a6b5-e0b0486124a2 req-4ca95846-0591-4c4e-b4be-51a1c1c4bed8 service placement] 10.222.0.41 "GET /placement/allocations/cae78258-fa73-4be1-ba0f-279cf2436c8b" status: 200 len: 259 microversion: 1.28
Nov 09 17:29:48.870388 n-d-817218-1 devstack@placement-api.service[84718]: [pid: 84718|app: 0|req: 94/188] 10.222.0.41 () {60 vars in 1377 bytes} [Tue Nov 9 17:29:48 2021] GET /placement/allocations/cae78258-fa73-4be1-ba0f-279cf2436c8b => generated 259 bytes in 39 msecs (HTTP/1.1 200) 8 headers in 296 bytes (1 switches on core 0)
Nov 09 17:30:07.875271 n-d-817218-1 devstack@placement-api.service[84717]: DEBUG placement.requestlog [req-1956a476-e128-4ff4-ac4d-bd058192ac51 req-0c032eb4-3657-4502-b54a-8c6be121505a None None] Starting request: 10.222.0.41 "GET /placement/allocations/fd93b542-3d51-49fe-8e2d-57828f249828" {{(pid=84717) __call__ /opt/stack/placement/placement/requestlog.py:55}}
Nov 09 17:30:07.893927 n-d-817218-1 devstack@placement-api.service[84717]: INFO placement.requestlog [req-1956a476-e128-4ff4-ac4d-bd058192ac51 req-0c032eb4-3657-4502-b54a-8c6be121505a service placement] 10.222.0.41 "GET /placement/allocations/fd93b542-3d51-49fe-8e2d-57828f249828" status: 200 len: 259 microversion: 1.28
Nov 09 17:30:07.894757 n-d-817218-1 devstack@placement-api.service[84717]: [pid: 84717|app: 0|req: 95/189] 10.222.0.41 () {60 vars in 1377 bytes} [Tue Nov 9 17:30:07 2021] GET /placement/allocations/fd93b542-3d51-49fe-8e2d-57828f249828 => generated 259 bytes in 20 msecs (HTTP/1.1 200) 8 headers in 296 bytes (1 switches on core 0)
Nov 09 17:30:07.901801 n-d-817218-1 devstack@placement-api.service[84718]: DEBUG placement.requestlog [req-1956a476-e128-4ff4-ac4d-bd058192ac51 req-174456b6-cd1f-494e-8b97-a08971a972b5 None None] Starting request: 10.222.0.41 "PUT /placement/allocations/fd93b542-3d51-49fe-8e2d-57828f249828" {{(pid=84718) __call__ /opt/stack/placement/placement/requestlog.py:55}}
Nov 09 17:30:08.079288 n-d-817218-1 devstack@placement-api.service[84718]: DEBUG placement.handlers.allocation [req-1956a476-e128-4ff4-ac4d-bd058192ac51 req-174456b6-cd1f-494e-8b97-a08971a972b5 service placement] Successfully wrote allocations [, , ] {{(pid=84718) _create_allocations /opt/stack/placement/placement/handlers/allocation.py:435}}
Nov 09 17:30:08.080765 n-d-817218-1 devstack@placement-api.service[84718]: INFO placement.requestlog [req-1956a476-e128-4ff4-ac4d-bd058192ac51 req-174456b6-cd1f-494e-8b97-a08971a972b5 service placement] 10.222.0.41 "PUT /placement/allocations/fd93b542-3d51-49fe-8e2d-57828f249828" status: 204 len: 0 microversion: 1.28
Nov 09 17:30:08.081728 n-d-817218-1 devstack@placement-api.service[84718]: [pid: 84718|app: 0|req: 95/190] 10.222.0.41 () {64 vars in 1430 bytes} [Tue Nov 9 17:30:07 2021] PUT /placement/allocations/fd93b542-3d51-49fe-8e2d-57828f249828 => generated 0 bytes in 180 msecs (HTTP/1.1 204) 5 headers in 199 bytes (1 switches on core 0)
Nov 09 17:30:08.681147 n-d-817218-1 devstack@placement-api.service[84717]: DEBUG placement.requestlog [None req-68286b39-1ea4-419f-a588-0bdc7bba072c None None] Starting request: 10.222.0.57 "GET /placement/" {{(pid=84717) __call__ /opt/stack/placement/placement/requestlog.py:55}}
Nov 09 17:30:08.682449 n-d-817218-1 devstack@placement-api.service[84717]: INFO placement.requestlog [None req-68286b39-1ea4-419f-a588-0bdc7bba072c None None] 10.222.0.57 "GET /placement/" status: 200 len: 136 microversion: 1.0
Nov 09 17:30:08.682989 n-d-817218-1 devstack@placement-api.service[84717]: [pid: 84717|app: 0|req: 96/191] 10.222.0.57 () {54 vars in 916 bytes} [Tue Nov 9 17:30:08 2021] GET /placement => generated 136 bytes in 2 msecs (HTTP/1.1 200) 6 headers in 224 bytes (1 switches on core 0)
Nov 09 17:30:08.693884 n-d-817218-1 devstack@placement-api.service[84718]: DEBUG placement.requestlog [req-c44ddf57-61ef-4ebd-8383-e35a08ff5c33 req-d2539393-660e-4249-a3f8-63a57125bbf3 None None] Starting request: 10.222.0.57 "GET /placement/allocations/00bf2cdf-ce0a-4f68-87e3-76942901d4d4" {{(pid=84718) __call__ /opt/stack/placement/placement/requestlog.py:55}}
Nov 09 17:30:08.820628 n-d-817218-1 devstack@placement-api.service[84718]: INFO placement.requestlog [req-c44ddf57-61ef-4ebd-8383-e35a08ff5c33 req-d2539393-660e-4249-a3f8-63a57125bbf3 service placement] 10.222.0.57 "GET /placement/allocations/00bf2cdf-ce0a-4f68-87e3-76942901d4d4" status: 200 len: 259 microversion: 1.28
Nov 09 17:30:08.820887 n-d-817218-1 devstack@placement-api.service[84718]: [pid: 84718|app: 0|req: 96/192] 10.222.0.57 () {60 vars in 1380 bytes} [Tue Nov 9 17:30:08 2021] GET /placement/allocations/00bf2cdf-ce0a-4f68-87e3-76942901d4d4 => generated 259 bytes in 129 msecs (HTTP/1.1 200) 8 headers in 296 bytes (1 switches on core 0)
Nov 09 17:30:08.826534 n-d-817218-1 devstack@placement-api.service[84717]: DEBUG placement.requestlog [req-c44ddf57-61ef-4ebd-8383-e35a08ff5c33 req-9294b816-6944-49bc-b4e7-2b4b4829d863 None None] Starting request: 10.222.0.57 "GET /placement/allocations/00bf2cdf-ce0a-4f68-87e3-76942901d4d4" {{(pid=84717) __call__ /opt/stack/placement/placement/requestlog.py:55}}
Nov 09 17:30:08.844515 n-d-817218-1 devstack@placement-api.service[84717]: INFO placement.requestlog [req-c44ddf57-61ef-4ebd-8383-e35a08ff5c33 req-9294b816-6944-49bc-b4e7-2b4b4829d863 service placement] 10.222.0.57 "GET /placement/allocations/00bf2cdf-ce0a-4f68-87e3-76942901d4d4" status: 200 len: 259 microversion: 1.28
Nov 09 17:30:08.845123 n-d-817218-1 devstack@placement-api.service[84717]: [pid: 84717|app: 0|req: 97/193] 10.222.0.57 () {60 vars in 1380 bytes} [Tue Nov 9 17:30:08 2021] GET /placement/allocations/00bf2cdf-ce0a-4f68-87e3-76942901d4d4 => generated 259 bytes in 19 msecs (HTTP/1.1 200) 8 headers in 296 bytes (1 switches on core 0)
Nov 09 17:30:08.850661 n-d-817218-1 devstack@placement-api.service[84718]: DEBUG placement.requestlog [req-c44ddf57-61ef-4ebd-8383-e35a08ff5c33 req-d468a94d-bea9-43eb-9de7-19e7e9105687 None None] Starting request: 10.222.0.57 "GET /placement/allocations/7e4af5b8-a1ce-499a-a628-149dbb6d03dc" {{(pid=84718) __call__ /opt/stack/placement/placement/requestlog.py:55}}
Nov 09 17:30:08.863072 n-d-817218-1 devstack@placement-api.service[84718]: INFO placement.requestlog [req-c44ddf57-61ef-4ebd-8383-e35a08ff5c33 req-d468a94d-bea9-43eb-9de7-19e7e9105687 service placement] 10.222.0.57 "GET /placement/allocations/7e4af5b8-a1ce-499a-a628-149dbb6d03dc" status: 200 len: 19 microversion: 1.28
Nov 09 17:30:08.863616 n-d-817218-1 devstack@placement-api.service[84718]: [pid: 84718|app: 0|req: 97/194] 10.222.0.57 () {60 vars in 1380 bytes} [Tue Nov 9 17:30:08 2021] GET /placement/allocations/7e4af5b8-a1ce-499a-a628-149dbb6d03dc => generated 19 bytes in 13 msecs (HTTP/1.1 200) 8 headers in 295 bytes (1 switches on core 0)
Nov 09 17:30:08.869609 n-d-817218-1 devstack@placement-api.service[84717]: DEBUG placement.requestlog [req-c44ddf57-61ef-4ebd-8383-e35a08ff5c33 req-f2c4e75f-6afa-4db6-ad97-a54641ed5bf6 None None] Starting request: 10.222.0.57 "POST /placement/allocations" {{(pid=84717) __call__ /opt/stack/placement/placement/requestlog.py:55}}
Nov 09 17:30:09.268479 n-d-817218-1 devstack@placement-api.service[84717]: DEBUG placement.handlers.allocation [req-c44ddf57-61ef-4ebd-8383-e35a08ff5c33 req-f2c4e75f-6afa-4db6-ad97-a54641ed5bf6 service placement] Successfully wrote allocations [, , , , , ] {{(pid=84717) _create_allocations /opt/stack/placement/placement/handlers/allocation.py:524}}
Nov 09 17:30:09.269215 n-d-817218-1 devstack@placement-api.service[84717]: INFO placement.requestlog [req-c44ddf57-61ef-4ebd-8383-e35a08ff5c33 req-f2c4e75f-6afa-4db6-ad97-a54641ed5bf6 service placement] 10.222.0.57 "POST /placement/allocations" status: 204 len: 0 microversion: 1.28
Nov 09 17:30:09.269392 n-d-817218-1 devstack@placement-api.service[84717]: [pid: 84717|app: 0|req: 98/195] 10.222.0.57 () {64 vars in 1323 bytes} [Tue Nov 9 17:30:08 2021] POST /placement/allocations => generated 0 bytes in 400 msecs (HTTP/1.1 204) 5 headers in 199 bytes (2 switches on core 0)
Nov 09 17:30:09.311457 n-d-817218-1 devstack@placement-api.service[84718]: DEBUG placement.requestlog [req-c44ddf57-61ef-4ebd-8383-e35a08ff5c33 req-9eda07ad-92b0-4291-882a-f1d72f96b89a None None] Starting request: 10.222.0.57 "GET /placement/allocations/00bf2cdf-ce0a-4f68-87e3-76942901d4d4" {{(pid=84718) __call__ /opt/stack/placement/placement/requestlog.py:55}}
Nov 09 17:30:09.323840 n-d-817218-1 devstack@placement-api.service[84718]: INFO placement.requestlog [req-c44ddf57-61ef-4ebd-8383-e35a08ff5c33 req-9eda07ad-92b0-4291-882a-f1d72f96b89a service placement] 10.222.0.57 "GET /placement/allocations/00bf2cdf-ce0a-4f68-87e3-76942901d4d4" status: 200 len: 19 microversion: 1.28
Nov 09 17:30:09.324378 n-d-817218-1 devstack@placement-api.service[84718]: [pid: 84718|app: 0|req: 98/196] 10.222.0.57 () {60 vars in 1380 bytes} [Tue Nov 9 17:30:09 2021] GET /placement/allocations/00bf2cdf-ce0a-4f68-87e3-76942901d4d4 => generated 19 bytes in 13 msecs (HTTP/1.1 200) 8 headers in 295 bytes (1 switches on core 0)
Nov 09 17:30:09.330458 n-d-817218-1 devstack@placement-api.service[84717]: DEBUG placement.requestlog [req-c44ddf57-61ef-4ebd-8383-e35a08ff5c33 req-d2e03e28-d628-4430-a2ae-265c7739d1e0 None None] Starting request: 10.222.0.57 "PUT /placement/allocations/00bf2cdf-ce0a-4f68-87e3-76942901d4d4" {{(pid=84717) __call__ /opt/stack/placement/placement/requestlog.py:55}}
Nov 09 17:30:09.742120 n-d-817218-1 devstack@placement-api.service[84717]: DEBUG placement.handlers.allocation [req-c44ddf57-61ef-4ebd-8383-e35a08ff5c33 req-d2e03e28-d628-4430-a2ae-265c7739d1e0 service placement] Successfully wrote allocations [, , ] {{(pid=84717) _create_allocations /opt/stack/placement/placement/handlers/allocation.py:435}}
Nov 09 17:30:09.749493 n-d-817218-1 devstack@placement-api.service[84717]: INFO placement.requestlog [req-c44ddf57-61ef-4ebd-8383-e35a08ff5c33 req-d2e03e28-d628-4430-a2ae-265c7739d1e0 service placement] 10.222.0.57 "PUT /placement/allocations/00bf2cdf-ce0a-4f68-87e3-76942901d4d4" status: 204 len: 0 microversion: 1.28
Nov 09 17:30:09.749493 n-d-817218-1 devstack@placement-api.service[84717]: [pid: 84717|app: 0|req: 99/197] 10.222.0.57 () {64 vars in 1433 bytes} [Tue Nov 9 17:30:09 2021] PUT /placement/allocations/00bf2cdf-ce0a-4f68-87e3-76942901d4d4 => generated 0 bytes in 413 msecs (HTTP/1.1 204) 5 headers in 199 bytes (1 switches on core 0)
Nov 09 17:30:10.027819 n-d-817218-1 devstack@placement-api.service[84718]: DEBUG placement.requestlog [req-c44ddf57-61ef-4ebd-8383-e35a08ff5c33 req-632c945e-53f6-4bef-b150-08caeaa77df4 None None] Starting request: 10.222.0.79 "GET /placement/allocations/00bf2cdf-ce0a-4f68-87e3-76942901d4d4" {{(pid=84718) __call__ /opt/stack/placement/placement/requestlog.py:55}}
Nov 09 17:30:10.043299 n-d-817218-1 devstack@placement-api.service[84718]: INFO placement.requestlog [req-c44ddf57-61ef-4ebd-8383-e35a08ff5c33 req-632c945e-53f6-4bef-b150-08caeaa77df4 service placement] 10.222.0.79 "GET /placement/allocations/00bf2cdf-ce0a-4f68-87e3-76942901d4d4" status: 200 len: 259 microversion: 1.28
Nov 09 17:30:10.044285 n-d-817218-1 devstack@placement-api.service[84718]: [pid: 84718|app: 0|req: 99/198] 10.222.0.79 () {60 vars in 1377 bytes} [Tue Nov 9 17:30:10 2021] GET /placement/allocations/00bf2cdf-ce0a-4f68-87e3-76942901d4d4 => generated 259 bytes in 17 msecs (HTTP/1.1 200) 8 headers in 296 bytes (1 switches on core 0)
Nov 09 17:30:12.471900 n-d-817218-1 devstack@placement-api.service[84717]: DEBUG placement.requestlog [req-16ddbd26-ac3e-4466-8308-69c02b61e8d6 req-73a1c77b-eeca-416d-ab1e-c2ee8420364b None None] Starting request: 10.222.0.57 "GET /placement/allocation_candidates?limit=1000&resources=DISK_GB%3A1%2CMEMORY_MB%3A1024%2CVCPU%3A1&root_required=%21COMPUTE_STATUS_DISABLED" {{(pid=84717) __call__ /opt/stack/placement/placement/requestlog.py:55}}
Nov 09 17:30:12.522783 n-d-817218-1 devstack@placement-api.service[84717]: DEBUG placement.objects.research_context [req-16ddbd26-ac3e-4466-8308-69c02b61e8d6 req-73a1c77b-eeca-416d-ab1e-c2ee8420364b service placement] getting providers with 1 DISK_GB {{(pid=84717) __init__ /opt/stack/placement/placement/objects/research_context.py:126}}
Nov 09 17:30:12.529643 n-d-817218-1 devstack@placement-api.service[84717]: DEBUG placement.objects.research_context [req-16ddbd26-ac3e-4466-8308-69c02b61e8d6 req-73a1c77b-eeca-416d-ab1e-c2ee8420364b service placement] getting providers with 1024 MEMORY_MB {{(pid=84717) __init__ /opt/stack/placement/placement/objects/research_context.py:126}}
