Nov 10 10:50:58.246751 n-d-817211-1 devstack@placement-api.service[84053]: DEBUG placement.requestlog [req-75f2d742-124a-4d2f-b240-22b2ca40c2d3 req-761cb1f5-50ce-4a1e-bed3-e4f89e061219 None None] Starting request: 10.222.0.37 "GET /placement/allocations/c921410f-2f82-43ad-8f82-303421cc3f46" {{(pid=84053) __call__ /opt/stack/placement/placement/requestlog.py:55}}
Nov 10 10:50:58.298591 n-d-817211-1 devstack@placement-api.service[84053]: INFO placement.requestlog [req-75f2d742-124a-4d2f-b240-22b2ca40c2d3 req-761cb1f5-50ce-4a1e-bed3-e4f89e061219 service placement] 10.222.0.37 "GET /placement/allocations/c921410f-2f82-43ad-8f82-303421cc3f46" status: 200 len: 259 microversion: 1.28
Nov 10 10:50:58.299397 n-d-817211-1 devstack@placement-api.service[84053]: [pid: 84053|app: 0|req: 116/229] 10.222.0.37 () {60 vars in 1377 bytes} [Wed Nov 10 10:50:58 2021] GET /placement/allocations/c921410f-2f82-43ad-8f82-303421cc3f46 => generated 259 bytes in 53 msecs (HTTP/1.1 200) 8 headers in 296 bytes (1 switches on core 0)
Nov 10 10:50:58.306910 n-d-817211-1 devstack@placement-api.service[84052]: DEBUG placement.requestlog [req-75f2d742-124a-4d2f-b240-22b2ca40c2d3 req-0c69275f-a43d-434f-9e53-a36aec7ff057 None None] Starting request: 10.222.0.37 "PUT /placement/allocations/c921410f-2f82-43ad-8f82-303421cc3f46" {{(pid=84052) __call__ /opt/stack/placement/placement/requestlog.py:55}}
Nov 10 10:50:58.382609 n-d-817211-1 devstack@placement-api.service[84052]: DEBUG placement.handlers.allocation [req-75f2d742-124a-4d2f-b240-22b2ca40c2d3 req-0c69275f-a43d-434f-9e53-a36aec7ff057 service placement] Successfully wrote allocations [, , ] {{(pid=84052) _create_allocations /opt/stack/placement/placement/handlers/allocation.py:435}}
Nov 10 10:50:58.383356 n-d-817211-1 devstack@placement-api.service[84052]: INFO placement.requestlog [req-75f2d742-124a-4d2f-b240-22b2ca40c2d3 req-0c69275f-a43d-434f-9e53-a36aec7ff057 service placement] 10.222.0.37 "PUT /placement/allocations/c921410f-2f82-43ad-8f82-303421cc3f46" status: 204 len: 0 microversion: 1.28
Nov 10 10:50:58.384170 n-d-817211-1 devstack@placement-api.service[84052]: [pid: 84052|app: 0|req: 114/230] 10.222.0.37 () {64 vars in 1430 bytes} [Wed Nov 10 10:50:58 2021] PUT /placement/allocations/c921410f-2f82-43ad-8f82-303421cc3f46 => generated 0 bytes in 77 msecs (HTTP/1.1 204) 5 headers in 199 bytes (1 switches on core 0)
Nov 10 10:50:59.501919 n-d-817211-1 devstack@placement-api.service[84053]: DEBUG placement.requestlog [None req-f252842d-674d-4696-a30b-5ae020460e8b None None] Starting request: 10.222.0.39 "GET /placement/" {{(pid=84053) __call__ /opt/stack/placement/placement/requestlog.py:55}}
Nov 10 10:50:59.502888 n-d-817211-1 devstack@placement-api.service[84053]: INFO placement.requestlog [None req-f252842d-674d-4696-a30b-5ae020460e8b None None] 10.222.0.39 "GET /placement/" status: 200 len: 136 microversion: 1.0
Nov 10 10:50:59.503080 n-d-817211-1 devstack@placement-api.service[84053]: [pid: 84053|app: 0|req: 117/231] 10.222.0.39 () {54 vars in 916 bytes} [Wed Nov 10 10:50:59 2021] GET /placement => generated 136 bytes in 1 msecs (HTTP/1.1 200) 6 headers in 224 bytes (1 switches on core 0)
Nov 10 10:50:59.513032 n-d-817211-1 devstack@placement-api.service[84052]: DEBUG placement.requestlog [req-f9f33d94-4cf9-489a-9252-05ca5ce44760 req-9f3267bf-9335-4d97-9079-259b19a3e0c3 None None] Starting request: 10.222.0.39 "GET /placement/allocations/86195a54-eb36-4f82-a1fe-7844851bdc01" {{(pid=84052) __call__ /opt/stack/placement/placement/requestlog.py:55}}
Nov 10 10:50:59.714850 n-d-817211-1 devstack@placement-api.service[84052]: INFO placement.requestlog [req-f9f33d94-4cf9-489a-9252-05ca5ce44760 req-9f3267bf-9335-4d97-9079-259b19a3e0c3 service placement] 10.222.0.39 "GET /placement/allocations/86195a54-eb36-4f82-a1fe-7844851bdc01" status: 200 len: 259 microversion: 1.28
Nov 10 10:50:59.715305 n-d-817211-1 devstack@placement-api.service[84052]: [pid: 84052|app: 0|req: 115/232] 10.222.0.39 () {60 vars in 1380 bytes} [Wed Nov 10 10:50:59 2021] GET /placement/allocations/86195a54-eb36-4f82-a1fe-7844851bdc01 => generated 259 bytes in 203 msecs (HTTP/1.1 200) 8 headers in 296 bytes (1 switches on core 0)
Nov 10 10:50:59.723522 n-d-817211-1 devstack@placement-api.service[84053]: DEBUG placement.requestlog [req-f9f33d94-4cf9-489a-9252-05ca5ce44760 req-b4def03b-2792-40b4-aa4e-4a46ab9789b1 None None] Starting request: 10.222.0.39 "GET /placement/allocations/86195a54-eb36-4f82-a1fe-7844851bdc01" {{(pid=84053) __call__ /opt/stack/placement/placement/requestlog.py:55}}
Nov 10 10:50:59.742392 n-d-817211-1 devstack@placement-api.service[84053]: INFO placement.requestlog [req-f9f33d94-4cf9-489a-9252-05ca5ce44760 req-b4def03b-2792-40b4-aa4e-4a46ab9789b1 service placement] 10.222.0.39 "GET /placement/allocations/86195a54-eb36-4f82-a1fe-7844851bdc01" status: 200 len: 259 microversion: 1.28
Nov 10 10:50:59.748718 n-d-817211-1 devstack@placement-api.service[84052]: DEBUG placement.requestlog [req-f9f33d94-4cf9-489a-9252-05ca5ce44760 req-36f3f7d4-d55d-488d-81db-7ec74adabd73 None None] Starting request: 10.222.0.39 "GET /placement/allocations/9afa76b9-040d-4f16-9057-1b11626cb94b" {{(pid=84052) __call__ /opt/stack/placement/placement/requestlog.py:55}}
Nov 10 10:50:59.749390 n-d-817211-1 devstack@placement-api.service[84053]: [pid: 84053|app: 0|req: 118/233] 10.222.0.39 () {60 vars in 1380 bytes} [Wed Nov 10 10:50:59 2021] GET /placement/allocations/86195a54-eb36-4f82-a1fe-7844851bdc01 => generated 259 bytes in 26 msecs (HTTP/1.1 200) 8 headers in 296 bytes (1 switches on core 0)
Nov 10 10:50:59.762345 n-d-817211-1 devstack@placement-api.service[84052]: INFO placement.requestlog [req-f9f33d94-4cf9-489a-9252-05ca5ce44760 req-36f3f7d4-d55d-488d-81db-7ec74adabd73 service placement] 10.222.0.39 "GET /placement/allocations/9afa76b9-040d-4f16-9057-1b11626cb94b" status: 200 len: 19 microversion: 1.28
Nov 10 10:50:59.771844 n-d-817211-1 devstack@placement-api.service[84053]: DEBUG placement.requestlog [req-f9f33d94-4cf9-489a-9252-05ca5ce44760 req-57774903-c5f7-48e1-93e3-36b1c6973875 None None] Starting request: 10.222.0.39 "POST /placement/allocations" {{(pid=84053) __call__ /opt/stack/placement/placement/requestlog.py:55}}
Nov 10 10:50:59.778475 n-d-817211-1 devstack@placement-api.service[84052]: [pid: 84052|app: 0|req: 116/234] 10.222.0.39 () {60 vars in 1380 bytes} [Wed Nov 10 10:50:59 2021] GET /placement/allocations/9afa76b9-040d-4f16-9057-1b11626cb94b => generated 19 bytes in 30 msecs (HTTP/1.1 200) 8 headers in 295 bytes (2 switches on core 0)
Nov 10 10:50:59.872972 n-d-817211-1 devstack@placement-api.service[84053]: DEBUG placement.handlers.allocation [req-f9f33d94-4cf9-489a-9252-05ca5ce44760 req-57774903-c5f7-48e1-93e3-36b1c6973875 service placement] Successfully wrote allocations [, , , , , ] {{(pid=84053) _create_allocations /opt/stack/placement/placement/handlers/allocation.py:524}}
Nov 10 10:50:59.873486 n-d-817211-1 devstack@placement-api.service[84053]: INFO placement.requestlog [req-f9f33d94-4cf9-489a-9252-05ca5ce44760 req-57774903-c5f7-48e1-93e3-36b1c6973875 service placement] 10.222.0.39 "POST /placement/allocations" status: 204 len: 0 microversion: 1.28
Nov 10 10:50:59.873917 n-d-817211-1 devstack@placement-api.service[84053]: [pid: 84053|app: 0|req: 119/235] 10.222.0.39 () {64 vars in 1323 bytes} [Wed Nov 10 10:50:59 2021] POST /placement/allocations => generated 0 bytes in 103 msecs (HTTP/1.1 204) 5 headers in 199 bytes (1 switches on core 0)
Nov 10 10:50:59.917084 n-d-817211-1 devstack@placement-api.service[84052]: DEBUG placement.requestlog [req-f9f33d94-4cf9-489a-9252-05ca5ce44760 req-955beac0-8ed1-483a-bd03-3bca3759ec4a None None] Starting request: 10.222.0.39 "GET /placement/allocations/86195a54-eb36-4f82-a1fe-7844851bdc01" {{(pid=84052) __call__ /opt/stack/placement/placement/requestlog.py:55}}
Nov 10 10:50:59.930508 n-d-817211-1 devstack@placement-api.service[84052]: INFO placement.requestlog [req-f9f33d94-4cf9-489a-9252-05ca5ce44760 req-955beac0-8ed1-483a-bd03-3bca3759ec4a service placement] 10.222.0.39 "GET /placement/allocations/86195a54-eb36-4f82-a1fe-7844851bdc01" status: 200 len: 19 microversion: 1.28
Nov 10 10:50:59.936295 n-d-817211-1 devstack@placement-api.service[84052]: [pid: 84052|app: 0|req: 117/236] 10.222.0.39 () {60 vars in 1380 bytes} [Wed Nov 10 10:50:59 2021] GET /placement/allocations/86195a54-eb36-4f82-a1fe-7844851bdc01 => generated 19 bytes in 19 msecs (HTTP/1.1 200) 8 headers in 295 bytes (1 switches on core 0)
Nov 10 10:50:59.938928 n-d-817211-1 devstack@placement-api.service[84053]: DEBUG placement.requestlog [req-f9f33d94-4cf9-489a-9252-05ca5ce44760 req-6260870a-c87a-4e97-8901-200bc5b3e194 None None] Starting request: 10.222.0.39 "PUT /placement/allocations/86195a54-eb36-4f82-a1fe-7844851bdc01" {{(pid=84053) __call__ /opt/stack/placement/placement/requestlog.py:55}}
Nov 10 10:51:00.022671 n-d-817211-1 devstack@placement-api.service[84053]: DEBUG placement.handlers.allocation [req-f9f33d94-4cf9-489a-9252-05ca5ce44760 req-6260870a-c87a-4e97-8901-200bc5b3e194 service placement] Successfully wrote allocations [, , ] {{(pid=84053) _create_allocations /opt/stack/placement/placement/handlers/allocation.py:435}}
Nov 10 10:51:00.022804 n-d-817211-1 devstack@placement-api.service[84053]: INFO placement.requestlog [req-f9f33d94-4cf9-489a-9252-05ca5ce44760 req-6260870a-c87a-4e97-8901-200bc5b3e194 service placement] 10.222.0.39 "PUT /placement/allocations/86195a54-eb36-4f82-a1fe-7844851bdc01" status: 204 len: 0 microversion: 1.28
Nov 10 10:51:00.023112 n-d-817211-1 devstack@placement-api.service[84053]: [pid: 84053|app: 0|req: 120/237] 10.222.0.39 () {64 vars in 1433 bytes} [Wed Nov 10 10:50:59 2021] PUT /placement/allocations/86195a54-eb36-4f82-a1fe-7844851bdc01 => generated 0 bytes in 84 msecs (HTTP/1.1 204) 5 headers in 199 bytes (1 switches on core 0)
Nov 10 10:51:00.367950 n-d-817211-1 devstack@placement-api.service[84052]: DEBUG placement.requestlog [req-f9f33d94-4cf9-489a-9252-05ca5ce44760 req-28a34dac-803d-4e02-8f32-33f89774fc4c None None] Starting request: 10.222.0.49 "GET /placement/allocations/86195a54-eb36-4f82-a1fe-7844851bdc01" {{(pid=84052) __call__ /opt/stack/placement/placement/requestlog.py:55}}
Nov 10 10:51:00.397653 n-d-817211-1 devstack@placement-api.service[84052]: INFO placement.requestlog [req-f9f33d94-4cf9-489a-9252-05ca5ce44760 req-28a34dac-803d-4e02-8f32-33f89774fc4c service placement] 10.222.0.49 "GET /placement/allocations/86195a54-eb36-4f82-a1fe-7844851bdc01" status: 200 len: 259 microversion: 1.28
Nov 10 10:51:00.402851 n-d-817211-1 devstack@placement-api.service[84052]: [pid: 84052|app: 0|req: 118/238] 10.222.0.49 () {60 vars in 1377 bytes} [Wed Nov 10 10:51:00 2021] GET /placement/allocations/86195a54-eb36-4f82-a1fe-7844851bdc01 => generated 259 bytes in 35 msecs (HTTP/1.1 200) 8 headers in 296 bytes (1 switches on core 0)
Nov 10 10:51:11.142146 n-d-817211-1 devstack@placement-api.service[84053]: DEBUG placement.requestlog [req-272e3f10-38d6-47c4-82ea-c3684da27fee req-fc561656-a128-4eff-bfcc-9ddd70787637 None None] Starting request: 10.222.0.39 "GET /placement/allocation_candidates?limit=1000&resources=DISK_GB%3A1%2CMEMORY_MB%3A1024%2CVCPU%3A1&root_required=%21COMPUTE_STATUS_DISABLED" {{(pid=84053) __call__ /opt/stack/placement/placement/requestlog.py:55}}
Nov 10 10:51:11.258041 n-d-817211-1 devstack@placement-api.service[84053]: DEBUG placement.objects.research_context [req-272e3f10-38d6-47c4-82ea-c3684da27fee req-fc561656-a128-4eff-bfcc-9ddd70787637 service placement] getting providers with 1 DISK_GB {{(pid=84053) __init__ /opt/stack/placement/placement/objects/research_context.py:126}}
Nov 10 10:51:11.277100 n-d-817211-1 devstack@placement-api.service[84053]: DEBUG placement.objects.research_context [req-272e3f10-38d6-47c4-82ea-c3684da27fee req-fc561656-a128-4eff-bfcc-9ddd70787637 service placement] getting providers with 1024 MEMORY_MB {{(pid=84053) __init__ /opt/stack/placement/placement/objects/research_context.py:126}}
Nov 10 10:51:11.291136 n-d-817211-1 devstack@placement-api.service[84053]: DEBUG placement.objects.research_context [req-272e3f10-38d6-47c4-82ea-c3684da27fee req-fc561656-a128-4eff-bfcc-9ddd70787637 service placement] getting providers with 1 VCPU {{(pid=84053) __init__ /opt/stack/placement/placement/objects/research_context.py:126}}
Nov 10 10:51:11.303359 n-d-817211-1 devstack@placement-api.service[84053]: DEBUG placement.objects.research_context [req-272e3f10-38d6-47c4-82ea-c3684da27fee req-fc561656-a128-4eff-bfcc-9ddd70787637 service placement] found 2 providers with available 1 DISK_GB {{(pid=84053) get_provider_ids_matching /opt/stack/placement/placement/objects/research_context.py:549}}
Nov 10 10:51:11.304265 n-d-817211-1 devstack@placement-api.service[84053]: DEBUG placement.objects.research_context [req-272e3f10-38d6-47c4-82ea-c3684da27fee req-fc561656-a128-4eff-bfcc-9ddd70787637 service placement] found 2 providers with available 1024 MEMORY_MB {{(pid=84053) get_provider_ids_matching /opt/stack/placement/placement/objects/research_context.py:549}}
Nov 10 10:51:11.304265 n-d-817211-1 devstack@placement-api.service[84053]: DEBUG placement.objects.research_context [req-272e3f10-38d6-47c4-82ea-c3684da27fee req-fc561656-a128-4eff-bfcc-9ddd70787637 service placement] found 2 providers after filtering by previous result {{(pid=84053) get_provider_ids_matching /opt/stack/placement/placement/objects/research_context.py:580}}
Nov 10 10:51:11.304667 n-d-817211-1 devstack@placement-api.service[84053]: DEBUG placement.objects.research_context [req-272e3f10-38d6-47c4-82ea-c3684da27fee req-fc561656-a128-4eff-bfcc-9ddd70787637 service placement] found 2 providers with available 1 VCPU {{(pid=84053) get_provider_ids_matching /opt/stack/placement/placement/objects/research_context.py:549}}
Nov 10 10:51:11.305079 n-d-817211-1 devstack@placement-api.service[84053]: DEBUG placement.objects.research_context [req-272e3f10-38d6-47c4-82ea-c3684da27fee req-fc561656-a128-4eff-bfcc-9ddd70787637 service placement] found 2 providers after filtering by previous result {{(pid=84053) get_provider_ids_matching /opt/stack/placement/placement/objects/research_context.py:580}}
Nov 10 10:51:11.350817 n-d-817211-1 devstack@placement-api.service[84053]: DEBUG placement.objects.allocation_candidate [req-272e3f10-38d6-47c4-82ea-c3684da27fee req-fc561656-a128-4eff-bfcc-9ddd70787637 service placement] RequestGroup(use_same_provider=False, resources={DISK_GB:1, MEMORY_MB:1024, VCPU:1}, traits=[], aggregates=[]) (suffix '') returned 2 matches {{(pid=84053) _get_by_requests /opt/stack/placement/placement/objects/allocation_candidate.py:145}}
Nov 10 10:51:11.354900 n-d-817211-1 devstack@placement-api.service[84053]: DEBUG placement.objects.allocation_candidate [req-272e3f10-38d6-47c4-82ea-c3684da27fee req-fc561656-a128-4eff-bfcc-9ddd70787637 service placement] Merging candidates yields 2 allocation requests and 2 provider summaries {{(pid=84053) _merge_candidates /opt/stack/placement/placement/objects/allocation_candidate.py:783}}
Nov 10 10:51:11.356585 n-d-817211-1 devstack@placement-api.service[84053]: INFO placement.requestlog [req-272e3f10-38d6-47c4-82ea-c3684da27fee req-fc561656-a128-4eff-bfcc-9ddd70787637 service placement] 10.222.0.39 "GET /placement/allocation_candidates?limit=1000&resources=DISK_GB%3A1%2CMEMORY_MB%3A1024%2CVCPU%3A1&root_required=%21COMPUTE_STATUS_DISABLED" status: 200 len: 1235 microversion: 1.35
Nov 10 10:51:11.357374 n-d-817211-1 devstack@placement-api.service[84053]: [pid: 84053|app: 0|req: 121/239] 10.222.0.39 () {60 vars in 1506 bytes} [Wed Nov 10 10:51:11 2021] GET /placement/allocation_candidates?limit=1000&resources=DISK_GB%3A1%2CMEMORY_MB%3A1024%2CVCPU%3A1&root_required=%21COMPUTE_STATUS_DISABLED => generated 1235 bytes in 215 msecs (HTTP/1.1 200) 8 headers in 297 bytes (1 switches on core 0)
Nov 10 10:51:11.445595 n-d-817211-1 devstack@placement-api.service[84052]: DEBUG placement.requestlog [req-272e3f10-38d6-47c4-82ea-c3684da27fee req-5e80d1c2-5e25-43c2-874d-58c6ca553523 None None] Starting request: 10.222.0.39 "GET /placement/allocations/e3bdd49e-5343-4e5a-85f4-3a7504eb0f16" {{(pid=84052) __call__ /opt/stack/placement/placement/requestlog.py:55}}
Nov 10 10:51:11.464074 n-d-817211-1 devstack@placement-api.service[84052]: INFO placement.requestlog [req-272e3f10-38d6-47c4-82ea-c3684da27fee req-5e80d1c2-5e25-43c2-874d-58c6ca553523 service placement] 10.222.0.39 "GET /placement/allocations/e3bdd49e-5343-4e5a-85f4-3a7504eb0f16" status: 200 len: 19 microversion: 1.28
Nov 10 10:51:11.464943 n-d-817211-1 devstack@placement-api.service[84052]: [pid: 84052|app: 0|req: 119/240] 10.222.0.39 () {60 vars in 1380 bytes} [Wed Nov 10 10:51:11 2021] GET /placement/allocations/e3bdd49e-5343-4e5a-85f4-3a7504eb0f16 => generated 19 bytes in 20 msecs (HTTP/1.1 200) 8 headers in 295 bytes (1 switches on core 0)
Nov 10 10:51:11.470518 n-d-817211-1 devstack@placement-api.service[84053]: DEBUG placement.requestlog [req-272e3f10-38d6-47c4-82ea-c3684da27fee req-42496591-5a4f-4405-b7b5-1cb4456b0b94 None None] Starting request: 10.222.0.39 "PUT /placement/allocations/e3bdd49e-5343-4e5a-85f4-3a7504eb0f16" {{(pid=84053) __call__ /opt/stack/placement/placement/requestlog.py:55}}
Nov 10 10:51:11.539678 n-d-817211-1 devstack@placement-api.service[84053]: DEBUG placement.handlers.allocation [req-272e3f10-38d6-47c4-82ea-c3684da27fee req-42496591-5a4f-4405-b7b5-1cb4456b0b94 service placement] Successfully wrote allocations [, , ] {{(pid=84053) _create_allocations /opt/stack/placement/placement/handlers/allocation.py:435}}
Nov 10 10:51:11.540511 n-d-817211-1 devstack@placement-api.service[84053]: INFO placement.requestlog [req-272e3f10-38d6-47c4-82ea-c3684da27fee req-42496591-5a4f-4405-b7b5-1cb4456b0b94 service placement] 10.222.0.39 "PUT /placement/allocations/e3bdd49e-5343-4e5a-85f4-3a7504eb0f16" status: 204 len: 0 microversion: 1.35
Nov 10 10:51:11.541295 n-d-817211-1 devstack@placement-api.service[84053]: [pid: 84053|app: 0|req: 122/241] 10.222.0.39 () {64 vars in 1433 bytes} [Wed Nov 10 10:51:11 2021] PUT /placement/allocations/e3bdd49e-5343-4e5a-85f4-3a7504eb0f16 => generated 0 bytes in 71 msecs (HTTP/1.1 204) 5 headers in 199 bytes (2 switches on core 0)
Nov 10 10:51:11.930260 n-d-817211-1 devstack@placement-api.service[84052]: DEBUG placement.requestlog [req-272e3f10-38d6-47c4-82ea-c3684da27fee req-ae4b5522-6326-433d-8180-b5c598cb0ad5 None None] Starting request: 10.222.0.49 "GET /placement/allocations/e3bdd49e-5343-4e5a-85f4-3a7504eb0f16" {{(pid=84052) __call__ /opt/stack/placement/placement/requestlog.py:55}}
Nov 10 10:51:11.954817 n-d-817211-1 devstack@placement-api.service[84052]: INFO placement.requestlog [req-272e3f10-38d6-47c4-82ea-c3684da27fee req-ae4b5522-6326-433d-8180-b5c598cb0ad5 service placement] 10.222.0.49 "GET /placement/allocations/e3bdd49e-5343-4e5a-85f4-3a7504eb0f16" status: 200 len: 259 microversion: 1.28
Nov 10 10:51:11.955464 n-d-817211-1 devstack@placement-api.service[84052]: [pid: 84052|app: 0|req: 120/242] 10.222.0.49 () {60 vars in 1377 bytes} [Wed Nov 10 10:51:11 2021] GET /placement/allocations/e3bdd49e-5343-4e5a-85f4-3a7504eb0f16 => generated 259 bytes in 25 msecs (HTTP/1.1 200) 8 headers in 296 bytes (1 switches on core 0)
Nov 10 10:51:13.062217 n-d-817211-1 devstack@placement-api.service[84053]: DEBUG placement.requestlog [None req-2c79d7c3-6942-4561-a6a4-40895e030f2a None None] Starting request: 10.222.0.39 "GET /placement/" {{(pid=84053) __call__ /opt/stack/placement/placement/requestlog.py:55}}
Nov 10 10:51:13.063650 n-d-817211-1 devstack@placement-api.service[84053]: INFO placement.requestlog [None req-2c79d7c3-6942-4561-a6a4-40895e030f2a None None] 10.222.0.39 "GET /placement/" status: 200 len: 136 microversion: 1.0
Nov 10 10:51:13.063892 n-d-817211-1 devstack@placement-api.service[84053]: [pid: 84053|app: 0|req: 123/243] 10.222.0.39 () {54 vars in 916 bytes} [Wed Nov 10 10:51:13 2021] GET /placement => generated 136 bytes in 2 msecs (HTTP/1.1 200) 6 headers in 224 bytes (1 switches on core 0)
Nov 10 10:51:13.070006 n-d-817211-1 devstack@placement-api.service[84052]: DEBUG placement.requestlog [req-799bf04c-b88a-4590-a22f-c0a243fab62c req-a1ac7777-254c-474f-be0b-5b8c4c741aff None None] Starting request: 10.222.0.39 "GET /placement/allocations/27e1161b-83d6-418e-9b60-8a5659d3528b" {{(pid=84052) __call__ /opt/stack/placement/placement/requestlog.py:55}}
Nov 10 10:51:13.178738 n-d-817211-1 devstack@placement-api.service[84052]: INFO placement.requestlog [req-799bf04c-b88a-4590-a22f-c0a243fab62c req-a1ac7777-254c-474f-be0b-5b8c4c741aff service placement] 10.222.0.39 "GET /placement/allocations/27e1161b-83d6-418e-9b60-8a5659d3528b" status: 200 len: 259 microversion: 1.28
Nov 10 10:51:13.179469 n-d-817211-1 devstack@placement-api.service[84052]: [pid: 84052|app: 0|req: 121/244] 10.222.0.39 () {60 vars in 1380 bytes} [Wed Nov 10 10:51:13 2021] GET /placement/allocations/27e1161b-83d6-418e-9b60-8a5659d3528b => generated 259 bytes in 110 msecs (HTTP/1.1 200) 8 headers in 296 bytes (1 switches on core 0)
Nov 10 10:51:13.186650 n-d-817211-1 devstack@placement-api.service[84053]: DEBUG placement.requestlog [req-799bf04c-b88a-4590-a22f-c0a243fab62c req-a6dccaa7-17eb-4cd8-9900-b783dcb296c2 None None] Starting request: 10.222.0.39 "GET /placement/allocations/27e1161b-83d6-418e-9b60-8a5659d3528b" {{(pid=84053) __call__ /opt/stack/placement/placement/requestlog.py:55}}
Nov 10 10:51:13.214149 n-d-817211-1 devstack@placement-api.service[84053]: INFO placement.requestlog [req-799bf04c-b88a-4590-a22f-c0a243fab62c req-a6dccaa7-17eb-4cd8-9900-b783dcb296c2 service placement] 10.222.0.39 "GET /placement/allocations/27e1161b-83d6-418e-9b60-8a5659d3528b" status: 200 len: 259 microversion: 1.28
Nov 10 10:51:13.215167 n-d-817211-1 devstack@placement-api.service[84053]: [pid: 84053|app: 0|req: 124/245] 10.222.0.39 () {60 vars in 1380 bytes} [Wed Nov 10 10:51:13 2021] GET /placement/allocations/27e1161b-83d6-418e-9b60-8a5659d3528b => generated 259 bytes in 29 msecs (HTTP/1.1 200) 8 headers in 296 bytes (1 switches on core 0)
Nov 10 10:51:13.221624 n-d-817211-1 devstack@placement-api.service[84052]: DEBUG placement.requestlog [req-799bf04c-b88a-4590-a22f-c0a243fab62c req-7fd1a3de-371b-4aac-b62e-65d096b756b5 None None] Starting request: 10.222.0.39 "GET /placement/allocations/59ee28ae-aa1b-473a-8197-22056bcad927" {{(pid=84052) __call__ /opt/stack/placement/placement/requestlog.py:55}}
Nov 10 10:51:13.235929 n-d-817211-1 devstack@placement-api.service[84052]: INFO placement.requestlog [req-799bf04c-b88a-4590-a22f-c0a243fab62c req-7fd1a3de-371b-4aac-b62e-65d096b756b5 service placement] 10.222.0.39 "GET /placement/allocations/59ee28ae-aa1b-473a-8197-22056bcad927" status: 200 len: 19 microversion: 1.28
Nov 10 10:51:13.236211 n-d-817211-1 devstack@placement-api.service[84052]: [pid: 84052|app: 0|req: 122/246] 10.222.0.39 () {60 vars in 1380 bytes} [Wed Nov 10 10:51:13 2021] GET /placement/allocations/59ee28ae-aa1b-473a-8197-22056bcad927 => generated 19 bytes in 15 msecs (HTTP/1.1 200) 8 headers in 295 bytes (1 switches on core 0)
Nov 10 10:51:13.243308 n-d-817211-1 devstack@placement-api.service[84053]: DEBUG placement.requestlog [req-799bf04c-b88a-4590-a22f-c0a243fab62c req-62ae4574-b63f-4c3d-aabc-57fe262bc06c None None] Starting request: 10.222.0.39 "POST /placement/allocations" {{(pid=84053) __call__ /opt/stack/placement/placement/requestlog.py:55}}
Nov 10 10:51:13.349575 n-d-817211-1 devstack@placement-api.service[84053]: DEBUG placement.handlers.allocation [req-799bf04c-b88a-4590-a22f-c0a243fab62c req-62ae4574-b63f-4c3d-aabc-57fe262bc06c service placement] Successfully wrote allocations [, , , , , ] {{(pid=84053) _create_allocations /opt/stack/placement/placement/handlers/allocation.py:524}}
Nov 10 10:51:13.350418 n-d-817211-1 devstack@placement-api.service[84053]: INFO placement.requestlog [req-799bf04c-b88a-4590-a22f-c0a243fab62c req-62ae4574-b63f-4c3d-aabc-57fe262bc06c service placement] 10.222.0.39 "POST /placement/allocations" status: 204 len: 0 microversion: 1.28
Nov 10 10:51:13.357940 n-d-817211-1 devstack@placement-api.service[84053]: [pid: 84053|app: 0|req: 125/247] 10.222.0.39 () {64 vars in 1323 bytes} [Wed Nov 10 10:51:13 2021] POST /placement/allocations => generated 0 bytes in 109 msecs (HTTP/1.1 204) 5 headers in 199 bytes (1 switches on core 0)
Nov 10 10:51:13.397633 n-d-817211-1 devstack@placement-api.service[84052]: DEBUG placement.requestlog [req-799bf04c-b88a-4590-a22f-c0a243fab62c req-b91e0b78-7b9a-4083-8d5b-86be4b157ab0 None None] Starting request: 10.222.0.39 "GET /placement/allocations/27e1161b-83d6-418e-9b60-8a5659d3528b" {{(pid=84052) __call__ /opt/stack/placement/placement/requestlog.py:55}}
Nov 10 10:51:13.417291 n-d-817211-1 devstack@placement-api.service[84052]: INFO placement.requestlog [req-799bf04c-b88a-4590-a22f-c0a243fab62c req-b91e0b78-7b9a-4083-8d5b-86be4b157ab0 service placement] 10.222.0.39 "GET /placement/allocations/27e1161b-83d6-418e-9b60-8a5659d3528b" status: 200 len: 19 microversion: 1.28
Nov 10 10:51:13.422855 n-d-817211-1 devstack@placement-api.service[84053]: DEBUG placement.requestlog [req-799bf04c-b88a-4590-a22f-c0a243fab62c req-84a2a30d-1d12-4d8b-9417-08a09a9651d9 None None] Starting request: 10.222.0.39 "PUT /placement/allocations/27e1161b-83d6-418e-9b60-8a5659d3528b" {{(pid=84053) __call__ /opt/stack/placement/placement/requestlog.py:55}}
Nov 10 10:51:13.423952 n-d-817211-1 devstack@placement-api.service[84052]: [pid: 84052|app: 0|req: 123/248] 10.222.0.39 () {60 vars in 1380 bytes} [Wed Nov 10 10:51:13 2021] GET /placement/allocations/27e1161b-83d6-418e-9b60-8a5659d3528b => generated 19 bytes in 27 msecs (HTTP/1.1 200) 8 headers in 295 bytes (1 switches on core 0)
Nov 10 10:51:13.482825 n-d-817211-1 devstack@placement-api.service[84053]: DEBUG placement.handlers.allocation [req-799bf04c-b88a-4590-a22f-c0a243fab62c req-84a2a30d-1d12-4d8b-9417-08a09a9651d9 service placement] Successfully wrote allocations [, , ] {{(pid=84053) _create_allocations /opt/stack/placement/placement/handlers/allocation.py:435}}
Nov 10 10:51:13.483824 n-d-817211-1 devstack@placement-api.service[84053]: INFO placement.requestlog [req-799bf04c-b88a-4590-a22f-c0a243fab62c req-84a2a30d-1d12-4d8b-9417-08a09a9651d9 service placement] 10.222.0.39 "PUT /placement/allocations/27e1161b-83d6-418e-9b60-8a5659d3528b" status: 204 len: 0 microversion: 1.28
Nov 10 10:51:13.498561 n-d-817211-1 devstack@placement-api.service[84053]: [pid: 84053|app: 0|req: 126/249] 10.222.0.39 () {64 vars in 1433 bytes} [Wed Nov 10 10:51:13 2021] PUT /placement/allocations/27e1161b-83d6-418e-9b60-8a5659d3528b => generated 0 bytes in 62 msecs (HTTP/1.1 204) 5 headers in 199 bytes (2 switches on core 0)
Nov 10 10:51:13.628886 n-d-817211-1 devstack@placement-api.service[84052]: DEBUG placement.requestlog [req-799bf04c-b88a-4590-a22f-c0a243fab62c req-c445b0b7-9fde-4f30-b1de-60a0a11fdc12 None None] Starting request: 10.222.0.37 "GET /placement/allocations/27e1161b-83d6-418e-9b60-8a5659d3528b" {{(pid=84052) __call__ /opt/stack/placement/placement/requestlog.py:55}}
Nov 10 10:51:13.645183 n-d-817211-1 devstack@placement-api.service[84052]: INFO placement.requestlog [req-799bf04c-b88a-4590-a22f-c0a243fab62c req-c445b0b7-9fde-4f30-b1de-60a0a11fdc12 service placement] 10.222.0.37 "GET /placement/allocations/27e1161b-83d6-418e-9b60-8a5659d3528b" status: 200 len: 259 microversion: 1.28
Nov 10 10:51:13.646336 n-d-817211-1 devstack@placement-api.service[84052]: [pid: 84052|app: 0|req: 124/250] 10.222.0.37 () {60 vars in 1377 bytes} [Wed Nov 10 10:51:13 2021] GET /placement/allocations/27e1161b-83d6-418e-9b60-8a5659d3528b => generated 259 bytes in 17 msecs (HTTP/1.1 200) 8 headers in 296 bytes (1 switches on core 0)
Nov 10 10:51:19.675002 n-d-817211-1 devstack@placement-api.service[84053]: DEBUG placement.requestlog [req-e228dd41-2704-4858-8020-79d270b82bfc req-dded6536-0523-452c-ae21-b19ffd1dc298 None None] Starting request: 10.222.0.39 "GET /placement/allocation_candidates?limit=1000&resources=DISK_GB%3A1%2CMEMORY_MB%3A1024%2CVCPU%3A1&root_required=%21COMPUTE_STATUS_DISABLED" {{(pid=84053) __call__ /opt/stack/placement/placement/requestlog.py:55}}
Nov 10 10:51:19.726117 n-d-817211-1 devstack@placement-api.service[84053]: DEBUG placement.objects.research_context [req-e228dd41-2704-4858-8020-79d270b82bfc req-dded6536-0523-452c-ae21-b19ffd1dc298 service placement] getting providers with 1 DISK_GB {{(pid=84053) __init__ /opt/stack/placement/placement/objects/research_context.py:126}}
Nov 10 10:51:19.734842 n-d-817211-1 devstack@placement-api.service[84053]: DEBUG placement.objects.research_context [req-e228dd41-2704-4858-8020-79d270b82bfc req-dded6536-0523-452c-ae21-b19ffd1dc298 service placement] getting providers with 1024 MEMORY_MB {{(pid=84053) __init__ /opt/stack/placement/placement/objects/research_context.py:126}}
Nov 10 10:51:19.742301 n-d-817211-1 devstack@placement-api.service[84053]: DEBUG placement.objects.research_context [req-e228dd41-2704-4858-8020-79d270b82bfc req-dded6536-0523-452c-ae21-b19ffd1dc298 service placement] getting providers with 1 VCPU {{(pid=84053) __init__ /opt/stack/placement/placement/objects/research_context.py:126}}
Nov 10 10:51:19.761391 n-d-817211-1 devstack@placement-api.service[84053]: DEBUG placement.objects.research_context [req-e228dd41-2704-4858-8020-79d270b82bfc req-dded6536-0523-452c-ae21-b19ffd1dc298 service placement] found 2 providers with available 1 DISK_GB {{(pid=84053) get_provider_ids_matching /opt/stack/placement/placement/objects/research_context.py:549}}
Nov 10 10:51:19.764114 n-d-817211-1 devstack@placement-api.service[84053]: DEBUG placement.objects.research_context [req-e228dd41-2704-4858-8020-79d270b82bfc req-dded6536-0523-452c-ae21-b19ffd1dc298 service placement] found 2 providers with available 1024 MEMORY_MB {{(pid=84053) get_provider_ids_matching /opt/stack/placement/placement/objects/research_context.py:549}}
Nov 10 10:51:19.765004 n-d-817211-1 devstack@placement-api.service[84053]: DEBUG placement.objects.research_context [req-e228dd41-2704-4858-8020-79d270b82bfc req-dded6536-0523-452c-ae21-b19ffd1dc298 service placement] found 2 providers after filtering by previous result {{(pid=84053) get_provider_ids_matching /opt/stack/placement/placement/objects/research_context.py:580}}
Nov 10 10:51:19.766033 n-d-817211-1 devstack@placement-api.service[84053]: DEBUG placement.objects.research_context [req-e228dd41-2704-4858-8020-79d270b82bfc req-dded6536-0523-452c-ae21-b19ffd1dc298 service placement] found 2 providers with available 1 VCPU {{(pid=84053) get_provider_ids_matching /opt/stack/placement/placement/objects/research_context.py:549}}
Nov 10 10:51:19.766319 n-d-817211-1 devstack@placement-api.service[84053]: DEBUG placement.objects.research_context [req-e228dd41-2704-4858-8020-79d270b82bfc req-dded6536-0523-452c-ae21-b19ffd1dc298 service placement] found 2 providers after filtering by previous result {{(pid=84053) get_provider_ids_matching /opt/stack/placement/placement/objects/research_context.py:580}}
Nov 10 10:51:19.781375 n-d-817211-1 devstack@placement-api.service[84053]: DEBUG placement.objects.allocation_candidate [req-e228dd41-2704-4858-8020-79d270b82bfc req-dded6536-0523-452c-ae21-b19ffd1dc298 service placement] RequestGroup(use_same_provider=False, resources={DISK_GB:1, MEMORY_MB:1024, VCPU:1}, traits=[], aggregates=[]) (suffix '') returned 2 matches {{(pid=84053) _get_by_requests /opt/stack/placement/placement/objects/allocation_candidate.py:145}}
Nov 10 10:51:19.781846 n-d-817211-1 devstack@placement-api.service[84053]: DEBUG placement.objects.allocation_candidate [req-e228dd41-2704-4858-8020-79d270b82bfc req-dded6536-0523-452c-ae21-b19ffd1dc298 service placement] Merging candidates yields 2 allocation requests and 2 provider summaries {{(pid=84053) _merge_candidates /opt/stack/placement/placement/objects/allocation_candidate.py:783}}
Nov 10 10:51:19.783323 n-d-817211-1 devstack@placement-api.service[84053]: INFO placement.requestlog [req-e228dd41-2704-4858-8020-79d270b82bfc req-dded6536-0523-452c-ae21-b19ffd1dc298 service placement] 10.222.0.39 "GET /placement/allocation_candidates?limit=1000&resources=DISK_GB%3A1%2CMEMORY_MB%3A1024%2CVCPU%3A1&root_required=%21COMPUTE_STATUS_DISABLED" status: 200 len: 1235 microversion: 1.35
Nov 10 10:51:19.783842 n-d-817211-1 devstack@placement-api.service[84053]: [pid: 84053|app: 0|req: 127/251] 10.222.0.39 () {60 vars in 1506 bytes} [Wed Nov 10 10:51:19 2021] GET /placement/allocation_candidates?limit=1000&resources=DISK_GB%3A1%2CMEMORY_MB%3A1024%2CVCPU%3A1&root_required=%21COMPUTE_STATUS_DISABLED => generated 1235 bytes in 109 msecs (HTTP/1.1 200) 8 headers in 297 bytes (1 switches on core 0)
Nov 10 10:51:19.849789 n-d-817211-1 devstack@placement-api.service[84052]: DEBUG placement.requestlog [req-e228dd41-2704-4858-8020-79d270b82bfc req-8b476013-6cf3-4d2e-9376-2d9ee4dcd6dd None None] Starting request: 10.222.0.39 "GET /placement/allocations/da8a7995-ff05-4026-b63b-60f0e90268e8" {{(pid=84052) __call__ /opt/stack/placement/placement/requestlog.py:55}}
Nov 10 10:51:19.863917 n-d-817211-1 devstack@placement-api.service[84052]: INFO placement.requestlog [req-e228dd41-2704-4858-8020-79d270b82bfc req-8b476013-6cf3-4d2e-9376-2d9ee4dcd6dd service placement] 10.222.0.39 "GET /placement/allocations/da8a7995-ff05-4026-b63b-60f0e90268e8" status: 200 len: 19 microversion: 1.28
Nov 10 10:51:19.868593 n-d-817211-1 devstack@placement-api.service[84052]: [pid: 84052|app: 0|req: 125/252] 10.222.0.39 () {60 vars in 1380 bytes} [Wed Nov 10 10:51:19 2021] GET /placement/allocations/da8a7995-ff05-4026-b63b-60f0e90268e8 => generated 19 bytes in 14 msecs (HTTP/1.1 200) 8 headers in 295 bytes (1 switches on core 0)
Nov 10 10:51:19.871619 n-d-817211-1 devstack@placement-api.service[84053]: DEBUG placement.requestlog [req-e228dd41-2704-4858-8020-79d270b82bfc req-1e17a84a-c2f2-4106-9cce-712e7d60145d None None] Starting request: 10.222.0.39 "PUT /placement/allocations/da8a7995-ff05-4026-b63b-60f0e90268e8" {{(pid=84053) __call__ /opt/stack/placement/placement/requestlog.py:55}}
Nov 10 10:51:19.956031 n-d-817211-1 devstack@placement-api.service[84053]: DEBUG placement.handlers.allocation [req-e228dd41-2704-4858-8020-79d270b82bfc req-1e17a84a-c2f2-4106-9cce-712e7d60145d service placement] Successfully wrote allocations [, , ] {{(pid=84053) _create_allocations /opt/stack/placement/placement/handlers/allocation.py:435}}
Nov 10 10:51:19.957728 n-d-817211-1 devstack@placement-api.service[84053]: INFO placement.requestlog [req-e228dd41-2704-4858-8020-79d270b82bfc req-1e17a84a-c2f2-4106-9cce-712e7d60145d service placement] 10.222.0.39 "PUT /placement/allocations/da8a7995-ff05-4026-b63b-60f0e90268e8" status: 204 len: 0 microversion: 1.35
Nov 10 10:51:19.967162 n-d-817211-1 devstack@placement-api.service[84053]: [pid: 84053|app: 0|req: 128/253] 10.222.0.39 () {64 vars in 1433 bytes} [Wed Nov 10 10:51:19 2021] PUT /placement/allocations/da8a7995-ff05-4026-b63b-60f0e90268e8 => generated 0 bytes in 87 msecs (HTTP/1.1 204) 5 headers in 199 bytes (1 switches on core 0)
Nov 10 10:51:20.411821 n-d-817211-1 devstack@placement-api.service[84052]: DEBUG placement.requestlog [req-e228dd41-2704-4858-8020-79d270b82bfc req-b00affdd-0c1f-4092-81b4-759feeb9f1b1 None None] Starting request: 10.222.0.37 "GET /placement/allocations/da8a7995-ff05-4026-b63b-60f0e90268e8" {{(pid=84052) __call__ /opt/stack/placement/placement/requestlog.py:55}}
Nov 10 10:51:20.436823 n-d-817211-1 devstack@placement-api.service[84052]: INFO placement.requestlog [req-e228dd41-2704-4858-8020-79d270b82bfc req-b00affdd-0c1f-4092-81b4-759feeb9f1b1 service placement] 10.222.0.37 "GET /placement/allocations/da8a7995-ff05-4026-b63b-60f0e90268e8" status: 200 len: 259 microversion: 1.28
Nov 10 10:51:20.438586 n-d-817211-1 devstack@placement-api.service[84052]: [pid: 84052|app: 0|req: 126/254] 10.222.0.37 () {60 vars in 1377 bytes} [Wed Nov 10 10:51:20 2021] GET /placement/allocations/da8a7995-ff05-4026-b63b-60f0e90268e8 => generated 259 bytes in 27 msecs (HTTP/1.1 200) 8 headers in 296 bytes (2 switches on core 0)
Nov 10 10:51:22.582708 n-d-817211-1 devstack@placement-api.service[84053]: DEBUG placement.requestlog [req-5c97f757-6874-4062-9fbd-a87a70e89cfa req-3c1adf3b-afb9-4ae9-b5d3-bfdf64d845b7 None None] Starting request: 10.222.0.49 "GET /placement/allocations/30bc6803-0984-4c4c-9e4d-ecaf57088e48" {{(pid=84053) __call__ /opt/stack/placement/placement/requestlog.py:55}}
Nov 10 10:51:22.605339 n-d-817211-1 devstack@placement-api.service[84053]: INFO placement.requestlog [req-5c97f757-6874-4062-9fbd-a87a70e89cfa req-3c1adf3b-afb9-4ae9-b5d3-bfdf64d845b7 service placement] 10.222.0.49 "GET /placement/allocations/30bc6803-0984-4c4c-9e4d-ecaf57088e48" status: 200 len: 259 microversion: 1.28
Nov 10 10:51:22.606215 n-d-817211-1 devstack@placement-api.service[84053]: [pid: 84053|app: 0|req: 129/255] 10.222.0.49 () {60 vars in 1377 bytes} [Wed Nov 10 10:51:22 2021] GET /placement/allocations/30bc6803-0984-4c4c-9e4d-ecaf57088e48 => generated 259 bytes in 24 msecs (HTTP/1.1 200) 8 headers in 296 bytes (2 switches on core 0)
Nov 10 10:51:22.613717 n-d-817211-1 devstack@placement-api.service[84052]: DEBUG placement.requestlog [req-5c97f757-6874-4062-9fbd-a87a70e89cfa req-9754c718-00a6-4225-aba9-09d1da4e410b None None] Starting request: 10.222.0.49 "PUT /placement/allocations/30bc6803-0984-4c4c-9e4d-ecaf57088e48" {{(pid=84052) __call__ /opt/stack/placement/placement/requestlog.py:55}}
Nov 10 10:51:22.635737 n-d-817211-1 devstack@placement-api.service[84053]: DEBUG placement.requestlog [req-06d6699b-e16b-4eb3-8bf7-eb0e0778052d req-71bc2049-a71a-4fc3-affe-93f2da698a84 None None] Starting request: 10.222.0.37 "GET /placement/resource_providers/47e6c489-56ac-455f-96b7-57cdc0fd8129/allocations" {{(pid=84053) __call__ /opt/stack/placement/placement/requestlog.py:55}}
Nov 10 10:51:22.673534 n-d-817211-1 devstack@placement-api.service[84053]: INFO placement.requestlog [req-06d6699b-e16b-4eb3-8bf7-eb0e0778052d req-71bc2049-a71a-4fc3-affe-93f2da698a84 service placement] 10.222.0.37 "GET /placement/resource_providers/47e6c489-56ac-455f-96b7-57cdc0fd8129/allocations" status: 200 len: 659 microversion: 1.0
Nov 10 10:51:22.673787 n-d-817211-1 devstack@placement-api.service[84052]: DEBUG placement.handlers.allocation [req-5c97f757-6874-4062-9fbd-a87a70e89cfa req-9754c718-00a6-4225-aba9-09d1da4e410b service placement] Successfully wrote allocations [, , ] {{(pid=84052) _create_allocations /opt/stack/placement/placement/handlers/allocation.py:435}}
Nov 10 10:51:22.674375 n-d-817211-1 devstack@placement-api.service[84052]: INFO placement.requestlog [req-5c97f757-6874-4062-9fbd-a87a70e89cfa req-9754c718-00a6-4225-aba9-09d1da4e410b service placement] 10.222.0.49 "PUT /placement/allocations/30bc6803-0984-4c4c-9e4d-ecaf57088e48" status: 204 len: 0 microversion: 1.28
Nov 10 10:51:22.674528 n-d-817211-1 devstack@placement-api.service[84053]: [pid: 84053|app: 0|req: 130/256] 10.222.0.37 () {58 vars in 1390 bytes} [Wed Nov 10 10:51:22 2021] GET /placement/resource_providers/47e6c489-56ac-455f-96b7-57cdc0fd8129/allocations => generated 659 bytes in 39 msecs (HTTP/1.1 200) 6 headers in 224 bytes (2 switches on core 0)
Nov 10 10:51:22.675182 n-d-817211-1 devstack@placement-api.service[84052]: [pid: 84052|app: 0|req: 127/257] 10.222.0.49 () {64 vars in 1430 bytes} [Wed Nov 10 10:51:22 2021] PUT /placement/allocations/30bc6803-0984-4c4c-9e4d-ecaf57088e48 => generated 0 bytes in 62 msecs (HTTP/1.1 204) 5 headers in 199 bytes (1 switches on core 0)
Nov 10 10:51:29.582542 n-d-817211-1 devstack@placement-api.service[84053]: DEBUG placement.requestlog [req-ecfe59ce-9428-49d1-8bcb-eb826190d64a req-3dd025d9-379b-43e7-a1bf-db84ba82753d None None] Starting request: 10.222.0.39 "GET /placement/allocation_candidates?limit=1000&resources=DISK_GB%3A1%2CMEMORY_MB%3A1024%2CVCPU%3A1&root_required=%21COMPUTE_STATUS_DISABLED" {{(pid=84053) __call__ /opt/stack/placement/placement/requestlog.py:55}}
Nov 10 10:51:29.641485 n-d-817211-1 devstack@placement-api.service[84053]: DEBUG placement.objects.research_context [req-ecfe59ce-9428-49d1-8bcb-eb826190d64a req-3dd025d9-379b-43e7-a1bf-db84ba82753d service placement] getting providers with 1 DISK_GB {{(pid=84053) __init__ /opt/stack/placement/placement/objects/research_context.py:126}}
Nov 10 10:51:29.647626 n-d-817211-1 devstack@placement-api.service[84053]: DEBUG placement.objects.research_context [req-ecfe59ce-9428-49d1-8bcb-eb826190d64a req-3dd025d9-379b-43e7-a1bf-db84ba82753d service placement] getting providers with 1024 MEMORY_MB {{(pid=84053) __init__ /opt/stack/placement/placement/objects/research_context.py:126}}
Nov 10 10:51:29.666337 n-d-817211-1 devstack@placement-api.service[84053]: DEBUG placement.objects.research_context [req-ecfe59ce-9428-49d1-8bcb-eb826190d64a req-3dd025d9-379b-43e7-a1bf-db84ba82753d service placement] getting providers with 1 VCPU {{(pid=84053) __init__ /opt/stack/placement/placement/objects/research_context.py:126}}
Nov 10 10:51:29.689722 n-d-817211-1 devstack@placement-api.service[84053]: DEBUG placement.objects.research_context [req-ecfe59ce-9428-49d1-8bcb-eb826190d64a req-3dd025d9-379b-43e7-a1bf-db84ba82753d service placement] found 2 providers with available 1 DISK_GB {{(pid=84053) get_provider_ids_matching /opt/stack/placement/placement/objects/research_context.py:549}}
Nov 10 10:51:29.690203 n-d-817211-1 devstack@placement-api.service[84053]: DEBUG placement.objects.research_context [req-ecfe59ce-9428-49d1-8bcb-eb826190d64a req-3dd025d9-379b-43e7-a1bf-db84ba82753d service placement] found 2 providers with available 1024 MEMORY_MB {{(pid=84053) get_provider_ids_matching /opt/stack/placement/placement/objects/research_context.py:549}}
Nov 10 10:51:29.690683 n-d-817211-1 devstack@placement-api.service[84053]: DEBUG placement.objects.research_context [req-ecfe59ce-9428-49d1-8bcb-eb826190d64a req-3dd025d9-379b-43e7-a1bf-db84ba82753d service placement] found 2 providers after filtering by previous result {{(pid=84053) get_provider_ids_matching /opt/stack/placement/placement/objects/research_context.py:580}}
Nov 10 10:51:29.691146 n-d-817211-1 devstack@placement-api.service[84053]: DEBUG placement.objects.research_context [req-ecfe59ce-9428-49d1-8bcb-eb826190d64a req-3dd025d9-379b-43e7-a1bf-db84ba82753d service placement] found 2 providers with available 1 VCPU {{(pid=84053) get_provider_ids_matching /opt/stack/placement/placement/objects/research_context.py:549}}
Nov 10 10:51:29.691616 n-d-817211-1 devstack@placement-api.service[84053]: DEBUG placement.objects.research_context [req-ecfe59ce-9428-49d1-8bcb-eb826190d64a req-3dd025d9-379b-43e7-a1bf-db84ba82753d service placement] found 2 providers after filtering by previous result {{(pid=84053) get_provider_ids_matching /opt/stack/placement/placement/objects/research_context.py:580}}
Nov 10 10:51:29.737322 n-d-817211-1 devstack@placement-api.service[84053]: DEBUG placement.objects.allocation_candidate [req-ecfe59ce-9428-49d1-8bcb-eb826190d64a req-3dd025d9-379b-43e7-a1bf-db84ba82753d service placement] RequestGroup(use_same_provider=False, resources={DISK_GB:1, MEMORY_MB:1024, VCPU:1}, traits=[], aggregates=[]) (suffix '') returned 2 matches {{(pid=84053) _get_by_requests /opt/stack/placement/placement/objects/allocation_candidate.py:145}}
Nov 10 10:51:29.737695 n-d-817211-1 devstack@placement-api.service[84053]: DEBUG placement.objects.allocation_candidate [req-ecfe59ce-9428-49d1-8bcb-eb826190d64a req-3dd025d9-379b-43e7-a1bf-db84ba82753d service placement] Merging candidates yields 2 allocation requests and 2 provider summaries {{(pid=84053) _merge_candidates /opt/stack/placement/placement/objects/allocation_candidate.py:783}}
Nov 10 10:51:29.745252 n-d-817211-1 devstack@placement-api.service[84053]: INFO placement.requestlog [req-ecfe59ce-9428-49d1-8bcb-eb826190d64a req-3dd025d9-379b-43e7-a1bf-db84ba82753d service placement] 10.222.0.39 "GET /placement/allocation_candidates?limit=1000&resources=DISK_GB%3A1%2CMEMORY_MB%3A1024%2CVCPU%3A1&root_required=%21COMPUTE_STATUS_DISABLED" status: 200 len: 1235 microversion: 1.35
Nov 10 10:51:29.745529 n-d-817211-1 devstack@placement-api.service[84053]: [pid: 84053|app: 0|req: 131/258] 10.222.0.39 () {60 vars in 1506 bytes} [Wed Nov 10 10:51:29 2021] GET /placement/allocation_candidates?limit=1000&resources=DISK_GB%3A1%2CMEMORY_MB%3A1024%2CVCPU%3A1&root_required=%21COMPUTE_STATUS_DISABLED => generated 1235 bytes in 163 msecs (HTTP/1.1 200) 8 headers in 297 bytes (1 switches on core 0)
Nov 10 10:51:29.881932 n-d-817211-1 devstack@placement-api.service[84052]: DEBUG placement.requestlog [req-ecfe59ce-9428-49d1-8bcb-eb826190d64a req-8697c573-c161-4ffe-b16b-1f32a7156287 None None] Starting request: 10.222.0.39 "GET /placement/allocations/599551e0-92de-4e37-8006-6eed424dea23" {{(pid=84052) __call__ /opt/stack/placement/placement/requestlog.py:55}}
Nov 10 10:51:29.922241 n-d-817211-1 devstack@placement-api.service[84052]: INFO placement.requestlog [req-ecfe59ce-9428-49d1-8bcb-eb826190d64a req-8697c573-c161-4ffe-b16b-1f32a7156287 service placement] 10.222.0.39 "GET /placement/allocations/599551e0-92de-4e37-8006-6eed424dea23" status: 200 len: 19 microversion: 1.28
Nov 10 10:51:29.922865 n-d-817211-1 devstack@placement-api.service[84052]: [pid: 84052|app: 0|req: 128/259] 10.222.0.39 () {60 vars in 1380 bytes} [Wed Nov 10 10:51:29 2021] GET /placement/allocations/599551e0-92de-4e37-8006-6eed424dea23 => generated 19 bytes in 41 msecs (HTTP/1.1 200) 8 headers in 295 bytes (1 switches on core 0)
Nov 10 10:51:29.930395 n-d-817211-1 devstack@placement-api.service[84053]: DEBUG placement.requestlog [req-ecfe59ce-9428-49d1-8bcb-eb826190d64a req-aaf62961-6f2b-463e-9df1-e5c67d8a43fc None None] Starting request: 10.222.0.39 "PUT /placement/allocations/599551e0-92de-4e37-8006-6eed424dea23" {{(pid=84053) __call__ /opt/stack/placement/placement/requestlog.py:55}}
Nov 10 10:51:30.071205 n-d-817211-1 devstack@placement-api.service[84053]: DEBUG placement.handlers.allocation [req-ecfe59ce-9428-49d1-8bcb-eb826190d64a req-aaf62961-6f2b-463e-9df1-e5c67d8a43fc service placement] Successfully wrote allocations [, , ] {{(pid=84053) _create_allocations /opt/stack/placement/placement/handlers/allocation.py:435}}
Nov 10 10:51:30.072656 n-d-817211-1 devstack@placement-api.service[84053]: INFO placement.requestlog [req-ecfe59ce-9428-49d1-8bcb-eb826190d64a req-aaf62961-6f2b-463e-9df1-e5c67d8a43fc service placement] 10.222.0.39 "PUT /placement/allocations/599551e0-92de-4e37-8006-6eed424dea23" status: 204 len: 0 microversion: 1.35
Nov 10 10:51:30.073667 n-d-817211-1 devstack@placement-api.service[84053]: [pid: 84053|app: 0|req: 132/260] 10.222.0.39 () {64 vars in 1433 bytes} [Wed Nov 10 10:51:29 2021] PUT /placement/allocations/599551e0-92de-4e37-8006-6eed424dea23 => generated 0 bytes in 144 msecs (HTTP/1.1 204) 5 headers in 199 bytes (2 switches on core 0)
Nov 10 10:51:30.569607 n-d-817211-1 devstack@placement-api.service[84052]: DEBUG placement.requestlog [req-ecfe59ce-9428-49d1-8bcb-eb826190d64a req-be51e750-d778-46d0-99a5-5403d5cd3565 None None] Starting request: 10.222.0.37 "GET /placement/allocations/599551e0-92de-4e37-8006-6eed424dea23" {{(pid=84052) __call__ /opt/stack/placement/placement/requestlog.py:55}}
Nov 10 10:51:30.592135 n-d-817211-1 devstack@placement-api.service[84052]: INFO placement.requestlog [req-ecfe59ce-9428-49d1-8bcb-eb826190d64a req-be51e750-d778-46d0-99a5-5403d5cd3565 service placement] 10.222.0.37 "GET /placement/allocations/599551e0-92de-4e37-8006-6eed424dea23" status: 200 len: 259 microversion: 1.28
Nov 10 10:51:30.592960 n-d-817211-1 devstack@placement-api.service[84052]: [pid: 84052|app: 0|req: 129/261] 10.222.0.37 () {60 vars in 1377 bytes} [Wed Nov 10 10:51:30 2021] GET /placement/allocations/599551e0-92de-4e37-8006-6eed424dea23 => generated 259 bytes in 25 msecs (HTTP/1.1 200) 8 headers in 296 bytes (1 switches on core 0)
Nov 10 10:51:38.156338 n-d-817211-1 devstack@placement-api.service[84053]: DEBUG placement.requestlog [req-f661cfad-cb1e-4bfc-b7c9-4964b4bbabe1 req-0559b9ff-7f0c-477b-8c52-ec293496a1f3 None None] Starting request: 10.222.0.49 "GET /placement/resource_providers/b7039ff8-2dd5-4639-9b4f-c9b35ed3a302/allocations" {{(pid=84053) __call__ /opt/stack/placement/placement/requestlog.py:55}}
Nov 10 10:51:38.220045 n-d-817211-1 devstack@placement-api.service[84053]: INFO placement.requestlog [req-f661cfad-cb1e-4bfc-b7c9-4964b4bbabe1 req-0559b9ff-7f0c-477b-8c52-ec293496a1f3 service placement] 10.222.0.49 "GET /placement/resource_providers/b7039ff8-2dd5-4639-9b4f-c9b35ed3a302/allocations" status: 200 len: 759 microversion: 1.0
Nov 10 10:51:38.222355 n-d-817211-1 devstack@placement-api.service[84053]: [pid: 84053|app: 0|req: 133/262] 10.222.0.49 () {58 vars in 1390 bytes} [Wed Nov 10 10:51:38 2021] GET /placement/resource_providers/b7039ff8-2dd5-4639-9b4f-c9b35ed3a302/allocations => generated 759 bytes in 66 msecs (HTTP/1.1 200) 6 headers in 224 bytes (1 switches on core 0)
Nov 10 10:51:40.390727 n-d-817211-1 devstack@placement-api.service[84052]: DEBUG placement.requestlog [req-f9f33d94-4cf9-489a-9252-05ca5ce44760 req-2752a3dd-70e4-4f16-8bfe-579b07b3e2a9 None None] Starting request: 10.222.0.37 "GET /placement/resource_providers/47e6c489-56ac-455f-96b7-57cdc0fd8129/allocations" {{(pid=84052) __call__ /opt/stack/placement/placement/requestlog.py:55}}
Nov 10 10:51:40.438894 n-d-817211-1 devstack@placement-api.service[84052]: INFO placement.requestlog [req-f9f33d94-4cf9-489a-9252-05ca5ce44760 req-2752a3dd-70e4-4f16-8bfe-579b07b3e2a9 service placement] 10.222.0.37 "GET /placement/resource_providers/47e6c489-56ac-455f-96b7-57cdc0fd8129/allocations" status: 200 len: 760 microversion: 1.0
