Nov 09 10:57:26.473698 n-d-817173-1 neutron-server[84333]: DEBUG oslo_concurrency.lockutils [-] Lock "event-dispatch" acquired by "neutron.plugins.ml2.ovo_rpc._ObjectChangeHandler.dispatch_events" :: waited 0.000s {{(pid=84333) inner /usr/local/lib/python3.8/dist-packages/oslo_concurrency/lockutils.py:355}}
Nov 09 10:57:26.530829 n-d-817173-1 neutron-server[84333]: INFO neutron.wsgi [None req-c2a087f4-118e-4b8b-81d7-b8fe8337e345 admin admin] 10.222.0.50 "GET /v2.0/security-groups?tenant_id=dffbba4a7c314fcea192f992ecb33dd6&name=default HTTP/1.1" status: 200 len: 2647 time: 1.2031705
Nov 09 10:57:26.530829 n-d-817173-1 neutron-server[84333]: DEBUG neutron.wsgi [-] (84333) accepted ('10.222.0.50', 37008) {{(pid=84333) server /usr/local/lib/python3.8/dist-packages/eventlet/wsgi.py:992}}
Nov 09 10:57:26.567188 n-d-817173-1 neutron-server[84335]: DEBUG neutron_lib.callbacks.manager [None req-479f15af-3ef4-42ce-94ab-32b6250c0f43 None None] Notify callbacks ['neutron.plugins.ml2.plugin.SecurityGroupServerNotifierRpcMixin.notify_sg_on_port_change-1057374', 'neutron.plugins.ml2.ovo_rpc._ObjectChangeHandler.handle_event-521836', 'neutron.api.rpc.agentnotifiers.dhcp_rpc_agent_api.DhcpAgentNotifyAPI._native_event_send_dhcp_notification-1716011', 'neutron.db.l3_db.L3RpcNotifierMixin._notify_gateway_port_ip_changed-8755037897975', 'neutron.db.l3_dvrscheduler_db._notify_l3_agent_port_update-8755037471865', 'neutron.db.l3_hascheduler_db._notify_l3_agent_ha_port_update-8755037471910'] for port, after_update {{(pid=84335) _notify_loop /usr/local/lib/python3.8/dist-packages/neutron_lib/callbacks/manager.py:192}}
Nov 09 10:57:26.573366 n-d-817173-1 neutron-server[84335]: DEBUG oslo_concurrency.lockutils [None req-29593cf9-ea47-4763-8e50-712d21ba8289 None None] Lock "event-dispatch" acquired by "neutron.plugins.ml2.ovo_rpc._ObjectChangeHandler.dispatch_events" :: waited 0.000s {{(pid=84335) inner /usr/local/lib/python3.8/dist-packages/oslo_concurrency/lockutils.py:355}}
Nov 09 10:57:26.585559 n-d-817173-1 neutron-server[84333]: DEBUG neutron.api.rpc.handlers.resources_rpc [None req-c2a087f4-118e-4b8b-81d7-b8fe8337e345 admin admin] Pushing event updated for resources: {'SecurityGroup': ['ID=7848a988-baef-46e8-a4af-08d7a27ac2e9,revision_number=1']} {{(pid=84333) push /opt/stack/neutron/neutron/api/rpc/handlers/resources_rpc.py:237}}
Nov 09 10:57:26.589929 n-d-817173-1 neutron-server[84333]: DEBUG oslo_concurrency.lockutils [None req-c2a087f4-118e-4b8b-81d7-b8fe8337e345 admin admin] Lock "event-dispatch" released by "neutron.plugins.ml2.ovo_rpc._ObjectChangeHandler.dispatch_events" :: held 0.116s {{(pid=84333) inner /usr/local/lib/python3.8/dist-packages/oslo_concurrency/lockutils.py:367}}
Nov 09 10:57:26.678600 n-d-817173-1 neutron-server[84334]: DEBUG neutron.db.quota.driver [req-7330f429-9282-4382-a785-b8748d4e90cb req-75de2a75-5574-400f-9fbd-092961d87f20 tempest-AggregatesAdminTestJSON-579725647 tempest-AggregatesAdminTestJSON-579725647-project] Resources subnetpool have unlimited quota limit. It is not required to calculate headroom {{(pid=84334) make_reservation /opt/stack/neutron/neutron/db/quota/driver.py:219}}
Nov 09 10:57:26.760126 n-d-817173-1 neutron-server[84334]: DEBUG neutron.quota.resource [req-7330f429-9282-4382-a785-b8748d4e90cb req-75de2a75-5574-400f-9fbd-092961d87f20 tempest-AggregatesAdminTestJSON-579725647 tempest-AggregatesAdminTestJSON-579725647-project] Usage tracker for resource:security_group_rule and tenant:b4d68a8443d347a68ef37cc3bbcbdad7 is out of sync, need to count used quota {{(pid=84334) count_used /opt/stack/neutron/neutron/quota/resource.py:270}}
Nov 09 10:57:26.765454 n-d-817173-1 neutron-server[84334]: DEBUG neutron_lib.callbacks.manager [None req-d5318a27-b239-4324-a8a2-3025d43e2238 admin admin] Notify callbacks [] for security_group, before_delete {{(pid=84334) _notify_loop /usr/local/lib/python3.8/dist-packages/neutron_lib/callbacks/manager.py:192}}
Nov 09 10:57:26.768071 n-d-817173-1 neutron-server[84334]: DEBUG neutron.quota.resource [req-7330f429-9282-4382-a785-b8748d4e90cb req-75de2a75-5574-400f-9fbd-092961d87f20 tempest-AggregatesAdminTestJSON-579725647 tempest-AggregatesAdminTestJSON-579725647-project] Quota usage for security_group_rule was recalculated. Used quota:0. {{(pid=84334) count_used /opt/stack/neutron/neutron/quota/resource.py:290}}
Nov 09 10:57:26.778252 n-d-817173-1 neutron-server[84335]: DEBUG neutron.api.rpc.handlers.resources_rpc [None req-479f15af-3ef4-42ce-94ab-32b6250c0f43 None None] Pushing event updated for resources: {'Port': ['ID=612b2489-d661-4321-8002-3d14ad7c58b7,revision_number=3']} {{(pid=84335) push /opt/stack/neutron/neutron/api/rpc/handlers/resources_rpc.py:237}}
Nov 09 10:57:26.786309 n-d-817173-1 neutron-server[84336]: DEBUG neutron.db.l3_hamode_db [None req-1cecd92a-974c-46da-8ebf-59b7a6a0f2b0 None None] neutron.services.l3_router.l3_router_plugin.L3RouterPlugin method _process_sync_ha_data called with arguments (, [{'id': 'c9391bfa-1707-466b-a4ac-5cdbe840d01d', 'name': 'tempest-ServersWithSpecificFlavorTestJSON-1166864795-router', 'tenant_id': '4758245c39d7467482e960be0006c0a9', 'admin_state_up': True, 'status': 'ACTIVE', 'external_gateway_info': {'network_id': '8f6d29ce-6f1c-4c9f-889e-fbfb031b1080', 'external_fixed_ips': [{'subnet_id': '8543c513-fe94-4d1f-898e-41ac3fc56f06', 'ip_address': '172.25.7.185'}], 'enable_snat': True}, 'gw_port_id': 'd0721365-1a44-447e-ab91-18e882e9e7bb', 'description': '', 'availability_zones': ['nova'], 'distributed': False, 'ha': False, 'ha_vr_id': 0, 'availability_zone_hints': [], 'routes': [], 'flavor_id': None, 'tags': [], 'created_at': '2021-11-09T10:57:20Z', 'updated_at': '2021-11-09T10:57:23Z', 'revision_number': 3, 'project_id': '4758245c39d7467482e960be0006c0a9', 'gw_port': {'id': 'd0721365-1a44-447e-ab91-18e882e9e7bb', 'name': '', 'network_id': '8f6d29ce-6f1c-4c9f-889e-fbfb031b1080', 'tenant_id': '', 'mac_address': 'fa:16:3e:67:23:7e', 'admin_state_up': True, 'status': 'DOWN', 'device_id': 'c9391bfa-1707-466b-a4ac-5cdbe840d01d', 'device_owner': 'network:router_gateway', 'fixed_ips': [{'subnet_id': '8543c513-fe94-4d1f-898e-41ac3fc56f06', 'ip_address': '172.25.7.185', 'prefixlen': 24}], 'allowed_address_pairs': [], 'extra_dhcp_opts': [], 'security_groups': [], 'description': '', 'binding:vnic_type': 'normal', 'binding:profile': {}, 'binding:host_id': '', 'binding:vif_type': 'unbound', 'binding:vif_details': {}, 'port_security_enabled': False, 'tags': [], 'created_at': '2021-11-09T10:57:21Z', 'updated_at': '2021-11-09T10:57:21Z', 'revision_number': 1, 'project_id': '', 'subnets': [{'id': '8543c513-fe94-4d1f-898e-41ac3fc56f06', 'cidr': '172.25.7.0/24', 'gateway_ip': '172.25.7.1', 'dns_nameservers': [], 'ipv6_ra_mode': None, 'subnetpool_id': None}], 'extra_subnets': [], 'address_scopes': {4: None, 6: None}, 'mtu': 1500}, 'enable_snat': True, 'gw_port_host': 'n-d-817173-1'}], 'n-d-817173-1', False) {} {{(pid=84336) wrapper /usr/local/lib/python3.8/dist-packages/oslo_log/helpers.py:65}}
Nov 09 10:57:26.792247 n-d-817173-1 neutron-server[84335]: DEBUG oslo_concurrency.lockutils [None req-479f15af-3ef4-42ce-94ab-32b6250c0f43 None None] Lock "event-dispatch" released by "neutron.plugins.ml2.ovo_rpc._ObjectChangeHandler.dispatch_events" :: held 0.217s {{(pid=84335) inner /usr/local/lib/python3.8/dist-packages/oslo_concurrency/lockutils.py:367}}
Nov 09 10:57:26.792603 n-d-817173-1 neutron-server[84336]: DEBUG neutron.api.rpc.handlers.l3_rpc [None req-1cecd92a-974c-46da-8ebf-59b7a6a0f2b0 None None] Checking router: c9391bfa-1707-466b-a4ac-5cdbe840d01d for host: n-d-817173-1 {{(pid=84336) _ensure_host_set_on_ports /opt/stack/neutron/neutron/api/rpc/handlers/l3_rpc.py:149}}
Nov 09 10:57:26.801466 n-d-817173-1 neutron-server[84336]: DEBUG neutron.api.rpc.handlers.l3_rpc [None req-1cecd92a-974c-46da-8ebf-59b7a6a0f2b0 None None] Updating router c9391bfa-1707-466b-a4ac-5cdbe840d01d port d0721365-1a44-447e-ab91-18e882e9e7bb binding host n-d-817173-1 {{(pid=84336) _ensure_host_set_on_port /opt/stack/neutron/neutron/api/rpc/handlers/l3_rpc.py:199}}
Nov 09 10:57:26.820856 n-d-817173-1 neutron-server[84334]: DEBUG neutron.db.quota.driver [req-7330f429-9282-4382-a785-b8748d4e90cb req-75de2a75-5574-400f-9fbd-092961d87f20 tempest-AggregatesAdminTestJSON-579725647 tempest-AggregatesAdminTestJSON-579725647-project] Attempting to reserve 4 items for resource security_group_rule. Total usage: 0; quota limit: 100; headroom:100 {{(pid=84334) make_reservation /opt/stack/neutron/neutron/db/quota/driver.py:246}}
Nov 09 10:57:26.846170 n-d-817173-1 neutron-server[84334]: DEBUG neutron_lib.callbacks.manager [None req-d5318a27-b239-4324-a8a2-3025d43e2238 admin admin] Notify callbacks [] for security_group, precommit_delete {{(pid=84334) _notify_loop /usr/local/lib/python3.8/dist-packages/neutron_lib/callbacks/manager.py:192}}
Nov 09 10:57:26.881371 n-d-817173-1 neutron-server[84334]: DEBUG neutron.scheduler.dhcp_agent_scheduler [None req-bc61c35b-6401-4fb8-be58-0de637a25c63 admin admin] Network 51753a9a-6d70-4023-b942-75f93d3b65ea is scheduled to be hosted by DHCP agent 8e662739-01c2-4f3d-b63b-d0f0aa7897bc with binding_index 1 {{(pid=84334) bind /opt/stack/neutron/neutron/scheduler/dhcp_agent_scheduler.py:227}}
Nov 09 10:57:26.900206 n-d-817173-1 neutron-server[84335]: DEBUG neutron.db.provisioning_blocks [None req-c0f51188-9937-4754-80bf-8025e8f587b4 None None] Provisioning complete for port 612b2489-d661-4321-8002-3d14ad7c58b7 triggered by entity DHCP. {{(pid=84335) provisioning_complete /opt/stack/neutron/neutron/db/provisioning_blocks.py:139}}
Nov 09 10:57:26.903440 n-d-817173-1 neutron-server[84335]: DEBUG neutron_lib.callbacks.manager [None req-c0f51188-9937-4754-80bf-8025e8f587b4 None None] Notify callbacks ['neutron.plugins.ml2.plugin.Ml2Plugin._port_provisioned-1560947'] for port, provisioning_complete {{(pid=84335) _notify_loop /usr/local/lib/python3.8/dist-packages/neutron_lib/callbacks/manager.py:192}}
Nov 09 10:57:26.947270 n-d-817173-1 neutron-server[84336]: DEBUG neutron_lib.callbacks.manager [None req-1cecd92a-974c-46da-8ebf-59b7a6a0f2b0 None None] Notify callbacks ['neutron.plugins.ml2.plugin.SecurityGroupDbMixin._ensure_default_security_group_handler-1057330'] for port, before_update {{(pid=84336) _notify_loop /usr/local/lib/python3.8/dist-packages/neutron_lib/callbacks/manager.py:192}}
Nov 09 10:57:26.960853 n-d-817173-1 neutron-server[84333]: DEBUG neutron_lib.callbacks.manager [None req-9587acaa-5478-419c-9373-d9879f1f1bf7 admin admin] Notify callbacks [] for security_group, before_delete {{(pid=84333) _notify_loop /usr/local/lib/python3.8/dist-packages/neutron_lib/callbacks/manager.py:192}}
Nov 09 10:57:27.001167 n-d-817173-1 neutron-server[84334]: INFO neutron.wsgi [req-b01229a8-79eb-4047-9220-3f06a52b0077 req-e310806e-9edd-493e-b192-cdc518483ef6 service neutron] 10.222.0.57 "GET /v2.0/ports?network_id=6583ce2c-1c68-4983-b0d6-b87935eb18bc&device_owner=network%3Adhcp HTTP/1.1" status: 200 len: 1166 time: 0.5483062
Nov 09 10:57:27.049725 n-d-817173-1 neutron-server[84334]: DEBUG neutron.scheduler.base_scheduler [None req-bc61c35b-6401-4fb8-be58-0de637a25c63 admin admin] Resources bound (agent type, host, resource id): (DHCP agent, n-d-817173-1, 51753a9a-6d70-4023-b942-75f93d3b65ea) {{(pid=84334) schedule /opt/stack/neutron/neutron/scheduler/base_scheduler.py:57}}
Nov 09 10:57:27.057262 n-d-817173-1 neutron-server[84333]: DEBUG neutron_lib.callbacks.manager [None req-9587acaa-5478-419c-9373-d9879f1f1bf7 admin admin] Notify callbacks [] for security_group, precommit_delete {{(pid=84333) _notify_loop /usr/local/lib/python3.8/dist-packages/neutron_lib/callbacks/manager.py:192}}
Nov 09 10:57:27.097301 n-d-817173-1 neutron-server[84334]: DEBUG neutron.pecan_wsgi.hooks.policy_enforcement [None req-bc61c35b-6401-4fb8-be58-0de637a25c63 admin admin] Attributes excluded by policy engine: ['shared', 'network'] {{(pid=84334) _exclude_attributes_by_policy /opt/stack/neutron/neutron/pecan_wsgi/hooks/policy_enforcement.py:255}}
Nov 09 10:57:27.099338 n-d-817173-1 neutron-server[84334]: DEBUG neutron_lib.callbacks.manager [None req-bc61c35b-6401-4fb8-be58-0de637a25c63 admin admin] Notify callbacks ['neutron.api.rpc.agentnotifiers.dhcp_rpc_agent_api.DhcpAgentNotifyAPI._send_dhcp_notification-1716215'] for subnet, before_response {{(pid=84334) _notify_loop /usr/local/lib/python3.8/dist-packages/neutron_lib/callbacks/manager.py:192}}
Nov 09 10:57:27.114591 n-d-817173-1 neutron-server[84335]: DEBUG neutron.api.rpc.handlers.dhcp_rpc [None req-f07defdc-c579-44f8-accc-3f12c3545575 None None] Network 51753a9a-6d70-4023-b942-75f93d3b65ea requested from n-d-817173-1 {{(pid=84335) get_network_info /opt/stack/neutron/neutron/api/rpc/handlers/dhcp_rpc.py:198}}
Nov 09 10:57:27.213206 n-d-817173-1 neutron-server[84333]: DEBUG neutron.pecan_wsgi.hooks.policy_enforcement [req-8a3a1869-14a2-4586-a36e-55415b58d2da req-4fb62784-c9f9-48e5-ac22-e8fd474097fd tempest-DeleteServersAdminTestJSON-1946033692 tempest-DeleteServersAdminTestJSON-1946033692-project] Attributes excluded by policy engine: ['binding:profile', 'binding:host_id', 'binding:vif_type', 'binding:vif_details'] {{(pid=84333) _exclude_attributes_by_policy /opt/stack/neutron/neutron/pecan_wsgi/hooks/policy_enforcement.py:255}}
Nov 09 10:57:27.229687 n-d-817173-1 neutron-server[84333]: INFO neutron.wsgi [req-8a3a1869-14a2-4586-a36e-55415b58d2da req-4fb62784-c9f9-48e5-ac22-e8fd474097fd tempest-DeleteServersAdminTestJSON-1946033692 tempest-DeleteServersAdminTestJSON-1946033692-project] 10.222.0.50 "GET /v2.0/ports?device_id=c4c946ef-0e9e-41fd-9cbb-b72f113bb4c7 HTTP/1.1" status: 200 len: 947 time: 0.4141948
Nov 09 10:57:27.258561 n-d-817173-1 neutron-server[84334]: DEBUG neutron_lib.callbacks.manager [None req-d5318a27-b239-4324-a8a2-3025d43e2238 admin admin] Notify callbacks ['neutron.plugins.ml2.ovo_rpc._ObjectChangeHandler.handle_event-677317'] for security_group, after_delete {{(pid=84334) _notify_loop /usr/local/lib/python3.8/dist-packages/neutron_lib/callbacks/manager.py:192}}
Nov 09 10:57:27.334420 n-d-817173-1 neutron-server[84334]: DEBUG oslo_concurrency.lockutils [None req-5b3339e5-5e6b-4bd5-86f4-015958b9a662 admin admin] Lock "event-dispatch" acquired by "neutron.plugins.ml2.ovo_rpc._ObjectChangeHandler.dispatch_events" :: waited 0.000s {{(pid=84334) inner /usr/local/lib/python3.8/dist-packages/oslo_concurrency/lockutils.py:355}}
Nov 09 10:57:27.362121 n-d-817173-1 neutron-server[84334]: DEBUG neutron_lib.callbacks.manager [req-7330f429-9282-4382-a785-b8748d4e90cb req-75de2a75-5574-400f-9fbd-092961d87f20 tempest-AggregatesAdminTestJSON-579725647 tempest-AggregatesAdminTestJSON-579725647-project] Notify callbacks [] for security_group, precommit_create {{(pid=84334) _notify_loop /usr/local/lib/python3.8/dist-packages/neutron_lib/callbacks/manager.py:192}}
Nov 09 10:57:27.374730 n-d-817173-1 neutron-server[84334]: DEBUG neutron.api.rpc.handlers.resources_rpc [None req-d5318a27-b239-4324-a8a2-3025d43e2238 admin admin] Pushing event deleted for resources: {'SecurityGroup': ['ID=93a07a11-0f9d-4789-96c1-fb7b5bd4467e,revision_number=None']} {{(pid=84334) push /opt/stack/neutron/neutron/api/rpc/handlers/resources_rpc.py:237}}
Nov 09 10:57:27.390544 n-d-817173-1 neutron-server[84334]: DEBUG oslo_concurrency.lockutils [None req-d5318a27-b239-4324-a8a2-3025d43e2238 admin admin] Lock "event-dispatch" released by "neutron.plugins.ml2.ovo_rpc._ObjectChangeHandler.dispatch_events" :: held 0.056s {{(pid=84334) inner /usr/local/lib/python3.8/dist-packages/oslo_concurrency/lockutils.py:367}}
Nov 09 10:57:27.446951 n-d-817173-1 neutron-server[84334]: DEBUG neutron_lib.callbacks.manager [None req-d5318a27-b239-4324-a8a2-3025d43e2238 admin admin] Notify callbacks [] for security_group, before_response {{(pid=84334) _notify_loop /usr/local/lib/python3.8/dist-packages/neutron_lib/callbacks/manager.py:192}}
Nov 09 10:57:27.454327 n-d-817173-1 neutron-server[84334]: INFO neutron.wsgi [None req-d5318a27-b239-4324-a8a2-3025d43e2238 admin admin] 10.222.0.50 "DELETE /v2.0/security-groups/93a07a11-0f9d-4789-96c1-fb7b5bd4467e HTTP/1.1" status: 204 len: 168 time: 1.5882308
Nov 09 10:57:27.473187 n-d-817173-1 neutron-server[84334]: DEBUG neutron_lib.callbacks.manager [req-7330f429-9282-4382-a785-b8748d4e90cb req-75de2a75-5574-400f-9fbd-092961d87f20 tempest-AggregatesAdminTestJSON-579725647 tempest-AggregatesAdminTestJSON-579725647-project] Notify callbacks ['neutron.plugins.ml2.ovo_rpc._ObjectChangeHandler.handle_event-677317'] for security_group, after_create {{(pid=84334) _notify_loop /usr/local/lib/python3.8/dist-packages/neutron_lib/callbacks/manager.py:192}}
Nov 09 10:57:27.513785 n-d-817173-1 neutron-server[84334]: DEBUG oslo_concurrency.lockutils [None req-6f7c2c7b-4455-482b-b526-8e63a8961dca admin admin] Lock "event-dispatch" acquired by "neutron.plugins.ml2.ovo_rpc._ObjectChangeHandler.dispatch_events" :: waited 0.000s {{(pid=84334) inner /usr/local/lib/python3.8/dist-packages/oslo_concurrency/lockutils.py:355}}
Nov 09 10:57:27.553639 n-d-817173-1 neutron-server[84335]: DEBUG neutron.api.rpc.handlers.dhcp_rpc [None req-47bd0edb-2408-4deb-839a-e95dc7c3a0e4 None None] Network 51753a9a-6d70-4023-b942-75f93d3b65ea requested from n-d-817173-1 {{(pid=84335) get_network_info /opt/stack/neutron/neutron/api/rpc/handlers/dhcp_rpc.py:198}}
Nov 09 10:57:27.586474 n-d-817173-1 neutron-server[84333]: INFO neutron.wsgi [req-8a3a1869-14a2-4586-a36e-55415b58d2da req-4d0e7077-88f2-42ef-98d1-1e5844e517d4 tempest-DeleteServersAdminTestJSON-1946033692 tempest-DeleteServersAdminTestJSON-1946033692-project] 10.222.0.50 "GET /v2.0/security-groups?id=86a1df6d-9bb0-4043-99bd-0d4efff12879&fields=id&fields=name HTTP/1.1" status: 200 len: 286 time: 0.3486798
Nov 09 10:57:27.599060 n-d-817173-1 neutron-server[84334]: DEBUG neutron.api.rpc.handlers.resources_rpc [None req-75de2a75-5574-400f-9fbd-092961d87f20 tempest-AggregatesAdminTestJSON-579725647 tempest-AggregatesAdminTestJSON-579725647-project] Pushing event updated for resources: {'SecurityGroup': ['ID=c607bdca-1d54-40d2-844a-2def3a3daf5f,revision_number=1']} {{(pid=84334) push /opt/stack/neutron/neutron/api/rpc/handlers/resources_rpc.py:237}}
Nov 09 10:57:27.669575 n-d-817173-1 neutron-server[84333]: DEBUG neutron_lib.callbacks.manager [None req-9587acaa-5478-419c-9373-d9879f1f1bf7 admin admin] Notify callbacks ['neutron.plugins.ml2.ovo_rpc._ObjectChangeHandler.handle_event-677317'] for security_group, after_delete {{(pid=84333) _notify_loop /usr/local/lib/python3.8/dist-packages/neutron_lib/callbacks/manager.py:192}}
Nov 09 10:57:27.678100 n-d-817173-1 neutron-server[84333]: DEBUG oslo_concurrency.lockutils [None req-acce5e67-99a8-4e9b-b036-68459b7b85ee admin admin] Lock "event-dispatch" acquired by "neutron.plugins.ml2.ovo_rpc._ObjectChangeHandler.dispatch_events" :: waited 0.000s {{(pid=84333) inner /usr/local/lib/python3.8/dist-packages/oslo_concurrency/lockutils.py:355}}
Nov 09 10:57:27.689971 n-d-817173-1 neutron-server[84334]: INFO neutron.wsgi [None req-bc61c35b-6401-4fb8-be58-0de637a25c63 admin admin] 10.222.0.50 "POST /v2.0/subnets HTTP/1.1" status: 201 len: 861 time: 3.3828084
Nov 09 10:57:27.696389 n-d-817173-1 neutron-server[84334]: DEBUG oslo_concurrency.lockutils [None req-75de2a75-5574-400f-9fbd-092961d87f20 tempest-AggregatesAdminTestJSON-579725647 tempest-AggregatesAdminTestJSON-579725647-project] Lock "event-dispatch" released by "neutron.plugins.ml2.ovo_rpc._ObjectChangeHandler.dispatch_events" :: held 0.183s {{(pid=84334) inner /usr/local/lib/python3.8/dist-packages/oslo_concurrency/lockutils.py:367}}
Nov 09 10:57:27.701447 n-d-817173-1 neutron-server[84334]: INFO neutron.wsgi [req-b01229a8-79eb-4047-9220-3f06a52b0077 req-8bef4280-6374-4f2b-bf6b-3bef3982f600 service neutron] 10.222.0.57 "GET /v2.0/networks/6583ce2c-1c68-4983-b0d6-b87935eb18bc?fields=segments HTTP/1.1" status: 200 len: 212 time: 0.6846292
Nov 09 10:57:27.810226 n-d-817173-1 neutron-server[84334]: INFO neutron.wsgi [req-ad5ff2e7-81e1-4fc6-b50a-044178949368 req-9ef7aa80-64fe-4508-bc40-98ce81b8902c tempest-AggregatesAdminTestJSON-579725647 tempest-AggregatesAdminTestJSON-579725647-project] 10.222.0.50 "GET /v2.0/ports?device_id=b66a353f-dcb4-4f68-9faa-51697bcc2436 HTTP/1.1" status: 200 len: 210 time: 0.1185594
Nov 09 10:57:27.811358 n-d-817173-1 neutron-server[84336]: DEBUG neutron_lib.callbacks.manager [None req-1cecd92a-974c-46da-8ebf-59b7a6a0f2b0 None None] Notify callbacks [] for port, precommit_update {{(pid=84336) _notify_loop /usr/local/lib/python3.8/dist-packages/neutron_lib/callbacks/manager.py:192}}
Nov 09 10:57:27.844142 n-d-817173-1 neutron-server[84336]: DEBUG neutron.db.provisioning_blocks [None req-1cecd92a-974c-46da-8ebf-59b7a6a0f2b0 None None] Transition to ACTIVE for port object d0721365-1a44-447e-ab91-18e882e9e7bb will not be triggered until provisioned by entity L2. {{(pid=84336) add_provisioning_component /opt/stack/neutron/neutron/db/provisioning_blocks.py:73}}
Nov 09 10:57:27.845564 n-d-817173-1 neutron-server[84333]: DEBUG neutron.api.rpc.handlers.resources_rpc [None req-9587acaa-5478-419c-9373-d9879f1f1bf7 admin admin] Pushing event deleted for resources: {'SecurityGroup': ['ID=7848a988-baef-46e8-a4af-08d7a27ac2e9,revision_number=None']} {{(pid=84333) push /opt/stack/neutron/neutron/api/rpc/handlers/resources_rpc.py:237}}
Nov 09 10:57:27.870509 n-d-817173-1 neutron-server[84333]: DEBUG oslo_concurrency.lockutils [None req-9587acaa-5478-419c-9373-d9879f1f1bf7 admin admin] Lock "event-dispatch" released by "neutron.plugins.ml2.ovo_rpc._ObjectChangeHandler.dispatch_events" :: held 0.192s {{(pid=84333) inner /usr/local/lib/python3.8/dist-packages/oslo_concurrency/lockutils.py:367}}
Nov 09 10:57:27.874606 n-d-817173-1 neutron-server[84333]: DEBUG neutron_lib.callbacks.manager [None req-9587acaa-5478-419c-9373-d9879f1f1bf7 admin admin] Notify callbacks [] for security_group, before_response {{(pid=84333) _notify_loop /usr/local/lib/python3.8/dist-packages/neutron_lib/callbacks/manager.py:192}}
Nov 09 10:57:27.878425 n-d-817173-1 neutron-server[84333]: INFO neutron.wsgi [None req-9587acaa-5478-419c-9373-d9879f1f1bf7 admin admin] 10.222.0.50 "DELETE /v2.0/security-groups/7848a988-baef-46e8-a4af-08d7a27ac2e9 HTTP/1.1" status: 204 len: 168 time: 1.3501031
Nov 09 10:57:27.937929 n-d-817173-1 neutron-server[84336]: DEBUG neutron_lib.callbacks.manager [None req-1cecd92a-974c-46da-8ebf-59b7a6a0f2b0 None None] Notify callbacks ['neutron.plugins.ml2.plugin.SecurityGroupServerNotifierRpcMixin.notify_sg_on_port_change-1057374', 'neutron.plugins.ml2.ovo_rpc._ObjectChangeHandler.handle_event-521836', 'neutron.api.rpc.agentnotifiers.dhcp_rpc_agent_api.DhcpAgentNotifyAPI._native_event_send_dhcp_notification-1716011', 'neutron.db.l3_db.L3RpcNotifierMixin._notify_gateway_port_ip_changed-8755037897975', 'neutron.db.l3_dvrscheduler_db._notify_l3_agent_port_update-8755037471865', 'neutron.db.l3_hascheduler_db._notify_l3_agent_ha_port_update-8755037471910'] for port, after_update {{(pid=84336) _notify_loop /usr/local/lib/python3.8/dist-packages/neutron_lib/callbacks/manager.py:192}}
Nov 09 10:57:27.945924 n-d-817173-1 neutron-server[84336]: DEBUG oslo_concurrency.lockutils [-] Lock "event-dispatch" acquired by "neutron.plugins.ml2.ovo_rpc._ObjectChangeHandler.dispatch_events" :: waited 0.000s {{(pid=84336) inner /usr/local/lib/python3.8/dist-packages/oslo_concurrency/lockutils.py:355}}
Nov 09 10:57:28.079723 n-d-817173-1 neutron-server[84335]: DEBUG neutron.plugins.ml2.rpc [None req-29593cf9-ea47-4763-8e50-712d21ba8289 None None] Device 612b2489-d661-4321-8002-3d14ad7c58b7 up at agent ovs-agent-n-d-817173-1 {{(pid=84335) update_device_up /opt/stack/neutron/neutron/plugins/ml2/rpc.py:278}}
Nov 09 10:57:28.260825 n-d-817173-1 neutron-server[84336]: DEBUG neutron.api.rpc.handlers.resources_rpc [None req-7834876b-aa61-49ea-bf4b-6818a38ce656 None None] Pushing event updated for resources: {'Port': ['ID=d0721365-1a44-447e-ab91-18e882e9e7bb,revision_number=2']} {{(pid=84336) push /opt/stack/neutron/neutron/api/rpc/handlers/resources_rpc.py:237}}
Nov 09 10:57:28.304879 n-d-817173-1 neutron-server[84336]: DEBUG neutron.api.rpc.callbacks.version_manager [None req-7834876b-aa61-49ea-bf4b-6818a38ce656 None None] Version for resource type ConntrackHelper changed None to 1.0 on consumer Open vSwitch agent@n-d-817173-1 {{(pid=84336) _set_version /opt/stack/neutron/neutron/api/rpc/callbacks/version_manager.py:113}}
Nov 09 10:57:28.306945 n-d-817173-1 neutron-server[84336]: DEBUG neutron.api.rpc.callbacks.version_manager [None req-7834876b-aa61-49ea-bf4b-6818a38ce656 None None] Version for resource type Log changed None to 1.0 on consumer Open vSwitch agent@n-d-817173-1 {{(pid=84336) _set_version /opt/stack/neutron/neutron/api/rpc/callbacks/version_manager.py:113}}
Nov 09 10:57:28.308227 n-d-817173-1 neutron-server[84336]: DEBUG neutron.api.rpc.callbacks.version_manager [None req-7834876b-aa61-49ea-bf4b-6818a38ce656 None None] Version for resource type Network changed None to 1.1 on consumer Open vSwitch agent@n-d-817173-1 {{(pid=84336) _set_version /opt/stack/neutron/neutron/api/rpc/callbacks/version_manager.py:113}}
Nov 09 10:57:28.308652 n-d-817173-1 neutron-server[84336]: DEBUG neutron.api.rpc.callbacks.version_manager [None req-7834876b-aa61-49ea-bf4b-6818a38ce656 None None] Version for resource type Port changed None to 1.5 on consumer Open vSwitch agent@n-d-817173-1 {{(pid=84336) _set_version /opt/stack/neutron/neutron/api/rpc/callbacks/version_manager.py:113}}
Nov 09 10:57:28.313141 n-d-817173-1 neutron-server[84336]: DEBUG neutron.api.rpc.callbacks.version_manager [None req-7834876b-aa61-49ea-bf4b-6818a38ce656 None None] Version for resource type PortForwarding changed None to 1.2 on consumer Open vSwitch agent@n-d-817173-1 {{(pid=84336) _set_version /opt/stack/neutron/neutron/api/rpc/callbacks/version_manager.py:113}}
Nov 09 10:57:28.313141 n-d-817173-1 neutron-server[84336]: DEBUG neutron.api.rpc.callbacks.version_manager [None req-7834876b-aa61-49ea-bf4b-6818a38ce656 None None] Version for resource type QosPolicy changed None to 1.8 on consumer Open vSwitch agent@n-d-817173-1 {{(pid=84336) _set_version /opt/stack/neutron/neutron/api/rpc/callbacks/version_manager.py:113}}
Nov 09 10:57:28.313141 n-d-817173-1 neutron-server[84336]: DEBUG neutron.api.rpc.callbacks.version_manager [None req-7834876b-aa61-49ea-bf4b-6818a38ce656 None None] Version for resource type SecurityGroup changed None to 1.2 on consumer Open vSwitch agent@n-d-817173-1 {{(pid=84336) _set_version /opt/stack/neutron/neutron/api/rpc/callbacks/version_manager.py:113}}
Nov 09 10:57:28.313141 n-d-817173-1 neutron-server[84336]: DEBUG neutron.api.rpc.callbacks.version_manager [None req-7834876b-aa61-49ea-bf4b-6818a38ce656 None None] Version for resource type SecurityGroupRule changed None to 1.0 on consumer Open vSwitch agent@n-d-817173-1 {{(pid=84336) _set_version /opt/stack/neutron/neutron/api/rpc/callbacks/version_manager.py:113}}
Nov 09 10:57:28.313141 n-d-817173-1 neutron-server[84336]: DEBUG neutron.api.rpc.callbacks.version_manager [None req-7834876b-aa61-49ea-bf4b-6818a38ce656 None None] Version for resource type SubPort changed None to 1.0 on consumer Open vSwitch agent@n-d-817173-1 {{(pid=84336) _set_version /opt/stack/neutron/neutron/api/rpc/callbacks/version_manager.py:113}}
Nov 09 10:57:28.313141 n-d-817173-1 neutron-server[84336]: DEBUG neutron.api.rpc.callbacks.version_manager [None req-7834876b-aa61-49ea-bf4b-6818a38ce656 None None] Version for resource type Subnet changed None to 1.1 on consumer Open vSwitch agent@n-d-817173-1 {{(pid=84336) _set_version /opt/stack/neutron/neutron/api/rpc/callbacks/version_manager.py:113}}
Nov 09 10:57:28.313141 n-d-817173-1 neutron-server[84336]: DEBUG neutron.api.rpc.callbacks.version_manager [None req-7834876b-aa61-49ea-bf4b-6818a38ce656 None None] Version for resource type Trunk changed None to 1.1 on consumer Open vSwitch agent@n-d-817173-1 {{(pid=84336) _set_version /opt/stack/neutron/neutron/api/rpc/callbacks/version_manager.py:113}}
Nov 09 10:57:28.313141 n-d-817173-1 neutron-server[84336]: DEBUG neutron.api.rpc.callbacks.version_manager [None req-7834876b-aa61-49ea-bf4b-6818a38ce656 None None] Tracked resource versions report:
Nov 09 10:57:28.313141 n-d-817173-1 neutron-server[84336]: pushed versions:
Nov 09 10:57:28.313141 n-d-817173-1 neutron-server[84336]: { 'ConntrackHelper': {'1.0'},
Nov 09 10:57:28.313141 n-d-817173-1 neutron-server[84336]: 'Log': {'1.0'},
Nov 09 10:57:28.313141 n-d-817173-1 neutron-server[84336]: 'Network': {'1.1'},
Nov 09 10:57:28.313141 n-d-817173-1 neutron-server[84336]: 'Port': {'1.5'},
Nov 09 10:57:28.313141 n-d-817173-1 neutron-server[84336]: 'PortForwarding': {'1.2'},
Nov 09 10:57:28.313141 n-d-817173-1 neutron-server[84336]: 'QosPolicy': {'1.8'},
Nov 09 10:57:28.313141 n-d-817173-1 neutron-server[84336]: 'SecurityGroup': {'1.2'},
Nov 09 10:57:28.313141 n-d-817173-1 neutron-server[84336]: 'SecurityGroupRule': {'1.0'},
Nov 09 10:57:28.313141 n-d-817173-1 neutron-server[84336]: 'SubPort': {'1.0'},
Nov 09 10:57:28.313141 n-d-817173-1 neutron-server[84336]: 'Subnet': {'1.1'},
Nov 09 10:57:28.313141 n-d-817173-1 neutron-server[84336]: 'Trunk': {'1.1'}}
Nov 09 10:57:28.313141 n-d-817173-1 neutron-server[84336]: consumer versions:
Nov 09 10:57:28.313141 n-d-817173-1 neutron-server[84336]: { DHCP agent@n-d-817173-1: {},
Nov 09 10:57:28.313141 n-d-817173-1 neutron-server[84336]: HyperV agent@n-h1-817173-1: {},
Nov 09 10:57:28.313141 n-d-817173-1 neutron-server[84336]: HyperV agent@n-h2-817173-1: {},
Nov 09 10:57:28.313141 n-d-817173-1 neutron-server[84336]: L3 agent@n-d-817173-1: {},
Nov 09 10:57:28.313141 n-d-817173-1 neutron-server[84336]: Metadata agent@n-d-817173-1: {},
Nov 09 10:57:28.313141 n-d-817173-1 neutron-server[84336]: Metering agent@n-d-817173-1: {},
Nov 09 10:57:28.313141 n-d-817173-1 neutron-server[84336]: Open vSwitch agent@n-d-817173-1: { 'ConntrackHelper': '1.0',
Nov 09 10:57:28.313141 n-d-817173-1 neutron-server[84336]: 'Log': '1.0',
Nov 09 10:57:28.313141 n-d-817173-1 neutron-server[84336]: 'Network': '1.1',
Nov 09 10:57:28.313141 n-d-817173-1 neutron-server[84336]: 'Port': '1.5',
Nov 09 10:57:28.313141 n-d-817173-1 neutron-server[84336]: 'PortForwarding': '1.2',
Nov 09 10:57:28.313141 n-d-817173-1 neutron-server[84336]: 'QosPolicy': '1.8',
Nov 09 10:57:28.313141 n-d-817173-1 neutron-server[84336]: 'SecurityGroup': '1.2',
Nov 09 10:57:28.313141 n-d-817173-1 neutron-server[84336]: 'SecurityGroupRule': '1.0',
Nov 09 10:57:28.313141 n-d-817173-1 neutron-server[84336]: 'SubPort': '1.0',
Nov 09 10:57:28.313141 n-d-817173-1 neutron-server[84336]: 'Subnet': '1.1',
Nov 09 10:57:28.313141 n-d-817173-1 neutron-server[84336]: 'Trunk': '1.1'}}
Nov 09 10:57:28.313141 n-d-817173-1 neutron-server[84336]: {{(pid=84336) report /opt/stack/neutron/neutron/api/rpc/callbacks/version_manager.py:175}}
Nov 09 10:57:28.326855 n-d-817173-1 neutron-server[84336]: DEBUG oslo_concurrency.lockutils [None req-7834876b-aa61-49ea-bf4b-6818a38ce656 None None] Lock "event-dispatch" released by "neutron.plugins.ml2.ovo_rpc._ObjectChangeHandler.dispatch_events" :: held 0.379s {{(pid=84336) inner /usr/local/lib/python3.8/dist-packages/oslo_concurrency/lockutils.py:367}}
Nov 09 10:57:28.330335 n-d-817173-1 neutron-server[84336]: DEBUG neutron.plugins.ml2.managers [None req-1cecd92a-974c-46da-8ebf-59b7a6a0f2b0 None None] Attempting to bind port d0721365-1a44-447e-ab91-18e882e9e7bb on host n-d-817173-1 for vnic_type normal with profile {{(pid=84336) bind_port /opt/stack/neutron/neutron/plugins/ml2/managers.py:790}}
Nov 09 10:57:28.331176 n-d-817173-1 neutron-server[84336]: DEBUG neutron.plugins.ml2.managers [None req-1cecd92a-974c-46da-8ebf-59b7a6a0f2b0 None None] Attempting to bind port d0721365-1a44-447e-ab91-18e882e9e7bb by drivers openvswitch,hyperv on host n-d-817173-1 at level 0 using segments [{'id': '1e18834d-a00e-4472-91f1-0b1d72b3947b', 'network_type': 'flat', 'physical_network': 'physnet1', 'segmentation_id': None, 'network_id': '8f6d29ce-6f1c-4c9f-889e-fbfb031b1080'}] {{(pid=84336) _bind_port_level /opt/stack/neutron/neutron/plugins/ml2/managers.py:815}}
Nov 09 10:57:28.331176 n-d-817173-1 neutron-server[84336]: DEBUG neutron.plugins.ml2.drivers.mech_agent [None req-1cecd92a-974c-46da-8ebf-59b7a6a0f2b0 None None] Attempting to bind port d0721365-1a44-447e-ab91-18e882e9e7bb on network 8f6d29ce-6f1c-4c9f-889e-fbfb031b1080 {{(pid=84336) bind_port /opt/stack/neutron/neutron/plugins/ml2/drivers/mech_agent.py:85}}
Nov 09 10:57:28.347526 n-d-817173-1 neutron-server[84333]: DEBUG neutron_lib.callbacks.manager [None req-ac29a4dc-b4d4-434c-8e11-0d23d3a7f126 admin admin] Notify callbacks ['neutron.plugins.ml2.plugin.SecurityGroupDbMixin._ensure_default_security_group_handler-1057330'] for port, before_create {{(pid=84333) _notify_loop /usr/local/lib/python3.8/dist-packages/neutron_lib/callbacks/manager.py:192}}
Nov 09 10:57:28.373354 n-d-817173-1 neutron-server[84336]: DEBUG neutron.plugins.ml2.drivers.mech_agent [None req-1cecd92a-974c-46da-8ebf-59b7a6a0f2b0 None None] Checking agent: {'id': 'f2f3dc9a-4dba-449d-b45f-6342bd8aa48a', 'agent_type': 'Open vSwitch agent', 'binary': 'neutron-openvswitch-agent', 'topic': 'N/A', 'host': 'n-d-817173-1', 'admin_state_up': True, 'created_at': datetime.datetime(2021, 11, 9, 10, 46, 17), 'started_at': datetime.datetime(2021, 11, 9, 10, 46, 47), 'heartbeat_timestamp': datetime.datetime(2021, 11, 9, 10, 57, 17), 'description': None, 'resources_synced': None, 'availability_zone': None, 'alive': True, 'configurations': {'arp_responder_enabled': False, 'baremetal_smartnic': False, 'bridge_mappings': {'physnet1': 'br-data'}, 'datapath_type': 'system', 'devices': 0, 'enable_distributed_routing': False, 'extensions': [], 'in_distributed_mode': False, 'integration_bridge': 'br-int', 'l2_population': False, 'log_agent_heartbeats': False, 'ovs_capabilities': {'datapath_types': ['netdev', 'system'], 'iface_types': ['erspan', 'geneve', 'gre', 'internal', 'ip6erspan', 'ip6gre', 'lisp', 'patch', 'stt', 'system', 'tap', 'vxlan']}, 'ovs_hybrid_plug': False, 'resource_provider_bandwidths': {}, 'resource_provider_hypervisors': {'br-data': 'n-d-817173-1'}, 'resource_provider_inventory_defaults': {'allocation_ratio': 1.0, 'min_unit': 1, 'step_size': 1, 'reserved': 0}, 'tunnel_types': [], 'tunneling_ip': None, 'vhostuser_socket_dir': '/var/run/openvswitch'}, 'resource_versions': {'ConntrackHelper': '1.0', 'Log': '1.0', 'Network': '1.1', 'Port': '1.5', 'PortForwarding': '1.2', 'QosPolicy': '1.8', 'SecurityGroup': '1.2', 'SecurityGroupRule': '1.0', 'SubPort': '1.0', 'Subnet': '1.1', 'Trunk': '1.1'}} {{(pid=84336) bind_port /opt/stack/neutron/neutron/plugins/ml2/drivers/mech_agent.py:104}}
Nov 09 10:57:28.374160 n-d-817173-1 neutron-server[84336]: DEBUG neutron.plugins.ml2.drivers.mech_agent [None req-1cecd92a-974c-46da-8ebf-59b7a6a0f2b0 None None] Checking segment: {'id': '1e18834d-a00e-4472-91f1-0b1d72b3947b', 'network_type': 'flat', 'physical_network': 'physnet1', 'segmentation_id': None, 'network_id': '8f6d29ce-6f1c-4c9f-889e-fbfb031b1080'} for mappings: {'physnet1': 'br-data'} with network types: ['local', 'flat', 'vlan'] {{(pid=84336) check_segment_for_agent /opt/stack/neutron/neutron/plugins/ml2/drivers/mech_agent.py:340}}
Nov 09 10:57:28.374160 n-d-817173-1 neutron-server[84336]: DEBUG neutron_lib.callbacks.manager [None req-1cecd92a-974c-46da-8ebf-59b7a6a0f2b0 None None] Notify callbacks [] for ovs_bridge_name, before_read {{(pid=84336) _notify_loop /usr/local/lib/python3.8/dist-packages/neutron_lib/callbacks/manager.py:192}}
Nov 09 10:57:28.374515 n-d-817173-1 neutron-server[84336]: DEBUG neutron.plugins.ml2.drivers.mech_agent [None req-1cecd92a-974c-46da-8ebf-59b7a6a0f2b0 None None] Bound using segment: {'id': '1e18834d-a00e-4472-91f1-0b1d72b3947b', 'network_type': 'flat', 'physical_network': 'physnet1', 'segmentation_id': None, 'network_id': '8f6d29ce-6f1c-4c9f-889e-fbfb031b1080'} {{(pid=84336) bind_port /opt/stack/neutron/neutron/plugins/ml2/drivers/mech_agent.py:114}}
Nov 09 10:57:28.375308 n-d-817173-1 neutron-server[84336]: DEBUG neutron.plugins.ml2.managers [None req-1cecd92a-974c-46da-8ebf-59b7a6a0f2b0 None None] Bound port: d0721365-1a44-447e-ab91-18e882e9e7bb, host: n-d-817173-1, vif_type: ovs, vif_details: {"connectivity": "l2", "port_filter": true, "ovs_hybrid_plug": false, "datapath_type": "system", "bridge_name": "br-int"}, binding_levels: [{'bound_driver': 'openvswitch', 'bound_segment': {'id': '1e18834d-a00e-4472-91f1-0b1d72b3947b', 'network_type': 'flat', 'physical_network': 'physnet1', 'segmentation_id': None, 'network_id': '8f6d29ce-6f1c-4c9f-889e-fbfb031b1080'}}] {{(pid=84336) _bind_port_level /opt/stack/neutron/neutron/plugins/ml2/managers.py:928}}
Nov 09 10:57:28.375569 n-d-817173-1 neutron-server[84336]: DEBUG neutron_lib.callbacks.manager [None req-1cecd92a-974c-46da-8ebf-59b7a6a0f2b0 None None] Notify callbacks ['neutron.plugins.ml2.plugin.SecurityGroupDbMixin._ensure_default_security_group_handler-1057330'] for port, before_update {{(pid=84336) _notify_loop /usr/local/lib/python3.8/dist-packages/neutron_lib/callbacks/manager.py:192}}
Nov 09 10:57:28.377816 n-d-817173-1 neutron-server[84334]: INFO neutron.wsgi [req-b01229a8-79eb-4047-9220-3f06a52b0077 req-fd547126-1a33-4647-a073-9d0ce024aef8 service neutron] 10.222.0.57 "GET /v2.0/networks/6583ce2c-1c68-4983-b0d6-b87935eb18bc?fields=provider%3Aphysical_network&fields=provider%3Anetwork_type HTTP/1.1" status: 200 len: 281 time: 0.6283000
Nov 09 10:57:28.412682 n-d-817173-1 neutron-server[84334]: DEBUG neutron.db.db_base_plugin_common [req-7330f429-9282-4382-a785-b8748d4e90cb req-75de2a75-5574-400f-9fbd-092961d87f20 tempest-AggregatesAdminTestJSON-579725647 tempest-AggregatesAdminTestJSON-579725647-project] Allocated IP 192.168.233.169 (6583ce2c-1c68-4983-b0d6-b87935eb18bc/4a102449-e0e4-4aca-8dfe-2a5bcc69e1dc/48b81e66-372b-450e-bef9-420adaa9840f) {{(pid=84334) _store_ip_allocation /opt/stack/neutron/neutron/db/db_base_plugin_common.py:131}}
Nov 09 10:57:28.448295 n-d-817173-1 neutron-server[84335]: DEBUG neutron.db.provisioning_blocks [None req-29593cf9-ea47-4763-8e50-712d21ba8289 None None] Provisioning complete for port 612b2489-d661-4321-8002-3d14ad7c58b7 triggered by entity L2. {{(pid=84335) provisioning_complete /opt/stack/neutron/neutron/db/provisioning_blocks.py:139}}
Nov 09 10:57:28.450358 n-d-817173-1 neutron-server[84335]: DEBUG neutron_lib.callbacks.manager [None req-29593cf9-ea47-4763-8e50-712d21ba8289 None None] Notify callbacks ['neutron.plugins.ml2.plugin.Ml2Plugin._port_provisioned-1560947'] for port, provisioning_complete {{(pid=84335) _notify_loop /usr/local/lib/python3.8/dist-packages/neutron_lib/callbacks/manager.py:192}}
Nov 09 10:57:28.589631 n-d-817173-1 neutron-server[84336]: DEBUG neutron.plugins.ml2.db [None req-1cecd92a-974c-46da-8ebf-59b7a6a0f2b0 None None] For port d0721365-1a44-447e-ab91-18e882e9e7bb, host n-d-817173-1, cleared binding levels {{(pid=84336) clear_binding_levels /opt/stack/neutron/neutron/plugins/ml2/db.py:87}}
Nov 09 10:57:28.595869 n-d-817173-1 neutron-server[84336]: DEBUG neutron.plugins.ml2.db [None req-1cecd92a-974c-46da-8ebf-59b7a6a0f2b0 None None] For port d0721365-1a44-447e-ab91-18e882e9e7bb, host n-d-817173-1, set binding levels [PortBindingLevel(driver='openvswitch',host='n-d-817173-1',level=0,port_id=d0721365-1a44-447e-ab91-18e882e9e7bb,segment=NetworkSegment(1e18834d-a00e-4472-91f1-0b1d72b3947b),segment_id=1e18834d-a00e-4472-91f1-0b1d72b3947b)] {{(pid=84336) set_binding_levels /opt/stack/neutron/neutron/plugins/ml2/db.py:59}}
Nov 09 10:57:28.680785 n-d-817173-1 neutron-server[84336]: DEBUG neutron_lib.callbacks.manager [None req-1cecd92a-974c-46da-8ebf-59b7a6a0f2b0 None None] Notify callbacks ['neutron.plugins.ml2.plugin.SecurityGroupServerNotifierRpcMixin.notify_sg_on_port_change-1057374', 'neutron.plugins.ml2.ovo_rpc._ObjectChangeHandler.handle_event-521836', 'neutron.api.rpc.agentnotifiers.dhcp_rpc_agent_api.DhcpAgentNotifyAPI._native_event_send_dhcp_notification-1716011', 'neutron.db.l3_db.L3RpcNotifierMixin._notify_gateway_port_ip_changed-8755037897975', 'neutron.db.l3_dvrscheduler_db._notify_l3_agent_port_update-8755037471865', 'neutron.db.l3_hascheduler_db._notify_l3_agent_ha_port_update-8755037471910'] for port, after_update {{(pid=84336) _notify_loop /usr/local/lib/python3.8/dist-packages/neutron_lib/callbacks/manager.py:192}}
Nov 09 10:57:28.687187 n-d-817173-1 neutron-server[84336]: DEBUG oslo_concurrency.lockutils [None req-7834876b-aa61-49ea-bf4b-6818a38ce656 None None] Lock "event-dispatch" acquired by "neutron.plugins.ml2.ovo_rpc._ObjectChangeHandler.dispatch_events" :: waited 0.000s {{(pid=84336) inner /usr/local/lib/python3.8/dist-packages/oslo_concurrency/lockutils.py:355}}
Nov 09 10:57:28.958415 n-d-817173-1 neutron-server[84333]: DEBUG neutron.db.db_base_plugin_common [None req-ac29a4dc-b4d4-434c-8e11-0d23d3a7f126 admin admin] Allocated IP 172.20.0.1 (c9505e81-1780-4085-99c6-eafe6690270a/8c7892a5-1465-4956-a26c-d90d23945741/11764e1a-3b37-4525-9402-184100627290) {{(pid=84333) _store_ip_allocation /opt/stack/neutron/neutron/db/db_base_plugin_common.py:131}}
Nov 09 10:57:29.001000 n-d-817173-1 neutron-server[84336]: DEBUG neutron.api.rpc.handlers.resources_rpc [None req-7834876b-aa61-49ea-bf4b-6818a38ce656 None None] Pushing event updated for resources: {'Port': ['ID=d0721365-1a44-447e-ab91-18e882e9e7bb,revision_number=3']} {{(pid=84336) push /opt/stack/neutron/neutron/api/rpc/handlers/resources_rpc.py:237}}
Nov 09 10:57:29.012668 n-d-817173-1 neutron-server[84336]: DEBUG oslo_concurrency.lockutils [None req-7834876b-aa61-49ea-bf4b-6818a38ce656 None None] Lock "event-dispatch" released by "neutron.plugins.ml2.ovo_rpc._ObjectChangeHandler.dispatch_events" :: held 0.326s {{(pid=84336) inner /usr/local/lib/python3.8/dist-packages/oslo_concurrency/lockutils.py:367}}
Nov 09 10:57:29.022153 n-d-817173-1 neutron-server[84336]: DEBUG neutron.db.l3_dvrscheduler_db [None req-1cecd92a-974c-46da-8ebf-59b7a6a0f2b0 None None] Routers {'c9391bfa-1707-466b-a4ac-5cdbe840d01d'} bound to L3 agent in host n-d-817173-1 {{(pid=84336) _get_router_ids_for_agent /opt/stack/neutron/neutron/db/l3_dvrscheduler_db.py:420}}
Nov 09 10:57:29.023043 n-d-817173-1 neutron-server[84336]: DEBUG neutron.db.l3_hamode_db [None req-1cecd92a-974c-46da-8ebf-59b7a6a0f2b0 None None] neutron.services.l3_router.l3_router_plugin.L3RouterPlugin method get_ha_sync_data_for_host called with arguments (, 'n-d-817173-1', Agent(admin_state_up=True,agent_type='L3 agent',availability_zone='nova',binary='neutron-l3-agent',configurations={"agent_mode": "legacy", "ex_gw_ports": 1, "extensions": [], "floating_ips": 0, "handle_internal_only_routers": true, "interface_driver": "openvswitch", "interfaces": 1, "log_agent_heartbeats": false, "routers": 1},created_at=2021-11-09T10:46:19Z,description=,heartbeat_timestamp=2021-11-09T10:57:19Z,host='n-d-817173-1',id=566ba733-ee2d-4ef5-bfc6-ac2b544e54ba,load=0,resource_versions=,resources_synced=,started_at=2021-11-09T10:46:20Z,topic='l3_agent')) {'router_ids': ['c9391bfa-1707-466b-a4ac-5cdbe840d01d'], 'active': True} {{(pid=84336) wrapper /usr/local/lib/python3.8/dist-packages/oslo_log/helpers.py:65}}
Nov 09 10:57:29.375915 n-d-817173-1 neutron-server[84334]: DEBUG neutron_lib.callbacks.manager [req-7330f429-9282-4382-a785-b8748d4e90cb req-75de2a75-5574-400f-9fbd-092961d87f20 tempest-AggregatesAdminTestJSON-579725647 tempest-AggregatesAdminTestJSON-579725647-project] Notify callbacks [] for port, precommit_create {{(pid=84334) _notify_loop /usr/local/lib/python3.8/dist-packages/neutron_lib/callbacks/manager.py:192}}
Nov 09 10:57:29.392541 n-d-817173-1 neutron-server[84333]: DEBUG neutron_lib.callbacks.manager [None req-ac29a4dc-b4d4-434c-8e11-0d23d3a7f126 admin admin] Notify callbacks [] for port, precommit_create {{(pid=84333) _notify_loop /usr/local/lib/python3.8/dist-packages/neutron_lib/callbacks/manager.py:192}}
Nov 09 10:57:29.412797 n-d-817173-1 neutron-server[84334]: DEBUG neutron.db.provisioning_blocks [req-7330f429-9282-4382-a785-b8748d4e90cb req-75de2a75-5574-400f-9fbd-092961d87f20 tempest-AggregatesAdminTestJSON-579725647 tempest-AggregatesAdminTestJSON-579725647-project] Transition to ACTIVE for port object 48b81e66-372b-450e-bef9-420adaa9840f will not be triggered until provisioned by entity DHCP. {{(pid=84334) add_provisioning_component /opt/stack/neutron/neutron/db/provisioning_blocks.py:73}}
Nov 09 10:57:29.423311 n-d-817173-1 neutron-server[84333]: DEBUG neutron.pecan_wsgi.hooks.policy_enforcement [req-c5354420-2ef8-4d6f-8b45-5becbb091f67 req-7a412cad-bce6-4d1b-a532-68c40d2d773f tempest-DeleteServersAdminTestJSON-1946033692 tempest-DeleteServersAdminTestJSON-1946033692-project] Attributes excluded by policy engine: ['binding:profile', 'binding:host_id', 'binding:vif_type', 'binding:vif_details'] {{(pid=84333) _exclude_attributes_by_policy /opt/stack/neutron/neutron/pecan_wsgi/hooks/policy_enforcement.py:255}}
Nov 09 10:57:29.442613 n-d-817173-1 neutron-server[84333]: INFO neutron.wsgi [req-c5354420-2ef8-4d6f-8b45-5becbb091f67 req-7a412cad-bce6-4d1b-a532-68c40d2d773f tempest-DeleteServersAdminTestJSON-1946033692 tempest-DeleteServersAdminTestJSON-1946033692-project] 10.222.0.50 "GET /v2.0/ports?device_id=c4c946ef-0e9e-41fd-9cbb-b72f113bb4c7 HTTP/1.1" status: 200 len: 947 time: 0.5971291
Nov 09 10:57:29.447104 n-d-817173-1 neutron-server[84333]: DEBUG neutron.db.provisioning_blocks [None req-ac29a4dc-b4d4-434c-8e11-0d23d3a7f126 admin admin] Transition to ACTIVE for port object 11764e1a-3b37-4525-9402-184100627290 will not be triggered until provisioned by entity DHCP. {{(pid=84333) add_provisioning_component /opt/stack/neutron/neutron/db/provisioning_blocks.py:73}}
Nov 09 10:57:29.475428 n-d-817173-1 neutron-server[84336]: DEBUG neutron.db.l3_dvr_db [None req-1cecd92a-974c-46da-8ebf-59b7a6a0f2b0 None None] Set router c9391bfa-1707-466b-a4ac-5cdbe840d01d gateway port host: n-d-817173-1 {{(pid=84336) _build_routers_list /opt/stack/neutron/neutron/db/l3_dvr_db.py:871}}
Nov 09 10:57:29.551364 n-d-817173-1 neutron-server[84333]: INFO neutron.wsgi [req-c5354420-2ef8-4d6f-8b45-5becbb091f67 req-82064683-79b5-48f6-9a49-e1b335eb1ade tempest-DeleteServersAdminTestJSON-1946033692 tempest-DeleteServersAdminTestJSON-1946033692-project] 10.222.0.50 "GET /v2.0/security-groups?id=86a1df6d-9bb0-4043-99bd-0d4efff12879&fields=id&fields=name HTTP/1.1" status: 200 len: 286 time: 0.1077509
Nov 09 10:57:29.576550 n-d-817173-1 neutron-server[84334]: INFO neutron.wsgi [req-270182f5-9fa0-4ad0-8a54-54103feadce9 req-ab888c47-f2b6-40f4-befc-80d642ce2e50 tempest-AggregatesAdminTestJSON-579725647 tempest-AggregatesAdminTestJSON-579725647-project] 10.222.0.50 "GET /v2.0/ports?device_id=b66a353f-dcb4-4f68-9faa-51697bcc2436 HTTP/1.1" status: 200 len: 210 time: 0.1066568
Nov 09 10:57:29.593203 n-d-817173-1 neutron-server[84334]: INFO neutron.wsgi [req-4f0193a4-fb54-4de3-8c3d-2f3a9d798f97 req-7428f9c8-d911-4ead-9863-53ddbc5713bd service neutron] 10.222.0.57 "GET /v2.0/ports?tenant_id=0a35f1e4c2fb4ebda098ce863063542f&device_id=c4c946ef-0e9e-41fd-9cbb-b72f113bb4c7 HTTP/1.1" status: 200 len: 1098 time: 1.0196424
Nov 09 10:57:29.658348 n-d-817173-1 neutron-server[84333]: DEBUG neutron_lib.callbacks.manager [None req-ac29a4dc-b4d4-434c-8e11-0d23d3a7f126 admin admin] Notify callbacks ['neutron.plugins.ml2.plugin.SecurityGroupServerNotifierRpcMixin.notify_sg_on_port_change-1057374', 'neutron.plugins.ml2.ovo_rpc._ObjectChangeHandler.handle_event-521836', 'neutron.api.rpc.agentnotifiers.dhcp_rpc_agent_api.DhcpAgentNotifyAPI._native_event_send_dhcp_notification-1716011', 'neutron.db.l3_dvrscheduler_db._notify_l3_agent_new_port-8755037471847'] for port, after_create {{(pid=84333) _notify_loop /usr/local/lib/python3.8/dist-packages/neutron_lib/callbacks/manager.py:192}}
Nov 09 10:57:29.663011 n-d-817173-1 neutron-server[84333]: DEBUG oslo_concurrency.lockutils [-] Lock "event-dispatch" acquired by "neutron.plugins.ml2.ovo_rpc._ObjectChangeHandler.dispatch_events" :: waited 0.000s {{(pid=84333) inner /usr/local/lib/python3.8/dist-packages/oslo_concurrency/lockutils.py:355}}
Nov 09 10:57:29.758479 n-d-817173-1 neutron-server[84334]: DEBUG neutron_lib.callbacks.manager [req-7330f429-9282-4382-a785-b8748d4e90cb req-75de2a75-5574-400f-9fbd-092961d87f20 tempest-AggregatesAdminTestJSON-579725647 tempest-AggregatesAdminTestJSON-579725647-project] Notify callbacks ['neutron.plugins.ml2.plugin.SecurityGroupServerNotifierRpcMixin.notify_sg_on_port_change-1057374', 'neutron.plugins.ml2.ovo_rpc._ObjectChangeHandler.handle_event-521836', 'neutron.api.rpc.agentnotifiers.dhcp_rpc_agent_api.DhcpAgentNotifyAPI._native_event_send_dhcp_notification-1716011', 'neutron.db.l3_dvrscheduler_db._notify_l3_agent_new_port-8755037471847'] for port, after_create {{(pid=84334) _notify_loop /usr/local/lib/python3.8/dist-packages/neutron_lib/callbacks/manager.py:192}}
Nov 09 10:57:29.781933 n-d-817173-1 neutron-server[84334]: DEBUG oslo_concurrency.lockutils [None req-b10513ee-6e8f-4830-afe2-36444bd0097e tempest-DeleteServersAdminTestJSON-1946033692 tempest-DeleteServersAdminTestJSON-1946033692-project] Lock "event-dispatch" acquired by "neutron.plugins.ml2.ovo_rpc._ObjectChangeHandler.dispatch_events" :: waited 0.000s {{(pid=84334) inner /usr/local/lib/python3.8/dist-packages/oslo_concurrency/lockutils.py:355}}
Nov 09 10:57:29.810456 n-d-817173-1 neutron-server[84333]: DEBUG neutron.scheduler.dhcp_agent_scheduler [None req-ac29a4dc-b4d4-434c-8e11-0d23d3a7f126 admin admin] Network c9505e81-1780-4085-99c6-eafe6690270a is already hosted by enough agents. {{(pid=84333) _get_dhcp_agents_hosting_network /opt/stack/neutron/neutron/scheduler/dhcp_agent_scheduler.py:275}}
