Nov 10 19:03:02.560681 n-d-817030-2 neutron-server[119807]: DEBUG neutron_lib.callbacks.manager [None req-8d0c92d3-6c5b-4487-b0a9-8dccd20fac9d None None] Publish callbacks ['neutron.plugins.ml2.plugin.SecurityGroupServerNotifierRpcMixin._notify_sg_on_port_change-1460703', 'neutron.plugins.ml2.ovo_rpc._ObjectChangeHandler.handle_event-39819', 'neutron.api.rpc.agentnotifiers.dhcp_rpc_agent_api.DhcpAgentNotifyAPI._native_event_send_dhcp_notification-1633962', 'neutron.db.l3_db.L3RpcNotifierMixin._notify_gateway_port_ip_changed-8791803187595', 'neutron.db.l3_dvrscheduler_db._notify_l3_agent_port_update-8791802775947', 'neutron.db.l3_hascheduler_db._notify_l3_agent_ha_port_update-8791802775965'] for port, after_update {{(pid=119807) _notify_loop /usr/local/lib/python3.8/dist-packages/neutron_lib/callbacks/manager.py:175}}
Nov 10 19:03:02.616986 n-d-817030-2 neutron-server[119805]: DEBUG neutron.db.provisioning_blocks [req-f772bdd7-e482-4e60-8f65-6207e7e1537c req-4cf4ef41-b35e-4772-a541-ae2593c5ee99 service neutron] Transition to ACTIVE for port object b03f66d8-db26-403e-9018-8e470e236d22 will not be triggered until provisioned by entity L2. {{(pid=119805) add_provisioning_component /opt/stack/neutron/neutron/db/provisioning_blocks.py:73}}
Nov 10 19:03:02.648154 n-d-817030-2 neutron-server[119807]: DEBUG neutron.api.rpc.handlers.resources_rpc [None req-8d0c92d3-6c5b-4487-b0a9-8dccd20fac9d None None] Pushing event updated for resources: {'Port': ['ID=c3b26c6c-6ec7-4825-9263-3570b456d484,revision_number=5']} {{(pid=119807) push /opt/stack/neutron/neutron/api/rpc/handlers/resources_rpc.py:237}}
Nov 10 19:03:02.737619 n-d-817030-2 neutron-server[119807]: DEBUG neutron.db.provisioning_blocks [None req-68895a9c-f683-4125-a43f-ce1bdb1734f5 None None] Provisioning complete for port c3b26c6c-6ec7-4825-9263-3570b456d484 triggered by entity DHCP. {{(pid=119807) provisioning_complete /opt/stack/neutron/neutron/db/provisioning_blocks.py:139}}
Nov 10 19:03:02.737993 n-d-817030-2 neutron-server[119807]: DEBUG neutron_lib.callbacks.manager [None req-68895a9c-f683-4125-a43f-ce1bdb1734f5 None None] Publish callbacks ['neutron.plugins.ml2.plugin.Ml2Plugin._port_provisioned-1442092'] for port, provisioning_complete {{(pid=119807) _notify_loop /usr/local/lib/python3.8/dist-packages/neutron_lib/callbacks/manager.py:175}}
Nov 10 19:03:02.759284 n-d-817030-2 neutron-server[119805]: DEBUG neutron_lib.callbacks.manager [req-f772bdd7-e482-4e60-8f65-6207e7e1537c req-4cf4ef41-b35e-4772-a541-ae2593c5ee99 service neutron] Publish callbacks ['neutron.plugins.ml2.plugin.SecurityGroupServerNotifierRpcMixin._notify_sg_on_port_change-1460703', 'neutron.plugins.ml2.ovo_rpc._ObjectChangeHandler.handle_event-39819', 'neutron.api.rpc.agentnotifiers.dhcp_rpc_agent_api.DhcpAgentNotifyAPI._native_event_send_dhcp_notification-1633962', 'neutron.db.l3_db.L3RpcNotifierMixin._notify_gateway_port_ip_changed-8791803187595', 'neutron.db.l3_dvrscheduler_db._notify_l3_agent_port_update-8791802775947', 'neutron.db.l3_hascheduler_db._notify_l3_agent_ha_port_update-8791802775965'] for port, after_update {{(pid=119805) _notify_loop /usr/local/lib/python3.8/dist-packages/neutron_lib/callbacks/manager.py:175}}
Nov 10 19:03:02.856070 n-d-817030-2 neutron-server[119807]: DEBUG neutron.plugins.ml2.rpc [None req-b6bf67cc-b01e-4688-a24f-bd0c7f0aa510 None None] Device 16e2bc79-9363-498f-9171-a71280a0b15b no longer exists at agent ovs-agent-n-d-817030-2 {{(pid=119807) update_device_down /opt/stack/neutron/neutron/plugins/ml2/rpc.py:259}}
Nov 10 19:03:02.937258 n-d-817030-2 neutron-server[119805]: DEBUG neutron_lib.callbacks.manager [None req-ff2d8520-a2dc-4260-968e-f550d3f7fafb admin admin] Publish callbacks ['neutron.plugins.ml2.ovo_rpc._ObjectChangeHandler.handle_event-370974', 'neutron.api.rpc.agentnotifiers.dhcp_rpc_agent_api.DhcpAgentNotifyAPI._native_event_send_dhcp_notification-1633962'] for subnet, after_create {{(pid=119805) _notify_loop /usr/local/lib/python3.8/dist-packages/neutron_lib/callbacks/manager.py:175}}
Nov 10 19:03:02.937722 n-d-817030-2 neutron-server[119807]: DEBUG neutron.db.l3_hamode_db [None req-e8d8886b-7fb5-40ac-9310-c90b82741a1e None None] neutron.services.l3_router.l3_router_plugin.L3RouterPlugin method _process_sync_ha_data called with arguments (, [{'id': 'd89412f5-0de0-42ab-81ba-5df20607cfc0', 'name': 'tempest-ServersWithSpecificFlavorTestJSON-363709050-router', 'tenant_id': '7eb86645a36640169c990250c0628658', 'admin_state_up': True, 'status': 'ACTIVE', 'external_gateway_info': {'network_id': 'c2714fda-75d4-4ad3-b303-b548511240aa', 'external_fixed_ips': [{'subnet_id': 'de8e8222-bfd8-4ec4-b9c6-7cda25e703f0', 'ip_address': '172.25.0.6'}], 'enable_snat': True}, 'gw_port_id': '27114c82-de61-4218-adfa-8942cd238e6b', 'description': '', 'availability_zones': ['nova'], 'distributed': False, 'ha': False, 'ha_vr_id': 0, 'availability_zone_hints': [], 'routes': [], 'flavor_id': None, 'tags': [], 'created_at': '2021-11-10T19:02:49Z', 'updated_at': '2021-11-10T19:02:56Z', 'revision_number': 4, 'project_id': '7eb86645a36640169c990250c0628658', 'gw_port': {'id': '27114c82-de61-4218-adfa-8942cd238e6b', 'name': '', 'network_id': 'c2714fda-75d4-4ad3-b303-b548511240aa', 'tenant_id': '', 'mac_address': 'fa:16:3e:c9:cd:36', 'admin_state_up': True, 'status': 'ACTIVE', 'device_id': 'd89412f5-0de0-42ab-81ba-5df20607cfc0', 'device_owner': 'network:router_gateway', 'standard_attr_id': 281, 'fixed_ips': [{'subnet_id': 'de8e8222-bfd8-4ec4-b9c6-7cda25e703f0', 'ip_address': '172.25.0.6', 'prefixlen': 24}], 'allowed_address_pairs': [], 'extra_dhcp_opts': [], 'security_groups': [], 'description': '', 'binding:vnic_type': 'normal', 'binding:profile': {}, 'binding:host_id': 'n-d-817030-2', 'binding:vif_type': 'ovs', 'binding:vif_details': {'connectivity': 'l2', 'port_filter': True, 'ovs_hybrid_plug': False, 'datapath_type': 'system', 'bridge_name': 'br-int'}, 'port_security_enabled': False, 'tags': [], 'created_at': '2021-11-10T19:02:51Z', 'updated_at': '2021-11-10T19:02:59Z', 'revision_number': 4, 'project_id': '', 'subnets': [{'id': 'de8e8222-bfd8-4ec4-b9c6-7cda25e703f0', 'cidr': '172.25.0.0/24', 'gateway_ip': '172.25.0.1', 'dns_nameservers': [], 'ipv6_ra_mode': None, 'subnetpool_id': None}], 'extra_subnets': [], 'address_scopes': {4: None, 6: None}, 'mtu': 1500}, 'enable_snat': True, 'gw_port_host': 'n-d-817030-2', '_interfaces': [{'id': 'c3b26c6c-6ec7-4825-9263-3570b456d484', 'name': '', 'network_id': '8568d8b7-a460-4190-8df9-d6a6e6cc04cb', 'tenant_id': '7eb86645a36640169c990250c0628658', 'mac_address': 'fa:16:3e:a9:5c:3d', 'admin_state_up': True, 'status': 'DOWN', 'device_id': 'd89412f5-0de0-42ab-81ba-5df20607cfc0', 'device_owner': 'network:router_interface', 'standard_attr_id': 292, 'fixed_ips': [{'subnet_id': '051e8830-0b2e-43c1-b708-e6226dcaebbc', 'ip_address': '172.20.0.1', 'prefixlen': 28}], 'allowed_address_pairs': [], 'extra_dhcp_opts': [], 'security_groups': [], 'description': '', 'binding:vnic_type': 'normal', 'binding:profile': {}, 'binding:host_id': 'n-d-817030-2', 'binding:vif_type': 'ovs', 'binding:vif_details': {'connectivity': 'l2', 'port_filter': True, 'ovs_hybrid_plug': False, 'datapath_type': 'system', 'bridge_name': 'br-int'}, 'port_security_enabled': False, 'tags': [], 'created_at': '2021-11-10T19:02:56Z', 'updated_at': '2021-11-10T19:03:01Z', 'revision_number': 4, 'project_id': '7eb86645a36640169c990250c0628658', 'subnets': [{'id': '051e8830-0b2e-43c1-b708-e6226dcaebbc', 'cidr': '172.20.0.0/28', 'gateway_ip': '172.20.0.1', 'dns_nameservers': [], 'ipv6_ra_mode': None, 'subnetpool_id': None}], 'extra_subnets': [], 'address_scopes': {4: None, 6: None}, 'mtu': 1500}]}], 'n-d-817030-2', False) {} {{(pid=119807) wrapper /usr/local/lib/python3.8/dist-packages/oslo_log/helpers.py:65}}
Nov 10 19:03:02.944313 n-d-817030-2 neutron-server[119807]: DEBUG neutron.plugins.ml2.plugin [None req-b6bf67cc-b01e-4688-a24f-bd0c7f0aa510 None None] No Port match for: 16e2bc79-9363-498f-9171-a71280a0b15b {{(pid=119807) port_bound_to_host /opt/stack/neutron/neutron/plugins/ml2/plugin.py:2272}}
Nov 10 19:03:02.945136 n-d-817030-2 neutron-server[119807]: DEBUG neutron.plugins.ml2.rpc [None req-b6bf67cc-b01e-4688-a24f-bd0c7f0aa510 None None] Device 16e2bc79-9363-498f-9171-a71280a0b15b not bound to the agent host n-d-817030-2 {{(pid=119807) update_device_down /opt/stack/neutron/neutron/plugins/ml2/rpc.py:269}}
Nov 10 19:03:02.988936 n-d-817030-2 neutron-server[119807]: DEBUG neutron.api.rpc.handlers.l3_rpc [None req-e8d8886b-7fb5-40ac-9310-c90b82741a1e None None] The sync data for ids ['d89412f5-0de0-42ab-81ba-5df20607cfc0'] in n-d-817030-2 is: [{'id': 'd89412f5-0de0-42ab-81ba-5df20607cfc0', 'name': 'tempest-ServersWithSpecificFlavorTestJSON-363709050-router', 'tenant_id': '7eb86645a36640169c990250c0628658', 'admin_state_up': True, 'status': 'ACTIVE', 'external_gateway_info': {'network_id': 'c2714fda-75d4-4ad3-b303-b548511240aa', 'external_fixed_ips': [{'subnet_id': 'de8e8222-bfd8-4ec4-b9c6-7cda25e703f0', 'ip_address': '172.25.0.6'}], 'enable_snat': True}, 'gw_port_id': '27114c82-de61-4218-adfa-8942cd238e6b', 'description': '', 'availability_zones': ['nova'], 'distributed': False, 'ha': False, 'ha_vr_id': 0, 'availability_zone_hints': [], 'routes': [], 'flavor_id': None, 'tags': [], 'created_at': '2021-11-10T19:02:49Z', 'updated_at': '2021-11-10T19:02:56Z', 'revision_number': 4, 'project_id': '7eb86645a36640169c990250c0628658', 'gw_port': {'id': '27114c82-de61-4218-adfa-8942cd238e6b', 'name': '', 'network_id': 'c2714fda-75d4-4ad3-b303-b548511240aa', 'tenant_id': '', 'mac_address': 'fa:16:3e:c9:cd:36', 'admin_state_up': True, 'status': 'ACTIVE', 'device_id': 'd89412f5-0de0-42ab-81ba-5df20607cfc0', 'device_owner': 'network:router_gateway', 'standard_attr_id': 281, 'fixed_ips': [{'subnet_id': 'de8e8222-bfd8-4ec4-b9c6-7cda25e703f0', 'ip_address': '172.25.0.6', 'prefixlen': 24}], 'allowed_address_pairs': [], 'extra_dhcp_opts': [], 'security_groups': [], 'description': '', 'binding:vnic_type': 'normal', 'binding:profile': {}, 'binding:host_id': 'n-d-817030-2', 'binding:vif_type': 'ovs', 'binding:vif_details': {'connectivity': 'l2', 'port_filter': True, 'ovs_hybrid_plug': False, 'datapath_type': 'system', 'bridge_name': 'br-int'}, 'port_security_enabled': False, 'tags': [], 'created_at': '2021-11-10T19:02:51Z', 'updated_at': '2021-11-10T19:02:59Z', 'revision_number': 4, 'project_id': '', 'subnets': [{'id': 'de8e8222-bfd8-4ec4-b9c6-7cda25e703f0', 'cidr': '172.25.0.0/24', 'gateway_ip': '172.25.0.1', 'dns_nameservers': [], 'ipv6_ra_mode': None, 'subnetpool_id': None}], 'extra_subnets': [], 'address_scopes': {4: None, 6: None}, 'mtu': 1500}, 'enable_snat': True, 'gw_port_host': 'n-d-817030-2', '_interfaces': [{'id': 'c3b26c6c-6ec7-4825-9263-3570b456d484', 'name': '', 'network_id': '8568d8b7-a460-4190-8df9-d6a6e6cc04cb', 'tenant_id': '7eb86645a36640169c990250c0628658', 'mac_address': 'fa:16:3e:a9:5c:3d', 'admin_state_up': True, 'status': 'DOWN', 'device_id': 'd89412f5-0de0-42ab-81ba-5df20607cfc0', 'device_owner': 'network:router_interface', 'standard_attr_id': 292, 'fixed_ips': [{'subnet_id': '051e8830-0b2e-43c1-b708-e6226dcaebbc', 'ip_address': '172.20.0.1', 'prefixlen': 28}], 'allowed_address_pairs': [], 'extra_dhcp_opts': [], 'security_groups': [], 'description': '', 'binding:vnic_type': 'normal', 'binding:profile': {}, 'binding:host_id': 'n-d-817030-2', 'binding:vif_type': 'ovs', 'binding:vif_details': {'connectivity': 'l2', 'port_filter': True, 'ovs_hybrid_plug': False, 'datapath_type': 'system', 'bridge_name': 'br-int'}, 'port_security_enabled': False, 'tags': [], 'created_at': '2021-11-10T19:02:56Z', 'updated_at': '2021-11-10T19:03:01Z', 'revision_number': 4, 'project_id': '7eb86645a36640169c990250c0628658', 'subnets': [{'id': '051e8830-0b2e-43c1-b708-e6226dcaebbc', 'cidr': '172.20.0.0/28', 'gateway_ip': '172.20.0.1', 'dns_nameservers': [], 'ipv6_ra_mode': None, 'subnetpool_id': None}], 'extra_subnets': [], 'address_scopes': {4: None, 6: None}, 'mtu': 1500}]}] {{(pid=119807) sync_routers /opt/stack/neutron/neutron/api/rpc/handlers/l3_rpc.py:137}}
Nov 10 19:03:03.030299 n-d-817030-2 neutron-server[119805]: DEBUG neutron.api.rpc.handlers.resources_rpc [None req-4cf4ef41-b35e-4772-a541-ae2593c5ee99 service neutron] Pushing event updated for resources: {'Port': ['ID=b03f66d8-db26-403e-9018-8e470e236d22,revision_number=2']} {{(pid=119805) push /opt/stack/neutron/neutron/api/rpc/handlers/resources_rpc.py:237}}
Nov 10 19:03:03.121498 n-d-817030-2 neutron-server[119805]: DEBUG neutron.plugins.ml2.managers [req-f772bdd7-e482-4e60-8f65-6207e7e1537c req-4cf4ef41-b35e-4772-a541-ae2593c5ee99 service neutron] Attempting to bind port b03f66d8-db26-403e-9018-8e470e236d22 on host n-h1-817030-2 for vnic_type normal with profile {{(pid=119805) bind_port /opt/stack/neutron/neutron/plugins/ml2/managers.py:795}}
Nov 10 19:03:03.121889 n-d-817030-2 neutron-server[119805]: DEBUG neutron.plugins.ml2.managers [req-f772bdd7-e482-4e60-8f65-6207e7e1537c req-4cf4ef41-b35e-4772-a541-ae2593c5ee99 service neutron] Attempting to bind port b03f66d8-db26-403e-9018-8e470e236d22 by drivers openvswitch,hyperv on host n-h1-817030-2 at level 0 using segments [{'id': 'b534e906-6b20-4781-8588-87d350d1cdb4', 'network_type': 'vlan', 'physical_network': 'physnet1', 'segmentation_id': 550, 'network_id': '71317707-6f29-45a9-b2ff-aefcc35c15d0'}] {{(pid=119805) _bind_port_level /opt/stack/neutron/neutron/plugins/ml2/managers.py:820}}
Nov 10 19:03:03.122151 n-d-817030-2 neutron-server[119805]: DEBUG neutron.plugins.ml2.drivers.mech_agent [req-f772bdd7-e482-4e60-8f65-6207e7e1537c req-4cf4ef41-b35e-4772-a541-ae2593c5ee99 service neutron] Attempting to bind port b03f66d8-db26-403e-9018-8e470e236d22 on network 71317707-6f29-45a9-b2ff-aefcc35c15d0 {{(pid=119805) bind_port /opt/stack/neutron/neutron/plugins/ml2/drivers/mech_agent.py:91}}
Nov 10 19:03:03.145499 n-d-817030-2 neutron-server[119805]: DEBUG neutron.api.rpc.handlers.resources_rpc [None req-ff2d8520-a2dc-4260-968e-f550d3f7fafb admin admin] Pushing event updated for resources: {'Subnet': ['ID=eccb033f-e65c-448a-b6e4-18cce2070f58,revision_number=0']} {{(pid=119805) push /opt/stack/neutron/neutron/api/rpc/handlers/resources_rpc.py:237}}
Nov 10 19:03:03.154085 n-d-817030-2 neutron-server[119805]: DEBUG neutron.plugins.ml2.drivers.mech_agent [req-f772bdd7-e482-4e60-8f65-6207e7e1537c req-4cf4ef41-b35e-4772-a541-ae2593c5ee99 service neutron] Port b03f66d8-db26-403e-9018-8e470e236d22 on network 71317707-6f29-45a9-b2ff-aefcc35c15d0 not bound, no agent of type Open vSwitch agent registered on host n-h1-817030-2 {{(pid=119805) bind_port /opt/stack/neutron/neutron/plugins/ml2/drivers/mech_agent.py:103}}
Nov 10 19:03:03.154405 n-d-817030-2 neutron-server[119805]: DEBUG neutron.plugins.ml2.drivers.mech_agent [req-f772bdd7-e482-4e60-8f65-6207e7e1537c req-4cf4ef41-b35e-4772-a541-ae2593c5ee99 service neutron] Attempting to bind port b03f66d8-db26-403e-9018-8e470e236d22 on network 71317707-6f29-45a9-b2ff-aefcc35c15d0 {{(pid=119805) bind_port /opt/stack/neutron/neutron/plugins/ml2/drivers/mech_agent.py:91}}
Nov 10 19:03:03.171264 n-d-817030-2 neutron-server[119805]: DEBUG neutron.plugins.ml2.drivers.mech_agent [req-f772bdd7-e482-4e60-8f65-6207e7e1537c req-4cf4ef41-b35e-4772-a541-ae2593c5ee99 service neutron] Checking agent: {'id': '1b5fad62-9a90-4035-a2fc-f65f0082e37c', 'agent_type': 'HyperV agent', 'binary': 'neutron-hyperv-agent', 'topic': 'N/A', 'host': 'n-h1-817030-2', 'admin_state_up': True, 'created_at': datetime.datetime(2021, 11, 10, 18, 59, 20), 'started_at': datetime.datetime(2021, 11, 10, 18, 59, 20), 'heartbeat_timestamp': datetime.datetime(2021, 11, 10, 19, 2, 50), 'description': None, 'resources_synced': None, 'availability_zone': None, 'alive': True, 'configurations': {'vswitch_mappings': {'physnet1$': 'br-data'}}, 'resource_versions': {}} {{(pid=119805) bind_port /opt/stack/neutron/neutron/plugins/ml2/drivers/mech_agent.py:110}}
Nov 10 19:03:03.171681 n-d-817030-2 neutron-server[119805]: DEBUG neutron.plugins.ml2.drivers.mech_agent [req-f772bdd7-e482-4e60-8f65-6207e7e1537c req-4cf4ef41-b35e-4772-a541-ae2593c5ee99 service neutron] Checking segment: {'id': 'b534e906-6b20-4781-8588-87d350d1cdb4', 'network_type': 'vlan', 'physical_network': 'physnet1', 'segmentation_id': 550, 'network_id': '71317707-6f29-45a9-b2ff-aefcc35c15d0'} for mappings: {'physnet1$': 'br-data'} with network types: ['local', 'flat', 'vlan'] {{(pid=119805) check_segment_for_agent /opt/stack/neutron/neutron/plugins/ml2/drivers/mech_agent.py:371}}
Nov 10 19:03:03.172003 n-d-817030-2 neutron-server[119805]: DEBUG neutron.plugins.ml2.drivers.mech_agent [req-f772bdd7-e482-4e60-8f65-6207e7e1537c req-4cf4ef41-b35e-4772-a541-ae2593c5ee99 service neutron] Bound using segment: {'id': 'b534e906-6b20-4781-8588-87d350d1cdb4', 'network_type': 'vlan', 'physical_network': 'physnet1', 'segmentation_id': 550, 'network_id': '71317707-6f29-45a9-b2ff-aefcc35c15d0'} {{(pid=119805) bind_port /opt/stack/neutron/neutron/plugins/ml2/drivers/mech_agent.py:120}}
Nov 10 19:03:03.172431 n-d-817030-2 neutron-server[119805]: DEBUG neutron.plugins.ml2.managers [req-f772bdd7-e482-4e60-8f65-6207e7e1537c req-4cf4ef41-b35e-4772-a541-ae2593c5ee99 service neutron] Bound port: b03f66d8-db26-403e-9018-8e470e236d22, host: n-h1-817030-2, vif_type: hyperv, vif_details: {"connectivity": "legacy", "port_filter": false}, binding_levels: [{'bound_driver': 'hyperv', 'bound_segment': {'id': 'b534e906-6b20-4781-8588-87d350d1cdb4', 'network_type': 'vlan', 'physical_network': 'physnet1', 'segmentation_id': 550, 'network_id': '71317707-6f29-45a9-b2ff-aefcc35c15d0'}}] {{(pid=119805) _bind_port_level /opt/stack/neutron/neutron/plugins/ml2/managers.py:932}}
Nov 10 19:03:03.172787 n-d-817030-2 neutron-server[119805]: DEBUG neutron_lib.callbacks.manager [req-f772bdd7-e482-4e60-8f65-6207e7e1537c req-4cf4ef41-b35e-4772-a541-ae2593c5ee99 service neutron] Publish callbacks ['neutron.plugins.ml2.plugin.SecurityGroupDbMixin._ensure_default_security_group_handler-1486948'] for port, before_update {{(pid=119805) _notify_loop /usr/local/lib/python3.8/dist-packages/neutron_lib/callbacks/manager.py:175}}
Nov 10 19:03:03.174214 n-d-817030-2 neutron-server[119806]: DEBUG neutron.pecan_wsgi.hooks.policy_enforcement [req-dc989471-433f-47d5-bc32-1fdca6ac76a3 req-0f75f0ff-1151-44db-925b-ca3c7d84c52a tempest-MigrationsAdminTest-165012262 tempest-MigrationsAdminTest-165012262-project] Attributes excluded by policy engine: ['standard_attr_id', 'binding:profile', 'binding:host_id', 'binding:vif_type', 'binding:vif_details'] {{(pid=119806) _exclude_attributes_by_policy /opt/stack/neutron/neutron/pecan_wsgi/hooks/policy_enforcement.py:255}}
Nov 10 19:03:03.176215 n-d-817030-2 neutron-server[119806]: INFO neutron.wsgi [req-dc989471-433f-47d5-bc32-1fdca6ac76a3 req-0f75f0ff-1151-44db-925b-ca3c7d84c52a tempest-MigrationsAdminTest-165012262 tempest-MigrationsAdminTest-165012262-project] 10.222.0.66 "GET /v2.0/ports?device_id=61dc6e95-f87d-4115-95ea-180a9678164e HTTP/1.1" status: 200 len: 949 time: 0.1936331
Nov 10 19:03:03.183182 n-d-817030-2 neutron-server[119806]: DEBUG neutron.pecan_wsgi.hooks.policy_enforcement [req-5a06a4ca-78c3-435d-9a8f-cce8187314fa req-495cabab-fb55-4799-a23b-1a7cafcb5c66 tempest-LiveMigrationTest-823803801 tempest-LiveMigrationTest-823803801-project-admin] Attributes excluded by policy engine: ['standard_attr_id'] {{(pid=119806) _exclude_attributes_by_policy /opt/stack/neutron/neutron/pecan_wsgi/hooks/policy_enforcement.py:255}}
Nov 10 19:03:03.191954 n-d-817030-2 neutron-server[119806]: INFO neutron.wsgi [req-5a06a4ca-78c3-435d-9a8f-cce8187314fa req-495cabab-fb55-4799-a23b-1a7cafcb5c66 tempest-LiveMigrationTest-823803801 tempest-LiveMigrationTest-823803801-project-admin] 10.222.0.66 "GET /v2.0/ports?device_id=3b327d84-544a-439f-ae06-afd22db5fbda HTTP/1.1" status: 200 len: 1097 time: 0.1943460
Nov 10 19:03:03.204751 n-d-817030-2 neutron-server[119805]: DEBUG neutron.plugins.ml2.drivers.mech_agent [None req-ff2d8520-a2dc-4260-968e-f550d3f7fafb admin admin] Checking segment: {'id': '30507f03-f970-403d-bba4-47b31086a742', 'network_type': 'vlan', 'physical_network': 'physnet1', 'segmentation_id': 590, 'network_id': 'e6cb3445-b608-427d-89ae-537ed6d56099'} for mappings: {'physnet1': 'br-data'} with network types: ['local', 'flat', 'vlan'] {{(pid=119805) check_segment_for_agent /opt/stack/neutron/neutron/plugins/ml2/drivers/mech_agent.py:371}}
Nov 10 19:03:03.205108 n-d-817030-2 neutron-server[119805]: DEBUG neutron.scheduler.dhcp_agent_scheduler [None req-ff2d8520-a2dc-4260-968e-f550d3f7fafb admin admin] Network hostable DHCP agents. Network: e6cb3445-b608-427d-89ae-537ed6d56099, hostable agents: ['198db2e2-8ae7-40c6-b65e-f23fdf69f388'], hosted agents: [] {{(pid=119805) _get_network_hostable_dhcp_agents /opt/stack/neutron/neutron/scheduler/dhcp_agent_scheduler.py:329}}
Nov 10 19:03:03.243313 n-d-817030-2 neutron-server[119805]: DEBUG neutron_lib.callbacks.manager [None req-9d0a454e-05af-43f8-8054-9dc2d50fc6f7 admin admin] Publish callbacks ['neutron.plugins.ml2.plugin.SecurityGroupServerNotifierRpcMixin._notify_sg_on_port_change-1460703', 'neutron.plugins.ml2.ovo_rpc._ObjectChangeHandler.handle_event-39819', 'neutron.api.rpc.agentnotifiers.dhcp_rpc_agent_api.DhcpAgentNotifyAPI._native_event_send_dhcp_notification-1633962', 'neutron.db.l3_db.L3RpcNotifierMixin._notify_routers_callback-8791803187577', 'neutron.db.l3_dvrscheduler_db._notify_port_delete-8791802775938'] for port, after_delete {{(pid=119805) _notify_loop /usr/local/lib/python3.8/dist-packages/neutron_lib/callbacks/manager.py:175}}
Nov 10 19:03:03.285994 n-d-817030-2 neutron-server[119805]: DEBUG neutron.api.rpc.handlers.resources_rpc [None req-9d0a454e-05af-43f8-8054-9dc2d50fc6f7 admin admin] Pushing event deleted for resources: {'Port': ['ID=ee820eef-be86-4106-aea5-fadfdf864d78,revision_number=None']} {{(pid=119805) push /opt/stack/neutron/neutron/api/rpc/handlers/resources_rpc.py:237}}
Nov 10 19:03:03.293174 n-d-817030-2 neutron-server[119806]: INFO neutron.wsgi [req-5a06a4ca-78c3-435d-9a8f-cce8187314fa req-30d8a3c1-b76a-4824-a5fa-15e76990ed42 tempest-LiveMigrationTest-823803801 tempest-LiveMigrationTest-823803801-project-admin] 10.222.0.66 "GET /v2.0/security-groups?id=ad3355d1-6ed0-44e3-a466-0216dc73a5df&fields=id&fields=name HTTP/1.1" status: 200 len: 286 time: 0.1000047
Nov 10 19:03:03.315025 n-d-817030-2 neutron-server[119806]: INFO neutron.wsgi [req-dc989471-433f-47d5-bc32-1fdca6ac76a3 req-1b5277d6-06d4-4bb9-a2ca-b2b1be438d27 tempest-MigrationsAdminTest-165012262 tempest-MigrationsAdminTest-165012262-project] 10.222.0.66 "GET /v2.0/security-groups?id=c43a527b-fd5f-4c50-8131-7639e39e8952&fields=id&fields=name HTTP/1.1" status: 200 len: 286 time: 0.1198132
Nov 10 19:03:03.365565 n-d-817030-2 neutron-server[119805]: DEBUG neutron.plugins.ml2.db [req-f772bdd7-e482-4e60-8f65-6207e7e1537c req-4cf4ef41-b35e-4772-a541-ae2593c5ee99 service neutron] For port b03f66d8-db26-403e-9018-8e470e236d22, host n-h1-817030-2, cleared binding levels {{(pid=119805) clear_binding_levels /opt/stack/neutron/neutron/plugins/ml2/db.py:87}}
Nov 10 19:03:03.368320 n-d-817030-2 neutron-server[119805]: DEBUG neutron.scheduler.dhcp_agent_scheduler [None req-ff2d8520-a2dc-4260-968e-f550d3f7fafb admin admin] Network e6cb3445-b608-427d-89ae-537ed6d56099 is scheduled to be hosted by DHCP agent 198db2e2-8ae7-40c6-b65e-f23fdf69f388 with binding_index 1 {{(pid=119805) bind /opt/stack/neutron/neutron/scheduler/dhcp_agent_scheduler.py:227}}
Nov 10 19:03:03.372824 n-d-817030-2 neutron-server[119805]: DEBUG neutron.plugins.ml2.db [req-f772bdd7-e482-4e60-8f65-6207e7e1537c req-4cf4ef41-b35e-4772-a541-ae2593c5ee99 service neutron] For port b03f66d8-db26-403e-9018-8e470e236d22, host n-h1-817030-2, set binding levels [PortBindingLevel(driver='hyperv',host='n-h1-817030-2',level=0,port_id=b03f66d8-db26-403e-9018-8e470e236d22,segment=NetworkSegment(b534e906-6b20-4781-8588-87d350d1cdb4),segment_id=b534e906-6b20-4781-8588-87d350d1cdb4)] {{(pid=119805) set_binding_levels /opt/stack/neutron/neutron/plugins/ml2/db.py:59}}
Nov 10 19:03:03.456333 n-d-817030-2 neutron-server[119805]: DEBUG neutron_lib.callbacks.manager [None req-9d0a454e-05af-43f8-8054-9dc2d50fc6f7 admin admin] Publish callbacks ['neutron.services.l3_router.l3_router_plugin.DVRResourceOperationHandler._delete_dvr_internal_ports-395163'] for router_gateway, after_delete {{(pid=119805) _notify_loop /usr/local/lib/python3.8/dist-packages/neutron_lib/callbacks/manager.py:175}}
Nov 10 19:03:03.459346 n-d-817030-2 neutron-server[119805]: DEBUG neutron_lib.callbacks.manager [req-f772bdd7-e482-4e60-8f65-6207e7e1537c req-4cf4ef41-b35e-4772-a541-ae2593c5ee99 service neutron] Publish callbacks ['neutron.plugins.ml2.plugin.SecurityGroupServerNotifierRpcMixin._notify_sg_on_port_change-1460703', 'neutron.plugins.ml2.ovo_rpc._ObjectChangeHandler.handle_event-39819', 'neutron.api.rpc.agentnotifiers.dhcp_rpc_agent_api.DhcpAgentNotifyAPI._native_event_send_dhcp_notification-1633962', 'neutron.db.l3_db.L3RpcNotifierMixin._notify_gateway_port_ip_changed-8791803187595', 'neutron.db.l3_dvrscheduler_db._notify_l3_agent_port_update-8791802775947', 'neutron.db.l3_hascheduler_db._notify_l3_agent_ha_port_update-8791802775965'] for port, after_update {{(pid=119805) _notify_loop /usr/local/lib/python3.8/dist-packages/neutron_lib/callbacks/manager.py:175}}
Nov 10 19:03:03.509207 n-d-817030-2 neutron-server[119806]: DEBUG neutron.wsgi [-] (119806) accepted ('10.222.0.66', 40180) {{(pid=119806) server /usr/local/lib/python3.8/dist-packages/eventlet/wsgi.py:982}}
Nov 10 19:03:03.536167 n-d-817030-2 neutron-server[119806]: DEBUG neutron.pecan_wsgi.hooks.policy_enforcement [req-2e94e2df-86fc-4d36-9f7b-791272c35984 req-b45b35a7-4531-483e-a270-dc61c1e0b81c tempest-LiveAutoBlockMigrationV225Test-1216496631 tempest-LiveAutoBlockMigrationV225Test-1216496631-project] Attributes excluded by policy engine: ['standard_attr_id', 'binding:profile', 'binding:host_id', 'binding:vif_type', 'binding:vif_details'] {{(pid=119806) _exclude_attributes_by_policy /opt/stack/neutron/neutron/pecan_wsgi/hooks/policy_enforcement.py:255}}
Nov 10 19:03:03.543451 n-d-817030-2 neutron-server[119806]: INFO neutron.wsgi [req-2e94e2df-86fc-4d36-9f7b-791272c35984 req-b45b35a7-4531-483e-a270-dc61c1e0b81c tempest-LiveAutoBlockMigrationV225Test-1216496631 tempest-LiveAutoBlockMigrationV225Test-1216496631-project] 10.222.0.66 "GET /v2.0/ports?device_id=f1e0bed2-4bd9-4248-96fe-516eabbd38bf HTTP/1.1" status: 200 len: 943 time: 0.1440904
Nov 10 19:03:03.565281 n-d-817030-2 neutron-server[119806]: DEBUG neutron.pecan_wsgi.hooks.policy_enforcement [req-0e4ff1a5-3db4-47a3-b6bd-371fdc5c5086 req-822013fe-bf0d-4d02-93e8-07c6ef4d7f4e tempest-LiveMigrationTest-823803801 tempest-LiveMigrationTest-823803801-project-admin] Attributes excluded by policy engine: ['standard_attr_id'] {{(pid=119806) _exclude_attributes_by_policy /opt/stack/neutron/neutron/pecan_wsgi/hooks/policy_enforcement.py:255}}
Nov 10 19:03:03.567050 n-d-817030-2 neutron-server[119806]: INFO neutron.wsgi [req-0e4ff1a5-3db4-47a3-b6bd-371fdc5c5086 req-822013fe-bf0d-4d02-93e8-07c6ef4d7f4e tempest-LiveMigrationTest-823803801 tempest-LiveMigrationTest-823803801-project-admin] 10.222.0.66 "GET /v2.0/ports?device_id=3b327d84-544a-439f-ae06-afd22db5fbda HTTP/1.1" status: 200 len: 1097 time: 0.1208022
Nov 10 19:03:03.581087 n-d-817030-2 neutron-server[119805]: DEBUG neutron.api.rpc.handlers.resources_rpc [None req-4cf4ef41-b35e-4772-a541-ae2593c5ee99 service neutron] Pushing event updated for resources: {'Port': ['ID=b03f66d8-db26-403e-9018-8e470e236d22,revision_number=3']} {{(pid=119805) push /opt/stack/neutron/neutron/api/rpc/handlers/resources_rpc.py:237}}
Nov 10 19:03:03.624353 n-d-817030-2 neutron-server[119805]: DEBUG neutron.scheduler.base_scheduler [None req-ff2d8520-a2dc-4260-968e-f550d3f7fafb admin admin] Resources bound (agent type, host, resource id): (DHCP agent, n-d-817030-2, e6cb3445-b608-427d-89ae-537ed6d56099) {{(pid=119805) schedule /opt/stack/neutron/neutron/scheduler/base_scheduler.py:57}}
Nov 10 19:03:03.641065 n-d-817030-2 neutron-server[119807]: DEBUG neutron.api.rpc.handlers.dhcp_rpc [None req-4f889eb2-ea6b-438a-aae4-9646a9dcadf4 None None] Network e6cb3445-b608-427d-89ae-537ed6d56099 requested from n-d-817030-2 {{(pid=119807) get_network_info /opt/stack/neutron/neutron/api/rpc/handlers/dhcp_rpc.py:218}}
Nov 10 19:03:03.665604 n-d-817030-2 neutron-server[119805]: DEBUG neutron.pecan_wsgi.hooks.policy_enforcement [None req-ff2d8520-a2dc-4260-968e-f550d3f7fafb admin admin] Attributes excluded by policy engine: ['standard_attr_id', 'shared', 'network'] {{(pid=119805) _exclude_attributes_by_policy /opt/stack/neutron/neutron/pecan_wsgi/hooks/policy_enforcement.py:255}}
Nov 10 19:03:03.666346 n-d-817030-2 neutron-server[119805]: DEBUG neutron_lib.callbacks.manager [None req-ff2d8520-a2dc-4260-968e-f550d3f7fafb admin admin] Publish callbacks ['neutron.api.rpc.agentnotifiers.dhcp_rpc_agent_api.DhcpAgentNotifyAPI._send_dhcp_notification-1633980'] for subnet, before_response {{(pid=119805) _notify_loop /usr/local/lib/python3.8/dist-packages/neutron_lib/callbacks/manager.py:175}}
Nov 10 19:03:03.682084 n-d-817030-2 neutron-server[119805]: DEBUG neutron_lib.callbacks.manager [None req-9d0a454e-05af-43f8-8054-9dc2d50fc6f7 admin admin] Publish callbacks ['neutron.services.l3_router.l3_router_plugin.L3_HA_NAT_db_mixin._release_router_vr_id-395788', 'neutron.services.l3_router.service_providers.driver_controller.DriverController._clear_router_provider-1027237'] for router, precommit_delete {{(pid=119805) _notify_loop /usr/local/lib/python3.8/dist-packages/neutron_lib/callbacks/manager.py:175}}
Nov 10 19:03:03.687524 n-d-817030-2 neutron-server[119805]: DEBUG neutron_lib.callbacks.manager [None req-9d0a454e-05af-43f8-8054-9dc2d50fc6f7 admin admin] Publish callbacks [] for router_controller, precommit_delete_associations {{(pid=119805) _notify_loop /usr/local/lib/python3.8/dist-packages/neutron_lib/callbacks/manager.py:175}}
Nov 10 19:03:03.687898 n-d-817030-2 neutron-server[119806]: INFO neutron.wsgi [req-2e94e2df-86fc-4d36-9f7b-791272c35984 req-80a2548f-5681-4efd-97e3-3c196d0e715a tempest-LiveAutoBlockMigrationV225Test-1216496631 tempest-LiveAutoBlockMigrationV225Test-1216496631-project] 10.222.0.66 "GET /v2.0/security-groups?id=f4f56898-cbb2-4d7e-82e2-2e49de6f7f6e&fields=id&fields=name HTTP/1.1" status: 200 len: 286 time: 0.1434882
Nov 10 19:03:03.691116 n-d-817030-2 neutron-server[119805]: DEBUG neutron.pecan_wsgi.hooks.policy_enforcement [req-f772bdd7-e482-4e60-8f65-6207e7e1537c req-4cf4ef41-b35e-4772-a541-ae2593c5ee99 service neutron] Attributes excluded by policy engine: ['standard_attr_id'] {{(pid=119805) _exclude_attributes_by_policy /opt/stack/neutron/neutron/pecan_wsgi/hooks/policy_enforcement.py:255}}
Nov 10 19:03:03.692497 n-d-817030-2 neutron-server[119805]: DEBUG neutron_lib.callbacks.manager [req-f772bdd7-e482-4e60-8f65-6207e7e1537c req-4cf4ef41-b35e-4772-a541-ae2593c5ee99 service neutron] Publish callbacks ['neutron.notifiers.nova.Notifier._send_nova_notification-58615'] for port, before_response {{(pid=119805) _notify_loop /usr/local/lib/python3.8/dist-packages/neutron_lib/callbacks/manager.py:175}}
Nov 10 19:03:03.694855 n-d-817030-2 neutron-server[119805]: INFO neutron.wsgi [req-f772bdd7-e482-4e60-8f65-6207e7e1537c req-4cf4ef41-b35e-4772-a541-ae2593c5ee99 service neutron] 10.222.0.37 "PUT /v2.0/ports/b03f66d8-db26-403e-9018-8e470e236d22 HTTP/1.1" status: 200 len: 1091 time: 2.0691881
Nov 10 19:03:03.695752 n-d-817030-2 neutron-server[119805]: DEBUG neutron.notifiers.nova [-] Sending events: [{'name': 'network-changed', 'server_uuid': 'f1e0bed2-4bd9-4248-96fe-516eabbd38bf', 'tag': 'b03f66d8-db26-403e-9018-8e470e236d22'}] {{(pid=119805) send_events /opt/stack/neutron/neutron/notifiers/nova.py:262}}
Nov 10 19:03:03.698426 n-d-817030-2 neutron-server[119805]: DEBUG novaclient.v2.client [-] REQ: curl -g -i --cacert "/opt/stack/data/ca-bundle.pem" -X POST http://10.222.0.66/compute/v2.1/os-server-external-events -H "Accept: application/json" -H "Content-Type: application/json" -H "User-Agent: python-novaclient" -H "X-Auth-Token: {SHA256}cb30dc190b7e7316eaa0f0b71b4d3e9c39ef81d600029df1109d18eacaeb7919" -H "X-OpenStack-Nova-API-Version: 2.1" -H "X-OpenStack-Request-ID: req-06f4da51-ea4a-4026-9b58-9995a0ddada2" -d '{"events": [{"name": "network-changed", "server_uuid": "f1e0bed2-4bd9-4248-96fe-516eabbd38bf", "tag": "b03f66d8-db26-403e-9018-8e470e236d22"}]}' {{(pid=119805) _http_log_request /usr/local/lib/python3.8/dist-packages/keystoneauth1/session.py:519}}
Nov 10 19:03:03.765239 n-d-817030-2 neutron-server[119806]: INFO neutron.wsgi [req-0e4ff1a5-3db4-47a3-b6bd-371fdc5c5086 req-517a080f-baaa-467c-9224-e985848f219a tempest-LiveMigrationTest-823803801 tempest-LiveMigrationTest-823803801-project-admin] 10.222.0.66 "GET /v2.0/security-groups?id=ad3355d1-6ed0-44e3-a466-0216dc73a5df&fields=id&fields=name HTTP/1.1" status: 200 len: 286 time: 0.1845915
Nov 10 19:03:03.851971 n-d-817030-2 neutron-server[119806]: DEBUG neutron_lib.callbacks.manager [None req-3931d4d2-4d3d-47d2-a3fc-3b7ab62389e7 admin admin] Publish callbacks [] for security_group, before_create {{(pid=119806) _notify_loop /usr/local/lib/python3.8/dist-packages/neutron_lib/callbacks/manager.py:175}}
Nov 10 19:03:03.868748 n-d-817030-2 neutron-server[119805]: DEBUG novaclient.v2.client [-] RESP: [200] Connection: close Content-Length: 179 Content-Type: application/json Date: Wed, 10 Nov 2021 19:03:03 GMT OpenStack-API-Version: compute 2.1 Server: Apache/2.4.41 (Ubuntu) Vary: OpenStack-API-Version,X-OpenStack-Nova-API-Version X-OpenStack-Nova-API-Version: 2.1 x-compute-request-id: req-4649fcab-7155-4d8b-949c-37874356deb5 x-openstack-request-id: req-4649fcab-7155-4d8b-949c-37874356deb5 {{(pid=119805) _http_log_response /usr/local/lib/python3.8/dist-packages/keystoneauth1/session.py:550}}
Nov 10 19:03:03.869256 n-d-817030-2 neutron-server[119805]: DEBUG novaclient.v2.client [-] RESP BODY: {"events": [{"name": "network-changed", "server_uuid": "f1e0bed2-4bd9-4248-96fe-516eabbd38bf", "tag": "b03f66d8-db26-403e-9018-8e470e236d22", "status": "completed", "code": 200}]} {{(pid=119805) _http_log_response /usr/local/lib/python3.8/dist-packages/keystoneauth1/session.py:582}}
Nov 10 19:03:03.874448 n-d-817030-2 neutron-server[119805]: DEBUG novaclient.v2.client [-] POST call to compute for http://10.222.0.66/compute/v2.1/os-server-external-events used request id req-4649fcab-7155-4d8b-949c-37874356deb5 {{(pid=119805) request /usr/local/lib/python3.8/dist-packages/keystoneauth1/session.py:954}}
Nov 10 19:03:03.874448 n-d-817030-2 neutron-server[119805]: INFO neutron.notifiers.nova [-] Nova event response: {'name': 'network-changed', 'server_uuid': 'f1e0bed2-4bd9-4248-96fe-516eabbd38bf', 'tag': 'b03f66d8-db26-403e-9018-8e470e236d22', 'status': 'completed', 'code': 200}
Nov 10 19:03:03.877410 n-d-817030-2 neutron-server[119805]: INFO neutron.wsgi [None req-ff2d8520-a2dc-4260-968e-f550d3f7fafb admin admin] 10.222.0.66 "POST /v2.0/subnets HTTP/1.1" status: 201 len: 859 time: 1.8414218
Nov 10 19:03:03.880881 n-d-817030-2 neutron-server[119806]: DEBUG neutron.wsgi [-] (119806) accepted ('10.222.0.66', 40194) {{(pid=119806) server /usr/local/lib/python3.8/dist-packages/eventlet/wsgi.py:982}}
Nov 10 19:03:03.887152 n-d-817030-2 neutron-server[119806]: DEBUG neutron.api.v2.base [None req-5ec3ac0c-4a2c-4bc4-97dc-4dccf335c159 admin admin] Request body: {'router': {'name': 'tempest-ServersWithSpecificFlavorTestJSON-159077593-router', 'tenant_id': '77e0ff5481e349b98bc879efe40dc1fe', 'external_gateway_info': {'network_id': 'c2714fda-75d4-4ad3-b303-b548511240aa'}}} {{(pid=119806) prepare_request_body /opt/stack/neutron/neutron/api/v2/base.py:729}}
Nov 10 19:03:03.898924 n-d-817030-2 neutron-server[119805]: DEBUG neutron_lib.callbacks.manager [None req-9d0a454e-05af-43f8-8054-9dc2d50fc6f7 admin admin] Publish callbacks ['neutron.services.l3_router.l3_router_plugin.L3_HA_NAT_db_mixin._cleanup_ha_network_handler-395783'] for router, after_delete {{(pid=119805) _notify_loop /usr/local/lib/python3.8/dist-packages/neutron_lib/callbacks/manager.py:175}}
Nov 10 19:03:03.898924 n-d-817030-2 neutron-server[119805]: DEBUG neutron.api.rpc.agentnotifiers.l3_rpc_agent_api [None req-9d0a454e-05af-43f8-8054-9dc2d50fc6f7 admin admin] Fanout notify agent at l3_agent the message router_deleted on router 33a1d138-5809-4adc-9e53-3dbaaaa5868d {{(pid=119805) _notification_fanout /opt/stack/neutron/neutron/api/rpc/agentnotifiers/l3_rpc_agent_api.py:114}}
Nov 10 19:03:03.911187 n-d-817030-2 neutron-server[119805]: DEBUG neutron_lib.callbacks.manager [None req-9d0a454e-05af-43f8-8054-9dc2d50fc6f7 admin admin] Publish callbacks [] for router, before_response {{(pid=119805) _notify_loop /usr/local/lib/python3.8/dist-packages/neutron_lib/callbacks/manager.py:175}}
Nov 10 19:03:03.913594 n-d-817030-2 neutron-server[119805]: INFO neutron.wsgi [None req-9d0a454e-05af-43f8-8054-9dc2d50fc6f7 admin admin] 10.222.0.66 "DELETE /v2.0/routers/33a1d138-5809-4adc-9e53-3dbaaaa5868d HTTP/1.1" status: 204 len: 168 time: 3.0676312
Nov 10 19:03:03.914218 n-d-817030-2 neutron-server[119805]: DEBUG neutron.wsgi [-] (119805) accepted ('10.222.0.66', 40198) {{(pid=119805) server /usr/local/lib/python3.8/dist-packages/eventlet/wsgi.py:982}}
Nov 10 19:03:04.000269 n-d-817030-2 neutron-server[119807]: DEBUG neutron.api.rpc.handlers.dhcp_rpc [None req-00c09e68-f810-43e8-85a0-afcc99d15fc1 None None] Create dhcp port {'port': {'name': '', 'admin_state_up': True, 'device_id': 'dhcpdb23b023-43f7-5752-a823-a6b73b69a575-e6cb3445-b608-427d-89ae-537ed6d56099', 'network_id': 'e6cb3445-b608-427d-89ae-537ed6d56099', 'tenant_id': '77e0ff5481e349b98bc879efe40dc1fe', 'fixed_ips': [{'subnet_id': 'eccb033f-e65c-448a-b6e4-18cce2070f58'}]}} from n-d-817030-2. {{(pid=119807) create_dhcp_port /opt/stack/neutron/neutron/api/rpc/handlers/dhcp_rpc.py:285}}
Nov 10 19:03:04.004623 n-d-817030-2 neutron-server[119807]: DEBUG neutron_lib.callbacks.manager [None req-00c09e68-f810-43e8-85a0-afcc99d15fc1 None None] Publish callbacks ['neutron.plugins.ml2.plugin.SecurityGroupDbMixin._ensure_default_security_group_handler-1486948'] for port, before_create {{(pid=119807) _notify_loop /usr/local/lib/python3.8/dist-packages/neutron_lib/callbacks/manager.py:175}}
Nov 10 19:03:04.025461 n-d-817030-2 neutron-server[119805]: DEBUG neutron.db.db_base_plugin_v2 [None req-47e6c1d2-59b1-476f-8eba-7e1e2315ec12 admin admin] Deleting subnet 882a9476-8aa3-4c71-be2b-8c2fa7a1a238 {{(pid=119805) delete_subnet /opt/stack/neutron/neutron/db/db_base_plugin_v2.py:1059}}
Nov 10 19:03:04.050572 n-d-817030-2 neutron-server[119805]: DEBUG neutron_lib.callbacks.manager [None req-47e6c1d2-59b1-476f-8eba-7e1e2315ec12 admin admin] Publish callbacks [] for subnet, before_delete {{(pid=119805) _notify_loop /usr/local/lib/python3.8/dist-packages/neutron_lib/callbacks/manager.py:175}}
Nov 10 19:03:04.082677 n-d-817030-2 neutron-server[119806]: DEBUG neutron_lib.callbacks.manager [None req-5ec3ac0c-4a2c-4bc4-97dc-4dccf335c159 admin admin] Publish callbacks ['neutron.services.l3_router.l3_router_plugin.L3_HA_NAT_db_mixin._before_router_create_handler-396982', 'neutron.services.l3_router.service_providers.driver_controller.DriverController._check_router_request-1027251'] for router, before_create {{(pid=119806) _notify_loop /usr/local/lib/python3.8/dist-packages/neutron_lib/callbacks/manager.py:175}}
Nov 10 19:03:04.084111 n-d-817030-2 neutron-server[119806]: DEBUG neutron_lib.callbacks.manager [None req-5ec3ac0c-4a2c-4bc4-97dc-4dccf335c159 admin admin] Publish callbacks ['neutron.services.l3_router.l3_router_plugin.L3_HA_NAT_db_mixin._precommit_router_create-397002', 'neutron.services.l3_router.l3_router_plugin.DVRResourceOperationHandler._set_distributed_flag-395112', 'neutron.services.l3_router.l3_router_plugin.RouterAvailabilityZoneMixin._process_az_request-347873', 'neutron.services.l3_router.service_providers.driver_controller.DriverController._set_router_provider-1027242'] for router, precommit_create {{(pid=119806) _notify_loop /usr/local/lib/python3.8/dist-packages/neutron_lib/callbacks/manager.py:175}}
Nov 10 19:03:04.129076 n-d-817030-2 neutron-server[119806]: DEBUG neutron_lib.callbacks.manager [None req-3931d4d2-4d3d-47d2-a3fc-3b7ab62389e7 admin admin] Publish callbacks [] for security_group, precommit_create {{(pid=119806) _notify_loop /usr/local/lib/python3.8/dist-packages/neutron_lib/callbacks/manager.py:175}}
Nov 10 19:03:04.129507 n-d-817030-2 neutron-server[119805]: DEBUG neutron.pecan_wsgi.hooks.policy_enforcement [req-f772bdd7-e482-4e60-8f65-6207e7e1537c req-d0d4fbfd-df3c-43f5-a870-9253f280d7e2 service neutron] Attributes excluded by policy engine: ['standard_attr_id'] {{(pid=119805) _exclude_attributes_by_policy /opt/stack/neutron/neutron/pecan_wsgi/hooks/policy_enforcement.py:255}}
Nov 10 19:03:04.135562 n-d-817030-2 neutron-server[119805]: INFO neutron.wsgi [req-f772bdd7-e482-4e60-8f65-6207e7e1537c req-d0d4fbfd-df3c-43f5-a870-9253f280d7e2 service neutron] 10.222.0.37 "GET /v2.0/ports?tenant_id=2ee342dda3034953875d7d5a14160bdc&device_id=f1e0bed2-4bd9-4248-96fe-516eabbd38bf HTTP/1.1" status: 200 len: 1094 time: 0.3205206
Nov 10 19:03:04.228256 n-d-817030-2 neutron-server[119806]: DEBUG neutron_lib.callbacks.manager [None req-3931d4d2-4d3d-47d2-a3fc-3b7ab62389e7 admin admin] Publish callbacks ['neutron.plugins.ml2.ovo_rpc._ObjectChangeHandler.handle_event-348099'] for security_group, after_create {{(pid=119806) _notify_loop /usr/local/lib/python3.8/dist-packages/neutron_lib/callbacks/manager.py:175}}
Nov 10 19:03:04.243930 n-d-817030-2 neutron-server[119806]: DEBUG neutron_lib.callbacks.manager [None req-5ec3ac0c-4a2c-4bc4-97dc-4dccf335c159 admin admin] Publish callbacks [] for router_controller, precommit_add_association {{(pid=119806) _notify_loop /usr/local/lib/python3.8/dist-packages/neutron_lib/callbacks/manager.py:175}}
Nov 10 19:03:04.250458 n-d-817030-2 neutron-server[119805]: DEBUG neutron_lib.callbacks.manager [None req-47e6c1d2-59b1-476f-8eba-7e1e2315ec12 admin admin] Publish callbacks [] for subnet, precommit_delete_associations {{(pid=119805) _notify_loop /usr/local/lib/python3.8/dist-packages/neutron_lib/callbacks/manager.py:175}}
Nov 10 19:03:04.266969 n-d-817030-2 neutron-server[119805]: INFO neutron.wsgi [req-f772bdd7-e482-4e60-8f65-6207e7e1537c req-8288721b-07e0-4831-9730-52e681f60118 service neutron] 10.222.0.37 "GET /v2.0/floatingips?fixed_ip_address=172.20.0.9&port_id=b03f66d8-db26-403e-9018-8e470e236d22 HTTP/1.1" status: 200 len: 217 time: 0.1195142
Nov 10 19:03:04.331242 n-d-817030-2 neutron-server[119806]: DEBUG neutron.api.rpc.handlers.resources_rpc [None req-3931d4d2-4d3d-47d2-a3fc-3b7ab62389e7 admin admin] Pushing event updated for resources: {'SecurityGroup': ['ID=a86b3040-36a1-4bc0-aa88-f6b8746c5bb0,revision_number=1']} {{(pid=119806) push /opt/stack/neutron/neutron/api/rpc/handlers/resources_rpc.py:237}}
Nov 10 19:03:04.341101 n-d-817030-2 neutron-server[119807]: DEBUG neutron.db.db_base_plugin_common [None req-00c09e68-f810-43e8-85a0-afcc99d15fc1 None None] Allocated IP 172.20.0.2 (e6cb3445-b608-427d-89ae-537ed6d56099/eccb033f-e65c-448a-b6e4-18cce2070f58/ed659379-8df5-4f36-8748-7ca22d593d5b) {{(pid=119807) _store_ip_allocation /opt/stack/neutron/neutron/db/db_base_plugin_common.py:131}}
Nov 10 19:03:04.358759 n-d-817030-2 neutron-server[119806]: INFO neutron.wsgi [None req-3931d4d2-4d3d-47d2-a3fc-3b7ab62389e7 admin admin] 10.222.0.66 "GET /v2.0/security-groups?tenant_id=cc6e01830fc34896931fec26e292c5d6&name=default HTTP/1.1" status: 200 len: 2996 time: 0.8471920
Nov 10 19:03:04.361088 n-d-817030-2 neutron-server[119806]: DEBUG neutron.wsgi [-] (119806) accepted ('10.222.0.66', 40216) {{(pid=119806) server /usr/local/lib/python3.8/dist-packages/eventlet/wsgi.py:982}}
Nov 10 19:03:04.474848 n-d-817030-2 neutron-server[119805]: DEBUG neutron_lib.callbacks.manager [None req-47e6c1d2-59b1-476f-8eba-7e1e2315ec12 admin admin] Publish callbacks ['neutron.plugins.ml2.plugin.Ml2Plugin._subnet_delete_precommit_handler-1455902'] for subnet, precommit_delete {{(pid=119805) _notify_loop /usr/local/lib/python3.8/dist-packages/neutron_lib/callbacks/manager.py:175}}
Nov 10 19:03:04.478712 n-d-817030-2 neutron-server[119805]: DEBUG neutron.pecan_wsgi.hooks.policy_enforcement [req-f772bdd7-e482-4e60-8f65-6207e7e1537c req-b93b7b84-a70d-4ae6-8477-dcfd649491e0 service neutron] Attributes excluded by policy engine: ['standard_attr_id', 'shared'] {{(pid=119805) _exclude_attributes_by_policy /opt/stack/neutron/neutron/pecan_wsgi/hooks/policy_enforcement.py:255}}
Nov 10 19:03:04.480368 n-d-817030-2 neutron-server[119805]: INFO neutron.wsgi [req-f772bdd7-e482-4e60-8f65-6207e7e1537c req-b93b7b84-a70d-4ae6-8477-dcfd649491e0 service neutron] 10.222.0.37 "GET /v2.0/subnets?id=60cdc1b2-7d0b-4289-949d-9bcb3ab04232 HTTP/1.1" status: 200 len: 861 time: 0.2001197
Nov 10 19:03:04.544387 n-d-817030-2 neutron-server[119805]: INFO neutron.wsgi [req-f772bdd7-e482-4e60-8f65-6207e7e1537c req-35cb571f-3238-4146-9f60-5877c54db956 service neutron] 10.222.0.37 "GET /v2.0/ports?network_id=71317707-6f29-45a9-b2ff-aefcc35c15d0&device_owner=network%3Adhcp HTTP/1.1" status: 200 len: 210 time: 0.0399337
Nov 10 19:03:04.678855 n-d-817030-2 neutron-server[119807]: DEBUG neutron_lib.callbacks.manager [None req-00c09e68-f810-43e8-85a0-afcc99d15fc1 None None] Publish callbacks [] for port, precommit_create {{(pid=119807) _notify_loop /usr/local/lib/python3.8/dist-packages/neutron_lib/callbacks/manager.py:175}}
Nov 10 19:03:04.708283 n-d-817030-2 neutron-server[119805]: INFO neutron.wsgi [req-f772bdd7-e482-4e60-8f65-6207e7e1537c req-1a2487cc-8bd0-4ea8-8221-abe18b42e43d service neutron] 10.222.0.37 "GET /v2.0/networks/71317707-6f29-45a9-b2ff-aefcc35c15d0?fields=segments HTTP/1.1" status: 200 len: 212 time: 0.1558716
Nov 10 19:03:04.766467 n-d-817030-2 neutron-server[119807]: DEBUG neutron_lib.callbacks.manager [None req-00c09e68-f810-43e8-85a0-afcc99d15fc1 None None] Publish callbacks ['neutron.plugins.ml2.plugin.SecurityGroupServerNotifierRpcMixin._notify_sg_on_port_change-1460703', 'neutron.plugins.ml2.ovo_rpc._ObjectChangeHandler.handle_event-39819', 'neutron.api.rpc.agentnotifiers.dhcp_rpc_agent_api.DhcpAgentNotifyAPI._native_event_send_dhcp_notification-1633962', 'neutron.db.l3_dvrscheduler_db._notify_l3_agent_new_port-8791802775929'] for port, after_create {{(pid=119807) _notify_loop /usr/local/lib/python3.8/dist-packages/neutron_lib/callbacks/manager.py:175}}
Nov 10 19:03:04.775771 n-d-817030-2 neutron-server[119805]: DEBUG neutron.wsgi [-] (119805) accepted ('10.222.0.66', 40228) {{(pid=119805) server /usr/local/lib/python3.8/dist-packages/eventlet/wsgi.py:982}}
Nov 10 19:03:04.808069 n-d-817030-2 neutron-server[119805]: DEBUG neutron_lib.callbacks.manager [None req-47e6c1d2-59b1-476f-8eba-7e1e2315ec12 admin admin] Publish callbacks ['neutron.plugins.ml2.plugin.Ml2Plugin._subnet_delete_after_delete_handler-1455895', 'neutron.plugins.ml2.ovo_rpc._ObjectChangeHandler.handle_event-370974', 'neutron.api.rpc.agentnotifiers.dhcp_rpc_agent_api.DhcpAgentNotifyAPI._native_event_send_dhcp_notification-1633962'] for subnet, after_delete {{(pid=119805) _notify_loop /usr/local/lib/python3.8/dist-packages/neutron_lib/callbacks/manager.py:175}}
Nov 10 19:03:04.832991 n-d-817030-2 neutron-server[119807]: DEBUG neutron.scheduler.dhcp_agent_scheduler [None req-00c09e68-f810-43e8-85a0-afcc99d15fc1 None None] Network e6cb3445-b608-427d-89ae-537ed6d56099 is already hosted by enough agents. {{(pid=119807) _get_dhcp_agents_hosting_network /opt/stack/neutron/neutron/scheduler/dhcp_agent_scheduler.py:275}}
Nov 10 19:03:04.841744 n-d-817030-2 neutron-server[119806]: DEBUG neutron.pecan_wsgi.hooks.policy_enforcement [req-eafa81a3-e0fe-4eca-99e3-808574f35fd8 req-c0373624-541c-429f-bc9a-dbefee7a6053 tempest-MigrationsAdminTest-165012262 tempest-MigrationsAdminTest-165012262-project] Attributes excluded by policy engine: ['standard_attr_id', 'binding:profile', 'binding:host_id', 'binding:vif_type', 'binding:vif_details'] {{(pid=119806) _exclude_attributes_by_policy /opt/stack/neutron/neutron/pecan_wsgi/hooks/policy_enforcement.py:255}}
Nov 10 19:03:04.849324 n-d-817030-2 neutron-server[119806]: INFO neutron.wsgi [req-eafa81a3-e0fe-4eca-99e3-808574f35fd8 req-c0373624-541c-429f-bc9a-dbefee7a6053 tempest-MigrationsAdminTest-165012262 tempest-MigrationsAdminTest-165012262-project] 10.222.0.66 "GET /v2.0/ports?device_id=61dc6e95-f87d-4115-95ea-180a9678164e HTTP/1.1" status: 200 len: 949 time: 0.3264630
Nov 10 19:03:04.852561 n-d-817030-2 neutron-server[119806]: DEBUG neutron_lib.callbacks.manager [None req-5ec3ac0c-4a2c-4bc4-97dc-4dccf335c159 admin admin] Publish callbacks [] for router_gateway, precommit_update {{(pid=119806) _notify_loop /usr/local/lib/python3.8/dist-packages/neutron_lib/callbacks/manager.py:175}}
Nov 10 19:03:04.858814 n-d-817030-2 neutron-server[119807]: DEBUG neutron.scheduler.base_scheduler [None req-00c09e68-f810-43e8-85a0-afcc99d15fc1 None None] Resources bound (agent type, host, resource id): {{(pid=119807) schedule /opt/stack/neutron/neutron/scheduler/base_scheduler.py:57}}
Nov 10 19:03:04.862265 n-d-817030-2 neutron-server[119807]: DEBUG neutron.db.l3_dvrscheduler_db [None req-00c09e68-f810-43e8-85a0-afcc99d15fc1 None None] Received port after_create {{(pid=119807) _notify_l3_agent_new_port /opt/stack/neutron/neutron/db/l3_dvrscheduler_db.py:535}}
Nov 10 19:03:04.884105 n-d-817030-2 neutron-server[119805]: DEBUG neutron.api.rpc.handlers.resources_rpc [None req-47e6c1d2-59b1-476f-8eba-7e1e2315ec12 admin admin] Pushing event deleted for resources: {'Subnet': ['ID=882a9476-8aa3-4c71-be2b-8c2fa7a1a238,revision_number=None']} {{(pid=119805) push /opt/stack/neutron/neutron/api/rpc/handlers/resources_rpc.py:237}}
