Dec 13 14:54:32.873971 n-d-816954-1 cinder-volume[110907]: DEBUG cinder.volume.manager [None req-fd83de2d-1936-4c6f-af74-92bc8dda02bf tempest-SnapshotMetadataTestJSON-603156268 None] Task 'cinder.volume.flows.manager.create_volume.CreateVolumeOnFinishTask;volume:create, create.end' (d1d7bbf2-c098-428e-888c-8d2642684ece) transitioned into state 'RUNNING' from state 'PENDING' {{(pid=110907) _task_receiver /usr/local/lib/python3.8/dist-packages/taskflow/listeners/logging.py:190}}
Dec 13 14:54:32.943375 n-d-816954-1 cinder-volume[110907]: INFO cinder.volume.flows.manager.create_volume [None req-fd83de2d-1936-4c6f-af74-92bc8dda02bf tempest-SnapshotMetadataTestJSON-603156268 None] Volume volume-ea372966-3f45-4418-81f1-132251aac01b (ea372966-3f45-4418-81f1-132251aac01b): created successfully
Dec 13 14:54:32.945380 n-d-816954-1 cinder-volume[110907]: DEBUG cinder.volume.manager [None req-fd83de2d-1936-4c6f-af74-92bc8dda02bf tempest-SnapshotMetadataTestJSON-603156268 None] Task 'cinder.volume.flows.manager.create_volume.CreateVolumeOnFinishTask;volume:create, create.end' (d1d7bbf2-c098-428e-888c-8d2642684ece) transitioned into state 'SUCCESS' from state 'RUNNING' with result 'None' {{(pid=110907) _task_receiver /usr/local/lib/python3.8/dist-packages/taskflow/listeners/logging.py:178}}
Dec 13 14:54:32.948400 n-d-816954-1 cinder-volume[110907]: DEBUG cinder.volume.manager [None req-fd83de2d-1936-4c6f-af74-92bc8dda02bf tempest-SnapshotMetadataTestJSON-603156268 None] Flow 'volume_create_manager' (96344e2d-b266-453c-90ed-07d8faf0be1f) transitioned into state 'SUCCESS' from state 'RUNNING' {{(pid=110907) _flow_receiver /usr/local/lib/python3.8/dist-packages/taskflow/listeners/logging.py:141}}
Dec 13 14:54:33.028849 n-d-816954-1 cinder-volume[110907]: INFO cinder.volume.manager [None req-fd83de2d-1936-4c6f-af74-92bc8dda02bf tempest-SnapshotMetadataTestJSON-603156268 None] Created volume successfully.
Dec 13 14:54:34.651039 n-d-816954-1 cinder-volume[110907]: DEBUG oslo_concurrency.processutils [None req-4305a368-337f-45aa-9804-8f5d44ac05dd tempest-SnapshotMetadataTestJSON-603156268 None] Running cmd (subprocess): sudo cinder-rootwrap /etc/cinder/rootwrap.conf env LC_ALL=C lvs --noheadings --unit=g -o vg_name,name,size --nosuffix --readonly stack-volumes-lvmdriver-1/volume-ea372966-3f45-4418-81f1-132251aac01b {{(pid=110907) execute /usr/local/lib/python3.8/dist-packages/oslo_concurrency/processutils.py:384}}
Dec 13 14:54:34.697610 n-d-816954-1 sudo[139851]: ubuntu : TTY=unknown ; PWD=/ ; USER=root ; COMMAND=/usr/local/bin/cinder-rootwrap /etc/cinder/rootwrap.conf env LC_ALL=C lvs --noheadings --unit=g -o vg_name,name,size --nosuffix --readonly stack-volumes-lvmdriver-1/volume-ea372966-3f45-4418-81f1-132251aac01b
Dec 13 14:54:34.700356 n-d-816954-1 sudo[139851]: pam_unix(sudo:session): session opened for user root by (uid=0)
Dec 13 14:54:35.362182 n-d-816954-1 sudo[139851]: pam_unix(sudo:session): session closed for user root
Dec 13 14:54:35.365682 n-d-816954-1 cinder-volume[110907]: DEBUG oslo_concurrency.processutils [None req-4305a368-337f-45aa-9804-8f5d44ac05dd tempest-SnapshotMetadataTestJSON-603156268 None] CMD "sudo cinder-rootwrap /etc/cinder/rootwrap.conf env LC_ALL=C lvs --noheadings --unit=g -o vg_name,name,size --nosuffix --readonly stack-volumes-lvmdriver-1/volume-ea372966-3f45-4418-81f1-132251aac01b" returned: 0 in 0.714s {{(pid=110907) execute /usr/local/lib/python3.8/dist-packages/oslo_concurrency/processutils.py:422}}
Dec 13 14:54:35.368018 n-d-816954-1 cinder-volume[110907]: DEBUG oslo_concurrency.processutils [None req-4305a368-337f-45aa-9804-8f5d44ac05dd tempest-SnapshotMetadataTestJSON-603156268 None] Running cmd (subprocess): sudo cinder-rootwrap /etc/cinder/rootwrap.conf env LC_ALL=C lvcreate --name _snapshot-9626c8c8-b090-46ca-a20a-0def5025f54a --snapshot stack-volumes-lvmdriver-1/volume-ea372966-3f45-4418-81f1-132251aac01b -L 1.00g {{(pid=110907) execute /usr/local/lib/python3.8/dist-packages/oslo_concurrency/processutils.py:384}}
Dec 13 14:54:35.405324 n-d-816954-1 sudo[139870]: ubuntu : TTY=unknown ; PWD=/ ; USER=root ; COMMAND=/usr/local/bin/cinder-rootwrap /etc/cinder/rootwrap.conf env LC_ALL=C lvcreate --name _snapshot-9626c8c8-b090-46ca-a20a-0def5025f54a --snapshot stack-volumes-lvmdriver-1/volume-ea372966-3f45-4418-81f1-132251aac01b -L 1.00g
Dec 13 14:54:35.407008 n-d-816954-1 sudo[139870]: pam_unix(sudo:session): session opened for user root by (uid=0)
Dec 13 14:54:36.387129 n-d-816954-1 sudo[139870]: pam_unix(sudo:session): session closed for user root
Dec 13 14:54:36.389167 n-d-816954-1 cinder-volume[110907]: DEBUG oslo_concurrency.processutils [None req-4305a368-337f-45aa-9804-8f5d44ac05dd tempest-SnapshotMetadataTestJSON-603156268 None] CMD "sudo cinder-rootwrap /etc/cinder/rootwrap.conf env LC_ALL=C lvcreate --name _snapshot-9626c8c8-b090-46ca-a20a-0def5025f54a --snapshot stack-volumes-lvmdriver-1/volume-ea372966-3f45-4418-81f1-132251aac01b -L 1.00g" returned: 0 in 1.021s {{(pid=110907) execute /usr/local/lib/python3.8/dist-packages/oslo_concurrency/processutils.py:422}}
Dec 13 14:54:36.486415 n-d-816954-1 cinder-volume[110907]: INFO cinder.volume.manager [None req-4305a368-337f-45aa-9804-8f5d44ac05dd tempest-SnapshotMetadataTestJSON-603156268 None] Create snapshot completed successfully
Dec 13 14:54:38.257912 n-d-816954-1 cinder-volume[110907]: DEBUG cinder.coordination [None req-df5bd2f3-5822-4b4f-b27a-a53c71612a21 tempest-SnapshotMetadataTestJSON-603156268 None] Lock "b'cinder-9626c8c8-b090-46ca-a20a-0def5025f54a-delete_snapshot'" acquired by "delete_snapshot" :: waited 0.016s {{(pid=110907) _synchronized /opt/stack/cinder/cinder/coordination.py:181}}
Dec 13 14:54:38.260982 n-d-816954-1 cinder-volume[110907]: DEBUG oslo_concurrency.processutils [None req-df5bd2f3-5822-4b4f-b27a-a53c71612a21 tempest-SnapshotMetadataTestJSON-603156268 None] Running cmd (subprocess): sudo cinder-rootwrap /etc/cinder/rootwrap.conf env LC_ALL=C lvs --noheadings --unit=g -o vg_name,name,size --nosuffix --readonly stack-volumes-lvmdriver-1/_snapshot-9626c8c8-b090-46ca-a20a-0def5025f54a {{(pid=110907) execute /usr/local/lib/python3.8/dist-packages/oslo_concurrency/processutils.py:384}}
Dec 13 14:54:38.292841 n-d-816954-1 sudo[140003]: ubuntu : TTY=unknown ; PWD=/ ; USER=root ; COMMAND=/usr/local/bin/cinder-rootwrap /etc/cinder/rootwrap.conf env LC_ALL=C lvs --noheadings --unit=g -o vg_name,name,size --nosuffix --readonly stack-volumes-lvmdriver-1/_snapshot-9626c8c8-b090-46ca-a20a-0def5025f54a
Dec 13 14:54:38.293693 n-d-816954-1 sudo[140003]: pam_unix(sudo:session): session opened for user root by (uid=0)
Dec 13 14:54:38.721316 n-d-816954-1 sudo[140003]: pam_unix(sudo:session): session closed for user root
Dec 13 14:54:38.723771 n-d-816954-1 cinder-volume[110907]: DEBUG oslo_concurrency.processutils [None req-df5bd2f3-5822-4b4f-b27a-a53c71612a21 tempest-SnapshotMetadataTestJSON-603156268 None] CMD "sudo cinder-rootwrap /etc/cinder/rootwrap.conf env LC_ALL=C lvs --noheadings --unit=g -o vg_name,name,size --nosuffix --readonly stack-volumes-lvmdriver-1/_snapshot-9626c8c8-b090-46ca-a20a-0def5025f54a" returned: 0 in 0.462s {{(pid=110907) execute /usr/local/lib/python3.8/dist-packages/oslo_concurrency/processutils.py:422}}
Dec 13 14:54:38.726136 n-d-816954-1 cinder-volume[110907]: DEBUG oslo_concurrency.processutils [None req-df5bd2f3-5822-4b4f-b27a-a53c71612a21 tempest-SnapshotMetadataTestJSON-603156268 None] Running cmd (subprocess): sudo cinder-rootwrap /etc/cinder/rootwrap.conf lvremove --config activation { retry_deactivation = 1} -f stack-volumes-lvmdriver-1/_snapshot-9626c8c8-b090-46ca-a20a-0def5025f54a {{(pid=110907) execute /usr/local/lib/python3.8/dist-packages/oslo_concurrency/processutils.py:384}}
Dec 13 14:54:38.749322 n-d-816954-1 sudo[140006]: ubuntu : TTY=unknown ; PWD=/ ; USER=root ; COMMAND=/usr/local/bin/cinder-rootwrap /etc/cinder/rootwrap.conf lvremove --config activation { retry_deactivation = 1} -f stack-volumes-lvmdriver-1/_snapshot-9626c8c8-b090-46ca-a20a-0def5025f54a
Dec 13 14:54:38.750881 n-d-816954-1 sudo[140006]: pam_unix(sudo:session): session opened for user root by (uid=0)
Dec 13 14:54:39.557471 n-d-816954-1 sudo[140006]: pam_unix(sudo:session): session closed for user root
Dec 13 14:54:39.559805 n-d-816954-1 cinder-volume[110907]: DEBUG oslo_concurrency.processutils [None req-df5bd2f3-5822-4b4f-b27a-a53c71612a21 tempest-SnapshotMetadataTestJSON-603156268 None] CMD "sudo cinder-rootwrap /etc/cinder/rootwrap.conf lvremove --config activation { retry_deactivation = 1} -f stack-volumes-lvmdriver-1/_snapshot-9626c8c8-b090-46ca-a20a-0def5025f54a" returned: 0 in 0.833s {{(pid=110907) execute /usr/local/lib/python3.8/dist-packages/oslo_concurrency/processutils.py:422}}
Dec 13 14:54:39.748984 n-d-816954-1 cinder-volume[110907]: DEBUG cinder.quota [None req-df5bd2f3-5822-4b4f-b27a-a53c71612a21 tempest-SnapshotMetadataTestJSON-603156268 None] Created reservations ['aa35c55e-02e7-49f7-8c8c-ab541a8e4af1', 'b5a7476c-3d2f-4fc6-9fec-7a5070028c1f', '5f2ee77b-bf4f-4c85-b13a-201c514cda0c', 'ef9c1209-b8ca-4e1c-9d96-6aeb8bf53c72'] {{(pid=110907) reserve /opt/stack/cinder/cinder/quota.py:755}}
Dec 13 14:54:39.926038 n-d-816954-1 cinder-volume[110907]: INFO cinder.volume.manager [None req-df5bd2f3-5822-4b4f-b27a-a53c71612a21 tempest-SnapshotMetadataTestJSON-603156268 None] Delete snapshot completed successfully.
Dec 13 14:54:39.933592 n-d-816954-1 cinder-volume[110907]: DEBUG cinder.coordination [None req-df5bd2f3-5822-4b4f-b27a-a53c71612a21 tempest-SnapshotMetadataTestJSON-603156268 None] Lock "b'cinder-9626c8c8-b090-46ca-a20a-0def5025f54a-delete_snapshot'" released by "delete_snapshot" :: held 1.677s {{(pid=110907) _synchronized /opt/stack/cinder/cinder/coordination.py:193}}
Dec 13 14:54:40.573049 n-d-816954-1 cinder-volume[110907]: DEBUG cinder.coordination [None req-4234d2fb-96c4-4637-a332-fc13353633cf tempest-SnapshotMetadataTestJSON-603156268 None] Lock "b'cinder-ea372966-3f45-4418-81f1-132251aac01b-delete_volume'" acquired by "delete_volume" :: waited 0.013s {{(pid=110907) _synchronized /opt/stack/cinder/cinder/coordination.py:181}}
Dec 13 14:54:40.697556 n-d-816954-1 cinder-volume[110907]: INFO cinder.volume.targets.iscsi [None req-4234d2fb-96c4-4637-a332-fc13353633cf tempest-SnapshotMetadataTestJSON-603156268 None] Skipping remove_export. No iscsi_target is presently exported for volume: ea372966-3f45-4418-81f1-132251aac01b
Dec 13 14:54:40.698814 n-d-816954-1 cinder-volume[110907]: DEBUG oslo_concurrency.processutils [None req-4234d2fb-96c4-4637-a332-fc13353633cf tempest-SnapshotMetadataTestJSON-603156268 None] Running cmd (subprocess): sudo cinder-rootwrap /etc/cinder/rootwrap.conf env LC_ALL=C lvs --noheadings --unit=g -o vg_name,name,size --nosuffix --readonly stack-volumes-lvmdriver-1/volume-ea372966-3f45-4418-81f1-132251aac01b {{(pid=110907) execute /usr/local/lib/python3.8/dist-packages/oslo_concurrency/processutils.py:384}}
Dec 13 14:54:40.733461 n-d-816954-1 sudo[140076]: ubuntu : TTY=unknown ; PWD=/ ; USER=root ; COMMAND=/usr/local/bin/cinder-rootwrap /etc/cinder/rootwrap.conf env LC_ALL=C lvs --noheadings --unit=g -o vg_name,name,size --nosuffix --readonly stack-volumes-lvmdriver-1/volume-ea372966-3f45-4418-81f1-132251aac01b
Dec 13 14:54:40.734605 n-d-816954-1 sudo[140076]: pam_unix(sudo:session): session opened for user root by (uid=0)
Dec 13 14:54:41.275672 n-d-816954-1 sudo[140076]: pam_unix(sudo:session): session closed for user root
Dec 13 14:54:41.277680 n-d-816954-1 cinder-volume[110907]: DEBUG oslo_concurrency.processutils [None req-4234d2fb-96c4-4637-a332-fc13353633cf tempest-SnapshotMetadataTestJSON-603156268 None] CMD "sudo cinder-rootwrap /etc/cinder/rootwrap.conf env LC_ALL=C lvs --noheadings --unit=g -o vg_name,name,size --nosuffix --readonly stack-volumes-lvmdriver-1/volume-ea372966-3f45-4418-81f1-132251aac01b" returned: 0 in 0.579s {{(pid=110907) execute /usr/local/lib/python3.8/dist-packages/oslo_concurrency/processutils.py:422}}
Dec 13 14:54:41.280391 n-d-816954-1 cinder-volume[110907]: DEBUG oslo_concurrency.processutils [None req-4234d2fb-96c4-4637-a332-fc13353633cf tempest-SnapshotMetadataTestJSON-603156268 None] Running cmd (subprocess): sudo cinder-rootwrap /etc/cinder/rootwrap.conf env LC_ALL=C lvdisplay --noheading -C -o Attr --readonly stack-volumes-lvmdriver-1/volume-ea372966-3f45-4418-81f1-132251aac01b {{(pid=110907) execute /usr/local/lib/python3.8/dist-packages/oslo_concurrency/processutils.py:384}}
Dec 13 14:54:41.304964 n-d-816954-1 sudo[140092]: ubuntu : TTY=unknown ; PWD=/ ; USER=root ; COMMAND=/usr/local/bin/cinder-rootwrap /etc/cinder/rootwrap.conf env LC_ALL=C lvdisplay --noheading -C -o Attr --readonly stack-volumes-lvmdriver-1/volume-ea372966-3f45-4418-81f1-132251aac01b
Dec 13 14:54:41.307166 n-d-816954-1 sudo[140092]: pam_unix(sudo:session): session opened for user root by (uid=0)
Dec 13 14:54:41.970416 n-d-816954-1 sudo[140092]: pam_unix(sudo:session): session closed for user root
Dec 13 14:54:41.973357 n-d-816954-1 cinder-volume[110907]: DEBUG oslo_concurrency.processutils [None req-4234d2fb-96c4-4637-a332-fc13353633cf tempest-SnapshotMetadataTestJSON-603156268 None] CMD "sudo cinder-rootwrap /etc/cinder/rootwrap.conf env LC_ALL=C lvdisplay --noheading -C -o Attr --readonly stack-volumes-lvmdriver-1/volume-ea372966-3f45-4418-81f1-132251aac01b" returned: 0 in 0.692s {{(pid=110907) execute /usr/local/lib/python3.8/dist-packages/oslo_concurrency/processutils.py:422}}
Dec 13 14:54:41.975669 n-d-816954-1 cinder-volume[110907]: DEBUG oslo_concurrency.processutils [None req-4234d2fb-96c4-4637-a332-fc13353633cf tempest-SnapshotMetadataTestJSON-603156268 None] Running cmd (subprocess): sudo cinder-rootwrap /etc/cinder/rootwrap.conf lvremove --config activation { retry_deactivation = 1} -f stack-volumes-lvmdriver-1/volume-ea372966-3f45-4418-81f1-132251aac01b {{(pid=110907) execute /usr/local/lib/python3.8/dist-packages/oslo_concurrency/processutils.py:384}}
Dec 13 14:54:42.030055 n-d-816954-1 sudo[140108]: ubuntu : TTY=unknown ; PWD=/ ; USER=root ; COMMAND=/usr/local/bin/cinder-rootwrap /etc/cinder/rootwrap.conf lvremove --config activation { retry_deactivation = 1} -f stack-volumes-lvmdriver-1/volume-ea372966-3f45-4418-81f1-132251aac01b
Dec 13 14:54:42.032434 n-d-816954-1 sudo[140108]: pam_unix(sudo:session): session opened for user root by (uid=0)
Dec 13 14:54:42.827672 n-d-816954-1 sudo[140108]: pam_unix(sudo:session): session closed for user root
Dec 13 14:54:42.831225 n-d-816954-1 cinder-volume[110907]: DEBUG oslo_concurrency.processutils [None req-4234d2fb-96c4-4637-a332-fc13353633cf tempest-SnapshotMetadataTestJSON-603156268 None] CMD "sudo cinder-rootwrap /etc/cinder/rootwrap.conf lvremove --config activation { retry_deactivation = 1} -f stack-volumes-lvmdriver-1/volume-ea372966-3f45-4418-81f1-132251aac01b" returned: 0 in 0.855s {{(pid=110907) execute /usr/local/lib/python3.8/dist-packages/oslo_concurrency/processutils.py:422}}
Dec 13 14:54:42.832551 n-d-816954-1 cinder-volume[110907]: INFO cinder.volume.drivers.lvm [None req-4234d2fb-96c4-4637-a332-fc13353633cf tempest-SnapshotMetadataTestJSON-603156268 None] Successfully deleted volume: ea372966-3f45-4418-81f1-132251aac01b
Dec 13 14:54:43.040206 n-d-816954-1 cinder-volume[110907]: DEBUG cinder.quota [None req-4234d2fb-96c4-4637-a332-fc13353633cf tempest-SnapshotMetadataTestJSON-603156268 None] Created reservations ['ae9abe64-6d75-4cd1-a317-5ebb0fcf1821', 'b6a5eab2-45a4-4e00-9161-5480dbd615a4', 'fa6f8854-8e04-4270-aca1-d7fc500fe17a', '8979dddf-e3e7-4810-83b5-78560ca3834c'] {{(pid=110907) reserve /opt/stack/cinder/cinder/quota.py:755}}
Dec 13 14:54:43.252012 n-d-816954-1 cinder-volume[110907]: DEBUG cinder.volume.drivers.lvm [None req-4234d2fb-96c4-4637-a332-fc13353633cf tempest-SnapshotMetadataTestJSON-603156268 None] Updating volume stats {{(pid=110907) _update_volume_stats /opt/stack/cinder/cinder/volume/drivers/lvm.py:213}}
Dec 13 14:54:43.253116 n-d-816954-1 cinder-volume[110907]: DEBUG oslo_concurrency.processutils [None req-4234d2fb-96c4-4637-a332-fc13353633cf tempest-SnapshotMetadataTestJSON-603156268 None] Running cmd (subprocess): sudo cinder-rootwrap /etc/cinder/rootwrap.conf env LC_ALL=C vgs --noheadings --unit=g -o name,size,free,lv_count,uuid --separator : --nosuffix stack-volumes-lvmdriver-1 {{(pid=110907) execute /usr/local/lib/python3.8/dist-packages/oslo_concurrency/processutils.py:384}}
Dec 13 14:54:43.288352 n-d-816954-1 sudo[140148]: ubuntu : TTY=unknown ; PWD=/ ; USER=root ; COMMAND=/usr/local/bin/cinder-rootwrap /etc/cinder/rootwrap.conf env LC_ALL=C vgs --noheadings --unit=g -o name,size,free,lv_count,uuid --separator : --nosuffix stack-volumes-lvmdriver-1
Dec 13 14:54:43.289263 n-d-816954-1 sudo[140148]: pam_unix(sudo:session): session opened for user root by (uid=0)
Dec 13 14:54:43.998358 n-d-816954-1 sudo[140148]: pam_unix(sudo:session): session closed for user root
Dec 13 14:54:44.000486 n-d-816954-1 cinder-volume[110907]: DEBUG oslo_concurrency.processutils [None req-4234d2fb-96c4-4637-a332-fc13353633cf tempest-SnapshotMetadataTestJSON-603156268 None] CMD "sudo cinder-rootwrap /etc/cinder/rootwrap.conf env LC_ALL=C vgs --noheadings --unit=g -o name,size,free,lv_count,uuid --separator : --nosuffix stack-volumes-lvmdriver-1" returned: 0 in 0.747s {{(pid=110907) execute /usr/local/lib/python3.8/dist-packages/oslo_concurrency/processutils.py:422}}
Dec 13 14:54:44.005008 n-d-816954-1 cinder-volume[110907]: DEBUG oslo_concurrency.processutils [None req-4234d2fb-96c4-4637-a332-fc13353633cf tempest-SnapshotMetadataTestJSON-603156268 None] Running cmd (subprocess): sudo cinder-rootwrap /etc/cinder/rootwrap.conf env LC_ALL=C lvs --noheadings --unit=g -o vg_name,name,size --nosuffix --readonly stack-volumes-lvmdriver-1 {{(pid=110907) execute /usr/local/lib/python3.8/dist-packages/oslo_concurrency/processutils.py:384}}
Dec 13 14:54:44.028318 n-d-816954-1 sudo[140160]: ubuntu : TTY=unknown ; PWD=/ ; USER=root ; COMMAND=/usr/local/bin/cinder-rootwrap /etc/cinder/rootwrap.conf env LC_ALL=C lvs --noheadings --unit=g -o vg_name,name,size --nosuffix --readonly stack-volumes-lvmdriver-1
Dec 13 14:54:44.029289 n-d-816954-1 sudo[140160]: pam_unix(sudo:session): session opened for user root by (uid=0)
Dec 13 14:54:44.643856 n-d-816954-1 sudo[140160]: pam_unix(sudo:session): session closed for user root
Dec 13 14:54:44.646291 n-d-816954-1 cinder-volume[110907]: DEBUG oslo_concurrency.processutils [None req-4234d2fb-96c4-4637-a332-fc13353633cf tempest-SnapshotMetadataTestJSON-603156268 None] CMD "sudo cinder-rootwrap /etc/cinder/rootwrap.conf env LC_ALL=C lvs --noheadings --unit=g -o vg_name,name,size --nosuffix --readonly stack-volumes-lvmdriver-1" returned: 0 in 0.641s {{(pid=110907) execute /usr/local/lib/python3.8/dist-packages/oslo_concurrency/processutils.py:422}}
Dec 13 14:54:44.649185 n-d-816954-1 cinder-volume[110907]: DEBUG cinder.manager [None req-4234d2fb-96c4-4637-a332-fc13353633cf tempest-SnapshotMetadataTestJSON-603156268 None] Notifying Schedulers of capabilities ... {{(pid=110907) _publish_service_capabilities /opt/stack/cinder/cinder/manager.py:202}}
Dec 13 14:54:44.671321 n-d-816954-1 cinder-volume[110907]: INFO cinder.volume.manager [None req-4234d2fb-96c4-4637-a332-fc13353633cf tempest-SnapshotMetadataTestJSON-603156268 None] Deleted volume successfully.
Dec 13 14:54:44.754002 n-d-816954-1 cinder-volume[110907]: DEBUG cinder.coordination [None req-4234d2fb-96c4-4637-a332-fc13353633cf tempest-SnapshotMetadataTestJSON-603156268 None] Lock "b'cinder-ea372966-3f45-4418-81f1-132251aac01b-delete_volume'" released by "delete_volume" :: held 4.178s {{(pid=110907) _synchronized /opt/stack/cinder/cinder/coordination.py:193}}
Dec 13 14:54:51.088576 n-d-816954-1 cinder-volume[110907]: DEBUG oslo_concurrency.lockutils [None req-f289987b-4482-4047-9ef7-5724d3706e3c tempest-VolumesBackupsAdminTest-1859603443 None] Lock "lioadm" acquired by "cinder.volume.targets.lio.LioAdm._execute" :: waited 0.001s {{(pid=110907) inner /usr/local/lib/python3.8/dist-packages/oslo_concurrency/lockutils.py:355}}
Dec 13 14:54:51.089620 n-d-816954-1 cinder-volume[110907]: DEBUG oslo_concurrency.processutils [None req-f289987b-4482-4047-9ef7-5724d3706e3c tempest-VolumesBackupsAdminTest-1859603443 None] Running cmd (subprocess): sudo cinder-rootwrap /etc/cinder/rootwrap.conf cinder-rtstool delete-initiator iqn.2010-10.org.openstack:volume-cef5a090-6465-4a66-9532-bd7b7e216c49 iqn.1993-08.org.debian:01:562c9e39ab8e {{(pid=110907) execute /usr/local/lib/python3.8/dist-packages/oslo_concurrency/processutils.py:384}}
Dec 13 14:54:51.107624 n-d-816954-1 sudo[140227]: ubuntu : TTY=unknown ; PWD=/ ; USER=root ; COMMAND=/usr/local/bin/cinder-rootwrap /etc/cinder/rootwrap.conf cinder-rtstool delete-initiator iqn.2010-10.org.openstack:volume-cef5a090-6465-4a66-9532-bd7b7e216c49 iqn.1993-08.org.debian:01:562c9e39ab8e
Dec 13 14:54:51.108500 n-d-816954-1 sudo[140227]: pam_unix(sudo:session): session opened for user root by (uid=0)
Dec 13 14:54:51.625074 n-d-816954-1 cinder-volume[110907]: DEBUG cinder.volume.flows.manager.create_volume [None req-6be619e1-afae-4337-8f9d-4b7f18dd45b9 tempest-VolumesTransfersV355Test-492203313 None] Volume reschedule parameters: True retry: {'num_attempts': 1, 'backends': ['n-d-816954-1@lvmdriver-1#lvmdriver-1'], 'hosts': ['n-d-816954-1@lvmdriver-1#lvmdriver-1']} {{(pid=110907) get_flow /opt/stack/cinder/cinder/volume/flows/manager/create_volume.py:1348}}
Dec 13 14:54:51.630124 n-d-816954-1 cinder-volume[110907]: WARNING stevedore.named [None req-6be619e1-afae-4337-8f9d-4b7f18dd45b9 tempest-VolumesTransfersV355Test-492203313 None] Could not load cinder.keymgr.conf_key_mgr.ConfKeyManager
Dec 13 14:54:51.630879 n-d-816954-1 cinder-volume[110907]: WARNING castellan.key_manager [None req-6be619e1-afae-4337-8f9d-4b7f18dd45b9 tempest-VolumesTransfersV355Test-492203313 None] Deprecation Warning : cinder.keymgr.conf_key_mgr.ConfKeyManager is not a stevedore based driver, trying to load it as a class: stevedore.exception.NoMatches: No 'castellan.drivers' driver found, looking for 'cinder.keymgr.conf_key_mgr.ConfKeyManager'
Dec 13 14:54:51.661509 n-d-816954-1 cinder-volume[110907]: DEBUG cinder.volume.manager [None req-6be619e1-afae-4337-8f9d-4b7f18dd45b9 tempest-VolumesTransfersV355Test-492203313 None] Flow 'volume_create_manager' (de5bfbac-1c60-4361-9506-8fb249a5f8ed) transitioned into state 'RUNNING' from state 'PENDING' {{(pid=110907) _flow_receiver /usr/local/lib/python3.8/dist-packages/taskflow/listeners/logging.py:141}}
Dec 13 14:54:51.666071 n-d-816954-1 cinder-volume[110907]: DEBUG cinder.volume.manager [None req-6be619e1-afae-4337-8f9d-4b7f18dd45b9 tempest-VolumesTransfersV355Test-492203313 None] Task 'cinder.volume.flows.manager.create_volume.ExtractVolumeRefTask;volume:create' (e6ac7884-6997-42f9-ac57-f2ca6dd72227) transitioned into state 'RUNNING' from state 'PENDING' {{(pid=110907) _task_receiver /usr/local/lib/python3.8/dist-packages/taskflow/listeners/logging.py:190}}
Dec 13 14:54:51.673740 n-d-816954-1 cinder-volume[110907]: DEBUG oslo_db.sqlalchemy.engines [None req-6be619e1-afae-4337-8f9d-4b7f18dd45b9 tempest-VolumesTransfersV355Test-492203313 None] MySQL server mode set to STRICT_TRANS_TABLES,STRICT_ALL_TABLES,NO_ZERO_IN_DATE,NO_ZERO_DATE,ERROR_FOR_DIVISION_BY_ZERO,TRADITIONAL,NO_ENGINE_SUBSTITUTION {{(pid=110907) _check_effective_sql_mode /usr/local/lib/python3.8/dist-packages/oslo_db/sqlalchemy/engines.py:314}}
Dec 13 14:54:51.707184 n-d-816954-1 cinder-volume[110907]: DEBUG cinder.volume.manager [None req-6be619e1-afae-4337-8f9d-4b7f18dd45b9 tempest-VolumesTransfersV355Test-492203313 None] Task 'cinder.volume.flows.manager.create_volume.ExtractVolumeRefTask;volume:create' (e6ac7884-6997-42f9-ac57-f2ca6dd72227) transitioned into state 'SUCCESS' from state 'RUNNING' with result 'Volume(_name_id=None,admin_metadata=,attach_status='detached',availability_zone='nova',bootable=False,cluster=,cluster_name=None,consistencygroup=,consistencygroup_id=None,created_at=2021-12-13T14:54:51Z,deleted=False,deleted_at=None,display_description=None,display_name='tempest-VolumesTransfersV355Test-Volume-63776818',ec2_id=None,encryption_key_id=None,glance_metadata=,group=,group_id=None,host='n-d-816954-1@lvmdriver-1#lvmdriver-1',id=89b936d1-32d1-4c0b-a1eb-b8352db6dc48,launched_at=None,metadata={},migration_status=None,multiattach=False,previous_status=None,project_id='f7c65eb5c4a447d9be3be489b867ae3a',provider_auth=None,provider_geometry=None,provider_id=None,provider_location=None,replication_driver_data=None,replication_extended_status=None,replication_status=None,scheduled_at=2021-12-13T14:54:51Z,service_uuid=None,shared_targets=True,size=1,snapshot_id=None,snapshots=,source_volid=None,status='creating',terminated_at=None,updated_at=2021-12-13T14:54:51Z,use_quota=True,user_id='1e1c27100cde4dd885b0a7c1acc2bcd8',volume_attachment=,volume_type=VolumeType(7659c4af-b815-4faf-9241-c7b3600dfb71),volume_type_id=7659c4af-b815-4faf-9241-c7b3600dfb71)' {{(pid=110907) _task_receiver /usr/local/lib/python3.8/dist-packages/taskflow/listeners/logging.py:178}}
Dec 13 14:54:51.715344 n-d-816954-1 cinder-volume[110907]: DEBUG cinder.volume.manager [None req-6be619e1-afae-4337-8f9d-4b7f18dd45b9 tempest-VolumesTransfersV355Test-492203313 None] Task 'cinder.volume.flows.manager.create_volume.OnFailureRescheduleTask;volume:create' (b1776cdf-8f84-4a2a-9255-65376bcff1f6) transitioned into state 'RUNNING' from state 'PENDING' {{(pid=110907) _task_receiver /usr/local/lib/python3.8/dist-packages/taskflow/listeners/logging.py:190}}
Dec 13 14:54:51.735253 n-d-816954-1 cinder-volume[110907]: DEBUG cinder.volume.manager [None req-6be619e1-afae-4337-8f9d-4b7f18dd45b9 tempest-VolumesTransfersV355Test-492203313 None] Task 'cinder.volume.flows.manager.create_volume.OnFailureRescheduleTask;volume:create' (b1776cdf-8f84-4a2a-9255-65376bcff1f6) transitioned into state 'SUCCESS' from state 'RUNNING' with result 'None' {{(pid=110907) _task_receiver /usr/local/lib/python3.8/dist-packages/taskflow/listeners/logging.py:178}}
Dec 13 14:54:51.738381 n-d-816954-1 cinder-volume[110907]: DEBUG cinder.volume.manager [None req-6be619e1-afae-4337-8f9d-4b7f18dd45b9 tempest-VolumesTransfersV355Test-492203313 None] Task 'cinder.volume.flows.manager.create_volume.ExtractVolumeSpecTask;volume:create' (e61d9447-e1d5-4584-9cf2-0c0dd7f3f229) transitioned into state 'RUNNING' from state 'PENDING' {{(pid=110907) _task_receiver /usr/local/lib/python3.8/dist-packages/taskflow/listeners/logging.py:190}}
Dec 13 14:54:51.743504 n-d-816954-1 cinder-volume[110907]: DEBUG cinder.volume.manager [None req-6be619e1-afae-4337-8f9d-4b7f18dd45b9 tempest-VolumesTransfersV355Test-492203313 None] Task 'cinder.volume.flows.manager.create_volume.ExtractVolumeSpecTask;volume:create' (e61d9447-e1d5-4584-9cf2-0c0dd7f3f229) transitioned into state 'SUCCESS' from state 'RUNNING' with result '{'status': 'creating', 'type': 'raw', 'volume_id': '89b936d1-32d1-4c0b-a1eb-b8352db6dc48', 'volume_name': 'volume-89b936d1-32d1-4c0b-a1eb-b8352db6dc48', 'volume_size': 1}' {{(pid=110907) _task_receiver /usr/local/lib/python3.8/dist-packages/taskflow/listeners/logging.py:178}}
Dec 13 14:54:51.746212 n-d-816954-1 cinder-volume[110907]: DEBUG cinder.volume.manager [None req-6be619e1-afae-4337-8f9d-4b7f18dd45b9 tempest-VolumesTransfersV355Test-492203313 None] Task 'cinder.volume.flows.manager.create_volume.NotifyVolumeActionTask;volume:create, create.start' (0cc2b9f2-9d43-40fa-a023-1670fa8564a0) transitioned into state 'RUNNING' from state 'PENDING' {{(pid=110907) _task_receiver /usr/local/lib/python3.8/dist-packages/taskflow/listeners/logging.py:190}}
Dec 13 14:54:51.749303 n-d-816954-1 cinder-volume[110907]: DEBUG cinder.volume.manager [None req-6be619e1-afae-4337-8f9d-4b7f18dd45b9 tempest-VolumesTransfersV355Test-492203313 None] Task 'cinder.volume.flows.manager.create_volume.NotifyVolumeActionTask;volume:create, create.start' (0cc2b9f2-9d43-40fa-a023-1670fa8564a0) transitioned into state 'SUCCESS' from state 'RUNNING' with result 'None' {{(pid=110907) _task_receiver /usr/local/lib/python3.8/dist-packages/taskflow/listeners/logging.py:178}}
Dec 13 14:54:51.756202 n-d-816954-1 cinder-volume[110907]: DEBUG cinder.volume.manager [None req-6be619e1-afae-4337-8f9d-4b7f18dd45b9 tempest-VolumesTransfersV355Test-492203313 None] Task 'cinder.volume.flows.manager.create_volume.CreateVolumeFromSpecTask;volume:create' (e463d151-c473-4eb7-842e-689a76100201) transitioned into state 'RUNNING' from state 'PENDING' {{(pid=110907) _task_receiver /usr/local/lib/python3.8/dist-packages/taskflow/listeners/logging.py:190}}
Dec 13 14:54:51.757403 n-d-816954-1 cinder-volume[110907]: INFO cinder.volume.flows.manager.create_volume [None req-6be619e1-afae-4337-8f9d-4b7f18dd45b9 tempest-VolumesTransfersV355Test-492203313 None] Volume 89b936d1-32d1-4c0b-a1eb-b8352db6dc48: being created as raw with specification: {'status': 'creating', 'volume_name': 'volume-89b936d1-32d1-4c0b-a1eb-b8352db6dc48', 'volume_size': 1}
Dec 13 14:54:51.759091 n-d-816954-1 cinder-volume[110907]: DEBUG oslo_concurrency.processutils [None req-6be619e1-afae-4337-8f9d-4b7f18dd45b9 tempest-VolumesTransfersV355Test-492203313 None] Running cmd (subprocess): sudo cinder-rootwrap /etc/cinder/rootwrap.conf env LC_ALL=C lvcreate -n volume-89b936d1-32d1-4c0b-a1eb-b8352db6dc48 stack-volumes-lvmdriver-1 -L 1g {{(pid=110907) execute /usr/local/lib/python3.8/dist-packages/oslo_concurrency/processutils.py:384}}
Dec 13 14:54:51.783355 n-d-816954-1 sudo[140234]: ubuntu : TTY=unknown ; PWD=/ ; USER=root ; COMMAND=/usr/local/bin/cinder-rootwrap /etc/cinder/rootwrap.conf env LC_ALL=C lvcreate -n volume-89b936d1-32d1-4c0b-a1eb-b8352db6dc48 stack-volumes-lvmdriver-1 -L 1g
Dec 13 14:54:51.784787 n-d-816954-1 sudo[140234]: pam_unix(sudo:session): session opened for user root by (uid=0)
Dec 13 14:54:51.811925 n-d-816954-1 sudo[140227]: pam_unix(sudo:session): session closed for user root
Dec 13 14:54:51.814212 n-d-816954-1 cinder-volume[110907]: DEBUG oslo_concurrency.processutils [None req-f289987b-4482-4047-9ef7-5724d3706e3c tempest-VolumesBackupsAdminTest-1859603443 None] CMD "sudo cinder-rootwrap /etc/cinder/rootwrap.conf cinder-rtstool delete-initiator iqn.2010-10.org.openstack:volume-cef5a090-6465-4a66-9532-bd7b7e216c49 iqn.1993-08.org.debian:01:562c9e39ab8e" returned: 0 in 0.724s {{(pid=110907) execute /usr/local/lib/python3.8/dist-packages/oslo_concurrency/processutils.py:422}}
Dec 13 14:54:51.815214 n-d-816954-1 cinder-volume[110907]: DEBUG oslo_concurrency.lockutils [None req-f289987b-4482-4047-9ef7-5724d3706e3c tempest-VolumesBackupsAdminTest-1859603443 None] Lock "lioadm" released by "cinder.volume.targets.lio.LioAdm._execute" :: held 0.727s {{(pid=110907) inner /usr/local/lib/python3.8/dist-packages/oslo_concurrency/lockutils.py:367}}
Dec 13 14:54:51.816471 n-d-816954-1 cinder-volume[110907]: DEBUG oslo_concurrency.lockutils [None req-f289987b-4482-4047-9ef7-5724d3706e3c tempest-VolumesBackupsAdminTest-1859603443 None] Lock "lioadm" acquired by "cinder.volume.targets.lio.LioAdm._execute" :: waited 0.001s {{(pid=110907) inner /usr/local/lib/python3.8/dist-packages/oslo_concurrency/lockutils.py:355}}
Dec 13 14:54:51.817404 n-d-816954-1 cinder-volume[110907]: DEBUG oslo_concurrency.processutils [None req-f289987b-4482-4047-9ef7-5724d3706e3c tempest-VolumesBackupsAdminTest-1859603443 None] Running cmd (subprocess): sudo cinder-rootwrap /etc/cinder/rootwrap.conf cinder-rtstool save {{(pid=110907) execute /usr/local/lib/python3.8/dist-packages/oslo_concurrency/processutils.py:384}}
Dec 13 14:54:51.837090 n-d-816954-1 sudo[140236]: ubuntu : TTY=unknown ; PWD=/ ; USER=root ; COMMAND=/usr/local/bin/cinder-rootwrap /etc/cinder/rootwrap.conf cinder-rtstool save
Dec 13 14:54:51.837990 n-d-816954-1 sudo[140236]: pam_unix(sudo:session): session opened for user root by (uid=0)
Dec 13 14:54:52.515253 n-d-816954-1 sudo[140234]: pam_unix(sudo:session): session closed for user root
Dec 13 14:54:52.517517 n-d-816954-1 cinder-volume[110907]: DEBUG oslo_concurrency.processutils [None req-6be619e1-afae-4337-8f9d-4b7f18dd45b9 tempest-VolumesTransfersV355Test-492203313 None] CMD "sudo cinder-rootwrap /etc/cinder/rootwrap.conf env LC_ALL=C lvcreate -n volume-89b936d1-32d1-4c0b-a1eb-b8352db6dc48 stack-volumes-lvmdriver-1 -L 1g" returned: 0 in 0.758s {{(pid=110907) execute /usr/local/lib/python3.8/dist-packages/oslo_concurrency/processutils.py:422}}
Dec 13 14:54:52.521578 n-d-816954-1 cinder-volume[110907]: DEBUG cinder.volume.manager [None req-6be619e1-afae-4337-8f9d-4b7f18dd45b9 tempest-VolumesTransfersV355Test-492203313 None] Task 'cinder.volume.flows.manager.create_volume.CreateVolumeFromSpecTask;volume:create' (e463d151-c473-4eb7-842e-689a76100201) transitioned into state 'SUCCESS' from state 'RUNNING' with result '{'status': 'creating', 'volume_name': 'volume-89b936d1-32d1-4c0b-a1eb-b8352db6dc48', 'volume_size': 1}' {{(pid=110907) _task_receiver /usr/local/lib/python3.8/dist-packages/taskflow/listeners/logging.py:178}}
Dec 13 14:54:52.525277 n-d-816954-1 cinder-volume[110907]: DEBUG cinder.volume.manager [None req-6be619e1-afae-4337-8f9d-4b7f18dd45b9 tempest-VolumesTransfersV355Test-492203313 None] Task 'cinder.volume.flows.manager.create_volume.CreateVolumeOnFinishTask;volume:create, create.end' (dc946124-1f81-473a-a92d-149880510985) transitioned into state 'RUNNING' from state 'PENDING' {{(pid=110907) _task_receiver /usr/local/lib/python3.8/dist-packages/taskflow/listeners/logging.py:190}}
Dec 13 14:54:52.619823 n-d-816954-1 cinder-volume[110907]: INFO cinder.volume.flows.manager.create_volume [None req-6be619e1-afae-4337-8f9d-4b7f18dd45b9 tempest-VolumesTransfersV355Test-492203313 None] Volume volume-89b936d1-32d1-4c0b-a1eb-b8352db6dc48 (89b936d1-32d1-4c0b-a1eb-b8352db6dc48): created successfully
Dec 13 14:54:52.623956 n-d-816954-1 cinder-volume[110907]: DEBUG cinder.volume.manager [None req-6be619e1-afae-4337-8f9d-4b7f18dd45b9 tempest-VolumesTransfersV355Test-492203313 None] Task 'cinder.volume.flows.manager.create_volume.CreateVolumeOnFinishTask;volume:create, create.end' (dc946124-1f81-473a-a92d-149880510985) transitioned into state 'SUCCESS' from state 'RUNNING' with result 'None' {{(pid=110907) _task_receiver /usr/local/lib/python3.8/dist-packages/taskflow/listeners/logging.py:178}}
Dec 13 14:54:52.632056 n-d-816954-1 cinder-volume[110907]: DEBUG cinder.volume.manager [None req-6be619e1-afae-4337-8f9d-4b7f18dd45b9 tempest-VolumesTransfersV355Test-492203313 None] Flow 'volume_create_manager' (de5bfbac-1c60-4361-9506-8fb249a5f8ed) transitioned into state 'SUCCESS' from state 'RUNNING' {{(pid=110907) _flow_receiver /usr/local/lib/python3.8/dist-packages/taskflow/listeners/logging.py:141}}
Dec 13 14:54:52.700138 n-d-816954-1 sudo[140236]: pam_unix(sudo:session): session closed for user root
Dec 13 14:54:52.702362 n-d-816954-1 cinder-volume[110907]: DEBUG oslo_concurrency.processutils [None req-f289987b-4482-4047-9ef7-5724d3706e3c tempest-VolumesBackupsAdminTest-1859603443 None] CMD "sudo cinder-rootwrap /etc/cinder/rootwrap.conf cinder-rtstool save" returned: 0 in 0.885s {{(pid=110907) execute /usr/local/lib/python3.8/dist-packages/oslo_concurrency/processutils.py:422}}
Dec 13 14:54:52.703497 n-d-816954-1 cinder-volume[110907]: DEBUG oslo_concurrency.lockutils [None req-f289987b-4482-4047-9ef7-5724d3706e3c tempest-VolumesBackupsAdminTest-1859603443 None] Lock "lioadm" released by "cinder.volume.targets.lio.LioAdm._execute" :: held 0.887s {{(pid=110907) inner /usr/local/lib/python3.8/dist-packages/oslo_concurrency/lockutils.py:367}}
Dec 13 14:54:52.703960 n-d-816954-1 cinder-volume[110907]: INFO cinder.volume.manager [None req-f289987b-4482-4047-9ef7-5724d3706e3c tempest-VolumesBackupsAdminTest-1859603443 None] Terminate volume connection completed successfully.
Dec 13 14:54:52.743214 n-d-816954-1 cinder-volume[110907]: DEBUG oslo_concurrency.lockutils [None req-f289987b-4482-4047-9ef7-5724d3706e3c tempest-VolumesBackupsAdminTest-1859603443 None] Lock "lioadm" acquired by "cinder.volume.targets.lio.LioAdm._execute" :: waited 0.000s {{(pid=110907) inner /usr/local/lib/python3.8/dist-packages/oslo_concurrency/lockutils.py:355}}
Dec 13 14:54:52.744717 n-d-816954-1 cinder-volume[110907]: DEBUG oslo_concurrency.processutils [None req-f289987b-4482-4047-9ef7-5724d3706e3c tempest-VolumesBackupsAdminTest-1859603443 None] Running cmd (subprocess): sudo cinder-rootwrap /etc/cinder/rootwrap.conf cinder-rtstool get-targets {{(pid=110907) execute /usr/local/lib/python3.8/dist-packages/oslo_concurrency/processutils.py:384}}
Dec 13 14:54:52.773908 n-d-816954-1 cinder-volume[110907]: INFO cinder.volume.manager [None req-6be619e1-afae-4337-8f9d-4b7f18dd45b9 tempest-VolumesTransfersV355Test-492203313 None] Created volume successfully.
Dec 13 14:54:52.787716 n-d-816954-1 sudo[140270]: ubuntu : TTY=unknown ; PWD=/ ; USER=root ; COMMAND=/usr/local/bin/cinder-rootwrap /etc/cinder/rootwrap.conf cinder-rtstool get-targets
Dec 13 14:54:52.788536 n-d-816954-1 sudo[140270]: pam_unix(sudo:session): session opened for user root by (uid=0)
Dec 13 14:54:53.539670 n-d-816954-1 sudo[140270]: pam_unix(sudo:session): session closed for user root
Dec 13 14:54:53.544762 n-d-816954-1 cinder-volume[110907]: DEBUG oslo_concurrency.processutils [None req-f289987b-4482-4047-9ef7-5724d3706e3c tempest-VolumesBackupsAdminTest-1859603443 None] CMD "sudo cinder-rootwrap /etc/cinder/rootwrap.conf cinder-rtstool get-targets" returned: 0 in 0.797s {{(pid=110907) execute /usr/local/lib/python3.8/dist-packages/oslo_concurrency/processutils.py:422}}
Dec 13 14:54:53.544762 n-d-816954-1 cinder-volume[110907]: DEBUG oslo_concurrency.lockutils [None req-f289987b-4482-4047-9ef7-5724d3706e3c tempest-VolumesBackupsAdminTest-1859603443 None] Lock "lioadm" released by "cinder.volume.targets.lio.LioAdm._execute" :: held 0.799s {{(pid=110907) inner /usr/local/lib/python3.8/dist-packages/oslo_concurrency/lockutils.py:367}}
Dec 13 14:54:53.544762 n-d-816954-1 cinder-volume[110907]: INFO cinder.volume.targets.lio [None req-f289987b-4482-4047-9ef7-5724d3706e3c tempest-VolumesBackupsAdminTest-1859603443 None] Removing iscsi_target: cef5a090-6465-4a66-9532-bd7b7e216c49
Dec 13 14:54:53.544762 n-d-816954-1 cinder-volume[110907]: DEBUG oslo_concurrency.lockutils [None req-f289987b-4482-4047-9ef7-5724d3706e3c tempest-VolumesBackupsAdminTest-1859603443 None] Lock "lioadm" acquired by "cinder.volume.targets.lio.LioAdm._execute" :: waited 0.000s {{(pid=110907) inner /usr/local/lib/python3.8/dist-packages/oslo_concurrency/lockutils.py:355}}
Dec 13 14:54:53.551914 n-d-816954-1 cinder-volume[110907]: DEBUG oslo_concurrency.processutils [None req-f289987b-4482-4047-9ef7-5724d3706e3c tempest-VolumesBackupsAdminTest-1859603443 None] Running cmd (subprocess): sudo cinder-rootwrap /etc/cinder/rootwrap.conf cinder-rtstool delete iqn.2010-10.org.openstack:volume-cef5a090-6465-4a66-9532-bd7b7e216c49 {{(pid=110907) execute /usr/local/lib/python3.8/dist-packages/oslo_concurrency/processutils.py:384}}
Dec 13 14:54:53.584773 n-d-816954-1 sudo[140298]: ubuntu : TTY=unknown ; PWD=/ ; USER=root ; COMMAND=/usr/local/bin/cinder-rootwrap /etc/cinder/rootwrap.conf cinder-rtstool delete iqn.2010-10.org.openstack:volume-cef5a090-6465-4a66-9532-bd7b7e216c49
Dec 13 14:54:53.585748 n-d-816954-1 sudo[140298]: pam_unix(sudo:session): session opened for user root by (uid=0)
Dec 13 14:54:54.618865 n-d-816954-1 sudo[140298]: pam_unix(sudo:session): session closed for user root
Dec 13 14:54:54.622459 n-d-816954-1 cinder-volume[110907]: DEBUG oslo_concurrency.processutils [None req-f289987b-4482-4047-9ef7-5724d3706e3c tempest-VolumesBackupsAdminTest-1859603443 None] CMD "sudo cinder-rootwrap /etc/cinder/rootwrap.conf cinder-rtstool delete iqn.2010-10.org.openstack:volume-cef5a090-6465-4a66-9532-bd7b7e216c49" returned: 0 in 1.078s {{(pid=110907) execute /usr/local/lib/python3.8/dist-packages/oslo_concurrency/processutils.py:422}}
Dec 13 14:54:54.624157 n-d-816954-1 cinder-volume[110907]: DEBUG oslo_concurrency.lockutils [None req-f289987b-4482-4047-9ef7-5724d3706e3c tempest-VolumesBackupsAdminTest-1859603443 None] Lock "lioadm" released by "cinder.volume.targets.lio.LioAdm._execute" :: held 1.080s {{(pid=110907) inner /usr/local/lib/python3.8/dist-packages/oslo_concurrency/lockutils.py:367}}
Dec 13 14:54:54.625199 n-d-816954-1 cinder-volume[110907]: DEBUG oslo_concurrency.lockutils [None req-f289987b-4482-4047-9ef7-5724d3706e3c tempest-VolumesBackupsAdminTest-1859603443 None] Lock "lioadm" acquired by "cinder.volume.targets.lio.LioAdm._execute" :: waited 0.000s {{(pid=110907) inner /usr/local/lib/python3.8/dist-packages/oslo_concurrency/lockutils.py:355}}
Dec 13 14:54:54.626081 n-d-816954-1 cinder-volume[110907]: DEBUG oslo_concurrency.processutils [None req-f289987b-4482-4047-9ef7-5724d3706e3c tempest-VolumesBackupsAdminTest-1859603443 None] Running cmd (subprocess): sudo cinder-rootwrap /etc/cinder/rootwrap.conf cinder-rtstool save {{(pid=110907) execute /usr/local/lib/python3.8/dist-packages/oslo_concurrency/processutils.py:384}}
Dec 13 14:54:54.679862 n-d-816954-1 sudo[140339]: ubuntu : TTY=unknown ; PWD=/ ; USER=root ; COMMAND=/usr/local/bin/cinder-rootwrap /etc/cinder/rootwrap.conf cinder-rtstool save
Dec 13 14:54:54.681962 n-d-816954-1 sudo[140339]: pam_unix(sudo:session): session opened for user root by (uid=0)
Dec 13 14:54:55.249821 n-d-816954-1 cinder-volume[110907]: INFO cinder.volume.manager [None req-18236671-a8a4-47eb-91cc-3cf974a86416 tempest-VolumesTransfersV355Test-217282595 None] Transfer volume completed successfully.
Dec 13 14:54:55.675333 n-d-816954-1 sudo[140339]: pam_unix(sudo:session): session closed for user root
Dec 13 14:54:55.677080 n-d-816954-1 cinder-volume[110907]: DEBUG oslo_concurrency.processutils [None req-f289987b-4482-4047-9ef7-5724d3706e3c tempest-VolumesBackupsAdminTest-1859603443 None] CMD "sudo cinder-rootwrap /etc/cinder/rootwrap.conf cinder-rtstool save" returned: 0 in 1.051s {{(pid=110907) execute /usr/local/lib/python3.8/dist-packages/oslo_concurrency/processutils.py:422}}
Dec 13 14:54:55.677741 n-d-816954-1 cinder-volume[110907]: DEBUG oslo_concurrency.lockutils [None req-f289987b-4482-4047-9ef7-5724d3706e3c tempest-VolumesBackupsAdminTest-1859603443 None] Lock "lioadm" released by "cinder.volume.targets.lio.LioAdm._execute" :: held 1.052s {{(pid=110907) inner /usr/local/lib/python3.8/dist-packages/oslo_concurrency/lockutils.py:367}}
Dec 13 14:54:55.678180 n-d-816954-1 cinder-volume[110907]: INFO cinder.volume.manager [None req-f289987b-4482-4047-9ef7-5724d3706e3c tempest-VolumesBackupsAdminTest-1859603443 None] Remove volume export completed successfully.
Dec 13 14:54:56.261359 n-d-816954-1 cinder-volume[110907]: DEBUG cinder.coordination [None req-778a2fd9-9dea-4a4e-ac5d-cb391a9b5e36 tempest-VolumesTransfersV355Test-1999607357 None] Lock "b'cinder-89b936d1-32d1-4c0b-a1eb-b8352db6dc48-delete_volume'" acquired by "delete_volume" :: waited 0.014s {{(pid=110907) _synchronized /opt/stack/cinder/cinder/coordination.py:181}}
Dec 13 14:54:56.343736 n-d-816954-1 cinder-volume[110907]: INFO cinder.volume.targets.iscsi [None req-778a2fd9-9dea-4a4e-ac5d-cb391a9b5e36 tempest-VolumesTransfersV355Test-1999607357 None] Skipping remove_export. No iscsi_target is presently exported for volume: 89b936d1-32d1-4c0b-a1eb-b8352db6dc48
Dec 13 14:54:56.345046 n-d-816954-1 cinder-volume[110907]: DEBUG oslo_concurrency.processutils [None req-778a2fd9-9dea-4a4e-ac5d-cb391a9b5e36 tempest-VolumesTransfersV355Test-1999607357 None] Running cmd (subprocess): sudo cinder-rootwrap /etc/cinder/rootwrap.conf env LC_ALL=C lvs --noheadings --unit=g -o vg_name,name,size --nosuffix --readonly stack-volumes-lvmdriver-1/volume-89b936d1-32d1-4c0b-a1eb-b8352db6dc48 {{(pid=110907) execute /usr/local/lib/python3.8/dist-packages/oslo_concurrency/processutils.py:384}}
Dec 13 14:54:56.364874 n-d-816954-1 sudo[140365]: ubuntu : TTY=unknown ; PWD=/ ; USER=root ; COMMAND=/usr/local/bin/cinder-rootwrap /etc/cinder/rootwrap.conf env LC_ALL=C lvs --noheadings --unit=g -o vg_name,name,size --nosuffix --readonly stack-volumes-lvmdriver-1/volume-89b936d1-32d1-4c0b-a1eb-b8352db6dc48
Dec 13 14:54:56.365657 n-d-816954-1 sudo[140365]: pam_unix(sudo:session): session opened for user root by (uid=0)
Dec 13 14:54:56.881943 n-d-816954-1 sudo[140365]: pam_unix(sudo:session): session closed for user root
Dec 13 14:54:56.884942 n-d-816954-1 cinder-volume[110907]: DEBUG oslo_concurrency.processutils [None req-778a2fd9-9dea-4a4e-ac5d-cb391a9b5e36 tempest-VolumesTransfersV355Test-1999607357 None] CMD "sudo cinder-rootwrap /etc/cinder/rootwrap.conf env LC_ALL=C lvs --noheadings --unit=g -o vg_name,name,size --nosuffix --readonly stack-volumes-lvmdriver-1/volume-89b936d1-32d1-4c0b-a1eb-b8352db6dc48" returned: 0 in 0.539s {{(pid=110907) execute /usr/local/lib/python3.8/dist-packages/oslo_concurrency/processutils.py:422}}
Dec 13 14:54:56.887419 n-d-816954-1 cinder-volume[110907]: DEBUG oslo_concurrency.processutils [None req-778a2fd9-9dea-4a4e-ac5d-cb391a9b5e36 tempest-VolumesTransfersV355Test-1999607357 None] Running cmd (subprocess): sudo cinder-rootwrap /etc/cinder/rootwrap.conf env LC_ALL=C lvdisplay --noheading -C -o Attr --readonly stack-volumes-lvmdriver-1/volume-89b936d1-32d1-4c0b-a1eb-b8352db6dc48 {{(pid=110907) execute /usr/local/lib/python3.8/dist-packages/oslo_concurrency/processutils.py:384}}
Dec 13 14:54:56.912519 n-d-816954-1 sudo[140377]: ubuntu : TTY=unknown ; PWD=/ ; USER=root ; COMMAND=/usr/local/bin/cinder-rootwrap /etc/cinder/rootwrap.conf env LC_ALL=C lvdisplay --noheading -C -o Attr --readonly stack-volumes-lvmdriver-1/volume-89b936d1-32d1-4c0b-a1eb-b8352db6dc48
Dec 13 14:54:56.915036 n-d-816954-1 sudo[140377]: pam_unix(sudo:session): session opened for user root by (uid=0)
Dec 13 14:54:57.502756 n-d-816954-1 sudo[140377]: pam_unix(sudo:session): session closed for user root
Dec 13 14:54:57.507456 n-d-816954-1 cinder-volume[110907]: DEBUG oslo_concurrency.processutils [None req-778a2fd9-9dea-4a4e-ac5d-cb391a9b5e36 tempest-VolumesTransfersV355Test-1999607357 None] CMD "sudo cinder-rootwrap /etc/cinder/rootwrap.conf env LC_ALL=C lvdisplay --noheading -C -o Attr --readonly stack-volumes-lvmdriver-1/volume-89b936d1-32d1-4c0b-a1eb-b8352db6dc48" returned: 0 in 0.617s {{(pid=110907) execute /usr/local/lib/python3.8/dist-packages/oslo_concurrency/processutils.py:422}}
Dec 13 14:54:57.507456 n-d-816954-1 cinder-volume[110907]: DEBUG oslo_concurrency.processutils [None req-778a2fd9-9dea-4a4e-ac5d-cb391a9b5e36 tempest-VolumesTransfersV355Test-1999607357 None] Running cmd (subprocess): sudo cinder-rootwrap /etc/cinder/rootwrap.conf lvremove --config activation { retry_deactivation = 1} -f stack-volumes-lvmdriver-1/volume-89b936d1-32d1-4c0b-a1eb-b8352db6dc48 {{(pid=110907) execute /usr/local/lib/python3.8/dist-packages/oslo_concurrency/processutils.py:384}}
Dec 13 14:54:57.533088 n-d-816954-1 sudo[140385]: ubuntu : TTY=unknown ; PWD=/ ; USER=root ; COMMAND=/usr/local/bin/cinder-rootwrap /etc/cinder/rootwrap.conf lvremove --config activation { retry_deactivation = 1} -f stack-volumes-lvmdriver-1/volume-89b936d1-32d1-4c0b-a1eb-b8352db6dc48
Dec 13 14:54:57.535158 n-d-816954-1 sudo[140385]: pam_unix(sudo:session): session opened for user root by (uid=0)
Dec 13 14:54:58.155514 n-d-816954-1 sudo[140385]: pam_unix(sudo:session): session closed for user root
Dec 13 14:54:58.162417 n-d-816954-1 cinder-volume[110907]: DEBUG oslo_concurrency.processutils [None req-778a2fd9-9dea-4a4e-ac5d-cb391a9b5e36 tempest-VolumesTransfersV355Test-1999607357 None] CMD "sudo cinder-rootwrap /etc/cinder/rootwrap.conf lvremove --config activation { retry_deactivation = 1} -f stack-volumes-lvmdriver-1/volume-89b936d1-32d1-4c0b-a1eb-b8352db6dc48" returned: 0 in 0.652s {{(pid=110907) execute /usr/local/lib/python3.8/dist-packages/oslo_concurrency/processutils.py:422}}
Dec 13 14:54:58.163607 n-d-816954-1 cinder-volume[110907]: INFO cinder.volume.drivers.lvm [None req-778a2fd9-9dea-4a4e-ac5d-cb391a9b5e36 tempest-VolumesTransfersV355Test-1999607357 None] Successfully deleted volume: 89b936d1-32d1-4c0b-a1eb-b8352db6dc48
Dec 13 14:54:58.325471 n-d-816954-1 cinder-volume[110907]: DEBUG cinder.quota [None req-778a2fd9-9dea-4a4e-ac5d-cb391a9b5e36 tempest-VolumesTransfersV355Test-1999607357 None] Created reservations ['c5fb4263-f4f3-4d26-b325-68222fc33255', '508f994a-d4e3-4958-a844-c30e116ded2b', '4281b758-65ce-4ae2-a2c6-825139b18e81', 'd41db2fa-31d9-4b8a-a02b-092141aaa70d'] {{(pid=110907) reserve /opt/stack/cinder/cinder/quota.py:755}}
Dec 13 14:54:58.572939 n-d-816954-1 cinder-volume[110907]: DEBUG cinder.volume.drivers.lvm [None req-778a2fd9-9dea-4a4e-ac5d-cb391a9b5e36 tempest-VolumesTransfersV355Test-1999607357 None] Updating volume stats {{(pid=110907) _update_volume_stats /opt/stack/cinder/cinder/volume/drivers/lvm.py:213}}
Dec 13 14:54:58.574188 n-d-816954-1 cinder-volume[110907]: DEBUG oslo_concurrency.processutils [None req-778a2fd9-9dea-4a4e-ac5d-cb391a9b5e36 tempest-VolumesTransfersV355Test-1999607357 None] Running cmd (subprocess): sudo cinder-rootwrap /etc/cinder/rootwrap.conf env LC_ALL=C vgs --noheadings --unit=g -o name,size,free,lv_count,uuid --separator : --nosuffix stack-volumes-lvmdriver-1 {{(pid=110907) execute /usr/local/lib/python3.8/dist-packages/oslo_concurrency/processutils.py:384}}
Dec 13 14:54:58.635526 n-d-816954-1 sudo[140433]: ubuntu : TTY=unknown ; PWD=/ ; USER=root ; COMMAND=/usr/local/bin/cinder-rootwrap /etc/cinder/rootwrap.conf env LC_ALL=C vgs --noheadings --unit=g -o name,size,free,lv_count,uuid --separator : --nosuffix stack-volumes-lvmdriver-1
Dec 13 14:54:58.636330 n-d-816954-1 sudo[140433]: pam_unix(sudo:session): session opened for user root by (uid=0)
Dec 13 14:54:59.200209 n-d-816954-1 sudo[140433]: pam_unix(sudo:session): session closed for user root
