Nov 13 17:14:31.210708 n-d-816927-2 devstack@placement-api.service[84006]: DEBUG placement.requestlog [req-61d8f2eb-b2ce-4a97-a6a7-6f779f143c6a req-35ff1d2a-16fe-43d1-b0f2-322fd7123218 None None] Starting request: 10.222.0.24 "PUT /placement/allocations/a304c82c-b048-4815-8907-e1eb0852d887" {{(pid=84006) __call__ /opt/stack/placement/placement/requestlog.py:55}}
Nov 13 17:14:31.358170 n-d-816927-2 devstack@placement-api.service[84006]: DEBUG placement.handlers.allocation [req-61d8f2eb-b2ce-4a97-a6a7-6f779f143c6a req-35ff1d2a-16fe-43d1-b0f2-322fd7123218 service placement] Successfully wrote allocations [, , ] {{(pid=84006) _create_allocations /opt/stack/placement/placement/handlers/allocation.py:435}}
Nov 13 17:14:31.359511 n-d-816927-2 devstack@placement-api.service[84006]: INFO placement.requestlog [req-61d8f2eb-b2ce-4a97-a6a7-6f779f143c6a req-35ff1d2a-16fe-43d1-b0f2-322fd7123218 service placement] 10.222.0.24 "PUT /placement/allocations/a304c82c-b048-4815-8907-e1eb0852d887" status: 204 len: 0 microversion: 1.28
Nov 13 17:14:31.361180 n-d-816927-2 devstack@placement-api.service[84006]: [pid: 84006|app: 0|req: 352/705] 10.222.0.24 () {64 vars in 1430 bytes} [Sat Nov 13 17:14:31 2021] PUT /placement/allocations/a304c82c-b048-4815-8907-e1eb0852d887 => generated 0 bytes in 151 msecs (HTTP/1.1 204) 5 headers in 199 bytes (1 switches on core 0)
Nov 13 17:14:31.894058 n-d-816927-2 devstack@placement-api.service[84007]: DEBUG placement.requestlog [req-9a4b51b8-bd8d-4c7d-b484-85822f8df061 req-0d623a2d-e6ee-4b30-b423-f2fb18047744 None None] Starting request: 10.222.0.24 "GET /placement/allocations/95961470-eae4-4556-baf1-94a969fb25eb" {{(pid=84007) __call__ /opt/stack/placement/placement/requestlog.py:55}}
Nov 13 17:14:31.917133 n-d-816927-2 devstack@placement-api.service[84007]: INFO placement.requestlog [req-9a4b51b8-bd8d-4c7d-b484-85822f8df061 req-0d623a2d-e6ee-4b30-b423-f2fb18047744 service placement] 10.222.0.24 "GET /placement/allocations/95961470-eae4-4556-baf1-94a969fb25eb" status: 200 len: 260 microversion: 1.28
Nov 13 17:14:31.917906 n-d-816927-2 devstack@placement-api.service[84007]: [pid: 84007|app: 0|req: 354/706] 10.222.0.24 () {60 vars in 1377 bytes} [Sat Nov 13 17:14:31 2021] GET /placement/allocations/95961470-eae4-4556-baf1-94a969fb25eb => generated 260 bytes in 24 msecs (HTTP/1.1 200) 8 headers in 296 bytes (1 switches on core 0)
Nov 13 17:14:31.929179 n-d-816927-2 devstack@placement-api.service[84006]: DEBUG placement.requestlog [req-9a4b51b8-bd8d-4c7d-b484-85822f8df061 req-145b9b54-f497-4c8b-b76d-24a6f0d8af05 None None] Starting request: 10.222.0.24 "PUT /placement/allocations/95961470-eae4-4556-baf1-94a969fb25eb" {{(pid=84006) __call__ /opt/stack/placement/placement/requestlog.py:55}}
Nov 13 17:14:32.027074 n-d-816927-2 devstack@placement-api.service[84006]: DEBUG placement.handlers.allocation [req-9a4b51b8-bd8d-4c7d-b484-85822f8df061 req-145b9b54-f497-4c8b-b76d-24a6f0d8af05 service placement] Successfully wrote allocations [, , ] {{(pid=84006) _create_allocations /opt/stack/placement/placement/handlers/allocation.py:435}}
Nov 13 17:14:32.027597 n-d-816927-2 devstack@placement-api.service[84006]: INFO placement.requestlog [req-9a4b51b8-bd8d-4c7d-b484-85822f8df061 req-145b9b54-f497-4c8b-b76d-24a6f0d8af05 service placement] 10.222.0.24 "PUT /placement/allocations/95961470-eae4-4556-baf1-94a969fb25eb" status: 204 len: 0 microversion: 1.28
Nov 13 17:14:32.027956 n-d-816927-2 devstack@placement-api.service[84006]: [pid: 84006|app: 0|req: 353/707] 10.222.0.24 () {64 vars in 1430 bytes} [Sat Nov 13 17:14:31 2021] PUT /placement/allocations/95961470-eae4-4556-baf1-94a969fb25eb => generated 0 bytes in 99 msecs (HTTP/1.1 204) 5 headers in 199 bytes (1 switches on core 0)
Nov 13 17:14:32.973541 n-d-816927-2 devstack@placement-api.service[84007]: DEBUG placement.requestlog [req-3f11494b-8dd5-4fca-bc52-820a009bf84e req-b5c89e87-b675-4245-80fc-4e89678d4bb8 None None] Starting request: 10.222.0.37 "GET /placement/resource_providers/c9ebd7bc-ff0a-4cde-a102-9f5c849498a7/allocations" {{(pid=84007) __call__ /opt/stack/placement/placement/requestlog.py:55}}
Nov 13 17:14:33.001432 n-d-816927-2 devstack@placement-api.service[84007]: INFO placement.requestlog [req-3f11494b-8dd5-4fca-bc52-820a009bf84e req-b5c89e87-b675-4245-80fc-4e89678d4bb8 service placement] 10.222.0.37 "GET /placement/resource_providers/c9ebd7bc-ff0a-4cde-a102-9f5c849498a7/allocations" status: 200 len: 55 microversion: 1.0
Nov 13 17:14:33.001951 n-d-816927-2 devstack@placement-api.service[84007]: [pid: 84007|app: 0|req: 355/708] 10.222.0.37 () {58 vars in 1390 bytes} [Sat Nov 13 17:14:32 2021] GET /placement/resource_providers/c9ebd7bc-ff0a-4cde-a102-9f5c849498a7/allocations => generated 55 bytes in 29 msecs (HTTP/1.1 200) 6 headers in 223 bytes (1 switches on core 0)
Nov 13 17:14:33.690513 n-d-816927-2 devstack@placement-api.service[84006]: DEBUG placement.requestlog [req-7e669289-7a4b-43e0-846a-06b8aa4b78fc req-c22584aa-07cd-4f28-bf71-64b328ec2898 None None] Starting request: 10.222.0.15 "GET /placement/allocation_candidates?limit=1000&resources=DISK_GB%3A1%2CMEMORY_MB%3A1024%2CVCPU%3A1&root_required=%21COMPUTE_STATUS_DISABLED" {{(pid=84006) __call__ /opt/stack/placement/placement/requestlog.py:55}}
Nov 13 17:14:33.739134 n-d-816927-2 devstack@placement-api.service[84006]: DEBUG placement.objects.research_context [req-7e669289-7a4b-43e0-846a-06b8aa4b78fc req-c22584aa-07cd-4f28-bf71-64b328ec2898 service placement] getting providers with 1 DISK_GB {{(pid=84006) __init__ /opt/stack/placement/placement/objects/research_context.py:126}}
Nov 13 17:14:33.753566 n-d-816927-2 devstack@placement-api.service[84006]: DEBUG placement.objects.research_context [req-7e669289-7a4b-43e0-846a-06b8aa4b78fc req-c22584aa-07cd-4f28-bf71-64b328ec2898 service placement] getting providers with 1024 MEMORY_MB {{(pid=84006) __init__ /opt/stack/placement/placement/objects/research_context.py:126}}
Nov 13 17:14:33.764775 n-d-816927-2 devstack@placement-api.service[84006]: DEBUG placement.objects.research_context [req-7e669289-7a4b-43e0-846a-06b8aa4b78fc req-c22584aa-07cd-4f28-bf71-64b328ec2898 service placement] getting providers with 1 VCPU {{(pid=84006) __init__ /opt/stack/placement/placement/objects/research_context.py:126}}
Nov 13 17:14:33.771535 n-d-816927-2 devstack@placement-api.service[84006]: DEBUG placement.objects.research_context [req-7e669289-7a4b-43e0-846a-06b8aa4b78fc req-c22584aa-07cd-4f28-bf71-64b328ec2898 service placement] found 2 providers with available 1 DISK_GB {{(pid=84006) get_provider_ids_matching /opt/stack/placement/placement/objects/research_context.py:549}}
Nov 13 17:14:33.772075 n-d-816927-2 devstack@placement-api.service[84006]: DEBUG placement.objects.research_context [req-7e669289-7a4b-43e0-846a-06b8aa4b78fc req-c22584aa-07cd-4f28-bf71-64b328ec2898 service placement] found 2 providers with available 1024 MEMORY_MB {{(pid=84006) get_provider_ids_matching /opt/stack/placement/placement/objects/research_context.py:549}}
Nov 13 17:14:33.772500 n-d-816927-2 devstack@placement-api.service[84006]: DEBUG placement.objects.research_context [req-7e669289-7a4b-43e0-846a-06b8aa4b78fc req-c22584aa-07cd-4f28-bf71-64b328ec2898 service placement] found 2 providers after filtering by previous result {{(pid=84006) get_provider_ids_matching /opt/stack/placement/placement/objects/research_context.py:580}}
Nov 13 17:14:33.772910 n-d-816927-2 devstack@placement-api.service[84006]: DEBUG placement.objects.research_context [req-7e669289-7a4b-43e0-846a-06b8aa4b78fc req-c22584aa-07cd-4f28-bf71-64b328ec2898 service placement] found 2 providers with available 1 VCPU {{(pid=84006) get_provider_ids_matching /opt/stack/placement/placement/objects/research_context.py:549}}
Nov 13 17:14:33.773480 n-d-816927-2 devstack@placement-api.service[84006]: DEBUG placement.objects.research_context [req-7e669289-7a4b-43e0-846a-06b8aa4b78fc req-c22584aa-07cd-4f28-bf71-64b328ec2898 service placement] found 2 providers after filtering by previous result {{(pid=84006) get_provider_ids_matching /opt/stack/placement/placement/objects/research_context.py:580}}
Nov 13 17:14:33.789373 n-d-816927-2 devstack@placement-api.service[84006]: DEBUG placement.objects.allocation_candidate [req-7e669289-7a4b-43e0-846a-06b8aa4b78fc req-c22584aa-07cd-4f28-bf71-64b328ec2898 service placement] RequestGroup(use_same_provider=False, resources={DISK_GB:1, MEMORY_MB:1024, VCPU:1}, traits=[], aggregates=[]) (suffix '') returned 2 matches {{(pid=84006) _get_by_requests /opt/stack/placement/placement/objects/allocation_candidate.py:145}}
Nov 13 17:14:33.790366 n-d-816927-2 devstack@placement-api.service[84006]: DEBUG placement.objects.allocation_candidate [req-7e669289-7a4b-43e0-846a-06b8aa4b78fc req-c22584aa-07cd-4f28-bf71-64b328ec2898 service placement] Merging candidates yields 2 allocation requests and 2 provider summaries {{(pid=84006) _merge_candidates /opt/stack/placement/placement/objects/allocation_candidate.py:783}}
Nov 13 17:14:33.792821 n-d-816927-2 devstack@placement-api.service[84006]: INFO placement.requestlog [req-7e669289-7a4b-43e0-846a-06b8aa4b78fc req-c22584aa-07cd-4f28-bf71-64b328ec2898 service placement] 10.222.0.15 "GET /placement/allocation_candidates?limit=1000&resources=DISK_GB%3A1%2CMEMORY_MB%3A1024%2CVCPU%3A1&root_required=%21COMPUTE_STATUS_DISABLED" status: 200 len: 1232 microversion: 1.35
Nov 13 17:14:33.793591 n-d-816927-2 devstack@placement-api.service[84006]: [pid: 84006|app: 0|req: 354/709] 10.222.0.15 () {60 vars in 1506 bytes} [Sat Nov 13 17:14:33 2021] GET /placement/allocation_candidates?limit=1000&resources=DISK_GB%3A1%2CMEMORY_MB%3A1024%2CVCPU%3A1&root_required=%21COMPUTE_STATUS_DISABLED => generated 1232 bytes in 103 msecs (HTTP/1.1 200) 8 headers in 297 bytes (1 switches on core 0)
Nov 13 17:14:33.842269 n-d-816927-2 devstack@placement-api.service[84007]: DEBUG placement.requestlog [req-8da9aa8f-abf4-46d7-912b-b5f4df3ba5f1 req-22f4c178-136a-4945-b6e8-2a1dfb8ef0c0 None None] Starting request: 10.222.0.24 "GET /placement/allocations/b141986f-d876-4a27-8a16-faa28eb66f79" {{(pid=84007) __call__ /opt/stack/placement/placement/requestlog.py:55}}
Nov 13 17:14:33.874042 n-d-816927-2 devstack@placement-api.service[84007]: INFO placement.requestlog [req-8da9aa8f-abf4-46d7-912b-b5f4df3ba5f1 req-22f4c178-136a-4945-b6e8-2a1dfb8ef0c0 service placement] 10.222.0.24 "GET /placement/allocations/b141986f-d876-4a27-8a16-faa28eb66f79" status: 200 len: 260 microversion: 1.28
Nov 13 17:14:33.874391 n-d-816927-2 devstack@placement-api.service[84007]: [pid: 84007|app: 0|req: 356/710] 10.222.0.24 () {60 vars in 1377 bytes} [Sat Nov 13 17:14:33 2021] GET /placement/allocations/b141986f-d876-4a27-8a16-faa28eb66f79 => generated 260 bytes in 32 msecs (HTTP/1.1 200) 8 headers in 296 bytes (1 switches on core 0)
Nov 13 17:14:33.912278 n-d-816927-2 devstack@placement-api.service[84006]: DEBUG placement.requestlog [req-8da9aa8f-abf4-46d7-912b-b5f4df3ba5f1 req-16ca0732-821b-4c46-bdbe-4b567162dd89 None None] Starting request: 10.222.0.24 "PUT /placement/allocations/b141986f-d876-4a27-8a16-faa28eb66f79" {{(pid=84006) __call__ /opt/stack/placement/placement/requestlog.py:55}}
Nov 13 17:14:33.938303 n-d-816927-2 devstack@placement-api.service[84007]: DEBUG placement.requestlog [req-7e669289-7a4b-43e0-846a-06b8aa4b78fc req-1a1de00f-c102-4256-b84e-0e037d1e4394 None None] Starting request: 10.222.0.15 "GET /placement/allocations/f20bc186-5ffa-4d00-82de-e628c9d7de03" {{(pid=84007) __call__ /opt/stack/placement/placement/requestlog.py:55}}
Nov 13 17:14:33.951970 n-d-816927-2 devstack@placement-api.service[84007]: INFO placement.requestlog [req-7e669289-7a4b-43e0-846a-06b8aa4b78fc req-1a1de00f-c102-4256-b84e-0e037d1e4394 service placement] 10.222.0.15 "GET /placement/allocations/f20bc186-5ffa-4d00-82de-e628c9d7de03" status: 200 len: 19 microversion: 1.28
Nov 13 17:14:33.952191 n-d-816927-2 devstack@placement-api.service[84007]: [pid: 84007|app: 0|req: 357/711] 10.222.0.15 () {60 vars in 1380 bytes} [Sat Nov 13 17:14:33 2021] GET /placement/allocations/f20bc186-5ffa-4d00-82de-e628c9d7de03 => generated 19 bytes in 14 msecs (HTTP/1.1 200) 8 headers in 295 bytes (2 switches on core 0)
Nov 13 17:14:33.958880 n-d-816927-2 devstack@placement-api.service[84007]: DEBUG placement.requestlog [req-7e669289-7a4b-43e0-846a-06b8aa4b78fc req-01804e09-bc5e-4f3e-93f8-c3549a0f95ac None None] Starting request: 10.222.0.15 "PUT /placement/allocations/f20bc186-5ffa-4d00-82de-e628c9d7de03" {{(pid=84007) __call__ /opt/stack/placement/placement/requestlog.py:55}}
Nov 13 17:14:34.009228 n-d-816927-2 devstack@placement-api.service[84006]: DEBUG placement.handlers.allocation [req-8da9aa8f-abf4-46d7-912b-b5f4df3ba5f1 req-16ca0732-821b-4c46-bdbe-4b567162dd89 service placement] Successfully wrote allocations [, , ] {{(pid=84006) _create_allocations /opt/stack/placement/placement/handlers/allocation.py:435}}
Nov 13 17:14:34.010783 n-d-816927-2 devstack@placement-api.service[84006]: INFO placement.requestlog [req-8da9aa8f-abf4-46d7-912b-b5f4df3ba5f1 req-16ca0732-821b-4c46-bdbe-4b567162dd89 service placement] 10.222.0.24 "PUT /placement/allocations/b141986f-d876-4a27-8a16-faa28eb66f79" status: 204 len: 0 microversion: 1.28
Nov 13 17:14:34.011689 n-d-816927-2 devstack@placement-api.service[84006]: [pid: 84006|app: 0|req: 355/712] 10.222.0.24 () {64 vars in 1430 bytes} [Sat Nov 13 17:14:33 2021] PUT /placement/allocations/b141986f-d876-4a27-8a16-faa28eb66f79 => generated 0 bytes in 102 msecs (HTTP/1.1 204) 5 headers in 199 bytes (1 switches on core 0)
Nov 13 17:14:34.060730 n-d-816927-2 devstack@placement-api.service[84007]: DEBUG placement.objects.allocation [req-7e669289-7a4b-43e0-846a-06b8aa4b78fc req-01804e09-bc5e-4f3e-93f8-c3549a0f95ac service placement] Retrying allocations write on resource provider generation conflict {{(pid=84007) replace_all /opt/stack/placement/placement/objects/allocation.py:505}}
Nov 13 17:14:34.116271 n-d-816927-2 devstack@placement-api.service[84007]: DEBUG placement.handlers.allocation [req-7e669289-7a4b-43e0-846a-06b8aa4b78fc req-01804e09-bc5e-4f3e-93f8-c3549a0f95ac service placement] Successfully wrote allocations [, , ] {{(pid=84007) _create_allocations /opt/stack/placement/placement/handlers/allocation.py:435}}
Nov 13 17:14:34.117104 n-d-816927-2 devstack@placement-api.service[84007]: INFO placement.requestlog [req-7e669289-7a4b-43e0-846a-06b8aa4b78fc req-01804e09-bc5e-4f3e-93f8-c3549a0f95ac service placement] 10.222.0.15 "PUT /placement/allocations/f20bc186-5ffa-4d00-82de-e628c9d7de03" status: 204 len: 0 microversion: 1.35
Nov 13 17:14:34.117308 n-d-816927-2 devstack@placement-api.service[84007]: [pid: 84007|app: 0|req: 358/713] 10.222.0.15 () {64 vars in 1433 bytes} [Sat Nov 13 17:14:33 2021] PUT /placement/allocations/f20bc186-5ffa-4d00-82de-e628c9d7de03 => generated 0 bytes in 158 msecs (HTTP/1.1 204) 5 headers in 199 bytes (1 switches on core 0)
Nov 13 17:14:34.577490 n-d-816927-2 devstack@placement-api.service[84006]: DEBUG placement.requestlog [req-7e669289-7a4b-43e0-846a-06b8aa4b78fc req-0718af89-2721-44d5-92e2-f2d0c7948a47 None None] Starting request: 10.222.0.24 "GET /placement/allocations/f20bc186-5ffa-4d00-82de-e628c9d7de03" {{(pid=84006) __call__ /opt/stack/placement/placement/requestlog.py:55}}
Nov 13 17:14:34.598281 n-d-816927-2 devstack@placement-api.service[84006]: INFO placement.requestlog [req-7e669289-7a4b-43e0-846a-06b8aa4b78fc req-0718af89-2721-44d5-92e2-f2d0c7948a47 service placement] 10.222.0.24 "GET /placement/allocations/f20bc186-5ffa-4d00-82de-e628c9d7de03" status: 200 len: 260 microversion: 1.28
Nov 13 17:14:34.609405 n-d-816927-2 devstack@placement-api.service[84006]: [pid: 84006|app: 0|req: 356/714] 10.222.0.24 () {60 vars in 1377 bytes} [Sat Nov 13 17:14:34 2021] GET /placement/allocations/f20bc186-5ffa-4d00-82de-e628c9d7de03 => generated 260 bytes in 32 msecs (HTTP/1.1 200) 8 headers in 296 bytes (1 switches on core 0)
Nov 13 17:14:35.850155 n-d-816927-2 devstack@placement-api.service[84007]: DEBUG placement.requestlog [req-9bfd1813-ec2e-4903-8f32-f76af244a68e req-e4e60af5-f564-45fd-a25b-61abf2e8f2c5 None None] Starting request: 10.222.0.24 "GET /placement/resource_providers/86b21c68-e324-4cb4-93ec-70a2174f4430/allocations" {{(pid=84007) __call__ /opt/stack/placement/placement/requestlog.py:55}}
Nov 13 17:14:35.912754 n-d-816927-2 devstack@placement-api.service[84007]: INFO placement.requestlog [req-9bfd1813-ec2e-4903-8f32-f76af244a68e req-e4e60af5-f564-45fd-a25b-61abf2e8f2c5 service placement] 10.222.0.24 "GET /placement/resource_providers/86b21c68-e324-4cb4-93ec-70a2174f4430/allocations" status: 200 len: 357 microversion: 1.0
Nov 13 17:14:35.914274 n-d-816927-2 devstack@placement-api.service[84007]: [pid: 84007|app: 0|req: 359/715] 10.222.0.24 () {58 vars in 1390 bytes} [Sat Nov 13 17:14:35 2021] GET /placement/resource_providers/86b21c68-e324-4cb4-93ec-70a2174f4430/allocations => generated 357 bytes in 64 msecs (HTTP/1.1 200) 6 headers in 224 bytes (1 switches on core 0)
Nov 13 17:14:39.726535 n-d-816927-2 devstack@placement-api.service[84006]: DEBUG placement.requestlog [req-13c75b38-3b17-4820-a11f-04d65ee17073 req-a0043b8b-a541-42e9-9686-c29f4321003f None None] Starting request: 10.222.0.15 "GET /placement/allocation_candidates?limit=1000&resources=DISK_GB%3A1%2CMEMORY_MB%3A1024%2CVCPU%3A1&root_required=%21COMPUTE_STATUS_DISABLED" {{(pid=84006) __call__ /opt/stack/placement/placement/requestlog.py:55}}
Nov 13 17:14:39.784312 n-d-816927-2 devstack@placement-api.service[84006]: DEBUG placement.objects.research_context [req-13c75b38-3b17-4820-a11f-04d65ee17073 req-a0043b8b-a541-42e9-9686-c29f4321003f service placement] getting providers with 1 DISK_GB {{(pid=84006) __init__ /opt/stack/placement/placement/objects/research_context.py:126}}
Nov 13 17:14:39.790982 n-d-816927-2 devstack@placement-api.service[84006]: DEBUG placement.objects.research_context [req-13c75b38-3b17-4820-a11f-04d65ee17073 req-a0043b8b-a541-42e9-9686-c29f4321003f service placement] getting providers with 1024 MEMORY_MB {{(pid=84006) __init__ /opt/stack/placement/placement/objects/research_context.py:126}}
Nov 13 17:14:39.798314 n-d-816927-2 devstack@placement-api.service[84006]: DEBUG placement.objects.research_context [req-13c75b38-3b17-4820-a11f-04d65ee17073 req-a0043b8b-a541-42e9-9686-c29f4321003f service placement] getting providers with 1 VCPU {{(pid=84006) __init__ /opt/stack/placement/placement/objects/research_context.py:126}}
Nov 13 17:14:39.805017 n-d-816927-2 devstack@placement-api.service[84006]: DEBUG placement.objects.research_context [req-13c75b38-3b17-4820-a11f-04d65ee17073 req-a0043b8b-a541-42e9-9686-c29f4321003f service placement] found 2 providers with available 1 DISK_GB {{(pid=84006) get_provider_ids_matching /opt/stack/placement/placement/objects/research_context.py:549}}
Nov 13 17:14:39.806031 n-d-816927-2 devstack@placement-api.service[84006]: DEBUG placement.objects.research_context [req-13c75b38-3b17-4820-a11f-04d65ee17073 req-a0043b8b-a541-42e9-9686-c29f4321003f service placement] found 2 providers with available 1024 MEMORY_MB {{(pid=84006) get_provider_ids_matching /opt/stack/placement/placement/objects/research_context.py:549}}
Nov 13 17:14:39.807591 n-d-816927-2 devstack@placement-api.service[84006]: DEBUG placement.objects.research_context [req-13c75b38-3b17-4820-a11f-04d65ee17073 req-a0043b8b-a541-42e9-9686-c29f4321003f service placement] found 2 providers after filtering by previous result {{(pid=84006) get_provider_ids_matching /opt/stack/placement/placement/objects/research_context.py:580}}
Nov 13 17:14:39.808157 n-d-816927-2 devstack@placement-api.service[84006]: DEBUG placement.objects.research_context [req-13c75b38-3b17-4820-a11f-04d65ee17073 req-a0043b8b-a541-42e9-9686-c29f4321003f service placement] found 2 providers with available 1 VCPU {{(pid=84006) get_provider_ids_matching /opt/stack/placement/placement/objects/research_context.py:549}}
Nov 13 17:14:39.808822 n-d-816927-2 devstack@placement-api.service[84006]: DEBUG placement.objects.research_context [req-13c75b38-3b17-4820-a11f-04d65ee17073 req-a0043b8b-a541-42e9-9686-c29f4321003f service placement] found 2 providers after filtering by previous result {{(pid=84006) get_provider_ids_matching /opt/stack/placement/placement/objects/research_context.py:580}}
Nov 13 17:14:39.826048 n-d-816927-2 devstack@placement-api.service[84006]: DEBUG placement.objects.allocation_candidate [req-13c75b38-3b17-4820-a11f-04d65ee17073 req-a0043b8b-a541-42e9-9686-c29f4321003f service placement] RequestGroup(use_same_provider=False, resources={DISK_GB:1, MEMORY_MB:1024, VCPU:1}, traits=[], aggregates=[]) (suffix '') returned 2 matches {{(pid=84006) _get_by_requests /opt/stack/placement/placement/objects/allocation_candidate.py:145}}
Nov 13 17:14:39.826818 n-d-816927-2 devstack@placement-api.service[84006]: DEBUG placement.objects.allocation_candidate [req-13c75b38-3b17-4820-a11f-04d65ee17073 req-a0043b8b-a541-42e9-9686-c29f4321003f service placement] Merging candidates yields 2 allocation requests and 2 provider summaries {{(pid=84006) _merge_candidates /opt/stack/placement/placement/objects/allocation_candidate.py:783}}
Nov 13 17:14:39.828778 n-d-816927-2 devstack@placement-api.service[84006]: INFO placement.requestlog [req-13c75b38-3b17-4820-a11f-04d65ee17073 req-a0043b8b-a541-42e9-9686-c29f4321003f service placement] 10.222.0.15 "GET /placement/allocation_candidates?limit=1000&resources=DISK_GB%3A1%2CMEMORY_MB%3A1024%2CVCPU%3A1&root_required=%21COMPUTE_STATUS_DISABLED" status: 200 len: 1232 microversion: 1.35
Nov 13 17:14:39.829837 n-d-816927-2 devstack@placement-api.service[84006]: [pid: 84006|app: 0|req: 357/716] 10.222.0.15 () {60 vars in 1506 bytes} [Sat Nov 13 17:14:39 2021] GET /placement/allocation_candidates?limit=1000&resources=DISK_GB%3A1%2CMEMORY_MB%3A1024%2CVCPU%3A1&root_required=%21COMPUTE_STATUS_DISABLED => generated 1232 bytes in 103 msecs (HTTP/1.1 200) 8 headers in 297 bytes (1 switches on core 0)
Nov 13 17:14:39.924740 n-d-816927-2 devstack@placement-api.service[84007]: DEBUG placement.requestlog [req-13c75b38-3b17-4820-a11f-04d65ee17073 req-5b342f4a-01d4-48e5-afa0-7908be679250 None None] Starting request: 10.222.0.15 "GET /placement/allocations/0e3b075d-c7aa-43b4-99ac-bef0d59c6666" {{(pid=84007) __call__ /opt/stack/placement/placement/requestlog.py:55}}
Nov 13 17:14:39.936598 n-d-816927-2 devstack@placement-api.service[84007]: INFO placement.requestlog [req-13c75b38-3b17-4820-a11f-04d65ee17073 req-5b342f4a-01d4-48e5-afa0-7908be679250 service placement] 10.222.0.15 "GET /placement/allocations/0e3b075d-c7aa-43b4-99ac-bef0d59c6666" status: 200 len: 19 microversion: 1.28
Nov 13 17:14:39.939099 n-d-816927-2 devstack@placement-api.service[84007]: [pid: 84007|app: 0|req: 360/717] 10.222.0.15 () {60 vars in 1380 bytes} [Sat Nov 13 17:14:39 2021] GET /placement/allocations/0e3b075d-c7aa-43b4-99ac-bef0d59c6666 => generated 19 bytes in 14 msecs (HTTP/1.1 200) 8 headers in 295 bytes (1 switches on core 0)
Nov 13 17:14:39.942446 n-d-816927-2 devstack@placement-api.service[84006]: DEBUG placement.requestlog [req-13c75b38-3b17-4820-a11f-04d65ee17073 req-f0defef3-6477-4b91-bcfe-bc62cff5b5b0 None None] Starting request: 10.222.0.15 "PUT /placement/allocations/0e3b075d-c7aa-43b4-99ac-bef0d59c6666" {{(pid=84006) __call__ /opt/stack/placement/placement/requestlog.py:55}}
Nov 13 17:14:40.044097 n-d-816927-2 devstack@placement-api.service[84006]: DEBUG placement.handlers.allocation [req-13c75b38-3b17-4820-a11f-04d65ee17073 req-f0defef3-6477-4b91-bcfe-bc62cff5b5b0 service placement] Successfully wrote allocations [, , ] {{(pid=84006) _create_allocations /opt/stack/placement/placement/handlers/allocation.py:435}}
Nov 13 17:14:40.045566 n-d-816927-2 devstack@placement-api.service[84006]: INFO placement.requestlog [req-13c75b38-3b17-4820-a11f-04d65ee17073 req-f0defef3-6477-4b91-bcfe-bc62cff5b5b0 service placement] 10.222.0.15 "PUT /placement/allocations/0e3b075d-c7aa-43b4-99ac-bef0d59c6666" status: 204 len: 0 microversion: 1.35
Nov 13 17:14:40.046679 n-d-816927-2 devstack@placement-api.service[84006]: [pid: 84006|app: 0|req: 358/718] 10.222.0.15 () {64 vars in 1433 bytes} [Sat Nov 13 17:14:39 2021] PUT /placement/allocations/0e3b075d-c7aa-43b4-99ac-bef0d59c6666 => generated 0 bytes in 104 msecs (HTTP/1.1 204) 5 headers in 199 bytes (2 switches on core 0)
Nov 13 17:14:40.529057 n-d-816927-2 devstack@placement-api.service[84007]: DEBUG placement.requestlog [req-13c75b38-3b17-4820-a11f-04d65ee17073 req-5ddf68b8-6a05-4b45-8ab6-368298968b8b None None] Starting request: 10.222.0.24 "GET /placement/allocations/0e3b075d-c7aa-43b4-99ac-bef0d59c6666" {{(pid=84007) __call__ /opt/stack/placement/placement/requestlog.py:55}}
Nov 13 17:14:40.551241 n-d-816927-2 devstack@placement-api.service[84007]: INFO placement.requestlog [req-13c75b38-3b17-4820-a11f-04d65ee17073 req-5ddf68b8-6a05-4b45-8ab6-368298968b8b service placement] 10.222.0.24 "GET /placement/allocations/0e3b075d-c7aa-43b4-99ac-bef0d59c6666" status: 200 len: 260 microversion: 1.28
Nov 13 17:14:40.551869 n-d-816927-2 devstack@placement-api.service[84007]: [pid: 84007|app: 0|req: 361/719] 10.222.0.24 () {60 vars in 1377 bytes} [Sat Nov 13 17:14:40 2021] GET /placement/allocations/0e3b075d-c7aa-43b4-99ac-bef0d59c6666 => generated 260 bytes in 23 msecs (HTTP/1.1 200) 8 headers in 296 bytes (1 switches on core 0)
Nov 13 17:14:49.601398 n-d-816927-2 devstack@placement-api.service[84006]: DEBUG placement.requestlog [req-6fb7adf9-668a-4470-bc12-2a00c2c556d5 req-07d66a83-e26e-49e0-8f54-4e8e7088ac4a None None] Starting request: 10.222.0.15 "GET /placement/allocation_candidates?limit=1000&resources=DISK_GB%3A1%2CMEMORY_MB%3A1024%2CVCPU%3A1&root_required=%21COMPUTE_STATUS_DISABLED" {{(pid=84006) __call__ /opt/stack/placement/placement/requestlog.py:55}}
Nov 13 17:14:49.672531 n-d-816927-2 devstack@placement-api.service[84006]: DEBUG placement.objects.research_context [req-6fb7adf9-668a-4470-bc12-2a00c2c556d5 req-07d66a83-e26e-49e0-8f54-4e8e7088ac4a service placement] getting providers with 1 DISK_GB {{(pid=84006) __init__ /opt/stack/placement/placement/objects/research_context.py:126}}
Nov 13 17:14:49.682596 n-d-816927-2 devstack@placement-api.service[84006]: DEBUG placement.objects.research_context [req-6fb7adf9-668a-4470-bc12-2a00c2c556d5 req-07d66a83-e26e-49e0-8f54-4e8e7088ac4a service placement] getting providers with 1024 MEMORY_MB {{(pid=84006) __init__ /opt/stack/placement/placement/objects/research_context.py:126}}
Nov 13 17:14:49.697532 n-d-816927-2 devstack@placement-api.service[84006]: DEBUG placement.objects.research_context [req-6fb7adf9-668a-4470-bc12-2a00c2c556d5 req-07d66a83-e26e-49e0-8f54-4e8e7088ac4a service placement] getting providers with 1 VCPU {{(pid=84006) __init__ /opt/stack/placement/placement/objects/research_context.py:126}}
Nov 13 17:14:49.717729 n-d-816927-2 devstack@placement-api.service[84006]: DEBUG placement.objects.research_context [req-6fb7adf9-668a-4470-bc12-2a00c2c556d5 req-07d66a83-e26e-49e0-8f54-4e8e7088ac4a service placement] found 2 providers with available 1 DISK_GB {{(pid=84006) get_provider_ids_matching /opt/stack/placement/placement/objects/research_context.py:549}}
Nov 13 17:14:49.718149 n-d-816927-2 devstack@placement-api.service[84006]: DEBUG placement.objects.research_context [req-6fb7adf9-668a-4470-bc12-2a00c2c556d5 req-07d66a83-e26e-49e0-8f54-4e8e7088ac4a service placement] found 2 providers with available 1024 MEMORY_MB {{(pid=84006) get_provider_ids_matching /opt/stack/placement/placement/objects/research_context.py:549}}
Nov 13 17:14:49.718837 n-d-816927-2 devstack@placement-api.service[84006]: DEBUG placement.objects.research_context [req-6fb7adf9-668a-4470-bc12-2a00c2c556d5 req-07d66a83-e26e-49e0-8f54-4e8e7088ac4a service placement] found 2 providers after filtering by previous result {{(pid=84006) get_provider_ids_matching /opt/stack/placement/placement/objects/research_context.py:580}}
Nov 13 17:14:49.719093 n-d-816927-2 devstack@placement-api.service[84006]: DEBUG placement.objects.research_context [req-6fb7adf9-668a-4470-bc12-2a00c2c556d5 req-07d66a83-e26e-49e0-8f54-4e8e7088ac4a service placement] found 2 providers with available 1 VCPU {{(pid=84006) get_provider_ids_matching /opt/stack/placement/placement/objects/research_context.py:549}}
Nov 13 17:14:49.719373 n-d-816927-2 devstack@placement-api.service[84006]: DEBUG placement.objects.research_context [req-6fb7adf9-668a-4470-bc12-2a00c2c556d5 req-07d66a83-e26e-49e0-8f54-4e8e7088ac4a service placement] found 2 providers after filtering by previous result {{(pid=84006) get_provider_ids_matching /opt/stack/placement/placement/objects/research_context.py:580}}
Nov 13 17:14:49.749240 n-d-816927-2 devstack@placement-api.service[84006]: DEBUG placement.objects.allocation_candidate [req-6fb7adf9-668a-4470-bc12-2a00c2c556d5 req-07d66a83-e26e-49e0-8f54-4e8e7088ac4a service placement] RequestGroup(use_same_provider=False, resources={DISK_GB:1, MEMORY_MB:1024, VCPU:1}, traits=[], aggregates=[]) (suffix '') returned 2 matches {{(pid=84006) _get_by_requests /opt/stack/placement/placement/objects/allocation_candidate.py:145}}
Nov 13 17:14:49.750490 n-d-816927-2 devstack@placement-api.service[84006]: DEBUG placement.objects.allocation_candidate [req-6fb7adf9-668a-4470-bc12-2a00c2c556d5 req-07d66a83-e26e-49e0-8f54-4e8e7088ac4a service placement] Merging candidates yields 2 allocation requests and 2 provider summaries {{(pid=84006) _merge_candidates /opt/stack/placement/placement/objects/allocation_candidate.py:783}}
Nov 13 17:14:49.753080 n-d-816927-2 devstack@placement-api.service[84006]: INFO placement.requestlog [req-6fb7adf9-668a-4470-bc12-2a00c2c556d5 req-07d66a83-e26e-49e0-8f54-4e8e7088ac4a service placement] 10.222.0.15 "GET /placement/allocation_candidates?limit=1000&resources=DISK_GB%3A1%2CMEMORY_MB%3A1024%2CVCPU%3A1&root_required=%21COMPUTE_STATUS_DISABLED" status: 200 len: 1232 microversion: 1.35
Nov 13 17:14:49.766602 n-d-816927-2 devstack@placement-api.service[84006]: [pid: 84006|app: 0|req: 359/720] 10.222.0.15 () {60 vars in 1506 bytes} [Sat Nov 13 17:14:49 2021] GET /placement/allocation_candidates?limit=1000&resources=DISK_GB%3A1%2CMEMORY_MB%3A1024%2CVCPU%3A1&root_required=%21COMPUTE_STATUS_DISABLED => generated 1232 bytes in 165 msecs (HTTP/1.1 200) 8 headers in 297 bytes (1 switches on core 0)
Nov 13 17:14:49.855710 n-d-816927-2 devstack@placement-api.service[84007]: DEBUG placement.requestlog [req-6fb7adf9-668a-4470-bc12-2a00c2c556d5 req-9eaa085d-f863-4a60-8894-46adf31fabf5 None None] Starting request: 10.222.0.15 "GET /placement/allocations/64107ea5-7ca2-4120-8d03-0ffa9280088e" {{(pid=84007) __call__ /opt/stack/placement/placement/requestlog.py:55}}
Nov 13 17:14:49.876435 n-d-816927-2 devstack@placement-api.service[84007]: INFO placement.requestlog [req-6fb7adf9-668a-4470-bc12-2a00c2c556d5 req-9eaa085d-f863-4a60-8894-46adf31fabf5 service placement] 10.222.0.15 "GET /placement/allocations/64107ea5-7ca2-4120-8d03-0ffa9280088e" status: 200 len: 19 microversion: 1.28
Nov 13 17:14:49.877012 n-d-816927-2 devstack@placement-api.service[84007]: [pid: 84007|app: 0|req: 362/721] 10.222.0.15 () {60 vars in 1380 bytes} [Sat Nov 13 17:14:49 2021] GET /placement/allocations/64107ea5-7ca2-4120-8d03-0ffa9280088e => generated 19 bytes in 22 msecs (HTTP/1.1 200) 8 headers in 295 bytes (1 switches on core 0)
Nov 13 17:14:49.882092 n-d-816927-2 devstack@placement-api.service[84006]: DEBUG placement.requestlog [req-6fb7adf9-668a-4470-bc12-2a00c2c556d5 req-f643c052-e17a-4449-b994-3ac4fa0c7cca None None] Starting request: 10.222.0.15 "PUT /placement/allocations/64107ea5-7ca2-4120-8d03-0ffa9280088e" {{(pid=84006) __call__ /opt/stack/placement/placement/requestlog.py:55}}
Nov 13 17:14:50.009177 n-d-816927-2 devstack@placement-api.service[84006]: DEBUG placement.handlers.allocation [req-6fb7adf9-668a-4470-bc12-2a00c2c556d5 req-f643c052-e17a-4449-b994-3ac4fa0c7cca service placement] Successfully wrote allocations [, , ] {{(pid=84006) _create_allocations /opt/stack/placement/placement/handlers/allocation.py:435}}
Nov 13 17:14:50.010381 n-d-816927-2 devstack@placement-api.service[84006]: INFO placement.requestlog [req-6fb7adf9-668a-4470-bc12-2a00c2c556d5 req-f643c052-e17a-4449-b994-3ac4fa0c7cca service placement] 10.222.0.15 "PUT /placement/allocations/64107ea5-7ca2-4120-8d03-0ffa9280088e" status: 204 len: 0 microversion: 1.35
Nov 13 17:14:50.011112 n-d-816927-2 devstack@placement-api.service[84006]: [pid: 84006|app: 0|req: 360/722] 10.222.0.15 () {64 vars in 1433 bytes} [Sat Nov 13 17:14:49 2021] PUT /placement/allocations/64107ea5-7ca2-4120-8d03-0ffa9280088e => generated 0 bytes in 129 msecs (HTTP/1.1 204) 5 headers in 199 bytes (1 switches on core 0)
Nov 13 17:14:50.608749 n-d-816927-2 devstack@placement-api.service[84007]: DEBUG placement.requestlog [req-6fb7adf9-668a-4470-bc12-2a00c2c556d5 req-bb6063a1-8f08-4f26-ae6a-004bcb189f56 None None] Starting request: 10.222.0.24 "GET /placement/allocations/64107ea5-7ca2-4120-8d03-0ffa9280088e" {{(pid=84007) __call__ /opt/stack/placement/placement/requestlog.py:55}}
Nov 13 17:14:50.632553 n-d-816927-2 devstack@placement-api.service[84007]: INFO placement.requestlog [req-6fb7adf9-668a-4470-bc12-2a00c2c556d5 req-bb6063a1-8f08-4f26-ae6a-004bcb189f56 service placement] 10.222.0.24 "GET /placement/allocations/64107ea5-7ca2-4120-8d03-0ffa9280088e" status: 200 len: 260 microversion: 1.28
Nov 13 17:14:50.633085 n-d-816927-2 devstack@placement-api.service[84007]: [pid: 84007|app: 0|req: 363/723] 10.222.0.24 () {60 vars in 1377 bytes} [Sat Nov 13 17:14:50 2021] GET /placement/allocations/64107ea5-7ca2-4120-8d03-0ffa9280088e => generated 260 bytes in 24 msecs (HTTP/1.1 200) 8 headers in 296 bytes (1 switches on core 0)
Nov 13 17:14:57.600457 n-d-816927-2 devstack@placement-api.service[84006]: DEBUG placement.requestlog [req-f51c5951-9151-4f0a-8085-846c0dec6460 req-5d16429e-7851-4820-91aa-99f70a70cfc7 None None] Starting request: 10.222.0.15 "GET /placement/allocation_candidates?limit=1000&resources=DISK_GB%3A1%2CMEMORY_MB%3A1024%2CVCPU%3A1&root_required=%21COMPUTE_STATUS_DISABLED" {{(pid=84006) __call__ /opt/stack/placement/placement/requestlog.py:55}}
Nov 13 17:14:57.631876 n-d-816927-2 devstack@placement-api.service[84006]: DEBUG placement.objects.research_context [req-f51c5951-9151-4f0a-8085-846c0dec6460 req-5d16429e-7851-4820-91aa-99f70a70cfc7 service placement] getting providers with 1 DISK_GB {{(pid=84006) __init__ /opt/stack/placement/placement/objects/research_context.py:126}}
Nov 13 17:14:57.638676 n-d-816927-2 devstack@placement-api.service[84006]: DEBUG placement.objects.research_context [req-f51c5951-9151-4f0a-8085-846c0dec6460 req-5d16429e-7851-4820-91aa-99f70a70cfc7 service placement] getting providers with 1024 MEMORY_MB {{(pid=84006) __init__ /opt/stack/placement/placement/objects/research_context.py:126}}
Nov 13 17:14:57.649139 n-d-816927-2 devstack@placement-api.service[84006]: DEBUG placement.objects.research_context [req-f51c5951-9151-4f0a-8085-846c0dec6460 req-5d16429e-7851-4820-91aa-99f70a70cfc7 service placement] getting providers with 1 VCPU {{(pid=84006) __init__ /opt/stack/placement/placement/objects/research_context.py:126}}
Nov 13 17:14:57.664206 n-d-816927-2 devstack@placement-api.service[84006]: DEBUG placement.objects.research_context [req-f51c5951-9151-4f0a-8085-846c0dec6460 req-5d16429e-7851-4820-91aa-99f70a70cfc7 service placement] found 2 providers with available 1 DISK_GB {{(pid=84006) get_provider_ids_matching /opt/stack/placement/placement/objects/research_context.py:549}}
Nov 13 17:14:57.664476 n-d-816927-2 devstack@placement-api.service[84006]: DEBUG placement.objects.research_context [req-f51c5951-9151-4f0a-8085-846c0dec6460 req-5d16429e-7851-4820-91aa-99f70a70cfc7 service placement] found 2 providers with available 1024 MEMORY_MB {{(pid=84006) get_provider_ids_matching /opt/stack/placement/placement/objects/research_context.py:549}}
Nov 13 17:14:57.666551 n-d-816927-2 devstack@placement-api.service[84006]: DEBUG placement.objects.research_context [req-f51c5951-9151-4f0a-8085-846c0dec6460 req-5d16429e-7851-4820-91aa-99f70a70cfc7 service placement] found 2 providers after filtering by previous result {{(pid=84006) get_provider_ids_matching /opt/stack/placement/placement/objects/research_context.py:580}}
Nov 13 17:14:57.666989 n-d-816927-2 devstack@placement-api.service[84006]: DEBUG placement.objects.research_context [req-f51c5951-9151-4f0a-8085-846c0dec6460 req-5d16429e-7851-4820-91aa-99f70a70cfc7 service placement] found 2 providers with available 1 VCPU {{(pid=84006) get_provider_ids_matching /opt/stack/placement/placement/objects/research_context.py:549}}
Nov 13 17:14:57.667421 n-d-816927-2 devstack@placement-api.service[84006]: DEBUG placement.objects.research_context [req-f51c5951-9151-4f0a-8085-846c0dec6460 req-5d16429e-7851-4820-91aa-99f70a70cfc7 service placement] found 2 providers after filtering by previous result {{(pid=84006) get_provider_ids_matching /opt/stack/placement/placement/objects/research_context.py:580}}
Nov 13 17:14:57.679727 n-d-816927-2 devstack@placement-api.service[84006]: DEBUG placement.objects.allocation_candidate [req-f51c5951-9151-4f0a-8085-846c0dec6460 req-5d16429e-7851-4820-91aa-99f70a70cfc7 service placement] RequestGroup(use_same_provider=False, resources={DISK_GB:1, MEMORY_MB:1024, VCPU:1}, traits=[], aggregates=[]) (suffix '') returned 2 matches {{(pid=84006) _get_by_requests /opt/stack/placement/placement/objects/allocation_candidate.py:145}}
Nov 13 17:14:57.680267 n-d-816927-2 devstack@placement-api.service[84006]: DEBUG placement.objects.allocation_candidate [req-f51c5951-9151-4f0a-8085-846c0dec6460 req-5d16429e-7851-4820-91aa-99f70a70cfc7 service placement] Merging candidates yields 2 allocation requests and 2 provider summaries {{(pid=84006) _merge_candidates /opt/stack/placement/placement/objects/allocation_candidate.py:783}}
Nov 13 17:14:57.685732 n-d-816927-2 devstack@placement-api.service[84006]: INFO placement.requestlog [req-f51c5951-9151-4f0a-8085-846c0dec6460 req-5d16429e-7851-4820-91aa-99f70a70cfc7 service placement] 10.222.0.15 "GET /placement/allocation_candidates?limit=1000&resources=DISK_GB%3A1%2CMEMORY_MB%3A1024%2CVCPU%3A1&root_required=%21COMPUTE_STATUS_DISABLED" status: 200 len: 1232 microversion: 1.35
Nov 13 17:14:57.686209 n-d-816927-2 devstack@placement-api.service[84006]: [pid: 84006|app: 0|req: 361/724] 10.222.0.15 () {60 vars in 1506 bytes} [Sat Nov 13 17:14:57 2021] GET /placement/allocation_candidates?limit=1000&resources=DISK_GB%3A1%2CMEMORY_MB%3A1024%2CVCPU%3A1&root_required=%21COMPUTE_STATUS_DISABLED => generated 1232 bytes in 86 msecs (HTTP/1.1 200) 8 headers in 297 bytes (1 switches on core 0)
Nov 13 17:14:57.745307 n-d-816927-2 devstack@placement-api.service[84007]: DEBUG placement.requestlog [req-f51c5951-9151-4f0a-8085-846c0dec6460 req-52c1f228-f044-457a-b138-b8b5cfc451d2 None None] Starting request: 10.222.0.15 "GET /placement/allocations/35c81a05-cfdd-4411-952c-af419238e711" {{(pid=84007) __call__ /opt/stack/placement/placement/requestlog.py:55}}
Nov 13 17:14:57.755308 n-d-816927-2 devstack@placement-api.service[84007]: INFO placement.requestlog [req-f51c5951-9151-4f0a-8085-846c0dec6460 req-52c1f228-f044-457a-b138-b8b5cfc451d2 service placement] 10.222.0.15 "GET /placement/allocations/35c81a05-cfdd-4411-952c-af419238e711" status: 200 len: 19 microversion: 1.28
Nov 13 17:14:57.755826 n-d-816927-2 devstack@placement-api.service[84007]: [pid: 84007|app: 0|req: 364/725] 10.222.0.15 () {60 vars in 1380 bytes} [Sat Nov 13 17:14:57 2021] GET /placement/allocations/35c81a05-cfdd-4411-952c-af419238e711 => generated 19 bytes in 11 msecs (HTTP/1.1 200) 8 headers in 295 bytes (1 switches on core 0)
Nov 13 17:14:57.762171 n-d-816927-2 devstack@placement-api.service[84006]: DEBUG placement.requestlog [req-f51c5951-9151-4f0a-8085-846c0dec6460 req-8f780079-3b40-4ea9-8d65-3315a9bb2581 None None] Starting request: 10.222.0.15 "PUT /placement/allocations/35c81a05-cfdd-4411-952c-af419238e711" {{(pid=84006) __call__ /opt/stack/placement/placement/requestlog.py:55}}
Nov 13 17:14:57.824984 n-d-816927-2 devstack@placement-api.service[84006]: DEBUG placement.handlers.allocation [req-f51c5951-9151-4f0a-8085-846c0dec6460 req-8f780079-3b40-4ea9-8d65-3315a9bb2581 service placement] Successfully wrote allocations [, , ] {{(pid=84006) _create_allocations /opt/stack/placement/placement/handlers/allocation.py:435}}
Nov 13 17:14:57.825662 n-d-816927-2 devstack@placement-api.service[84006]: INFO placement.requestlog [req-f51c5951-9151-4f0a-8085-846c0dec6460 req-8f780079-3b40-4ea9-8d65-3315a9bb2581 service placement] 10.222.0.15 "PUT /placement/allocations/35c81a05-cfdd-4411-952c-af419238e711" status: 204 len: 0 microversion: 1.35
Nov 13 17:14:57.826167 n-d-816927-2 devstack@placement-api.service[84006]: [pid: 84006|app: 0|req: 362/726] 10.222.0.15 () {64 vars in 1433 bytes} [Sat Nov 13 17:14:57 2021] PUT /placement/allocations/35c81a05-cfdd-4411-952c-af419238e711 => generated 0 bytes in 64 msecs (HTTP/1.1 204) 5 headers in 199 bytes (1 switches on core 0)
Nov 13 17:14:58.159584 n-d-816927-2 devstack@placement-api.service[84007]: DEBUG placement.requestlog [req-f51c5951-9151-4f0a-8085-846c0dec6460 req-f161f8aa-88be-4453-870b-f56f703ddb37 None None] Starting request: 10.222.0.24 "GET /placement/allocations/35c81a05-cfdd-4411-952c-af419238e711" {{(pid=84007) __call__ /opt/stack/placement/placement/requestlog.py:55}}
Nov 13 17:14:58.176588 n-d-816927-2 devstack@placement-api.service[84007]: INFO placement.requestlog [req-f51c5951-9151-4f0a-8085-846c0dec6460 req-f161f8aa-88be-4453-870b-f56f703ddb37 service placement] 10.222.0.24 "GET /placement/allocations/35c81a05-cfdd-4411-952c-af419238e711" status: 200 len: 260 microversion: 1.28
Nov 13 17:14:58.177569 n-d-816927-2 devstack@placement-api.service[84007]: [pid: 84007|app: 0|req: 365/727] 10.222.0.24 () {60 vars in 1377 bytes} [Sat Nov 13 17:14:58 2021] GET /placement/allocations/35c81a05-cfdd-4411-952c-af419238e711 => generated 260 bytes in 18 msecs (HTTP/1.1 200) 8 headers in 296 bytes (2 switches on core 0)
Nov 13 17:15:00.099626 n-d-816927-2 devstack@placement-api.service[84006]: DEBUG placement.requestlog [req-9057c7a5-faab-4e47-a4c3-5f322f4c960c req-b11a6ade-c91b-4d6d-8583-d58052d99fdb None None] Starting request: 10.222.0.15 "GET /placement/allocation_candidates?limit=1000&resources=MEMORY_MB%3A1024%2CVCPU%3A1&root_required=%21COMPUTE_STATUS_DISABLED" {{(pid=84006) __call__ /opt/stack/placement/placement/requestlog.py:55}}
Nov 13 17:15:00.169004 n-d-816927-2 devstack@placement-api.service[84006]: DEBUG placement.objects.research_context [req-9057c7a5-faab-4e47-a4c3-5f322f4c960c req-b11a6ade-c91b-4d6d-8583-d58052d99fdb service placement] getting providers with 1024 MEMORY_MB {{(pid=84006) __init__ /opt/stack/placement/placement/objects/research_context.py:126}}
Nov 13 17:15:00.180406 n-d-816927-2 devstack@placement-api.service[84006]: DEBUG placement.objects.research_context [req-9057c7a5-faab-4e47-a4c3-5f322f4c960c req-b11a6ade-c91b-4d6d-8583-d58052d99fdb service placement] getting providers with 1 VCPU {{(pid=84006) __init__ /opt/stack/placement/placement/objects/research_context.py:126}}
Nov 13 17:15:00.209292 n-d-816927-2 devstack@placement-api.service[84006]: DEBUG placement.objects.research_context [req-9057c7a5-faab-4e47-a4c3-5f322f4c960c req-b11a6ade-c91b-4d6d-8583-d58052d99fdb service placement] found 2 providers with available 1024 MEMORY_MB {{(pid=84006) get_provider_ids_matching /opt/stack/placement/placement/objects/research_context.py:549}}
Nov 13 17:15:00.209829 n-d-816927-2 devstack@placement-api.service[84006]: DEBUG placement.objects.research_context [req-9057c7a5-faab-4e47-a4c3-5f322f4c960c req-b11a6ade-c91b-4d6d-8583-d58052d99fdb service placement] found 2 providers with available 1 VCPU {{(pid=84006) get_provider_ids_matching /opt/stack/placement/placement/objects/research_context.py:549}}
Nov 13 17:15:00.210335 n-d-816927-2 devstack@placement-api.service[84006]: DEBUG placement.objects.research_context [req-9057c7a5-faab-4e47-a4c3-5f322f4c960c req-b11a6ade-c91b-4d6d-8583-d58052d99fdb service placement] found 2 providers after filtering by previous result {{(pid=84006) get_provider_ids_matching /opt/stack/placement/placement/objects/research_context.py:580}}
Nov 13 17:15:00.230943 n-d-816927-2 devstack@placement-api.service[84006]: DEBUG placement.objects.allocation_candidate [req-9057c7a5-faab-4e47-a4c3-5f322f4c960c req-b11a6ade-c91b-4d6d-8583-d58052d99fdb service placement] RequestGroup(use_same_provider=False, resources={MEMORY_MB:1024, VCPU:1}, traits=[], aggregates=[]) (suffix '') returned 2 matches {{(pid=84006) _get_by_requests /opt/stack/placement/placement/objects/allocation_candidate.py:145}}
Nov 13 17:15:00.231669 n-d-816927-2 devstack@placement-api.service[84006]: DEBUG placement.objects.allocation_candidate [req-9057c7a5-faab-4e47-a4c3-5f322f4c960c req-b11a6ade-c91b-4d6d-8583-d58052d99fdb service placement] Merging candidates yields 2 allocation requests and 2 provider summaries {{(pid=84006) _merge_candidates /opt/stack/placement/placement/objects/allocation_candidate.py:783}}
Nov 13 17:15:00.235373 n-d-816927-2 devstack@placement-api.service[84006]: INFO placement.requestlog [req-9057c7a5-faab-4e47-a4c3-5f322f4c960c req-b11a6ade-c91b-4d6d-8583-d58052d99fdb service placement] 10.222.0.15 "GET /placement/allocation_candidates?limit=1000&resources=MEMORY_MB%3A1024%2CVCPU%3A1&root_required=%21COMPUTE_STATUS_DISABLED" status: 200 len: 1204 microversion: 1.35
Nov 13 17:15:00.242399 n-d-816927-2 devstack@placement-api.service[84006]: [pid: 84006|app: 0|req: 363/728] 10.222.0.15 () {60 vars in 1478 bytes} [Sat Nov 13 17:15:00 2021] GET /placement/allocation_candidates?limit=1000&resources=MEMORY_MB%3A1024%2CVCPU%3A1&root_required=%21COMPUTE_STATUS_DISABLED => generated 1204 bytes in 143 msecs (HTTP/1.1 200) 8 headers in 297 bytes (1 switches on core 0)
Nov 13 17:15:00.295950 n-d-816927-2 devstack@placement-api.service[84007]: DEBUG placement.requestlog [req-9057c7a5-faab-4e47-a4c3-5f322f4c960c req-030a1540-1f75-4fe5-833f-734b2a48a7f1 None None] Starting request: 10.222.0.15 "GET /placement/allocations/0228fe4c-721e-4154-a7d4-b556ef753b87" {{(pid=84007) __call__ /opt/stack/placement/placement/requestlog.py:55}}
Nov 13 17:15:00.308097 n-d-816927-2 devstack@placement-api.service[84007]: INFO placement.requestlog [req-9057c7a5-faab-4e47-a4c3-5f322f4c960c req-030a1540-1f75-4fe5-833f-734b2a48a7f1 service placement] 10.222.0.15 "GET /placement/allocations/0228fe4c-721e-4154-a7d4-b556ef753b87" status: 200 len: 19 microversion: 1.28
Nov 13 17:15:00.311673 n-d-816927-2 devstack@placement-api.service[84007]: [pid: 84007|app: 0|req: 366/729] 10.222.0.15 () {60 vars in 1380 bytes} [Sat Nov 13 17:15:00 2021] GET /placement/allocations/0228fe4c-721e-4154-a7d4-b556ef753b87 => generated 19 bytes in 16 msecs (HTTP/1.1 200) 8 headers in 295 bytes (1 switches on core 0)
Nov 13 17:15:00.314825 n-d-816927-2 devstack@placement-api.service[84006]: DEBUG placement.requestlog [req-9057c7a5-faab-4e47-a4c3-5f322f4c960c req-d9422cc7-1ccb-44c1-9ad1-706ce900785b None None] Starting request: 10.222.0.15 "PUT /placement/allocations/0228fe4c-721e-4154-a7d4-b556ef753b87" {{(pid=84006) __call__ /opt/stack/placement/placement/requestlog.py:55}}
Nov 13 17:15:00.409812 n-d-816927-2 devstack@placement-api.service[84006]: DEBUG placement.handlers.allocation [req-9057c7a5-faab-4e47-a4c3-5f322f4c960c req-d9422cc7-1ccb-44c1-9ad1-706ce900785b service placement] Successfully wrote allocations [, ] {{(pid=84006) _create_allocations /opt/stack/placement/placement/handlers/allocation.py:435}}
Nov 13 17:15:00.410601 n-d-816927-2 devstack@placement-api.service[84006]: INFO placement.requestlog [req-9057c7a5-faab-4e47-a4c3-5f322f4c960c req-d9422cc7-1ccb-44c1-9ad1-706ce900785b service placement] 10.222.0.15 "PUT /placement/allocations/0228fe4c-721e-4154-a7d4-b556ef753b87" status: 204 len: 0 microversion: 1.35
Nov 13 17:15:00.410989 n-d-816927-2 devstack@placement-api.service[84006]: [pid: 84006|app: 0|req: 364/730] 10.222.0.15 () {64 vars in 1433 bytes} [Sat Nov 13 17:15:00 2021] PUT /placement/allocations/0228fe4c-721e-4154-a7d4-b556ef753b87 => generated 0 bytes in 96 msecs (HTTP/1.1 204) 5 headers in 199 bytes (2 switches on core 0)
Nov 13 17:15:01.218556 n-d-816927-2 devstack@placement-api.service[84007]: DEBUG placement.requestlog [req-9057c7a5-faab-4e47-a4c3-5f322f4c960c req-68d42231-c8e6-48b6-9efd-8b088937cc86 None None] Starting request: 10.222.0.24 "GET /placement/allocations/0228fe4c-721e-4154-a7d4-b556ef753b87" {{(pid=84007) __call__ /opt/stack/placement/placement/requestlog.py:55}}
Nov 13 17:15:01.244617 n-d-816927-2 devstack@placement-api.service[84007]: INFO placement.requestlog [req-9057c7a5-faab-4e47-a4c3-5f322f4c960c req-68d42231-c8e6-48b6-9efd-8b088937cc86 service placement] 10.222.0.24 "GET /placement/allocations/0228fe4c-721e-4154-a7d4-b556ef753b87" status: 200 len: 246 microversion: 1.28
Nov 13 17:15:01.245518 n-d-816927-2 devstack@placement-api.service[84007]: [pid: 84007|app: 0|req: 367/731] 10.222.0.24 () {60 vars in 1377 bytes} [Sat Nov 13 17:15:01 2021] GET /placement/allocations/0228fe4c-721e-4154-a7d4-b556ef753b87 => generated 246 bytes in 27 msecs (HTTP/1.1 200) 8 headers in 296 bytes (1 switches on core 0)
Nov 13 17:15:08.861599 n-d-816927-2 devstack@placement-api.service[84006]: DEBUG placement.requestlog [req-e0d01c59-34c0-428b-bdda-d1755bedca08 req-7887dfc4-2f57-4c74-9c2a-f5eb7233050a None None] Starting request: 10.222.0.24 "GET /placement/allocations/54624850-5e39-4eee-8e10-f05fdcbe97e8" {{(pid=84006) __call__ /opt/stack/placement/placement/requestlog.py:55}}
