Dec 14 14:46:17.502725 n-d-816883-3 devstack@placement-api.service[88106]: DEBUG placement.requestlog [req-11d910bc-e330-4b88-b3e4-562b1653da73 req-24a4a528-fd3b-4020-9c31-e2f5cd3a3987 None None] Starting request: 10.222.0.30 "GET /placement/resource_providers/31ac4614-73eb-4c42-8417-b8943373a9a6/allocations" {{(pid=88106) __call__ /opt/stack/placement/placement/requestlog.py:55}}
Dec 14 14:46:17.551281 n-d-816883-3 devstack@placement-api.service[88106]: INFO placement.requestlog [req-11d910bc-e330-4b88-b3e4-562b1653da73 req-24a4a528-fd3b-4020-9c31-e2f5cd3a3987 service placement] 10.222.0.30 "GET /placement/resource_providers/31ac4614-73eb-4c42-8417-b8943373a9a6/allocations" status: 200 len: 458 microversion: 1.0
Dec 14 14:46:17.551805 n-d-816883-3 devstack@placement-api.service[88106]: [pid: 88106|app: 0|req: 410/823] 10.222.0.30 () {58 vars in 1390 bytes} [Tue Dec 14 14:46:17 2021] GET /placement/resource_providers/31ac4614-73eb-4c42-8417-b8943373a9a6/allocations => generated 458 bytes in 49 msecs (HTTP/1.1 200) 6 headers in 224 bytes (1 switches on core 0)
Dec 14 14:46:21.734128 n-d-816883-3 devstack@placement-api.service[88107]: DEBUG placement.requestlog [req-78a61a8c-8b14-4300-9ab9-fb5a0638a3da req-db48a84e-c4ea-46f5-bd17-b9072573e40e None None] Starting request: 10.222.0.30 "GET /placement/allocations/a5a149ae-a2ab-449e-95b1-d63bc5a91c07" {{(pid=88107) __call__ /opt/stack/placement/placement/requestlog.py:55}}
Dec 14 14:46:21.764719 n-d-816883-3 devstack@placement-api.service[88107]: INFO placement.requestlog [req-78a61a8c-8b14-4300-9ab9-fb5a0638a3da req-db48a84e-c4ea-46f5-bd17-b9072573e40e service placement] 10.222.0.30 "GET /placement/allocations/a5a149ae-a2ab-449e-95b1-d63bc5a91c07" status: 200 len: 260 microversion: 1.28
Dec 14 14:46:21.766090 n-d-816883-3 devstack@placement-api.service[88107]: [pid: 88107|app: 0|req: 414/824] 10.222.0.30 () {60 vars in 1377 bytes} [Tue Dec 14 14:46:21 2021] GET /placement/allocations/a5a149ae-a2ab-449e-95b1-d63bc5a91c07 => generated 260 bytes in 32 msecs (HTTP/1.1 200) 8 headers in 296 bytes (1 switches on core 0)
Dec 14 14:46:21.773529 n-d-816883-3 devstack@placement-api.service[88106]: DEBUG placement.requestlog [req-78a61a8c-8b14-4300-9ab9-fb5a0638a3da req-faf97f17-0094-43de-ba4f-b8b47f65c182 None None] Starting request: 10.222.0.30 "PUT /placement/allocations/a5a149ae-a2ab-449e-95b1-d63bc5a91c07" {{(pid=88106) __call__ /opt/stack/placement/placement/requestlog.py:55}}
Dec 14 14:46:21.820042 n-d-816883-3 devstack@placement-api.service[88107]: DEBUG placement.requestlog [req-817ea868-bd83-486d-b30f-64361e089466 req-1f6c7089-cdfb-4dd4-9e90-5e5c8eda924d None None] Starting request: 10.222.0.43 "GET /placement/allocation_candidates?limit=1000&resources=DISK_GB%3A1%2CMEMORY_MB%3A1024%2CVCPU%3A1&root_required=%21COMPUTE_STATUS_DISABLED" {{(pid=88107) __call__ /opt/stack/placement/placement/requestlog.py:55}}
Dec 14 14:46:21.936663 n-d-816883-3 devstack@placement-api.service[88107]: DEBUG placement.objects.research_context [req-817ea868-bd83-486d-b30f-64361e089466 req-1f6c7089-cdfb-4dd4-9e90-5e5c8eda924d service placement] getting providers with 1 DISK_GB {{(pid=88107) __init__ /opt/stack/placement/placement/objects/research_context.py:126}}
Dec 14 14:46:21.972569 n-d-816883-3 devstack@placement-api.service[88107]: DEBUG placement.objects.research_context [req-817ea868-bd83-486d-b30f-64361e089466 req-1f6c7089-cdfb-4dd4-9e90-5e5c8eda924d service placement] getting providers with 1024 MEMORY_MB {{(pid=88107) __init__ /opt/stack/placement/placement/objects/research_context.py:126}}
Dec 14 14:46:21.985740 n-d-816883-3 devstack@placement-api.service[88106]: DEBUG placement.handlers.allocation [req-78a61a8c-8b14-4300-9ab9-fb5a0638a3da req-faf97f17-0094-43de-ba4f-b8b47f65c182 service placement] Successfully wrote allocations [, , ] {{(pid=88106) _create_allocations /opt/stack/placement/placement/handlers/allocation.py:435}}
Dec 14 14:46:21.986225 n-d-816883-3 devstack@placement-api.service[88106]: INFO placement.requestlog [req-78a61a8c-8b14-4300-9ab9-fb5a0638a3da req-faf97f17-0094-43de-ba4f-b8b47f65c182 service placement] 10.222.0.30 "PUT /placement/allocations/a5a149ae-a2ab-449e-95b1-d63bc5a91c07" status: 204 len: 0 microversion: 1.28
Dec 14 14:46:21.986477 n-d-816883-3 devstack@placement-api.service[88106]: [pid: 88106|app: 0|req: 411/825] 10.222.0.30 () {64 vars in 1430 bytes} [Tue Dec 14 14:46:21 2021] PUT /placement/allocations/a5a149ae-a2ab-449e-95b1-d63bc5a91c07 => generated 0 bytes in 214 msecs (HTTP/1.1 204) 5 headers in 199 bytes (2 switches on core 0)
Dec 14 14:46:21.987481 n-d-816883-3 devstack@placement-api.service[88107]: DEBUG placement.objects.research_context [req-817ea868-bd83-486d-b30f-64361e089466 req-1f6c7089-cdfb-4dd4-9e90-5e5c8eda924d service placement] getting providers with 1 VCPU {{(pid=88107) __init__ /opt/stack/placement/placement/objects/research_context.py:126}}
Dec 14 14:46:22.027180 n-d-816883-3 devstack@placement-api.service[88107]: DEBUG placement.objects.research_context [req-817ea868-bd83-486d-b30f-64361e089466 req-1f6c7089-cdfb-4dd4-9e90-5e5c8eda924d service placement] found 2 providers with available 1 DISK_GB {{(pid=88107) get_provider_ids_matching /opt/stack/placement/placement/objects/research_context.py:549}}
Dec 14 14:46:22.038039 n-d-816883-3 devstack@placement-api.service[88107]: DEBUG placement.objects.research_context [req-817ea868-bd83-486d-b30f-64361e089466 req-1f6c7089-cdfb-4dd4-9e90-5e5c8eda924d service placement] found 2 providers with available 1024 MEMORY_MB {{(pid=88107) get_provider_ids_matching /opt/stack/placement/placement/objects/research_context.py:549}}
Dec 14 14:46:22.038890 n-d-816883-3 devstack@placement-api.service[88107]: DEBUG placement.objects.research_context [req-817ea868-bd83-486d-b30f-64361e089466 req-1f6c7089-cdfb-4dd4-9e90-5e5c8eda924d service placement] found 2 providers after filtering by previous result {{(pid=88107) get_provider_ids_matching /opt/stack/placement/placement/objects/research_context.py:580}}
Dec 14 14:46:22.039568 n-d-816883-3 devstack@placement-api.service[88107]: DEBUG placement.objects.research_context [req-817ea868-bd83-486d-b30f-64361e089466 req-1f6c7089-cdfb-4dd4-9e90-5e5c8eda924d service placement] found 2 providers with available 1 VCPU {{(pid=88107) get_provider_ids_matching /opt/stack/placement/placement/objects/research_context.py:549}}
Dec 14 14:46:22.040255 n-d-816883-3 devstack@placement-api.service[88107]: DEBUG placement.objects.research_context [req-817ea868-bd83-486d-b30f-64361e089466 req-1f6c7089-cdfb-4dd4-9e90-5e5c8eda924d service placement] found 2 providers after filtering by previous result {{(pid=88107) get_provider_ids_matching /opt/stack/placement/placement/objects/research_context.py:580}}
Dec 14 14:46:22.115375 n-d-816883-3 devstack@placement-api.service[88107]: DEBUG placement.objects.allocation_candidate [req-817ea868-bd83-486d-b30f-64361e089466 req-1f6c7089-cdfb-4dd4-9e90-5e5c8eda924d service placement] RequestGroup(use_same_provider=False, resources={DISK_GB:1, MEMORY_MB:1024, VCPU:1}, traits=[], aggregates=[]) (suffix '') returned 2 matches {{(pid=88107) _get_by_requests /opt/stack/placement/placement/objects/allocation_candidate.py:145}}
Dec 14 14:46:22.116351 n-d-816883-3 devstack@placement-api.service[88107]: DEBUG placement.objects.allocation_candidate [req-817ea868-bd83-486d-b30f-64361e089466 req-1f6c7089-cdfb-4dd4-9e90-5e5c8eda924d service placement] Merging candidates yields 2 allocation requests and 2 provider summaries {{(pid=88107) _merge_candidates /opt/stack/placement/placement/objects/allocation_candidate.py:783}}
Dec 14 14:46:22.120210 n-d-816883-3 devstack@placement-api.service[88107]: INFO placement.requestlog [req-817ea868-bd83-486d-b30f-64361e089466 req-1f6c7089-cdfb-4dd4-9e90-5e5c8eda924d service placement] 10.222.0.43 "GET /placement/allocation_candidates?limit=1000&resources=DISK_GB%3A1%2CMEMORY_MB%3A1024%2CVCPU%3A1&root_required=%21COMPUTE_STATUS_DISABLED" status: 200 len: 1306 microversion: 1.35
Dec 14 14:46:22.122425 n-d-816883-3 devstack@placement-api.service[88107]: [pid: 88107|app: 0|req: 415/826] 10.222.0.43 () {60 vars in 1506 bytes} [Tue Dec 14 14:46:21 2021] GET /placement/allocation_candidates?limit=1000&resources=DISK_GB%3A1%2CMEMORY_MB%3A1024%2CVCPU%3A1&root_required=%21COMPUTE_STATUS_DISABLED => generated 1306 bytes in 303 msecs (HTTP/1.1 200) 8 headers in 297 bytes (2 switches on core 0)
Dec 14 14:46:22.238462 n-d-816883-3 devstack@placement-api.service[88106]: DEBUG placement.requestlog [req-817ea868-bd83-486d-b30f-64361e089466 req-a31ba86c-8af6-423a-9c06-71760fb2b441 None None] Starting request: 10.222.0.43 "GET /placement/allocations/de38cd51-f013-4c43-9a83-439be5605d0c" {{(pid=88106) __call__ /opt/stack/placement/placement/requestlog.py:55}}
Dec 14 14:46:22.257075 n-d-816883-3 devstack@placement-api.service[88106]: INFO placement.requestlog [req-817ea868-bd83-486d-b30f-64361e089466 req-a31ba86c-8af6-423a-9c06-71760fb2b441 service placement] 10.222.0.43 "GET /placement/allocations/de38cd51-f013-4c43-9a83-439be5605d0c" status: 200 len: 19 microversion: 1.28
Dec 14 14:46:22.258724 n-d-816883-3 devstack@placement-api.service[88106]: [pid: 88106|app: 0|req: 412/827] 10.222.0.43 () {60 vars in 1380 bytes} [Tue Dec 14 14:46:22 2021] GET /placement/allocations/de38cd51-f013-4c43-9a83-439be5605d0c => generated 19 bytes in 21 msecs (HTTP/1.1 200) 8 headers in 295 bytes (2 switches on core 0)
Dec 14 14:46:22.266328 n-d-816883-3 devstack@placement-api.service[88107]: DEBUG placement.requestlog [req-817ea868-bd83-486d-b30f-64361e089466 req-ec0dca5e-f22d-40b2-bf9c-786c30746d8e None None] Starting request: 10.222.0.43 "PUT /placement/allocations/de38cd51-f013-4c43-9a83-439be5605d0c" {{(pid=88107) __call__ /opt/stack/placement/placement/requestlog.py:55}}
Dec 14 14:46:22.405660 n-d-816883-3 devstack@placement-api.service[88107]: DEBUG placement.handlers.allocation [req-817ea868-bd83-486d-b30f-64361e089466 req-ec0dca5e-f22d-40b2-bf9c-786c30746d8e service placement] Successfully wrote allocations [, , ] {{(pid=88107) _create_allocations /opt/stack/placement/placement/handlers/allocation.py:435}}
Dec 14 14:46:22.406804 n-d-816883-3 devstack@placement-api.service[88107]: INFO placement.requestlog [req-817ea868-bd83-486d-b30f-64361e089466 req-ec0dca5e-f22d-40b2-bf9c-786c30746d8e service placement] 10.222.0.43 "PUT /placement/allocations/de38cd51-f013-4c43-9a83-439be5605d0c" status: 204 len: 0 microversion: 1.35
Dec 14 14:46:22.415534 n-d-816883-3 devstack@placement-api.service[88107]: [pid: 88107|app: 0|req: 416/828] 10.222.0.43 () {64 vars in 1433 bytes} [Tue Dec 14 14:46:22 2021] PUT /placement/allocations/de38cd51-f013-4c43-9a83-439be5605d0c => generated 0 bytes in 142 msecs (HTTP/1.1 204) 5 headers in 199 bytes (1 switches on core 0)
Dec 14 14:46:23.340716 n-d-816883-3 devstack@placement-api.service[88106]: DEBUG placement.requestlog [req-817ea868-bd83-486d-b30f-64361e089466 req-c3788ea5-6feb-4f6c-9748-e0e277a60985 None None] Starting request: 10.222.0.18 "GET /placement/allocations/de38cd51-f013-4c43-9a83-439be5605d0c" {{(pid=88106) __call__ /opt/stack/placement/placement/requestlog.py:55}}
Dec 14 14:46:23.367409 n-d-816883-3 devstack@placement-api.service[88106]: INFO placement.requestlog [req-817ea868-bd83-486d-b30f-64361e089466 req-c3788ea5-6feb-4f6c-9748-e0e277a60985 service placement] 10.222.0.18 "GET /placement/allocations/de38cd51-f013-4c43-9a83-439be5605d0c" status: 200 len: 260 microversion: 1.28
Dec 14 14:46:23.367963 n-d-816883-3 devstack@placement-api.service[88106]: [pid: 88106|app: 0|req: 413/829] 10.222.0.18 () {60 vars in 1377 bytes} [Tue Dec 14 14:46:23 2021] GET /placement/allocations/de38cd51-f013-4c43-9a83-439be5605d0c => generated 260 bytes in 28 msecs (HTTP/1.1 200) 8 headers in 296 bytes (1 switches on core 0)
Dec 14 14:46:24.154306 n-d-816883-3 devstack@placement-api.service[88107]: DEBUG placement.requestlog [req-2580a467-13f3-4216-b472-9fb545462a19 req-2611177e-33d6-4d14-bb85-2c145a1c38e3 None None] Starting request: 10.222.0.43 "GET /placement/allocation_candidates?limit=1000&resources=DISK_GB%3A1%2CMEMORY_MB%3A1024%2CVCPU%3A1&root_required=%21COMPUTE_STATUS_DISABLED" {{(pid=88107) __call__ /opt/stack/placement/placement/requestlog.py:55}}
Dec 14 14:46:24.221789 n-d-816883-3 devstack@placement-api.service[88107]: DEBUG placement.objects.research_context [req-2580a467-13f3-4216-b472-9fb545462a19 req-2611177e-33d6-4d14-bb85-2c145a1c38e3 service placement] getting providers with 1 DISK_GB {{(pid=88107) __init__ /opt/stack/placement/placement/objects/research_context.py:126}}
Dec 14 14:46:24.236302 n-d-816883-3 devstack@placement-api.service[88107]: DEBUG placement.objects.research_context [req-2580a467-13f3-4216-b472-9fb545462a19 req-2611177e-33d6-4d14-bb85-2c145a1c38e3 service placement] getting providers with 1024 MEMORY_MB {{(pid=88107) __init__ /opt/stack/placement/placement/objects/research_context.py:126}}
Dec 14 14:46:24.254364 n-d-816883-3 devstack@placement-api.service[88107]: DEBUG placement.objects.research_context [req-2580a467-13f3-4216-b472-9fb545462a19 req-2611177e-33d6-4d14-bb85-2c145a1c38e3 service placement] getting providers with 1 VCPU {{(pid=88107) __init__ /opt/stack/placement/placement/objects/research_context.py:126}}
Dec 14 14:46:24.274423 n-d-816883-3 devstack@placement-api.service[88107]: DEBUG placement.objects.research_context [req-2580a467-13f3-4216-b472-9fb545462a19 req-2611177e-33d6-4d14-bb85-2c145a1c38e3 service placement] found 2 providers with available 1 DISK_GB {{(pid=88107) get_provider_ids_matching /opt/stack/placement/placement/objects/research_context.py:549}}
Dec 14 14:46:24.274685 n-d-816883-3 devstack@placement-api.service[88107]: DEBUG placement.objects.research_context [req-2580a467-13f3-4216-b472-9fb545462a19 req-2611177e-33d6-4d14-bb85-2c145a1c38e3 service placement] found 2 providers with available 1024 MEMORY_MB {{(pid=88107) get_provider_ids_matching /opt/stack/placement/placement/objects/research_context.py:549}}
Dec 14 14:46:24.274958 n-d-816883-3 devstack@placement-api.service[88107]: DEBUG placement.objects.research_context [req-2580a467-13f3-4216-b472-9fb545462a19 req-2611177e-33d6-4d14-bb85-2c145a1c38e3 service placement] found 2 providers after filtering by previous result {{(pid=88107) get_provider_ids_matching /opt/stack/placement/placement/objects/research_context.py:580}}
Dec 14 14:46:24.275218 n-d-816883-3 devstack@placement-api.service[88107]: DEBUG placement.objects.research_context [req-2580a467-13f3-4216-b472-9fb545462a19 req-2611177e-33d6-4d14-bb85-2c145a1c38e3 service placement] found 2 providers with available 1 VCPU {{(pid=88107) get_provider_ids_matching /opt/stack/placement/placement/objects/research_context.py:549}}
Dec 14 14:46:24.275575 n-d-816883-3 devstack@placement-api.service[88107]: DEBUG placement.objects.research_context [req-2580a467-13f3-4216-b472-9fb545462a19 req-2611177e-33d6-4d14-bb85-2c145a1c38e3 service placement] found 2 providers after filtering by previous result {{(pid=88107) get_provider_ids_matching /opt/stack/placement/placement/objects/research_context.py:580}}
Dec 14 14:46:24.305868 n-d-816883-3 devstack@placement-api.service[88107]: DEBUG placement.objects.allocation_candidate [req-2580a467-13f3-4216-b472-9fb545462a19 req-2611177e-33d6-4d14-bb85-2c145a1c38e3 service placement] RequestGroup(use_same_provider=False, resources={DISK_GB:1, MEMORY_MB:1024, VCPU:1}, traits=[], aggregates=[]) (suffix '') returned 2 matches {{(pid=88107) _get_by_requests /opt/stack/placement/placement/objects/allocation_candidate.py:145}}
Dec 14 14:46:24.306238 n-d-816883-3 devstack@placement-api.service[88107]: DEBUG placement.objects.allocation_candidate [req-2580a467-13f3-4216-b472-9fb545462a19 req-2611177e-33d6-4d14-bb85-2c145a1c38e3 service placement] Merging candidates yields 2 allocation requests and 2 provider summaries {{(pid=88107) _merge_candidates /opt/stack/placement/placement/objects/allocation_candidate.py:783}}
Dec 14 14:46:24.310426 n-d-816883-3 devstack@placement-api.service[88107]: INFO placement.requestlog [req-2580a467-13f3-4216-b472-9fb545462a19 req-2611177e-33d6-4d14-bb85-2c145a1c38e3 service placement] 10.222.0.43 "GET /placement/allocation_candidates?limit=1000&resources=DISK_GB%3A1%2CMEMORY_MB%3A1024%2CVCPU%3A1&root_required=%21COMPUTE_STATUS_DISABLED" status: 200 len: 1309 microversion: 1.35
Dec 14 14:46:24.310987 n-d-816883-3 devstack@placement-api.service[88107]: [pid: 88107|app: 0|req: 417/830] 10.222.0.43 () {60 vars in 1506 bytes} [Tue Dec 14 14:46:24 2021] GET /placement/allocation_candidates?limit=1000&resources=DISK_GB%3A1%2CMEMORY_MB%3A1024%2CVCPU%3A1&root_required=%21COMPUTE_STATUS_DISABLED => generated 1309 bytes in 157 msecs (HTTP/1.1 200) 8 headers in 297 bytes (1 switches on core 0)
Dec 14 14:46:24.485908 n-d-816883-3 devstack@placement-api.service[88106]: DEBUG placement.requestlog [req-2580a467-13f3-4216-b472-9fb545462a19 req-3d7a7d25-c87d-46ac-a4c9-b023aea78186 None None] Starting request: 10.222.0.43 "GET /placement/allocations/c264d767-eac9-450a-ba3a-24f5507b68f4" {{(pid=88106) __call__ /opt/stack/placement/placement/requestlog.py:55}}
Dec 14 14:46:24.507004 n-d-816883-3 devstack@placement-api.service[88106]: INFO placement.requestlog [req-2580a467-13f3-4216-b472-9fb545462a19 req-3d7a7d25-c87d-46ac-a4c9-b023aea78186 service placement] 10.222.0.43 "GET /placement/allocations/c264d767-eac9-450a-ba3a-24f5507b68f4" status: 200 len: 19 microversion: 1.28
Dec 14 14:46:24.512990 n-d-816883-3 devstack@placement-api.service[88106]: [pid: 88106|app: 0|req: 414/831] 10.222.0.43 () {60 vars in 1380 bytes} [Tue Dec 14 14:46:24 2021] GET /placement/allocations/c264d767-eac9-450a-ba3a-24f5507b68f4 => generated 19 bytes in 27 msecs (HTTP/1.1 200) 8 headers in 295 bytes (1 switches on core 0)
Dec 14 14:46:24.515085 n-d-816883-3 devstack@placement-api.service[88107]: DEBUG placement.requestlog [req-2580a467-13f3-4216-b472-9fb545462a19 req-02d40acb-2dbf-4634-b4e2-bc1ceee9f885 None None] Starting request: 10.222.0.43 "PUT /placement/allocations/c264d767-eac9-450a-ba3a-24f5507b68f4" {{(pid=88107) __call__ /opt/stack/placement/placement/requestlog.py:55}}
Dec 14 14:46:24.700393 n-d-816883-3 devstack@placement-api.service[88107]: DEBUG placement.handlers.allocation [req-2580a467-13f3-4216-b472-9fb545462a19 req-02d40acb-2dbf-4634-b4e2-bc1ceee9f885 service placement] Successfully wrote allocations [, , ] {{(pid=88107) _create_allocations /opt/stack/placement/placement/handlers/allocation.py:435}}
Dec 14 14:46:24.701294 n-d-816883-3 devstack@placement-api.service[88107]: INFO placement.requestlog [req-2580a467-13f3-4216-b472-9fb545462a19 req-02d40acb-2dbf-4634-b4e2-bc1ceee9f885 service placement] 10.222.0.43 "PUT /placement/allocations/c264d767-eac9-450a-ba3a-24f5507b68f4" status: 204 len: 0 microversion: 1.35
Dec 14 14:46:24.727048 n-d-816883-3 devstack@placement-api.service[88107]: [pid: 88107|app: 0|req: 418/832] 10.222.0.43 () {64 vars in 1433 bytes} [Tue Dec 14 14:46:24 2021] PUT /placement/allocations/c264d767-eac9-450a-ba3a-24f5507b68f4 => generated 0 bytes in 187 msecs (HTTP/1.1 204) 5 headers in 199 bytes (1 switches on core 0)
Dec 14 14:46:25.438922 n-d-816883-3 devstack@placement-api.service[88106]: DEBUG placement.requestlog [req-2580a467-13f3-4216-b472-9fb545462a19 req-1931efd3-b5b3-4de3-ad12-d7c3a3540241 None None] Starting request: 10.222.0.18 "GET /placement/allocations/c264d767-eac9-450a-ba3a-24f5507b68f4" {{(pid=88106) __call__ /opt/stack/placement/placement/requestlog.py:55}}
Dec 14 14:46:25.461628 n-d-816883-3 devstack@placement-api.service[88106]: INFO placement.requestlog [req-2580a467-13f3-4216-b472-9fb545462a19 req-1931efd3-b5b3-4de3-ad12-d7c3a3540241 service placement] 10.222.0.18 "GET /placement/allocations/c264d767-eac9-450a-ba3a-24f5507b68f4" status: 200 len: 260 microversion: 1.28
Dec 14 14:46:25.462381 n-d-816883-3 devstack@placement-api.service[88106]: [pid: 88106|app: 0|req: 415/833] 10.222.0.18 () {60 vars in 1377 bytes} [Tue Dec 14 14:46:25 2021] GET /placement/allocations/c264d767-eac9-450a-ba3a-24f5507b68f4 => generated 260 bytes in 24 msecs (HTTP/1.1 200) 8 headers in 296 bytes (1 switches on core 0)
Dec 14 14:46:32.654995 n-d-816883-3 devstack@placement-api.service[88107]: DEBUG placement.requestlog [req-d24d5431-1c96-461c-977e-9c506c6d801a req-570df06f-1ce9-4233-8a78-02a30ea79854 None None] Starting request: 10.222.0.18 "GET /placement/allocations/c264d767-eac9-450a-ba3a-24f5507b68f4" {{(pid=88107) __call__ /opt/stack/placement/placement/requestlog.py:55}}
Dec 14 14:46:32.705387 n-d-816883-3 devstack@placement-api.service[88107]: INFO placement.requestlog [req-d24d5431-1c96-461c-977e-9c506c6d801a req-570df06f-1ce9-4233-8a78-02a30ea79854 service placement] 10.222.0.18 "GET /placement/allocations/c264d767-eac9-450a-ba3a-24f5507b68f4" status: 200 len: 260 microversion: 1.28
Dec 14 14:46:32.706163 n-d-816883-3 devstack@placement-api.service[88107]: [pid: 88107|app: 0|req: 419/834] 10.222.0.18 () {60 vars in 1377 bytes} [Tue Dec 14 14:46:32 2021] GET /placement/allocations/c264d767-eac9-450a-ba3a-24f5507b68f4 => generated 260 bytes in 51 msecs (HTTP/1.1 200) 8 headers in 296 bytes (1 switches on core 0)
Dec 14 14:46:38.908339 n-d-816883-3 devstack@placement-api.service[88106]: DEBUG placement.requestlog [req-4be830e5-18d6-4e4a-b1de-81f92c7e6cb6 req-fd5e810e-ecfc-475b-a638-c2f8d5e23310 None None] Starting request: 10.222.0.30 "GET /placement/allocations/0964f36c-3e00-4e78-a9fe-8367530d5139" {{(pid=88106) __call__ /opt/stack/placement/placement/requestlog.py:55}}
Dec 14 14:46:38.940995 n-d-816883-3 devstack@placement-api.service[88106]: INFO placement.requestlog [req-4be830e5-18d6-4e4a-b1de-81f92c7e6cb6 req-fd5e810e-ecfc-475b-a638-c2f8d5e23310 service placement] 10.222.0.30 "GET /placement/allocations/0964f36c-3e00-4e78-a9fe-8367530d5139" status: 200 len: 260 microversion: 1.28
Dec 14 14:46:38.941245 n-d-816883-3 devstack@placement-api.service[88106]: [pid: 88106|app: 0|req: 416/835] 10.222.0.30 () {60 vars in 1377 bytes} [Tue Dec 14 14:46:38 2021] GET /placement/allocations/0964f36c-3e00-4e78-a9fe-8367530d5139 => generated 260 bytes in 33 msecs (HTTP/1.1 200) 8 headers in 296 bytes (1 switches on core 0)
Dec 14 14:46:38.950834 n-d-816883-3 devstack@placement-api.service[88107]: DEBUG placement.requestlog [req-4be830e5-18d6-4e4a-b1de-81f92c7e6cb6 req-f947903c-7f72-439e-bb04-b9836b25853d None None] Starting request: 10.222.0.30 "PUT /placement/allocations/0964f36c-3e00-4e78-a9fe-8367530d5139" {{(pid=88107) __call__ /opt/stack/placement/placement/requestlog.py:55}}
Dec 14 14:46:39.071195 n-d-816883-3 devstack@placement-api.service[88107]: DEBUG placement.handlers.allocation [req-4be830e5-18d6-4e4a-b1de-81f92c7e6cb6 req-f947903c-7f72-439e-bb04-b9836b25853d service placement] Successfully wrote allocations [, , ] {{(pid=88107) _create_allocations /opt/stack/placement/placement/handlers/allocation.py:435}}
Dec 14 14:46:39.071894 n-d-816883-3 devstack@placement-api.service[88107]: INFO placement.requestlog [req-4be830e5-18d6-4e4a-b1de-81f92c7e6cb6 req-f947903c-7f72-439e-bb04-b9836b25853d service placement] 10.222.0.30 "PUT /placement/allocations/0964f36c-3e00-4e78-a9fe-8367530d5139" status: 204 len: 0 microversion: 1.28
Dec 14 14:46:39.072995 n-d-816883-3 devstack@placement-api.service[88107]: [pid: 88107|app: 0|req: 420/836] 10.222.0.30 () {64 vars in 1430 bytes} [Tue Dec 14 14:46:38 2021] PUT /placement/allocations/0964f36c-3e00-4e78-a9fe-8367530d5139 => generated 0 bytes in 123 msecs (HTTP/1.1 204) 5 headers in 199 bytes (2 switches on core 0)
Dec 14 14:46:39.527858 n-d-816883-3 devstack@placement-api.service[88106]: DEBUG placement.requestlog [req-7d7f531c-676d-48cd-9de5-df442ddc5c29 req-956a893d-1fb4-4c8d-8abf-f21eca07b12a None None] Starting request: 10.222.0.30 "GET /placement/allocations/53aaefbf-b07a-4f7b-ace4-02b70e1ccf80" {{(pid=88106) __call__ /opt/stack/placement/placement/requestlog.py:55}}
Dec 14 14:46:39.554400 n-d-816883-3 devstack@placement-api.service[88106]: INFO placement.requestlog [req-7d7f531c-676d-48cd-9de5-df442ddc5c29 req-956a893d-1fb4-4c8d-8abf-f21eca07b12a service placement] 10.222.0.30 "GET /placement/allocations/53aaefbf-b07a-4f7b-ace4-02b70e1ccf80" status: 200 len: 260 microversion: 1.28
Dec 14 14:46:39.555300 n-d-816883-3 devstack@placement-api.service[88106]: [pid: 88106|app: 0|req: 417/837] 10.222.0.30 () {60 vars in 1377 bytes} [Tue Dec 14 14:46:39 2021] GET /placement/allocations/53aaefbf-b07a-4f7b-ace4-02b70e1ccf80 => generated 260 bytes in 28 msecs (HTTP/1.1 200) 8 headers in 296 bytes (1 switches on core 0)
Dec 14 14:46:39.562703 n-d-816883-3 devstack@placement-api.service[88107]: DEBUG placement.requestlog [req-7d7f531c-676d-48cd-9de5-df442ddc5c29 req-fb2b8bf1-f87e-43a8-ae7e-2654827e80c1 None None] Starting request: 10.222.0.30 "PUT /placement/allocations/53aaefbf-b07a-4f7b-ace4-02b70e1ccf80" {{(pid=88107) __call__ /opt/stack/placement/placement/requestlog.py:55}}
Dec 14 14:46:39.672317 n-d-816883-3 devstack@placement-api.service[88107]: DEBUG placement.handlers.allocation [req-7d7f531c-676d-48cd-9de5-df442ddc5c29 req-fb2b8bf1-f87e-43a8-ae7e-2654827e80c1 service placement] Successfully wrote allocations [, , ] {{(pid=88107) _create_allocations /opt/stack/placement/placement/handlers/allocation.py:435}}
Dec 14 14:46:39.672317 n-d-816883-3 devstack@placement-api.service[88107]: INFO placement.requestlog [req-7d7f531c-676d-48cd-9de5-df442ddc5c29 req-fb2b8bf1-f87e-43a8-ae7e-2654827e80c1 service placement] 10.222.0.30 "PUT /placement/allocations/53aaefbf-b07a-4f7b-ace4-02b70e1ccf80" status: 204 len: 0 microversion: 1.28
Dec 14 14:46:39.672317 n-d-816883-3 devstack@placement-api.service[88107]: [pid: 88107|app: 0|req: 421/838] 10.222.0.30 () {64 vars in 1430 bytes} [Tue Dec 14 14:46:39 2021] PUT /placement/allocations/53aaefbf-b07a-4f7b-ace4-02b70e1ccf80 => generated 0 bytes in 110 msecs (HTTP/1.1 204) 5 headers in 199 bytes (1 switches on core 0)
Dec 14 14:46:49.778095 n-d-816883-3 devstack@placement-api.service[88106]: DEBUG placement.requestlog [req-f7b36d25-8895-4f99-9212-9c9cca6668ce req-3de2c80b-0cd9-4c5b-b03f-ef56ef57c20f None None] Starting request: 10.222.0.30 "GET /placement/allocations/687681c2-3db4-4c17-b0fd-6c10ace11432" {{(pid=88106) __call__ /opt/stack/placement/placement/requestlog.py:55}}
Dec 14 14:46:49.797937 n-d-816883-3 devstack@placement-api.service[88106]: INFO placement.requestlog [req-f7b36d25-8895-4f99-9212-9c9cca6668ce req-3de2c80b-0cd9-4c5b-b03f-ef56ef57c20f service placement] 10.222.0.30 "GET /placement/allocations/687681c2-3db4-4c17-b0fd-6c10ace11432" status: 200 len: 260 microversion: 1.28
Dec 14 14:46:49.798457 n-d-816883-3 devstack@placement-api.service[88106]: [pid: 88106|app: 0|req: 418/839] 10.222.0.30 () {60 vars in 1377 bytes} [Tue Dec 14 14:46:49 2021] GET /placement/allocations/687681c2-3db4-4c17-b0fd-6c10ace11432 => generated 260 bytes in 21 msecs (HTTP/1.1 200) 8 headers in 296 bytes (2 switches on core 0)
Dec 14 14:46:49.806011 n-d-816883-3 devstack@placement-api.service[88107]: DEBUG placement.requestlog [req-f7b36d25-8895-4f99-9212-9c9cca6668ce req-db1ba833-4fab-4b24-9ef2-66c68125afab None None] Starting request: 10.222.0.30 "PUT /placement/allocations/687681c2-3db4-4c17-b0fd-6c10ace11432" {{(pid=88107) __call__ /opt/stack/placement/placement/requestlog.py:55}}
Dec 14 14:46:49.874159 n-d-816883-3 devstack@placement-api.service[88107]: DEBUG placement.handlers.allocation [req-f7b36d25-8895-4f99-9212-9c9cca6668ce req-db1ba833-4fab-4b24-9ef2-66c68125afab service placement] Successfully wrote allocations [, , ] {{(pid=88107) _create_allocations /opt/stack/placement/placement/handlers/allocation.py:435}}
Dec 14 14:46:49.874657 n-d-816883-3 devstack@placement-api.service[88107]: INFO placement.requestlog [req-f7b36d25-8895-4f99-9212-9c9cca6668ce req-db1ba833-4fab-4b24-9ef2-66c68125afab service placement] 10.222.0.30 "PUT /placement/allocations/687681c2-3db4-4c17-b0fd-6c10ace11432" status: 204 len: 0 microversion: 1.28
Dec 14 14:46:49.875259 n-d-816883-3 devstack@placement-api.service[88107]: [pid: 88107|app: 0|req: 422/840] 10.222.0.30 () {64 vars in 1430 bytes} [Tue Dec 14 14:46:49 2021] PUT /placement/allocations/687681c2-3db4-4c17-b0fd-6c10ace11432 => generated 0 bytes in 70 msecs (HTTP/1.1 204) 5 headers in 199 bytes (2 switches on core 0)
Dec 14 14:46:54.746110 n-d-816883-3 devstack@placement-api.service[88106]: DEBUG placement.requestlog [req-76f646d0-26c4-4579-bd70-3bede3099d61 req-34fb4e29-aefb-4588-8599-f4a70d42019a None None] Starting request: 10.222.0.43 "GET /placement/allocation_candidates?limit=1000&resources=DISK_GB%3A1%2CMEMORY_MB%3A1024%2CVCPU%3A1&root_required=%21COMPUTE_STATUS_DISABLED" {{(pid=88106) __call__ /opt/stack/placement/placement/requestlog.py:55}}
Dec 14 14:46:54.773632 n-d-816883-3 devstack@placement-api.service[88106]: DEBUG placement.objects.research_context [req-76f646d0-26c4-4579-bd70-3bede3099d61 req-34fb4e29-aefb-4588-8599-f4a70d42019a service placement] getting providers with 1 DISK_GB {{(pid=88106) __init__ /opt/stack/placement/placement/objects/research_context.py:126}}
Dec 14 14:46:54.782893 n-d-816883-3 devstack@placement-api.service[88106]: DEBUG placement.objects.research_context [req-76f646d0-26c4-4579-bd70-3bede3099d61 req-34fb4e29-aefb-4588-8599-f4a70d42019a service placement] getting providers with 1024 MEMORY_MB {{(pid=88106) __init__ /opt/stack/placement/placement/objects/research_context.py:126}}
Dec 14 14:46:54.791833 n-d-816883-3 devstack@placement-api.service[88106]: DEBUG placement.objects.research_context [req-76f646d0-26c4-4579-bd70-3bede3099d61 req-34fb4e29-aefb-4588-8599-f4a70d42019a service placement] getting providers with 1 VCPU {{(pid=88106) __init__ /opt/stack/placement/placement/objects/research_context.py:126}}
Dec 14 14:46:54.799000 n-d-816883-3 devstack@placement-api.service[88106]: DEBUG placement.objects.research_context [req-76f646d0-26c4-4579-bd70-3bede3099d61 req-34fb4e29-aefb-4588-8599-f4a70d42019a service placement] found 2 providers with available 1 DISK_GB {{(pid=88106) get_provider_ids_matching /opt/stack/placement/placement/objects/research_context.py:549}}
Dec 14 14:46:54.799284 n-d-816883-3 devstack@placement-api.service[88106]: DEBUG placement.objects.research_context [req-76f646d0-26c4-4579-bd70-3bede3099d61 req-34fb4e29-aefb-4588-8599-f4a70d42019a service placement] found 2 providers with available 1024 MEMORY_MB {{(pid=88106) get_provider_ids_matching /opt/stack/placement/placement/objects/research_context.py:549}}
Dec 14 14:46:54.799564 n-d-816883-3 devstack@placement-api.service[88106]: DEBUG placement.objects.research_context [req-76f646d0-26c4-4579-bd70-3bede3099d61 req-34fb4e29-aefb-4588-8599-f4a70d42019a service placement] found 2 providers after filtering by previous result {{(pid=88106) get_provider_ids_matching /opt/stack/placement/placement/objects/research_context.py:580}}
Dec 14 14:46:54.799812 n-d-816883-3 devstack@placement-api.service[88106]: DEBUG placement.objects.research_context [req-76f646d0-26c4-4579-bd70-3bede3099d61 req-34fb4e29-aefb-4588-8599-f4a70d42019a service placement] found 2 providers with available 1 VCPU {{(pid=88106) get_provider_ids_matching /opt/stack/placement/placement/objects/research_context.py:549}}
Dec 14 14:46:54.800072 n-d-816883-3 devstack@placement-api.service[88106]: DEBUG placement.objects.research_context [req-76f646d0-26c4-4579-bd70-3bede3099d61 req-34fb4e29-aefb-4588-8599-f4a70d42019a service placement] found 2 providers after filtering by previous result {{(pid=88106) get_provider_ids_matching /opt/stack/placement/placement/objects/research_context.py:580}}
Dec 14 14:46:54.813889 n-d-816883-3 devstack@placement-api.service[88106]: DEBUG placement.objects.allocation_candidate [req-76f646d0-26c4-4579-bd70-3bede3099d61 req-34fb4e29-aefb-4588-8599-f4a70d42019a service placement] RequestGroup(use_same_provider=False, resources={DISK_GB:1, MEMORY_MB:1024, VCPU:1}, traits=[], aggregates=[]) (suffix '') returned 2 matches {{(pid=88106) _get_by_requests /opt/stack/placement/placement/objects/allocation_candidate.py:145}}
Dec 14 14:46:54.814587 n-d-816883-3 devstack@placement-api.service[88106]: DEBUG placement.objects.allocation_candidate [req-76f646d0-26c4-4579-bd70-3bede3099d61 req-34fb4e29-aefb-4588-8599-f4a70d42019a service placement] Merging candidates yields 2 allocation requests and 2 provider summaries {{(pid=88106) _merge_candidates /opt/stack/placement/placement/objects/allocation_candidate.py:783}}
Dec 14 14:46:54.816229 n-d-816883-3 devstack@placement-api.service[88106]: INFO placement.requestlog [req-76f646d0-26c4-4579-bd70-3bede3099d61 req-34fb4e29-aefb-4588-8599-f4a70d42019a service placement] 10.222.0.43 "GET /placement/allocation_candidates?limit=1000&resources=DISK_GB%3A1%2CMEMORY_MB%3A1024%2CVCPU%3A1&root_required=%21COMPUTE_STATUS_DISABLED" status: 200 len: 1306 microversion: 1.35
Dec 14 14:46:54.816797 n-d-816883-3 devstack@placement-api.service[88106]: [pid: 88106|app: 0|req: 419/841] 10.222.0.43 () {60 vars in 1506 bytes} [Tue Dec 14 14:46:54 2021] GET /placement/allocation_candidates?limit=1000&resources=DISK_GB%3A1%2CMEMORY_MB%3A1024%2CVCPU%3A1&root_required=%21COMPUTE_STATUS_DISABLED => generated 1306 bytes in 71 msecs (HTTP/1.1 200) 8 headers in 297 bytes (1 switches on core 0)
Dec 14 14:46:54.872866 n-d-816883-3 devstack@placement-api.service[88107]: DEBUG placement.requestlog [req-76f646d0-26c4-4579-bd70-3bede3099d61 req-dd845357-c693-472c-a21d-750e6abc3c5e None None] Starting request: 10.222.0.43 "GET /placement/allocations/687681c2-3db4-4c17-b0fd-6c10ace11432" {{(pid=88107) __call__ /opt/stack/placement/placement/requestlog.py:55}}
Dec 14 14:46:54.888576 n-d-816883-3 devstack@placement-api.service[88107]: INFO placement.requestlog [req-76f646d0-26c4-4579-bd70-3bede3099d61 req-dd845357-c693-472c-a21d-750e6abc3c5e service placement] 10.222.0.43 "GET /placement/allocations/687681c2-3db4-4c17-b0fd-6c10ace11432" status: 200 len: 19 microversion: 1.28
Dec 14 14:46:54.889363 n-d-816883-3 devstack@placement-api.service[88107]: [pid: 88107|app: 0|req: 423/842] 10.222.0.43 () {60 vars in 1380 bytes} [Tue Dec 14 14:46:54 2021] GET /placement/allocations/687681c2-3db4-4c17-b0fd-6c10ace11432 => generated 19 bytes in 17 msecs (HTTP/1.1 200) 8 headers in 295 bytes (1 switches on core 0)
Dec 14 14:46:54.895389 n-d-816883-3 devstack@placement-api.service[88106]: DEBUG placement.requestlog [req-76f646d0-26c4-4579-bd70-3bede3099d61 req-fdf54d07-8c95-49b5-8e07-41a122ce96e7 None None] Starting request: 10.222.0.43 "PUT /placement/allocations/687681c2-3db4-4c17-b0fd-6c10ace11432" {{(pid=88106) __call__ /opt/stack/placement/placement/requestlog.py:55}}
Dec 14 14:46:54.967687 n-d-816883-3 devstack@placement-api.service[88106]: DEBUG placement.handlers.allocation [req-76f646d0-26c4-4579-bd70-3bede3099d61 req-fdf54d07-8c95-49b5-8e07-41a122ce96e7 service placement] Successfully wrote allocations [, , ] {{(pid=88106) _create_allocations /opt/stack/placement/placement/handlers/allocation.py:435}}
Dec 14 14:46:54.968424 n-d-816883-3 devstack@placement-api.service[88106]: INFO placement.requestlog [req-76f646d0-26c4-4579-bd70-3bede3099d61 req-fdf54d07-8c95-49b5-8e07-41a122ce96e7 service placement] 10.222.0.43 "PUT /placement/allocations/687681c2-3db4-4c17-b0fd-6c10ace11432" status: 204 len: 0 microversion: 1.35
Dec 14 14:46:54.968851 n-d-816883-3 devstack@placement-api.service[88106]: [pid: 88106|app: 0|req: 420/843] 10.222.0.43 () {64 vars in 1433 bytes} [Tue Dec 14 14:46:54 2021] PUT /placement/allocations/687681c2-3db4-4c17-b0fd-6c10ace11432 => generated 0 bytes in 74 msecs (HTTP/1.1 204) 5 headers in 199 bytes (1 switches on core 0)
Dec 14 14:46:57.899592 n-d-816883-3 devstack@placement-api.service[88107]: DEBUG placement.requestlog [req-76f646d0-26c4-4579-bd70-3bede3099d61 req-fa2b6c8f-1179-4d7d-bb74-daeeed774fc7 None None] Starting request: 10.222.0.30 "GET /placement/allocations/687681c2-3db4-4c17-b0fd-6c10ace11432" {{(pid=88107) __call__ /opt/stack/placement/placement/requestlog.py:55}}
Dec 14 14:46:57.924587 n-d-816883-3 devstack@placement-api.service[88107]: INFO placement.requestlog [req-76f646d0-26c4-4579-bd70-3bede3099d61 req-fa2b6c8f-1179-4d7d-bb74-daeeed774fc7 service placement] 10.222.0.30 "GET /placement/allocations/687681c2-3db4-4c17-b0fd-6c10ace11432" status: 200 len: 260 microversion: 1.28
Dec 14 14:46:57.925807 n-d-816883-3 devstack@placement-api.service[88107]: [pid: 88107|app: 0|req: 424/844] 10.222.0.30 () {60 vars in 1377 bytes} [Tue Dec 14 14:46:57 2021] GET /placement/allocations/687681c2-3db4-4c17-b0fd-6c10ace11432 => generated 260 bytes in 27 msecs (HTTP/1.1 200) 8 headers in 296 bytes (1 switches on core 0)
Dec 14 14:47:03.003604 n-d-816883-3 devstack@placement-api.service[88106]: DEBUG placement.requestlog [req-b0a20763-71a1-4276-b6b2-ea4780b57cc9 req-fd61fff8-f7aa-4271-a7c0-c11d61ab23e5 None None] Starting request: 10.222.0.43 "GET /placement/allocation_candidates?limit=1000&resources=DISK_GB%3A1%2CMEMORY_MB%3A1024%2CVCPU%3A1&root_required=%21COMPUTE_STATUS_DISABLED" {{(pid=88106) __call__ /opt/stack/placement/placement/requestlog.py:55}}
Dec 14 14:47:03.067418 n-d-816883-3 devstack@placement-api.service[88106]: DEBUG placement.objects.research_context [req-b0a20763-71a1-4276-b6b2-ea4780b57cc9 req-fd61fff8-f7aa-4271-a7c0-c11d61ab23e5 service placement] getting providers with 1 DISK_GB {{(pid=88106) __init__ /opt/stack/placement/placement/objects/research_context.py:126}}
Dec 14 14:47:03.083535 n-d-816883-3 devstack@placement-api.service[88106]: DEBUG placement.objects.research_context [req-b0a20763-71a1-4276-b6b2-ea4780b57cc9 req-fd61fff8-f7aa-4271-a7c0-c11d61ab23e5 service placement] getting providers with 1024 MEMORY_MB {{(pid=88106) __init__ /opt/stack/placement/placement/objects/research_context.py:126}}
Dec 14 14:47:03.100235 n-d-816883-3 devstack@placement-api.service[88106]: DEBUG placement.objects.research_context [req-b0a20763-71a1-4276-b6b2-ea4780b57cc9 req-fd61fff8-f7aa-4271-a7c0-c11d61ab23e5 service placement] getting providers with 1 VCPU {{(pid=88106) __init__ /opt/stack/placement/placement/objects/research_context.py:126}}
Dec 14 14:47:03.114242 n-d-816883-3 devstack@placement-api.service[88106]: DEBUG placement.objects.research_context [req-b0a20763-71a1-4276-b6b2-ea4780b57cc9 req-fd61fff8-f7aa-4271-a7c0-c11d61ab23e5 service placement] found 2 providers with available 1 DISK_GB {{(pid=88106) get_provider_ids_matching /opt/stack/placement/placement/objects/research_context.py:549}}
Dec 14 14:47:03.114511 n-d-816883-3 devstack@placement-api.service[88106]: DEBUG placement.objects.research_context [req-b0a20763-71a1-4276-b6b2-ea4780b57cc9 req-fd61fff8-f7aa-4271-a7c0-c11d61ab23e5 service placement] found 2 providers with available 1024 MEMORY_MB {{(pid=88106) get_provider_ids_matching /opt/stack/placement/placement/objects/research_context.py:549}}
Dec 14 14:47:03.117303 n-d-816883-3 devstack@placement-api.service[88106]: DEBUG placement.objects.research_context [req-b0a20763-71a1-4276-b6b2-ea4780b57cc9 req-fd61fff8-f7aa-4271-a7c0-c11d61ab23e5 service placement] found 2 providers after filtering by previous result {{(pid=88106) get_provider_ids_matching /opt/stack/placement/placement/objects/research_context.py:580}}
Dec 14 14:47:03.118532 n-d-816883-3 devstack@placement-api.service[88106]: DEBUG placement.objects.research_context [req-b0a20763-71a1-4276-b6b2-ea4780b57cc9 req-fd61fff8-f7aa-4271-a7c0-c11d61ab23e5 service placement] found 2 providers with available 1 VCPU {{(pid=88106) get_provider_ids_matching /opt/stack/placement/placement/objects/research_context.py:549}}
Dec 14 14:47:03.118963 n-d-816883-3 devstack@placement-api.service[88106]: DEBUG placement.objects.research_context [req-b0a20763-71a1-4276-b6b2-ea4780b57cc9 req-fd61fff8-f7aa-4271-a7c0-c11d61ab23e5 service placement] found 2 providers after filtering by previous result {{(pid=88106) get_provider_ids_matching /opt/stack/placement/placement/objects/research_context.py:580}}
Dec 14 14:47:03.148704 n-d-816883-3 devstack@placement-api.service[88106]: DEBUG placement.objects.allocation_candidate [req-b0a20763-71a1-4276-b6b2-ea4780b57cc9 req-fd61fff8-f7aa-4271-a7c0-c11d61ab23e5 service placement] RequestGroup(use_same_provider=False, resources={DISK_GB:1, MEMORY_MB:1024, VCPU:1}, traits=[], aggregates=[]) (suffix '') returned 2 matches {{(pid=88106) _get_by_requests /opt/stack/placement/placement/objects/allocation_candidate.py:145}}
Dec 14 14:47:03.150175 n-d-816883-3 devstack@placement-api.service[88106]: DEBUG placement.objects.allocation_candidate [req-b0a20763-71a1-4276-b6b2-ea4780b57cc9 req-fd61fff8-f7aa-4271-a7c0-c11d61ab23e5 service placement] Merging candidates yields 2 allocation requests and 2 provider summaries {{(pid=88106) _merge_candidates /opt/stack/placement/placement/objects/allocation_candidate.py:783}}
Dec 14 14:47:03.153174 n-d-816883-3 devstack@placement-api.service[88106]: INFO placement.requestlog [req-b0a20763-71a1-4276-b6b2-ea4780b57cc9 req-fd61fff8-f7aa-4271-a7c0-c11d61ab23e5 service placement] 10.222.0.43 "GET /placement/allocation_candidates?limit=1000&resources=DISK_GB%3A1%2CMEMORY_MB%3A1024%2CVCPU%3A1&root_required=%21COMPUTE_STATUS_DISABLED" status: 200 len: 1309 microversion: 1.35
Dec 14 14:47:03.155295 n-d-816883-3 devstack@placement-api.service[88106]: [pid: 88106|app: 0|req: 421/845] 10.222.0.43 () {60 vars in 1506 bytes} [Tue Dec 14 14:47:03 2021] GET /placement/allocation_candidates?limit=1000&resources=DISK_GB%3A1%2CMEMORY_MB%3A1024%2CVCPU%3A1&root_required=%21COMPUTE_STATUS_DISABLED => generated 1309 bytes in 152 msecs (HTTP/1.1 200) 8 headers in 297 bytes (2 switches on core 0)
Dec 14 14:47:03.290201 n-d-816883-3 devstack@placement-api.service[88107]: DEBUG placement.requestlog [req-b0a20763-71a1-4276-b6b2-ea4780b57cc9 req-6821f90f-6965-423f-aab3-8079adb6494b None None] Starting request: 10.222.0.43 "GET /placement/allocations/22845e47-e183-4f9e-9c09-3daf680bff24" {{(pid=88107) __call__ /opt/stack/placement/placement/requestlog.py:55}}
Dec 14 14:47:03.304746 n-d-816883-3 devstack@placement-api.service[88107]: INFO placement.requestlog [req-b0a20763-71a1-4276-b6b2-ea4780b57cc9 req-6821f90f-6965-423f-aab3-8079adb6494b service placement] 10.222.0.43 "GET /placement/allocations/22845e47-e183-4f9e-9c09-3daf680bff24" status: 200 len: 19 microversion: 1.28
Dec 14 14:47:03.304982 n-d-816883-3 devstack@placement-api.service[88107]: [pid: 88107|app: 0|req: 425/846] 10.222.0.43 () {60 vars in 1380 bytes} [Tue Dec 14 14:47:03 2021] GET /placement/allocations/22845e47-e183-4f9e-9c09-3daf680bff24 => generated 19 bytes in 15 msecs (HTTP/1.1 200) 8 headers in 295 bytes (2 switches on core 0)
Dec 14 14:47:03.311576 n-d-816883-3 devstack@placement-api.service[88106]: DEBUG placement.requestlog [req-b0a20763-71a1-4276-b6b2-ea4780b57cc9 req-d38dbb5a-5c58-40ff-8b98-c266f76640c7 None None] Starting request: 10.222.0.43 "PUT /placement/allocations/22845e47-e183-4f9e-9c09-3daf680bff24" {{(pid=88106) __call__ /opt/stack/placement/placement/requestlog.py:55}}
Dec 14 14:47:03.442017 n-d-816883-3 devstack@placement-api.service[88106]: DEBUG placement.handlers.allocation [req-b0a20763-71a1-4276-b6b2-ea4780b57cc9 req-d38dbb5a-5c58-40ff-8b98-c266f76640c7 service placement] Successfully wrote allocations [, , ] {{(pid=88106) _create_allocations /opt/stack/placement/placement/handlers/allocation.py:435}}
Dec 14 14:47:03.445396 n-d-816883-3 devstack@placement-api.service[88106]: INFO placement.requestlog [req-b0a20763-71a1-4276-b6b2-ea4780b57cc9 req-d38dbb5a-5c58-40ff-8b98-c266f76640c7 service placement] 10.222.0.43 "PUT /placement/allocations/22845e47-e183-4f9e-9c09-3daf680bff24" status: 204 len: 0 microversion: 1.35
Dec 14 14:47:03.461785 n-d-816883-3 devstack@placement-api.service[88106]: [pid: 88106|app: 0|req: 422/847] 10.222.0.43 () {64 vars in 1433 bytes} [Tue Dec 14 14:47:03 2021] PUT /placement/allocations/22845e47-e183-4f9e-9c09-3daf680bff24 => generated 0 bytes in 135 msecs (HTTP/1.1 204) 5 headers in 199 bytes (2 switches on core 0)
Dec 14 14:47:04.090196 n-d-816883-3 devstack@placement-api.service[88107]: DEBUG placement.requestlog [req-b0a20763-71a1-4276-b6b2-ea4780b57cc9 req-75ea1158-5ef9-4ffa-be6a-17410daf2b99 None None] Starting request: 10.222.0.30 "GET /placement/allocations/22845e47-e183-4f9e-9c09-3daf680bff24" {{(pid=88107) __call__ /opt/stack/placement/placement/requestlog.py:55}}
Dec 14 14:47:04.118876 n-d-816883-3 devstack@placement-api.service[88107]: INFO placement.requestlog [req-b0a20763-71a1-4276-b6b2-ea4780b57cc9 req-75ea1158-5ef9-4ffa-be6a-17410daf2b99 service placement] 10.222.0.30 "GET /placement/allocations/22845e47-e183-4f9e-9c09-3daf680bff24" status: 200 len: 260 microversion: 1.28
Dec 14 14:47:04.121540 n-d-816883-3 devstack@placement-api.service[88107]: [pid: 88107|app: 0|req: 426/848] 10.222.0.30 () {60 vars in 1377 bytes} [Tue Dec 14 14:47:04 2021] GET /placement/allocations/22845e47-e183-4f9e-9c09-3daf680bff24 => generated 260 bytes in 31 msecs (HTTP/1.1 200) 8 headers in 296 bytes (1 switches on core 0)
Dec 14 14:47:05.844480 n-d-816883-3 devstack@placement-api.service[88106]: DEBUG placement.requestlog [req-9930cd25-78ac-4c08-80e9-d9c3889c91fe req-4bfcae39-cd36-41b3-a403-d69952ad262b None None] Starting request: 10.222.0.43 "GET /placement/allocation_candidates?limit=1000&resources=MEMORY_MB%3A1024%2CVCPU%3A1&root_required=%21COMPUTE_STATUS_DISABLED" {{(pid=88106) __call__ /opt/stack/placement/placement/requestlog.py:55}}
Dec 14 14:47:05.953573 n-d-816883-3 devstack@placement-api.service[88106]: DEBUG placement.objects.research_context [req-9930cd25-78ac-4c08-80e9-d9c3889c91fe req-4bfcae39-cd36-41b3-a403-d69952ad262b service placement] getting providers with 1024 MEMORY_MB {{(pid=88106) __init__ /opt/stack/placement/placement/objects/research_context.py:126}}
Dec 14 14:47:05.984839 n-d-816883-3 devstack@placement-api.service[88106]: DEBUG placement.objects.research_context [req-9930cd25-78ac-4c08-80e9-d9c3889c91fe req-4bfcae39-cd36-41b3-a403-d69952ad262b service placement] getting providers with 1 VCPU {{(pid=88106) __init__ /opt/stack/placement/placement/objects/research_context.py:126}}
Dec 14 14:47:06.006656 n-d-816883-3 devstack@placement-api.service[88106]: DEBUG placement.objects.research_context [req-9930cd25-78ac-4c08-80e9-d9c3889c91fe req-4bfcae39-cd36-41b3-a403-d69952ad262b service placement] found 2 providers with available 1024 MEMORY_MB {{(pid=88106) get_provider_ids_matching /opt/stack/placement/placement/objects/research_context.py:549}}
Dec 14 14:47:06.008530 n-d-816883-3 devstack@placement-api.service[88106]: DEBUG placement.objects.research_context [req-9930cd25-78ac-4c08-80e9-d9c3889c91fe req-4bfcae39-cd36-41b3-a403-d69952ad262b service placement] found 2 providers with available 1 VCPU {{(pid=88106) get_provider_ids_matching /opt/stack/placement/placement/objects/research_context.py:549}}
Dec 14 14:47:06.008921 n-d-816883-3 devstack@placement-api.service[88106]: DEBUG placement.objects.research_context [req-9930cd25-78ac-4c08-80e9-d9c3889c91fe req-4bfcae39-cd36-41b3-a403-d69952ad262b service placement] found 2 providers after filtering by previous result {{(pid=88106) get_provider_ids_matching /opt/stack/placement/placement/objects/research_context.py:580}}
Dec 14 14:47:06.040640 n-d-816883-3 devstack@placement-api.service[88106]: DEBUG placement.objects.allocation_candidate [req-9930cd25-78ac-4c08-80e9-d9c3889c91fe req-4bfcae39-cd36-41b3-a403-d69952ad262b service placement] RequestGroup(use_same_provider=False, resources={MEMORY_MB:1024, VCPU:1}, traits=[], aggregates=[]) (suffix '') returned 2 matches {{(pid=88106) _get_by_requests /opt/stack/placement/placement/objects/allocation_candidate.py:145}}
Dec 14 14:47:06.041197 n-d-816883-3 devstack@placement-api.service[88106]: DEBUG placement.objects.allocation_candidate [req-9930cd25-78ac-4c08-80e9-d9c3889c91fe req-4bfcae39-cd36-41b3-a403-d69952ad262b service placement] Merging candidates yields 2 allocation requests and 2 provider summaries {{(pid=88106) _merge_candidates /opt/stack/placement/placement/objects/allocation_candidate.py:783}}
Dec 14 14:47:06.043092 n-d-816883-3 devstack@placement-api.service[88106]: INFO placement.requestlog [req-9930cd25-78ac-4c08-80e9-d9c3889c91fe req-4bfcae39-cd36-41b3-a403-d69952ad262b service placement] 10.222.0.43 "GET /placement/allocation_candidates?limit=1000&resources=MEMORY_MB%3A1024%2CVCPU%3A1&root_required=%21COMPUTE_STATUS_DISABLED" status: 200 len: 1281 microversion: 1.35
Dec 14 14:47:06.043834 n-d-816883-3 devstack@placement-api.service[88106]: [pid: 88106|app: 0|req: 423/849] 10.222.0.43 () {60 vars in 1478 bytes} [Tue Dec 14 14:47:05 2021] GET /placement/allocation_candidates?limit=1000&resources=MEMORY_MB%3A1024%2CVCPU%3A1&root_required=%21COMPUTE_STATUS_DISABLED => generated 1281 bytes in 199 msecs (HTTP/1.1 200) 8 headers in 297 bytes (1 switches on core 0)
Dec 14 14:47:06.208275 n-d-816883-3 devstack@placement-api.service[88107]: DEBUG placement.requestlog [req-9930cd25-78ac-4c08-80e9-d9c3889c91fe req-11067cca-2762-4b06-bf8f-9d01b3225373 None None] Starting request: 10.222.0.43 "GET /placement/allocations/3901f038-d0aa-4280-a739-5881a92d9e1d" {{(pid=88107) __call__ /opt/stack/placement/placement/requestlog.py:55}}
Dec 14 14:47:06.236125 n-d-816883-3 devstack@placement-api.service[88107]: INFO placement.requestlog [req-9930cd25-78ac-4c08-80e9-d9c3889c91fe req-11067cca-2762-4b06-bf8f-9d01b3225373 service placement] 10.222.0.43 "GET /placement/allocations/3901f038-d0aa-4280-a739-5881a92d9e1d" status: 200 len: 19 microversion: 1.28
