Nov 12 11:34:50.040717 n-d-816861-2 devstack@placement-api.service[103481]: DEBUG placement.objects.research_context [req-d30066e7-0c7b-4575-bf9c-dec2f8c0e573 req-3dff0d47-b47c-4871-90f5-97915098da63 service placement] found 2 providers with available 1024 MEMORY_MB {{(pid=103481) get_provider_ids_matching /opt/stack/placement/placement/objects/research_context.py:549}}
Nov 12 11:34:50.040994 n-d-816861-2 devstack@placement-api.service[103481]: DEBUG placement.objects.research_context [req-d30066e7-0c7b-4575-bf9c-dec2f8c0e573 req-3dff0d47-b47c-4871-90f5-97915098da63 service placement] found 2 providers after filtering by previous result {{(pid=103481) get_provider_ids_matching /opt/stack/placement/placement/objects/research_context.py:580}}
Nov 12 11:34:50.041254 n-d-816861-2 devstack@placement-api.service[103481]: DEBUG placement.objects.research_context [req-d30066e7-0c7b-4575-bf9c-dec2f8c0e573 req-3dff0d47-b47c-4871-90f5-97915098da63 service placement] found 2 providers with available 1 VCPU {{(pid=103481) get_provider_ids_matching /opt/stack/placement/placement/objects/research_context.py:549}}
Nov 12 11:34:50.041517 n-d-816861-2 devstack@placement-api.service[103481]: DEBUG placement.objects.research_context [req-d30066e7-0c7b-4575-bf9c-dec2f8c0e573 req-3dff0d47-b47c-4871-90f5-97915098da63 service placement] found 2 providers after filtering by previous result {{(pid=103481) get_provider_ids_matching /opt/stack/placement/placement/objects/research_context.py:580}}
Nov 12 11:34:50.063471 n-d-816861-2 devstack@placement-api.service[103481]: DEBUG placement.objects.allocation_candidate [req-d30066e7-0c7b-4575-bf9c-dec2f8c0e573 req-3dff0d47-b47c-4871-90f5-97915098da63 service placement] RequestGroup(use_same_provider=False, resources={DISK_GB:1, MEMORY_MB:1024, VCPU:1}, traits=[], aggregates=[]) (suffix '') returned 2 matches {{(pid=103481) _get_by_requests /opt/stack/placement/placement/objects/allocation_candidate.py:145}}
Nov 12 11:34:50.063857 n-d-816861-2 devstack@placement-api.service[103481]: DEBUG placement.objects.allocation_candidate [req-d30066e7-0c7b-4575-bf9c-dec2f8c0e573 req-3dff0d47-b47c-4871-90f5-97915098da63 service placement] Merging candidates yields 2 allocation requests and 2 provider summaries {{(pid=103481) _merge_candidates /opt/stack/placement/placement/objects/allocation_candidate.py:783}}
Nov 12 11:34:50.065503 n-d-816861-2 devstack@placement-api.service[103481]: INFO placement.requestlog [req-d30066e7-0c7b-4575-bf9c-dec2f8c0e573 req-3dff0d47-b47c-4871-90f5-97915098da63 service placement] 10.222.0.62 "GET /placement/allocation_candidates?limit=1000&resources=DISK_GB%3A1%2CMEMORY_MB%3A1024%2CVCPU%3A1&root_required=%21COMPUTE_STATUS_DISABLED" status: 200 len: 1309 microversion: 1.36
Nov 12 11:34:50.077122 n-d-816861-2 devstack@placement-api.service[103481]: [pid: 103481|app: 0|req: 108/214] 10.222.0.62 () {60 vars in 1506 bytes} [Fri Nov 12 11:34:49 2021] GET /placement/allocation_candidates?limit=1000&resources=DISK_GB%3A1%2CMEMORY_MB%3A1024%2CVCPU%3A1&root_required=%21COMPUTE_STATUS_DISABLED => generated 1309 bytes in 154 msecs (HTTP/1.1 200) 8 headers in 297 bytes (1 switches on core 0)
Nov 12 11:34:50.167414 n-d-816861-2 devstack@placement-api.service[103480]: DEBUG placement.requestlog [req-d30066e7-0c7b-4575-bf9c-dec2f8c0e573 req-cc0340bc-227b-41bb-ae20-1ce4210e5f03 None None] Starting request: 10.222.0.62 "GET /placement/allocations/bddc5762-84cb-4804-915e-48c451fa2373" {{(pid=103480) __call__ /opt/stack/placement/placement/requestlog.py:55}}
Nov 12 11:34:50.185067 n-d-816861-2 devstack@placement-api.service[103480]: INFO placement.requestlog [req-d30066e7-0c7b-4575-bf9c-dec2f8c0e573 req-cc0340bc-227b-41bb-ae20-1ce4210e5f03 service placement] 10.222.0.62 "GET /placement/allocations/bddc5762-84cb-4804-915e-48c451fa2373" status: 200 len: 19 microversion: 1.28
Nov 12 11:34:50.185973 n-d-816861-2 devstack@placement-api.service[103480]: [pid: 103480|app: 0|req: 107/215] 10.222.0.62 () {60 vars in 1380 bytes} [Fri Nov 12 11:34:50 2021] GET /placement/allocations/bddc5762-84cb-4804-915e-48c451fa2373 => generated 19 bytes in 19 msecs (HTTP/1.1 200) 8 headers in 295 bytes (1 switches on core 0)
Nov 12 11:34:50.193830 n-d-816861-2 devstack@placement-api.service[103481]: DEBUG placement.requestlog [req-d30066e7-0c7b-4575-bf9c-dec2f8c0e573 req-04624c1d-0fda-4ef3-850b-b7cd6c389dac None None] Starting request: 10.222.0.62 "PUT /placement/allocations/bddc5762-84cb-4804-915e-48c451fa2373" {{(pid=103481) __call__ /opt/stack/placement/placement/requestlog.py:55}}
Nov 12 11:34:50.916991 n-d-816861-2 devstack@placement-api.service[103481]: DEBUG placement.handlers.allocation [req-d30066e7-0c7b-4575-bf9c-dec2f8c0e573 req-04624c1d-0fda-4ef3-850b-b7cd6c389dac service placement] Successfully wrote allocations [, , ] {{(pid=103481) _update_consumers_and_create_allocations /opt/stack/placement/placement/handlers/allocation.py:462}}
Nov 12 11:34:51.009438 n-d-816861-2 devstack@placement-api.service[103481]: INFO placement.requestlog [req-d30066e7-0c7b-4575-bf9c-dec2f8c0e573 req-04624c1d-0fda-4ef3-850b-b7cd6c389dac service placement] 10.222.0.62 "PUT /placement/allocations/bddc5762-84cb-4804-915e-48c451fa2373" status: 204 len: 0 microversion: 1.36
Nov 12 11:34:51.010021 n-d-816861-2 devstack@placement-api.service[103481]: [pid: 103481|app: 0|req: 109/216] 10.222.0.62 () {64 vars in 1433 bytes} [Fri Nov 12 11:34:50 2021] PUT /placement/allocations/bddc5762-84cb-4804-915e-48c451fa2373 => generated 0 bytes in 817 msecs (HTTP/1.1 204) 5 headers in 199 bytes (1 switches on core 0)
Nov 12 11:34:51.767130 n-d-816861-2 devstack@placement-api.service[103480]: DEBUG placement.requestlog [req-4150b6ce-1fdc-496f-a096-4afa89130acd req-9b871eaa-ad5d-4395-8d2d-31a0d379b10c None None] Starting request: 10.222.0.36 "GET /placement/allocations/dbf7a616-2f7d-4f96-b297-e65af0f05f43" {{(pid=103480) __call__ /opt/stack/placement/placement/requestlog.py:55}}
Nov 12 11:34:51.799995 n-d-816861-2 devstack@placement-api.service[103480]: INFO placement.requestlog [req-4150b6ce-1fdc-496f-a096-4afa89130acd req-9b871eaa-ad5d-4395-8d2d-31a0d379b10c service placement] 10.222.0.36 "GET /placement/allocations/dbf7a616-2f7d-4f96-b297-e65af0f05f43" status: 200 len: 245 microversion: 1.28
Nov 12 11:34:51.800576 n-d-816861-2 devstack@placement-api.service[103480]: [pid: 103480|app: 0|req: 108/217] 10.222.0.36 () {60 vars in 1377 bytes} [Fri Nov 12 11:34:51 2021] GET /placement/allocations/dbf7a616-2f7d-4f96-b297-e65af0f05f43 => generated 245 bytes in 34 msecs (HTTP/1.1 200) 8 headers in 296 bytes (1 switches on core 0)
Nov 12 11:34:52.652549 n-d-816861-2 devstack@placement-api.service[103481]: DEBUG placement.requestlog [req-d30066e7-0c7b-4575-bf9c-dec2f8c0e573 req-e3f72a61-f4a6-43ab-94b3-594773177768 None None] Starting request: 10.222.0.36 "GET /placement/allocations/bddc5762-84cb-4804-915e-48c451fa2373" {{(pid=103481) __call__ /opt/stack/placement/placement/requestlog.py:55}}
Nov 12 11:34:52.671062 n-d-816861-2 devstack@placement-api.service[103481]: INFO placement.requestlog [req-d30066e7-0c7b-4575-bf9c-dec2f8c0e573 req-e3f72a61-f4a6-43ab-94b3-594773177768 service placement] 10.222.0.36 "GET /placement/allocations/bddc5762-84cb-4804-915e-48c451fa2373" status: 200 len: 259 microversion: 1.28
Nov 12 11:34:52.676789 n-d-816861-2 devstack@placement-api.service[103481]: [pid: 103481|app: 0|req: 110/218] 10.222.0.36 () {60 vars in 1377 bytes} [Fri Nov 12 11:34:52 2021] GET /placement/allocations/bddc5762-84cb-4804-915e-48c451fa2373 => generated 259 bytes in 19 msecs (HTTP/1.1 200) 8 headers in 296 bytes (1 switches on core 0)
Nov 12 11:35:08.565963 n-d-816861-2 devstack@placement-api.service[103480]: DEBUG placement.requestlog [req-de02afc2-f511-43a8-a878-53edc58dd7fc req-1fb21edc-ab78-4355-b274-e2950ca5f93d None None] Starting request: 10.222.0.41 "DELETE /placement/allocations/9be507d1-4a9d-40e0-a590-9fe34022e275" {{(pid=103480) __call__ /opt/stack/placement/placement/requestlog.py:55}}
Nov 12 11:35:09.537755 n-d-816861-2 devstack@placement-api.service[103480]: DEBUG placement.handlers.allocation [req-de02afc2-f511-43a8-a878-53edc58dd7fc req-1fb21edc-ab78-4355-b274-e2950ca5f93d service placement] Successfully deleted allocations [, , ] {{(pid=103480) delete_allocations /opt/stack/placement/placement/handlers/allocation.py:627}}
Nov 12 11:35:09.538256 n-d-816861-2 devstack@placement-api.service[103480]: INFO placement.requestlog [req-de02afc2-f511-43a8-a878-53edc58dd7fc req-1fb21edc-ab78-4355-b274-e2950ca5f93d service placement] 10.222.0.41 "DELETE /placement/allocations/9be507d1-4a9d-40e0-a590-9fe34022e275" status: 204 len: 0 microversion: 1.0
Nov 12 11:35:09.539313 n-d-816861-2 devstack@placement-api.service[103480]: [pid: 103480|app: 0|req: 109/219] 10.222.0.41 () {60 vars in 1355 bytes} [Fri Nov 12 11:35:08 2021] DELETE /placement/allocations/9be507d1-4a9d-40e0-a590-9fe34022e275 => generated 0 bytes in 973 msecs (HTTP/1.1 204) 5 headers in 198 bytes (1 switches on core 0)
Nov 12 11:35:11.268266 n-d-816861-2 devstack@placement-api.service[103481]: DEBUG placement.requestlog [req-debfc716-873b-46fa-889a-56526ae559da req-0c2e723b-f23e-4392-9b3e-a4b67ed03024 None None] Starting request: 10.222.0.36 "GET /placement/resource_providers/7dcf42bd-6b97-443c-8da8-82e295ec05a8/allocations" {{(pid=103481) __call__ /opt/stack/placement/placement/requestlog.py:55}}
Nov 12 11:35:11.322187 n-d-816861-2 devstack@placement-api.service[103481]: INFO placement.requestlog [req-debfc716-873b-46fa-889a-56526ae559da req-0c2e723b-f23e-4392-9b3e-a4b67ed03024 service placement] 10.222.0.36 "GET /placement/resource_providers/7dcf42bd-6b97-443c-8da8-82e295ec05a8/allocations" status: 200 len: 934 microversion: 1.0
Nov 12 11:35:11.328974 n-d-816861-2 devstack@placement-api.service[103481]: [pid: 103481|app: 0|req: 111/220] 10.222.0.36 () {58 vars in 1390 bytes} [Fri Nov 12 11:35:11 2021] GET /placement/resource_providers/7dcf42bd-6b97-443c-8da8-82e295ec05a8/allocations => generated 934 bytes in 61 msecs (HTTP/1.1 200) 6 headers in 224 bytes (1 switches on core 0)
Nov 12 11:35:13.883011 n-d-816861-2 devstack@placement-api.service[103480]: DEBUG placement.requestlog [req-ef51e50f-9ca9-4426-af98-e0751b5295c0 req-84c3ccf6-f813-4cfe-acf0-183c2cc233e8 None None] Starting request: 10.222.0.41 "GET /placement/resource_providers/ac518163-b767-439b-a18d-1e7d2f16a90b/allocations" {{(pid=103480) __call__ /opt/stack/placement/placement/requestlog.py:55}}
Nov 12 11:35:13.952830 n-d-816861-2 devstack@placement-api.service[103480]: INFO placement.requestlog [req-ef51e50f-9ca9-4426-af98-e0751b5295c0 req-84c3ccf6-f813-4cfe-acf0-183c2cc233e8 service placement] 10.222.0.41 "GET /placement/resource_providers/ac518163-b767-439b-a18d-1e7d2f16a90b/allocations" status: 200 len: 457 microversion: 1.0
Nov 12 11:35:13.953342 n-d-816861-2 devstack@placement-api.service[103480]: [pid: 103480|app: 0|req: 110/221] 10.222.0.41 () {58 vars in 1390 bytes} [Fri Nov 12 11:35:13 2021] GET /placement/resource_providers/ac518163-b767-439b-a18d-1e7d2f16a90b/allocations => generated 457 bytes in 71 msecs (HTTP/1.1 200) 6 headers in 224 bytes (1 switches on core 0)
Nov 12 11:35:20.375844 n-d-816861-2 devstack@placement-api.service[103481]: DEBUG placement.requestlog [req-56f6dc06-453b-48a9-aaf2-375bbaf54307 req-1be849a5-a5e9-487b-b3fe-0dca83619f91 None None] Starting request: 10.222.0.41 "DELETE /placement/allocations/8da94fe6-ebf0-4db7-8513-745ec70bfc15" {{(pid=103481) __call__ /opt/stack/placement/placement/requestlog.py:55}}
Nov 12 11:35:20.672398 n-d-816861-2 devstack@placement-api.service[103481]: DEBUG placement.handlers.allocation [req-56f6dc06-453b-48a9-aaf2-375bbaf54307 req-1be849a5-a5e9-487b-b3fe-0dca83619f91 service placement] Successfully deleted allocations [, , ] {{(pid=103481) delete_allocations /opt/stack/placement/placement/handlers/allocation.py:627}}
Nov 12 11:35:20.673166 n-d-816861-2 devstack@placement-api.service[103481]: INFO placement.requestlog [req-56f6dc06-453b-48a9-aaf2-375bbaf54307 req-1be849a5-a5e9-487b-b3fe-0dca83619f91 service placement] 10.222.0.41 "DELETE /placement/allocations/8da94fe6-ebf0-4db7-8513-745ec70bfc15" status: 204 len: 0 microversion: 1.0
Nov 12 11:35:20.673622 n-d-816861-2 devstack@placement-api.service[103481]: [pid: 103481|app: 0|req: 112/222] 10.222.0.41 () {60 vars in 1355 bytes} [Fri Nov 12 11:35:20 2021] DELETE /placement/allocations/8da94fe6-ebf0-4db7-8513-745ec70bfc15 => generated 0 bytes in 298 msecs (HTTP/1.1 204) 5 headers in 198 bytes (1 switches on core 0)
Nov 12 11:35:25.152636 n-d-816861-2 devstack@placement-api.service[103480]: DEBUG placement.requestlog [req-bd75f966-50ea-4d4d-8c19-2a35d272be2b req-30e0937a-ef69-42aa-a5d4-dbb5f826edec None None] Starting request: 10.222.0.36 "DELETE /placement/allocations/14d410da-612c-47cf-b094-0118f2a09e08" {{(pid=103480) __call__ /opt/stack/placement/placement/requestlog.py:55}}
Nov 12 11:35:25.411765 n-d-816861-2 devstack@placement-api.service[103480]: DEBUG placement.handlers.allocation [req-bd75f966-50ea-4d4d-8c19-2a35d272be2b req-30e0937a-ef69-42aa-a5d4-dbb5f826edec service placement] Successfully deleted allocations [, , ] {{(pid=103480) delete_allocations /opt/stack/placement/placement/handlers/allocation.py:627}}
Nov 12 11:35:25.412679 n-d-816861-2 devstack@placement-api.service[103480]: INFO placement.requestlog [req-bd75f966-50ea-4d4d-8c19-2a35d272be2b req-30e0937a-ef69-42aa-a5d4-dbb5f826edec service placement] 10.222.0.36 "DELETE /placement/allocations/14d410da-612c-47cf-b094-0118f2a09e08" status: 204 len: 0 microversion: 1.0
Nov 12 11:35:25.413544 n-d-816861-2 devstack@placement-api.service[103480]: [pid: 103480|app: 0|req: 111/223] 10.222.0.36 () {60 vars in 1355 bytes} [Fri Nov 12 11:35:25 2021] DELETE /placement/allocations/14d410da-612c-47cf-b094-0118f2a09e08 => generated 0 bytes in 262 msecs (HTTP/1.1 204) 5 headers in 198 bytes (1 switches on core 0)
Nov 12 11:35:30.423649 n-d-816861-2 devstack@placement-api.service[103481]: DEBUG placement.requestlog [req-a380fca9-0955-4889-b3a7-286811fb7fb5 req-3d112cd5-980b-4516-8db7-4291f2e45a40 None None] Starting request: 10.222.0.36 "DELETE /placement/allocations/cb938d41-a7a2-4fb8-b687-b0182c05533c" {{(pid=103481) __call__ /opt/stack/placement/placement/requestlog.py:55}}
Nov 12 11:35:30.645300 n-d-816861-2 devstack@placement-api.service[103481]: DEBUG placement.handlers.allocation [req-a380fca9-0955-4889-b3a7-286811fb7fb5 req-3d112cd5-980b-4516-8db7-4291f2e45a40 service placement] Successfully deleted allocations [, , ] {{(pid=103481) delete_allocations /opt/stack/placement/placement/handlers/allocation.py:627}}
Nov 12 11:35:30.646120 n-d-816861-2 devstack@placement-api.service[103481]: INFO placement.requestlog [req-a380fca9-0955-4889-b3a7-286811fb7fb5 req-3d112cd5-980b-4516-8db7-4291f2e45a40 service placement] 10.222.0.36 "DELETE /placement/allocations/cb938d41-a7a2-4fb8-b687-b0182c05533c" status: 204 len: 0 microversion: 1.0
Nov 12 11:35:30.646120 n-d-816861-2 devstack@placement-api.service[103481]: [pid: 103481|app: 0|req: 113/224] 10.222.0.36 () {60 vars in 1355 bytes} [Fri Nov 12 11:35:30 2021] DELETE /placement/allocations/cb938d41-a7a2-4fb8-b687-b0182c05533c => generated 0 bytes in 223 msecs (HTTP/1.1 204) 5 headers in 198 bytes (1 switches on core 0)
Nov 12 11:35:30.732922 n-d-816861-2 devstack@placement-api.service[103480]: DEBUG placement.requestlog [req-3a1266a3-4825-4bb1-9b74-3bc736866326 req-249a213c-7f64-4118-a6ca-b7703efa6aa9 None None] Starting request: 10.222.0.62 "GET /placement/allocation_candidates?limit=1000&resources=DISK_GB%3A1%2CMEMORY_MB%3A1024%2CVCPU%3A1&root_required=%21COMPUTE_STATUS_DISABLED" {{(pid=103480) __call__ /opt/stack/placement/placement/requestlog.py:55}}
Nov 12 11:35:30.763624 n-d-816861-2 devstack@placement-api.service[103480]: DEBUG placement.objects.research_context [req-3a1266a3-4825-4bb1-9b74-3bc736866326 req-249a213c-7f64-4118-a6ca-b7703efa6aa9 service placement] getting providers with 1 DISK_GB {{(pid=103480) __init__ /opt/stack/placement/placement/objects/research_context.py:126}}
Nov 12 11:35:30.769928 n-d-816861-2 devstack@placement-api.service[103480]: DEBUG placement.objects.research_context [req-3a1266a3-4825-4bb1-9b74-3bc736866326 req-249a213c-7f64-4118-a6ca-b7703efa6aa9 service placement] getting providers with 1024 MEMORY_MB {{(pid=103480) __init__ /opt/stack/placement/placement/objects/research_context.py:126}}
Nov 12 11:35:30.782539 n-d-816861-2 devstack@placement-api.service[103480]: DEBUG placement.objects.research_context [req-3a1266a3-4825-4bb1-9b74-3bc736866326 req-249a213c-7f64-4118-a6ca-b7703efa6aa9 service placement] getting providers with 1 VCPU {{(pid=103480) __init__ /opt/stack/placement/placement/objects/research_context.py:126}}
Nov 12 11:35:30.782539 n-d-816861-2 devstack@placement-api.service[103480]: DEBUG placement.objects.research_context [req-3a1266a3-4825-4bb1-9b74-3bc736866326 req-249a213c-7f64-4118-a6ca-b7703efa6aa9 service placement] found 2 providers with available 1 DISK_GB {{(pid=103480) get_provider_ids_matching /opt/stack/placement/placement/objects/research_context.py:549}}
Nov 12 11:35:30.782539 n-d-816861-2 devstack@placement-api.service[103480]: DEBUG placement.objects.research_context [req-3a1266a3-4825-4bb1-9b74-3bc736866326 req-249a213c-7f64-4118-a6ca-b7703efa6aa9 service placement] found 2 providers with available 1024 MEMORY_MB {{(pid=103480) get_provider_ids_matching /opt/stack/placement/placement/objects/research_context.py:549}}
Nov 12 11:35:30.782539 n-d-816861-2 devstack@placement-api.service[103480]: DEBUG placement.objects.research_context [req-3a1266a3-4825-4bb1-9b74-3bc736866326 req-249a213c-7f64-4118-a6ca-b7703efa6aa9 service placement] found 2 providers after filtering by previous result {{(pid=103480) get_provider_ids_matching /opt/stack/placement/placement/objects/research_context.py:580}}
Nov 12 11:35:30.782968 n-d-816861-2 devstack@placement-api.service[103480]: DEBUG placement.objects.research_context [req-3a1266a3-4825-4bb1-9b74-3bc736866326 req-249a213c-7f64-4118-a6ca-b7703efa6aa9 service placement] found 2 providers with available 1 VCPU {{(pid=103480) get_provider_ids_matching /opt/stack/placement/placement/objects/research_context.py:549}}
Nov 12 11:35:30.782968 n-d-816861-2 devstack@placement-api.service[103480]: DEBUG placement.objects.research_context [req-3a1266a3-4825-4bb1-9b74-3bc736866326 req-249a213c-7f64-4118-a6ca-b7703efa6aa9 service placement] found 2 providers after filtering by previous result {{(pid=103480) get_provider_ids_matching /opt/stack/placement/placement/objects/research_context.py:580}}
Nov 12 11:35:30.801393 n-d-816861-2 devstack@placement-api.service[103480]: DEBUG placement.objects.allocation_candidate [req-3a1266a3-4825-4bb1-9b74-3bc736866326 req-249a213c-7f64-4118-a6ca-b7703efa6aa9 service placement] RequestGroup(use_same_provider=False, resources={DISK_GB:1, MEMORY_MB:1024, VCPU:1}, traits=[], aggregates=[]) (suffix '') returned 2 matches {{(pid=103480) _get_by_requests /opt/stack/placement/placement/objects/allocation_candidate.py:145}}
Nov 12 11:35:30.801393 n-d-816861-2 devstack@placement-api.service[103480]: DEBUG placement.objects.allocation_candidate [req-3a1266a3-4825-4bb1-9b74-3bc736866326 req-249a213c-7f64-4118-a6ca-b7703efa6aa9 service placement] Merging candidates yields 2 allocation requests and 2 provider summaries {{(pid=103480) _merge_candidates /opt/stack/placement/placement/objects/allocation_candidate.py:783}}
Nov 12 11:35:30.801393 n-d-816861-2 devstack@placement-api.service[103480]: INFO placement.requestlog [req-3a1266a3-4825-4bb1-9b74-3bc736866326 req-249a213c-7f64-4118-a6ca-b7703efa6aa9 service placement] 10.222.0.62 "GET /placement/allocation_candidates?limit=1000&resources=DISK_GB%3A1%2CMEMORY_MB%3A1024%2CVCPU%3A1&root_required=%21COMPUTE_STATUS_DISABLED" status: 200 len: 1309 microversion: 1.36
Nov 12 11:35:30.801393 n-d-816861-2 devstack@placement-api.service[103480]: [pid: 103480|app: 0|req: 112/225] 10.222.0.62 () {60 vars in 1506 bytes} [Fri Nov 12 11:35:30 2021] GET /placement/allocation_candidates?limit=1000&resources=DISK_GB%3A1%2CMEMORY_MB%3A1024%2CVCPU%3A1&root_required=%21COMPUTE_STATUS_DISABLED => generated 1309 bytes in 67 msecs (HTTP/1.1 200) 8 headers in 297 bytes (2 switches on core 0)
Nov 12 11:35:30.852738 n-d-816861-2 devstack@placement-api.service[103481]: DEBUG placement.requestlog [req-3a1266a3-4825-4bb1-9b74-3bc736866326 req-2e61da3a-7f67-4cb5-a1b6-e7f08537e928 None None] Starting request: 10.222.0.62 "GET /placement/allocations/99effe30-bf4d-4a88-b4dd-d2202e8e65b6" {{(pid=103481) __call__ /opt/stack/placement/placement/requestlog.py:55}}
Nov 12 11:35:30.863291 n-d-816861-2 devstack@placement-api.service[103481]: INFO placement.requestlog [req-3a1266a3-4825-4bb1-9b74-3bc736866326 req-2e61da3a-7f67-4cb5-a1b6-e7f08537e928 service placement] 10.222.0.62 "GET /placement/allocations/99effe30-bf4d-4a88-b4dd-d2202e8e65b6" status: 200 len: 19 microversion: 1.28
Nov 12 11:35:30.863581 n-d-816861-2 devstack@placement-api.service[103481]: [pid: 103481|app: 0|req: 114/226] 10.222.0.62 () {60 vars in 1380 bytes} [Fri Nov 12 11:35:30 2021] GET /placement/allocations/99effe30-bf4d-4a88-b4dd-d2202e8e65b6 => generated 19 bytes in 11 msecs (HTTP/1.1 200) 8 headers in 295 bytes (1 switches on core 0)
Nov 12 11:35:30.870549 n-d-816861-2 devstack@placement-api.service[103480]: DEBUG placement.requestlog [req-3a1266a3-4825-4bb1-9b74-3bc736866326 req-3832950a-3486-4cc4-adb3-7a995af4696c None None] Starting request: 10.222.0.62 "PUT /placement/allocations/99effe30-bf4d-4a88-b4dd-d2202e8e65b6" {{(pid=103480) __call__ /opt/stack/placement/placement/requestlog.py:55}}
Nov 12 11:35:31.185206 n-d-816861-2 devstack@placement-api.service[103480]: DEBUG placement.handlers.allocation [req-3a1266a3-4825-4bb1-9b74-3bc736866326 req-3832950a-3486-4cc4-adb3-7a995af4696c service placement] Successfully wrote allocations [, , ] {{(pid=103480) _update_consumers_and_create_allocations /opt/stack/placement/placement/handlers/allocation.py:462}}
Nov 12 11:35:31.260617 n-d-816861-2 devstack@placement-api.service[103480]: INFO placement.requestlog [req-3a1266a3-4825-4bb1-9b74-3bc736866326 req-3832950a-3486-4cc4-adb3-7a995af4696c service placement] 10.222.0.62 "PUT /placement/allocations/99effe30-bf4d-4a88-b4dd-d2202e8e65b6" status: 204 len: 0 microversion: 1.36
Nov 12 11:35:31.261163 n-d-816861-2 devstack@placement-api.service[103480]: [pid: 103480|app: 0|req: 113/227] 10.222.0.62 () {64 vars in 1433 bytes} [Fri Nov 12 11:35:30 2021] PUT /placement/allocations/99effe30-bf4d-4a88-b4dd-d2202e8e65b6 => generated 0 bytes in 391 msecs (HTTP/1.1 204) 5 headers in 199 bytes (1 switches on core 0)
Nov 12 11:35:32.382464 n-d-816861-2 devstack@placement-api.service[103481]: DEBUG placement.requestlog [req-3a1266a3-4825-4bb1-9b74-3bc736866326 req-bb5a3133-7345-4268-b670-57953b1ef2ec None None] Starting request: 10.222.0.41 "GET /placement/allocations/99effe30-bf4d-4a88-b4dd-d2202e8e65b6" {{(pid=103481) __call__ /opt/stack/placement/placement/requestlog.py:55}}
Nov 12 11:35:32.397580 n-d-816861-2 devstack@placement-api.service[103481]: INFO placement.requestlog [req-3a1266a3-4825-4bb1-9b74-3bc736866326 req-bb5a3133-7345-4268-b670-57953b1ef2ec service placement] 10.222.0.41 "GET /placement/allocations/99effe30-bf4d-4a88-b4dd-d2202e8e65b6" status: 200 len: 259 microversion: 1.28
Nov 12 11:35:32.397787 n-d-816861-2 devstack@placement-api.service[103481]: [pid: 103481|app: 0|req: 115/228] 10.222.0.41 () {60 vars in 1377 bytes} [Fri Nov 12 11:35:32 2021] GET /placement/allocations/99effe30-bf4d-4a88-b4dd-d2202e8e65b6 => generated 259 bytes in 16 msecs (HTTP/1.1 200) 8 headers in 296 bytes (1 switches on core 0)
Nov 12 11:35:33.907593 n-d-816861-2 devstack@placement-api.service[103480]: DEBUG placement.requestlog [req-8df7478a-60e5-4ee6-b17b-db4c9074c817 req-7d1167ee-efb2-4eca-864c-329db7d9015e None None] Starting request: 10.222.0.62 "GET /placement/allocation_candidates?limit=1000&resources=MEMORY_MB%3A1024%2CVCPU%3A1&root_required=%21COMPUTE_STATUS_DISABLED" {{(pid=103480) __call__ /opt/stack/placement/placement/requestlog.py:55}}
Nov 12 11:35:33.941746 n-d-816861-2 devstack@placement-api.service[103480]: DEBUG placement.objects.research_context [req-8df7478a-60e5-4ee6-b17b-db4c9074c817 req-7d1167ee-efb2-4eca-864c-329db7d9015e service placement] getting providers with 1024 MEMORY_MB {{(pid=103480) __init__ /opt/stack/placement/placement/objects/research_context.py:126}}
Nov 12 11:35:33.948667 n-d-816861-2 devstack@placement-api.service[103480]: DEBUG placement.objects.research_context [req-8df7478a-60e5-4ee6-b17b-db4c9074c817 req-7d1167ee-efb2-4eca-864c-329db7d9015e service placement] getting providers with 1 VCPU {{(pid=103480) __init__ /opt/stack/placement/placement/objects/research_context.py:126}}
Nov 12 11:35:33.966610 n-d-816861-2 devstack@placement-api.service[103480]: DEBUG placement.objects.research_context [req-8df7478a-60e5-4ee6-b17b-db4c9074c817 req-7d1167ee-efb2-4eca-864c-329db7d9015e service placement] found 2 providers with available 1024 MEMORY_MB {{(pid=103480) get_provider_ids_matching /opt/stack/placement/placement/objects/research_context.py:549}}
Nov 12 11:35:33.966610 n-d-816861-2 devstack@placement-api.service[103480]: DEBUG placement.objects.research_context [req-8df7478a-60e5-4ee6-b17b-db4c9074c817 req-7d1167ee-efb2-4eca-864c-329db7d9015e service placement] found 2 providers with available 1 VCPU {{(pid=103480) get_provider_ids_matching /opt/stack/placement/placement/objects/research_context.py:549}}
Nov 12 11:35:33.966610 n-d-816861-2 devstack@placement-api.service[103480]: DEBUG placement.objects.research_context [req-8df7478a-60e5-4ee6-b17b-db4c9074c817 req-7d1167ee-efb2-4eca-864c-329db7d9015e service placement] found 2 providers after filtering by previous result {{(pid=103480) get_provider_ids_matching /opt/stack/placement/placement/objects/research_context.py:580}}
Nov 12 11:35:33.968179 n-d-816861-2 devstack@placement-api.service[103480]: DEBUG placement.objects.allocation_candidate [req-8df7478a-60e5-4ee6-b17b-db4c9074c817 req-7d1167ee-efb2-4eca-864c-329db7d9015e service placement] RequestGroup(use_same_provider=False, resources={MEMORY_MB:1024, VCPU:1}, traits=[], aggregates=[]) (suffix '') returned 2 matches {{(pid=103480) _get_by_requests /opt/stack/placement/placement/objects/allocation_candidate.py:145}}
Nov 12 11:35:33.968696 n-d-816861-2 devstack@placement-api.service[103480]: DEBUG placement.objects.allocation_candidate [req-8df7478a-60e5-4ee6-b17b-db4c9074c817 req-7d1167ee-efb2-4eca-864c-329db7d9015e service placement] Merging candidates yields 2 allocation requests and 2 provider summaries {{(pid=103480) _merge_candidates /opt/stack/placement/placement/objects/allocation_candidate.py:783}}
Nov 12 11:35:33.970347 n-d-816861-2 devstack@placement-api.service[103480]: INFO placement.requestlog [req-8df7478a-60e5-4ee6-b17b-db4c9074c817 req-7d1167ee-efb2-4eca-864c-329db7d9015e service placement] 10.222.0.62 "GET /placement/allocation_candidates?limit=1000&resources=MEMORY_MB%3A1024%2CVCPU%3A1&root_required=%21COMPUTE_STATUS_DISABLED" status: 200 len: 1281 microversion: 1.36
Nov 12 11:35:33.970979 n-d-816861-2 devstack@placement-api.service[103480]: [pid: 103480|app: 0|req: 114/229] 10.222.0.62 () {60 vars in 1478 bytes} [Fri Nov 12 11:35:33 2021] GET /placement/allocation_candidates?limit=1000&resources=MEMORY_MB%3A1024%2CVCPU%3A1&root_required=%21COMPUTE_STATUS_DISABLED => generated 1281 bytes in 63 msecs (HTTP/1.1 200) 8 headers in 297 bytes (1 switches on core 0)
Nov 12 11:35:34.021337 n-d-816861-2 devstack@placement-api.service[103481]: DEBUG placement.requestlog [req-8df7478a-60e5-4ee6-b17b-db4c9074c817 req-44f8a6f0-0aaf-49ee-928a-1c032239b05f None None] Starting request: 10.222.0.62 "GET /placement/allocations/0677883e-ac06-455d-a6bb-f86825c4633c" {{(pid=103481) __call__ /opt/stack/placement/placement/requestlog.py:55}}
Nov 12 11:35:34.032801 n-d-816861-2 devstack@placement-api.service[103481]: INFO placement.requestlog [req-8df7478a-60e5-4ee6-b17b-db4c9074c817 req-44f8a6f0-0aaf-49ee-928a-1c032239b05f service placement] 10.222.0.62 "GET /placement/allocations/0677883e-ac06-455d-a6bb-f86825c4633c" status: 200 len: 19 microversion: 1.28
Nov 12 11:35:34.032801 n-d-816861-2 devstack@placement-api.service[103481]: [pid: 103481|app: 0|req: 116/230] 10.222.0.62 () {60 vars in 1380 bytes} [Fri Nov 12 11:35:34 2021] GET /placement/allocations/0677883e-ac06-455d-a6bb-f86825c4633c => generated 19 bytes in 11 msecs (HTTP/1.1 200) 8 headers in 295 bytes (2 switches on core 0)
Nov 12 11:35:34.038989 n-d-816861-2 devstack@placement-api.service[103480]: DEBUG placement.requestlog [req-8df7478a-60e5-4ee6-b17b-db4c9074c817 req-f481d05e-e1cb-4b54-bcd6-51d627cb988d None None] Starting request: 10.222.0.62 "PUT /placement/allocations/0677883e-ac06-455d-a6bb-f86825c4633c" {{(pid=103480) __call__ /opt/stack/placement/placement/requestlog.py:55}}
Nov 12 11:35:34.231134 n-d-816861-2 devstack@placement-api.service[103480]: DEBUG placement.handlers.allocation [req-8df7478a-60e5-4ee6-b17b-db4c9074c817 req-f481d05e-e1cb-4b54-bcd6-51d627cb988d service placement] Successfully wrote allocations [, ] {{(pid=103480) _update_consumers_and_create_allocations /opt/stack/placement/placement/handlers/allocation.py:462}}
Nov 12 11:35:34.291238 n-d-816861-2 devstack@placement-api.service[103480]: INFO placement.requestlog [req-8df7478a-60e5-4ee6-b17b-db4c9074c817 req-f481d05e-e1cb-4b54-bcd6-51d627cb988d service placement] 10.222.0.62 "PUT /placement/allocations/0677883e-ac06-455d-a6bb-f86825c4633c" status: 204 len: 0 microversion: 1.36
Nov 12 11:35:34.291736 n-d-816861-2 devstack@placement-api.service[103480]: [pid: 103480|app: 0|req: 115/231] 10.222.0.62 () {64 vars in 1433 bytes} [Fri Nov 12 11:35:34 2021] PUT /placement/allocations/0677883e-ac06-455d-a6bb-f86825c4633c => generated 0 bytes in 253 msecs (HTTP/1.1 204) 5 headers in 199 bytes (2 switches on core 0)
Nov 12 11:35:35.350954 n-d-816861-2 devstack@placement-api.service[103481]: DEBUG placement.requestlog [req-8df7478a-60e5-4ee6-b17b-db4c9074c817 req-79fde7f1-3b67-4ac3-9d49-a149d80a6680 None None] Starting request: 10.222.0.41 "GET /placement/allocations/0677883e-ac06-455d-a6bb-f86825c4633c" {{(pid=103481) __call__ /opt/stack/placement/placement/requestlog.py:55}}
Nov 12 11:35:35.367823 n-d-816861-2 devstack@placement-api.service[103481]: INFO placement.requestlog [req-8df7478a-60e5-4ee6-b17b-db4c9074c817 req-79fde7f1-3b67-4ac3-9d49-a149d80a6680 service placement] 10.222.0.41 "GET /placement/allocations/0677883e-ac06-455d-a6bb-f86825c4633c" status: 200 len: 245 microversion: 1.28
Nov 12 11:35:35.368077 n-d-816861-2 devstack@placement-api.service[103481]: [pid: 103481|app: 0|req: 117/232] 10.222.0.41 () {60 vars in 1377 bytes} [Fri Nov 12 11:35:35 2021] GET /placement/allocations/0677883e-ac06-455d-a6bb-f86825c4633c => generated 245 bytes in 17 msecs (HTTP/1.1 200) 8 headers in 296 bytes (1 switches on core 0)
Nov 12 11:35:36.611518 n-d-816861-2 devstack@placement-api.service[103480]: DEBUG placement.requestlog [req-60b79cb8-fac4-4718-aab7-5f9bbe2891df req-4515802e-9bff-4cd2-afa0-fe80eb9b5526 None None] Starting request: 10.222.0.36 "DELETE /placement/allocations/02e6512c-0994-41b3-b6e8-cec73c9c4b3d" {{(pid=103480) __call__ /opt/stack/placement/placement/requestlog.py:55}}
Nov 12 11:35:36.816784 n-d-816861-2 devstack@placement-api.service[103480]: DEBUG placement.handlers.allocation [req-60b79cb8-fac4-4718-aab7-5f9bbe2891df req-4515802e-9bff-4cd2-afa0-fe80eb9b5526 service placement] Successfully deleted allocations [, , ] {{(pid=103480) delete_allocations /opt/stack/placement/placement/handlers/allocation.py:627}}
Nov 12 11:35:36.817203 n-d-816861-2 devstack@placement-api.service[103480]: INFO placement.requestlog [req-60b79cb8-fac4-4718-aab7-5f9bbe2891df req-4515802e-9bff-4cd2-afa0-fe80eb9b5526 service placement] 10.222.0.36 "DELETE /placement/allocations/02e6512c-0994-41b3-b6e8-cec73c9c4b3d" status: 204 len: 0 microversion: 1.0
Nov 12 11:35:36.817529 n-d-816861-2 devstack@placement-api.service[103480]: [pid: 103480|app: 0|req: 116/233] 10.222.0.36 () {60 vars in 1355 bytes} [Fri Nov 12 11:35:36 2021] DELETE /placement/allocations/02e6512c-0994-41b3-b6e8-cec73c9c4b3d => generated 0 bytes in 206 msecs (HTTP/1.1 204) 5 headers in 198 bytes (1 switches on core 0)
Nov 12 11:36:00.225755 n-d-816861-2 devstack@placement-api.service[103481]: DEBUG placement.requestlog [req-44468bc7-6ef5-497c-9877-736e35ce69a1 req-977720e2-6e4f-4b07-bd4c-b3b5893446fc None None] Starting request: 10.222.0.62 "GET /placement/allocation_candidates?limit=1000&resources=DISK_GB%3A1%2CMEMORY_MB%3A1024%2CVCPU%3A1&root_required=%21COMPUTE_STATUS_DISABLED" {{(pid=103481) __call__ /opt/stack/placement/placement/requestlog.py:55}}
Nov 12 11:36:00.414342 n-d-816861-2 devstack@placement-api.service[103481]: DEBUG placement.objects.research_context [req-44468bc7-6ef5-497c-9877-736e35ce69a1 req-977720e2-6e4f-4b07-bd4c-b3b5893446fc service placement] getting providers with 1 DISK_GB {{(pid=103481) __init__ /opt/stack/placement/placement/objects/research_context.py:126}}
Nov 12 11:36:00.420406 n-d-816861-2 devstack@placement-api.service[103481]: DEBUG placement.objects.research_context [req-44468bc7-6ef5-497c-9877-736e35ce69a1 req-977720e2-6e4f-4b07-bd4c-b3b5893446fc service placement] getting providers with 1024 MEMORY_MB {{(pid=103481) __init__ /opt/stack/placement/placement/objects/research_context.py:126}}
Nov 12 11:36:00.427873 n-d-816861-2 devstack@placement-api.service[103481]: DEBUG placement.objects.research_context [req-44468bc7-6ef5-497c-9877-736e35ce69a1 req-977720e2-6e4f-4b07-bd4c-b3b5893446fc service placement] getting providers with 1 VCPU {{(pid=103481) __init__ /opt/stack/placement/placement/objects/research_context.py:126}}
Nov 12 11:36:00.433738 n-d-816861-2 devstack@placement-api.service[103481]: DEBUG placement.objects.research_context [req-44468bc7-6ef5-497c-9877-736e35ce69a1 req-977720e2-6e4f-4b07-bd4c-b3b5893446fc service placement] found 2 providers with available 1 DISK_GB {{(pid=103481) get_provider_ids_matching /opt/stack/placement/placement/objects/research_context.py:549}}
Nov 12 11:36:00.435375 n-d-816861-2 devstack@placement-api.service[103481]: DEBUG placement.objects.research_context [req-44468bc7-6ef5-497c-9877-736e35ce69a1 req-977720e2-6e4f-4b07-bd4c-b3b5893446fc service placement] found 2 providers with available 1024 MEMORY_MB {{(pid=103481) get_provider_ids_matching /opt/stack/placement/placement/objects/research_context.py:549}}
Nov 12 11:36:00.435375 n-d-816861-2 devstack@placement-api.service[103481]: DEBUG placement.objects.research_context [req-44468bc7-6ef5-497c-9877-736e35ce69a1 req-977720e2-6e4f-4b07-bd4c-b3b5893446fc service placement] found 2 providers after filtering by previous result {{(pid=103481) get_provider_ids_matching /opt/stack/placement/placement/objects/research_context.py:580}}
Nov 12 11:36:00.435375 n-d-816861-2 devstack@placement-api.service[103481]: DEBUG placement.objects.research_context [req-44468bc7-6ef5-497c-9877-736e35ce69a1 req-977720e2-6e4f-4b07-bd4c-b3b5893446fc service placement] found 2 providers with available 1 VCPU {{(pid=103481) get_provider_ids_matching /opt/stack/placement/placement/objects/research_context.py:549}}
Nov 12 11:36:00.435375 n-d-816861-2 devstack@placement-api.service[103481]: DEBUG placement.objects.research_context [req-44468bc7-6ef5-497c-9877-736e35ce69a1 req-977720e2-6e4f-4b07-bd4c-b3b5893446fc service placement] found 2 providers after filtering by previous result {{(pid=103481) get_provider_ids_matching /opt/stack/placement/placement/objects/research_context.py:580}}
Nov 12 11:36:00.451103 n-d-816861-2 devstack@placement-api.service[103481]: DEBUG placement.objects.allocation_candidate [req-44468bc7-6ef5-497c-9877-736e35ce69a1 req-977720e2-6e4f-4b07-bd4c-b3b5893446fc service placement] RequestGroup(use_same_provider=False, resources={DISK_GB:1, MEMORY_MB:1024, VCPU:1}, traits=[], aggregates=[]) (suffix '') returned 2 matches {{(pid=103481) _get_by_requests /opt/stack/placement/placement/objects/allocation_candidate.py:145}}
Nov 12 11:36:00.451817 n-d-816861-2 devstack@placement-api.service[103481]: DEBUG placement.objects.allocation_candidate [req-44468bc7-6ef5-497c-9877-736e35ce69a1 req-977720e2-6e4f-4b07-bd4c-b3b5893446fc service placement] Merging candidates yields 2 allocation requests and 2 provider summaries {{(pid=103481) _merge_candidates /opt/stack/placement/placement/objects/allocation_candidate.py:783}}
Nov 12 11:36:00.453862 n-d-816861-2 devstack@placement-api.service[103481]: INFO placement.requestlog [req-44468bc7-6ef5-497c-9877-736e35ce69a1 req-977720e2-6e4f-4b07-bd4c-b3b5893446fc service placement] 10.222.0.62 "GET /placement/allocation_candidates?limit=1000&resources=DISK_GB%3A1%2CMEMORY_MB%3A1024%2CVCPU%3A1&root_required=%21COMPUTE_STATUS_DISABLED" status: 200 len: 1309 microversion: 1.36
Nov 12 11:36:00.464708 n-d-816861-2 devstack@placement-api.service[103481]: [pid: 103481|app: 0|req: 118/234] 10.222.0.62 () {60 vars in 1506 bytes} [Fri Nov 12 11:36:00 2021] GET /placement/allocation_candidates?limit=1000&resources=DISK_GB%3A1%2CMEMORY_MB%3A1024%2CVCPU%3A1&root_required=%21COMPUTE_STATUS_DISABLED => generated 1309 bytes in 233 msecs (HTTP/1.1 200) 8 headers in 297 bytes (1 switches on core 0)
Nov 12 11:36:00.516142 n-d-816861-2 devstack@placement-api.service[103480]: DEBUG placement.requestlog [req-44468bc7-6ef5-497c-9877-736e35ce69a1 req-1a6768af-d7a1-4c2f-8ebf-d59f6a0d9aeb None None] Starting request: 10.222.0.62 "GET /placement/allocations/8f8d9018-ab31-442d-805a-d6e28c2d2b58" {{(pid=103480) __call__ /opt/stack/placement/placement/requestlog.py:55}}
Nov 12 11:36:00.527417 n-d-816861-2 devstack@placement-api.service[103480]: INFO placement.requestlog [req-44468bc7-6ef5-497c-9877-736e35ce69a1 req-1a6768af-d7a1-4c2f-8ebf-d59f6a0d9aeb service placement] 10.222.0.62 "GET /placement/allocations/8f8d9018-ab31-442d-805a-d6e28c2d2b58" status: 200 len: 19 microversion: 1.28
Nov 12 11:36:00.530896 n-d-816861-2 devstack@placement-api.service[103480]: [pid: 103480|app: 0|req: 117/235] 10.222.0.62 () {60 vars in 1380 bytes} [Fri Nov 12 11:36:00 2021] GET /placement/allocations/8f8d9018-ab31-442d-805a-d6e28c2d2b58 => generated 19 bytes in 12 msecs (HTTP/1.1 200) 8 headers in 295 bytes (1 switches on core 0)
Nov 12 11:36:00.540526 n-d-816861-2 devstack@placement-api.service[103481]: DEBUG placement.requestlog [req-44468bc7-6ef5-497c-9877-736e35ce69a1 req-6eeb881c-7859-404a-b641-efa5736b86e2 None None] Starting request: 10.222.0.62 "PUT /placement/allocations/8f8d9018-ab31-442d-805a-d6e28c2d2b58" {{(pid=103481) __call__ /opt/stack/placement/placement/requestlog.py:55}}
Nov 12 11:36:00.661196 n-d-816861-2 devstack@placement-api.service[103480]: DEBUG placement.requestlog [req-35ac6f6a-5cf5-4ae0-bf40-6c82043ec67d req-866e83b2-f135-4d63-8a6d-e511982cb67f None None] Starting request: 10.222.0.41 "DELETE /placement/allocations/99effe30-bf4d-4a88-b4dd-d2202e8e65b6" {{(pid=103480) __call__ /opt/stack/placement/placement/requestlog.py:55}}
Nov 12 11:36:01.073271 n-d-816861-2 devstack@placement-api.service[103480]: DEBUG placement.handlers.allocation [req-35ac6f6a-5cf5-4ae0-bf40-6c82043ec67d req-866e83b2-f135-4d63-8a6d-e511982cb67f service placement] Successfully deleted allocations [, , ] {{(pid=103480) delete_allocations /opt/stack/placement/placement/handlers/allocation.py:627}}
Nov 12 11:36:01.074190 n-d-816861-2 devstack@placement-api.service[103480]: INFO placement.requestlog [req-35ac6f6a-5cf5-4ae0-bf40-6c82043ec67d req-866e83b2-f135-4d63-8a6d-e511982cb67f service placement] 10.222.0.41 "DELETE /placement/allocations/99effe30-bf4d-4a88-b4dd-d2202e8e65b6" status: 204 len: 0 microversion: 1.0
Nov 12 11:36:01.074414 n-d-816861-2 devstack@placement-api.service[103480]: [pid: 103480|app: 0|req: 118/236] 10.222.0.41 () {60 vars in 1355 bytes} [Fri Nov 12 11:36:00 2021] DELETE /placement/allocations/99effe30-bf4d-4a88-b4dd-d2202e8e65b6 => generated 0 bytes in 413 msecs (HTTP/1.1 204) 5 headers in 198 bytes (2 switches on core 0)
Nov 12 11:36:01.092378 n-d-816861-2 devstack@placement-api.service[103481]: DEBUG placement.handlers.allocation [req-44468bc7-6ef5-497c-9877-736e35ce69a1 req-6eeb881c-7859-404a-b641-efa5736b86e2 service placement] Successfully wrote allocations [, , ] {{(pid=103481) _update_consumers_and_create_allocations /opt/stack/placement/placement/handlers/allocation.py:462}}
Nov 12 11:36:01.256164 n-d-816861-2 devstack@placement-api.service[103481]: INFO placement.requestlog [req-44468bc7-6ef5-497c-9877-736e35ce69a1 req-6eeb881c-7859-404a-b641-efa5736b86e2 service placement] 10.222.0.62 "PUT /placement/allocations/8f8d9018-ab31-442d-805a-d6e28c2d2b58" status: 204 len: 0 microversion: 1.36
Nov 12 11:36:01.257372 n-d-816861-2 devstack@placement-api.service[103481]: [pid: 103481|app: 0|req: 119/237] 10.222.0.62 () {64 vars in 1433 bytes} [Fri Nov 12 11:36:00 2021] PUT /placement/allocations/8f8d9018-ab31-442d-805a-d6e28c2d2b58 => generated 0 bytes in 719 msecs (HTTP/1.1 204) 5 headers in 199 bytes (1 switches on core 0)
Nov 12 11:36:03.198671 n-d-816861-2 devstack@placement-api.service[103480]: DEBUG placement.requestlog [req-44468bc7-6ef5-497c-9877-736e35ce69a1 req-8450b3b6-b5f2-4e12-afc1-0a09ef49c598 None None] Starting request: 10.222.0.41 "GET /placement/allocations/8f8d9018-ab31-442d-805a-d6e28c2d2b58" {{(pid=103480) __call__ /opt/stack/placement/placement/requestlog.py:55}}
Nov 12 11:36:03.210954 n-d-816861-2 devstack@placement-api.service[103480]: INFO placement.requestlog [req-44468bc7-6ef5-497c-9877-736e35ce69a1 req-8450b3b6-b5f2-4e12-afc1-0a09ef49c598 service placement] 10.222.0.41 "GET /placement/allocations/8f8d9018-ab31-442d-805a-d6e28c2d2b58" status: 200 len: 259 microversion: 1.28
Nov 12 11:36:03.211351 n-d-816861-2 devstack@placement-api.service[103480]: [pid: 103480|app: 0|req: 119/238] 10.222.0.41 () {60 vars in 1377 bytes} [Fri Nov 12 11:36:03 2021] GET /placement/allocations/8f8d9018-ab31-442d-805a-d6e28c2d2b58 => generated 259 bytes in 19 msecs (HTTP/1.1 200) 8 headers in 296 bytes (1 switches on core 0)
Nov 12 11:36:04.085612 n-d-816861-2 devstack@placement-api.service[103481]: DEBUG placement.requestlog [None req-9a169bf7-2b3f-43ca-83e3-5a737635f3eb None None] Starting request: 10.222.0.62 "GET /placement/" {{(pid=103481) __call__ /opt/stack/placement/placement/requestlog.py:55}}
Nov 12 11:36:04.088863 n-d-816861-2 devstack@placement-api.service[103481]: INFO placement.requestlog [None req-9a169bf7-2b3f-43ca-83e3-5a737635f3eb None None] 10.222.0.62 "GET /placement/" status: 200 len: 136 microversion: 1.0
Nov 12 11:36:04.088863 n-d-816861-2 devstack@placement-api.service[103481]: [pid: 103481|app: 0|req: 120/239] 10.222.0.62 () {54 vars in 916 bytes} [Fri Nov 12 11:36:04 2021] GET /placement => generated 136 bytes in 2 msecs (HTTP/1.1 200) 6 headers in 224 bytes (1 switches on core 0)
Nov 12 11:36:04.095553 n-d-816861-2 devstack@placement-api.service[103480]: DEBUG placement.requestlog [req-e66d633e-bf05-40aa-bc30-6e52633468cb req-aa951a3b-fa46-4b7b-92cd-44d0fbba9b4a None None] Starting request: 10.222.0.62 "GET /placement/allocations/0677883e-ac06-455d-a6bb-f86825c4633c" {{(pid=103480) __call__ /opt/stack/placement/placement/requestlog.py:55}}
Nov 12 11:36:04.172032 n-d-816861-2 devstack@placement-api.service[103480]: INFO placement.requestlog [req-e66d633e-bf05-40aa-bc30-6e52633468cb req-aa951a3b-fa46-4b7b-92cd-44d0fbba9b4a service placement] 10.222.0.62 "GET /placement/allocations/0677883e-ac06-455d-a6bb-f86825c4633c" status: 200 len: 245 microversion: 1.28
Nov 12 11:36:04.172394 n-d-816861-2 devstack@placement-api.service[103480]: [pid: 103480|app: 0|req: 120/240] 10.222.0.62 () {60 vars in 1380 bytes} [Fri Nov 12 11:36:04 2021] GET /placement/allocations/0677883e-ac06-455d-a6bb-f86825c4633c => generated 245 bytes in 77 msecs (HTTP/1.1 200) 8 headers in 296 bytes (1 switches on core 0)
Nov 12 11:36:04.178939 n-d-816861-2 devstack@placement-api.service[103481]: DEBUG placement.requestlog [req-e66d633e-bf05-40aa-bc30-6e52633468cb req-842199c4-cfd6-489b-ba41-8b2979e575ef None None] Starting request: 10.222.0.62 "GET /placement/allocations/0677883e-ac06-455d-a6bb-f86825c4633c" {{(pid=103481) __call__ /opt/stack/placement/placement/requestlog.py:55}}
Nov 12 11:36:04.194447 n-d-816861-2 devstack@placement-api.service[103481]: INFO placement.requestlog [req-e66d633e-bf05-40aa-bc30-6e52633468cb req-842199c4-cfd6-489b-ba41-8b2979e575ef service placement] 10.222.0.62 "GET /placement/allocations/0677883e-ac06-455d-a6bb-f86825c4633c" status: 200 len: 245 microversion: 1.28
Nov 12 11:36:04.194663 n-d-816861-2 devstack@placement-api.service[103481]: [pid: 103481|app: 0|req: 121/241] 10.222.0.62 () {60 vars in 1380 bytes} [Fri Nov 12 11:36:04 2021] GET /placement/allocations/0677883e-ac06-455d-a6bb-f86825c4633c => generated 245 bytes in 16 msecs (HTTP/1.1 200) 8 headers in 296 bytes (1 switches on core 0)
Nov 12 11:36:04.200228 n-d-816861-2 devstack@placement-api.service[103480]: DEBUG placement.requestlog [req-e66d633e-bf05-40aa-bc30-6e52633468cb req-8b37d536-ea32-489a-8037-2fe9f366d038 None None] Starting request: 10.222.0.62 "GET /placement/allocations/172ebcef-5380-4a55-a66b-3a0055604042" {{(pid=103480) __call__ /opt/stack/placement/placement/requestlog.py:55}}
Nov 12 11:36:04.210812 n-d-816861-2 devstack@placement-api.service[103480]: INFO placement.requestlog [req-e66d633e-bf05-40aa-bc30-6e52633468cb req-8b37d536-ea32-489a-8037-2fe9f366d038 service placement] 10.222.0.62 "GET /placement/allocations/172ebcef-5380-4a55-a66b-3a0055604042" status: 200 len: 19 microversion: 1.28
Nov 12 11:36:04.211020 n-d-816861-2 devstack@placement-api.service[103480]: [pid: 103480|app: 0|req: 121/242] 10.222.0.62 () {60 vars in 1380 bytes} [Fri Nov 12 11:36:04 2021] GET /placement/allocations/172ebcef-5380-4a55-a66b-3a0055604042 => generated 19 bytes in 11 msecs (HTTP/1.1 200) 8 headers in 295 bytes (2 switches on core 0)
Nov 12 11:36:04.217014 n-d-816861-2 devstack@placement-api.service[103481]: DEBUG placement.requestlog [req-e66d633e-bf05-40aa-bc30-6e52633468cb req-22a9e0f5-9019-473a-beec-e36d93b0c96e None None] Starting request: 10.222.0.62 "POST /placement/allocations" {{(pid=103481) __call__ /opt/stack/placement/placement/requestlog.py:55}}
Nov 12 11:36:04.363488 n-d-816861-2 devstack@placement-api.service[103481]: DEBUG placement.handlers.allocation [req-e66d633e-bf05-40aa-bc30-6e52633468cb req-22a9e0f5-9019-473a-beec-e36d93b0c96e service placement] Successfully wrote allocations [, , , ] {{(pid=103481) _update_consumers_and_create_allocations /opt/stack/placement/placement/handlers/allocation.py:572}}
Nov 12 11:36:04.421597 n-d-816861-2 devstack@placement-api.service[103481]: INFO placement.requestlog [req-e66d633e-bf05-40aa-bc30-6e52633468cb req-22a9e0f5-9019-473a-beec-e36d93b0c96e service placement] 10.222.0.62 "POST /placement/allocations" status: 204 len: 0 microversion: 1.28
Nov 12 11:36:04.421847 n-d-816861-2 devstack@placement-api.service[103481]: [pid: 103481|app: 0|req: 122/243] 10.222.0.62 () {64 vars in 1323 bytes} [Fri Nov 12 11:36:04 2021] POST /placement/allocations => generated 0 bytes in 205 msecs (HTTP/1.1 204) 5 headers in 199 bytes (1 switches on core 0)
Nov 12 11:36:04.454823 n-d-816861-2 devstack@placement-api.service[103480]: DEBUG placement.requestlog [req-e66d633e-bf05-40aa-bc30-6e52633468cb req-d6eccf1b-f970-439e-9095-46aa9a98f27c None None] Starting request: 10.222.0.62 "GET /placement/allocations/0677883e-ac06-455d-a6bb-f86825c4633c" {{(pid=103480) __call__ /opt/stack/placement/placement/requestlog.py:55}}
Nov 12 11:36:04.468309 n-d-816861-2 devstack@placement-api.service[103480]: INFO placement.requestlog [req-e66d633e-bf05-40aa-bc30-6e52633468cb req-d6eccf1b-f970-439e-9095-46aa9a98f27c service placement] 10.222.0.62 "GET /placement/allocations/0677883e-ac06-455d-a6bb-f86825c4633c" status: 200 len: 19 microversion: 1.28
Nov 12 11:36:04.468738 n-d-816861-2 devstack@placement-api.service[103480]: [pid: 103480|app: 0|req: 122/244] 10.222.0.62 () {60 vars in 1380 bytes} [Fri Nov 12 11:36:04 2021] GET /placement/allocations/0677883e-ac06-455d-a6bb-f86825c4633c => generated 19 bytes in 14 msecs (HTTP/1.1 200) 8 headers in 295 bytes (1 switches on core 0)
Nov 12 11:36:04.475108 n-d-816861-2 devstack@placement-api.service[103481]: DEBUG placement.requestlog [req-e66d633e-bf05-40aa-bc30-6e52633468cb req-676b4210-e5da-4648-8877-d11bd66eb06f None None] Starting request: 10.222.0.62 "PUT /placement/allocations/0677883e-ac06-455d-a6bb-f86825c4633c" {{(pid=103481) __call__ /opt/stack/placement/placement/requestlog.py:55}}
Nov 12 11:36:04.646112 n-d-816861-2 devstack@placement-api.service[103481]: DEBUG placement.handlers.allocation [req-e66d633e-bf05-40aa-bc30-6e52633468cb req-676b4210-e5da-4648-8877-d11bd66eb06f service placement] Successfully wrote allocations [, ] {{(pid=103481) _update_consumers_and_create_allocations /opt/stack/placement/placement/handlers/allocation.py:462}}
Nov 12 11:36:04.782835 n-d-816861-2 devstack@placement-api.service[103481]: INFO placement.requestlog [req-e66d633e-bf05-40aa-bc30-6e52633468cb req-676b4210-e5da-4648-8877-d11bd66eb06f service placement] 10.222.0.62 "PUT /placement/allocations/0677883e-ac06-455d-a6bb-f86825c4633c" status: 204 len: 0 microversion: 1.28
Nov 12 11:36:04.785884 n-d-816861-2 devstack@placement-api.service[103481]: [pid: 103481|app: 0|req: 123/245] 10.222.0.62 () {64 vars in 1433 bytes} [Fri Nov 12 11:36:04 2021] PUT /placement/allocations/0677883e-ac06-455d-a6bb-f86825c4633c => generated 0 bytes in 309 msecs (HTTP/1.1 204) 5 headers in 199 bytes (2 switches on core 0)
