Nov 16 11:36:18.966604 n-d-816823-3 devstack@placement-api.service[103164]: INFO placement.requestlog [req-ee6dc924-a18e-4d06-8660-fa5931d5adb2 req-79b3607b-31d8-457c-948b-da55c375ec47 service placement] 10.222.0.61 "PUT /placement/allocations/b1cbc116-04ac-4caa-9f68-0eaee4b01e7e" status: 204 len: 0 microversion: 1.36
Nov 16 11:36:18.967321 n-d-816823-3 devstack@placement-api.service[103164]: [pid: 103164|app: 0|req: 444/881] 10.222.0.61 () {64 vars in 1433 bytes} [Tue Nov 16 11:36:18 2021] PUT /placement/allocations/b1cbc116-04ac-4caa-9f68-0eaee4b01e7e => generated 0 bytes in 117 msecs (HTTP/1.1 204) 5 headers in 199 bytes (1 switches on core 0)
Nov 16 11:36:19.608378 n-d-816823-3 devstack@placement-api.service[103163]: DEBUG placement.requestlog [req-ee6dc924-a18e-4d06-8660-fa5931d5adb2 req-9801c972-fbf2-4538-b96d-99f561b41721 None None] Starting request: 10.222.0.36 "GET /placement/allocations/b1cbc116-04ac-4caa-9f68-0eaee4b01e7e" {{(pid=103163) __call__ /opt/stack/placement/placement/requestlog.py:55}}
Nov 16 11:36:19.643321 n-d-816823-3 devstack@placement-api.service[103163]: INFO placement.requestlog [req-ee6dc924-a18e-4d06-8660-fa5931d5adb2 req-9801c972-fbf2-4538-b96d-99f561b41721 service placement] 10.222.0.36 "GET /placement/allocations/b1cbc116-04ac-4caa-9f68-0eaee4b01e7e" status: 200 len: 259 microversion: 1.28
Nov 16 11:36:19.646250 n-d-816823-3 devstack@placement-api.service[103163]: [pid: 103163|app: 0|req: 438/882] 10.222.0.36 () {60 vars in 1377 bytes} [Tue Nov 16 11:36:19 2021] GET /placement/allocations/b1cbc116-04ac-4caa-9f68-0eaee4b01e7e => generated 259 bytes in 38 msecs (HTTP/1.1 200) 8 headers in 296 bytes (1 switches on core 0)
Nov 16 11:36:22.305154 n-d-816823-3 devstack@placement-api.service[103164]: DEBUG placement.requestlog [req-6e4cd07f-7dd9-4cc0-bc23-7723cff2bb6a req-e37dfec3-3f4e-43d7-ac12-f5430c625a77 None None] Starting request: 10.222.0.61 "GET /placement/allocation_candidates?limit=1000&resources=DISK_GB%3A1%2CMEMORY_MB%3A1024%2CVCPU%3A1&root_required=%21COMPUTE_STATUS_DISABLED" {{(pid=103164) __call__ /opt/stack/placement/placement/requestlog.py:55}}
Nov 16 11:36:22.374973 n-d-816823-3 devstack@placement-api.service[103164]: DEBUG placement.objects.research_context [req-6e4cd07f-7dd9-4cc0-bc23-7723cff2bb6a req-e37dfec3-3f4e-43d7-ac12-f5430c625a77 service placement] getting providers with 1 DISK_GB {{(pid=103164) __init__ /opt/stack/placement/placement/objects/research_context.py:126}}
Nov 16 11:36:22.387228 n-d-816823-3 devstack@placement-api.service[103164]: DEBUG placement.objects.research_context [req-6e4cd07f-7dd9-4cc0-bc23-7723cff2bb6a req-e37dfec3-3f4e-43d7-ac12-f5430c625a77 service placement] getting providers with 1024 MEMORY_MB {{(pid=103164) __init__ /opt/stack/placement/placement/objects/research_context.py:126}}
Nov 16 11:36:22.398556 n-d-816823-3 devstack@placement-api.service[103164]: DEBUG placement.objects.research_context [req-6e4cd07f-7dd9-4cc0-bc23-7723cff2bb6a req-e37dfec3-3f4e-43d7-ac12-f5430c625a77 service placement] getting providers with 1 VCPU {{(pid=103164) __init__ /opt/stack/placement/placement/objects/research_context.py:126}}
Nov 16 11:36:22.404754 n-d-816823-3 devstack@placement-api.service[103164]: DEBUG placement.objects.research_context [req-6e4cd07f-7dd9-4cc0-bc23-7723cff2bb6a req-e37dfec3-3f4e-43d7-ac12-f5430c625a77 service placement] found 2 providers with available 1 DISK_GB {{(pid=103164) get_provider_ids_matching /opt/stack/placement/placement/objects/research_context.py:549}}
Nov 16 11:36:22.405030 n-d-816823-3 devstack@placement-api.service[103164]: DEBUG placement.objects.research_context [req-6e4cd07f-7dd9-4cc0-bc23-7723cff2bb6a req-e37dfec3-3f4e-43d7-ac12-f5430c625a77 service placement] found 2 providers with available 1024 MEMORY_MB {{(pid=103164) get_provider_ids_matching /opt/stack/placement/placement/objects/research_context.py:549}}
Nov 16 11:36:22.406323 n-d-816823-3 devstack@placement-api.service[103164]: DEBUG placement.objects.research_context [req-6e4cd07f-7dd9-4cc0-bc23-7723cff2bb6a req-e37dfec3-3f4e-43d7-ac12-f5430c625a77 service placement] found 2 providers after filtering by previous result {{(pid=103164) get_provider_ids_matching /opt/stack/placement/placement/objects/research_context.py:580}}
Nov 16 11:36:22.407379 n-d-816823-3 devstack@placement-api.service[103164]: DEBUG placement.objects.research_context [req-6e4cd07f-7dd9-4cc0-bc23-7723cff2bb6a req-e37dfec3-3f4e-43d7-ac12-f5430c625a77 service placement] found 2 providers with available 1 VCPU {{(pid=103164) get_provider_ids_matching /opt/stack/placement/placement/objects/research_context.py:549}}
Nov 16 11:36:22.407904 n-d-816823-3 devstack@placement-api.service[103164]: DEBUG placement.objects.research_context [req-6e4cd07f-7dd9-4cc0-bc23-7723cff2bb6a req-e37dfec3-3f4e-43d7-ac12-f5430c625a77 service placement] found 2 providers after filtering by previous result {{(pid=103164) get_provider_ids_matching /opt/stack/placement/placement/objects/research_context.py:580}}
Nov 16 11:36:22.427921 n-d-816823-3 devstack@placement-api.service[103164]: DEBUG placement.objects.allocation_candidate [req-6e4cd07f-7dd9-4cc0-bc23-7723cff2bb6a req-e37dfec3-3f4e-43d7-ac12-f5430c625a77 service placement] RequestGroup(use_same_provider=False, resources={DISK_GB:1, MEMORY_MB:1024, VCPU:1}, traits=[], aggregates=[]) (suffix '') returned 2 matches {{(pid=103164) _get_by_requests /opt/stack/placement/placement/objects/allocation_candidate.py:145}}
Nov 16 11:36:22.429239 n-d-816823-3 devstack@placement-api.service[103164]: DEBUG placement.objects.allocation_candidate [req-6e4cd07f-7dd9-4cc0-bc23-7723cff2bb6a req-e37dfec3-3f4e-43d7-ac12-f5430c625a77 service placement] Merging candidates yields 2 allocation requests and 2 provider summaries {{(pid=103164) _merge_candidates /opt/stack/placement/placement/objects/allocation_candidate.py:783}}
Nov 16 11:36:22.432247 n-d-816823-3 devstack@placement-api.service[103164]: INFO placement.requestlog [req-6e4cd07f-7dd9-4cc0-bc23-7723cff2bb6a req-e37dfec3-3f4e-43d7-ac12-f5430c625a77 service placement] 10.222.0.61 "GET /placement/allocation_candidates?limit=1000&resources=DISK_GB%3A1%2CMEMORY_MB%3A1024%2CVCPU%3A1&root_required=%21COMPUTE_STATUS_DISABLED" status: 200 len: 1309 microversion: 1.36
Nov 16 11:36:22.445150 n-d-816823-3 devstack@placement-api.service[103164]: [pid: 103164|app: 0|req: 445/883] 10.222.0.61 () {60 vars in 1506 bytes} [Tue Nov 16 11:36:22 2021] GET /placement/allocation_candidates?limit=1000&resources=DISK_GB%3A1%2CMEMORY_MB%3A1024%2CVCPU%3A1&root_required=%21COMPUTE_STATUS_DISABLED => generated 1309 bytes in 140 msecs (HTTP/1.1 200) 8 headers in 297 bytes (1 switches on core 0)
Nov 16 11:36:22.523408 n-d-816823-3 devstack@placement-api.service[103163]: DEBUG placement.requestlog [req-6e4cd07f-7dd9-4cc0-bc23-7723cff2bb6a req-e2c19544-5b33-4353-92ee-dfa0dc86d602 None None] Starting request: 10.222.0.61 "GET /placement/allocations/697dd75c-814d-4172-a1cb-ec9253d42b5f" {{(pid=103163) __call__ /opt/stack/placement/placement/requestlog.py:55}}
Nov 16 11:36:22.539983 n-d-816823-3 devstack@placement-api.service[103163]: INFO placement.requestlog [req-6e4cd07f-7dd9-4cc0-bc23-7723cff2bb6a req-e2c19544-5b33-4353-92ee-dfa0dc86d602 service placement] 10.222.0.61 "GET /placement/allocations/697dd75c-814d-4172-a1cb-ec9253d42b5f" status: 200 len: 19 microversion: 1.28
Nov 16 11:36:22.540524 n-d-816823-3 devstack@placement-api.service[103163]: [pid: 103163|app: 0|req: 439/884] 10.222.0.61 () {60 vars in 1380 bytes} [Tue Nov 16 11:36:22 2021] GET /placement/allocations/697dd75c-814d-4172-a1cb-ec9253d42b5f => generated 19 bytes in 18 msecs (HTTP/1.1 200) 8 headers in 295 bytes (2 switches on core 0)
Nov 16 11:36:22.550206 n-d-816823-3 devstack@placement-api.service[103164]: DEBUG placement.requestlog [req-6e4cd07f-7dd9-4cc0-bc23-7723cff2bb6a req-06742919-3c32-48f4-9714-aac3aad58034 None None] Starting request: 10.222.0.61 "PUT /placement/allocations/697dd75c-814d-4172-a1cb-ec9253d42b5f" {{(pid=103164) __call__ /opt/stack/placement/placement/requestlog.py:55}}
Nov 16 11:36:22.685334 n-d-816823-3 devstack@placement-api.service[103164]: DEBUG placement.handlers.allocation [req-6e4cd07f-7dd9-4cc0-bc23-7723cff2bb6a req-06742919-3c32-48f4-9714-aac3aad58034 service placement] Successfully wrote allocations [, , ] {{(pid=103164) _update_consumers_and_create_allocations /opt/stack/placement/placement/handlers/allocation.py:462}}
Nov 16 11:36:22.700689 n-d-816823-3 devstack@placement-api.service[103164]: INFO placement.requestlog [req-6e4cd07f-7dd9-4cc0-bc23-7723cff2bb6a req-06742919-3c32-48f4-9714-aac3aad58034 service placement] 10.222.0.61 "PUT /placement/allocations/697dd75c-814d-4172-a1cb-ec9253d42b5f" status: 204 len: 0 microversion: 1.36
Nov 16 11:36:22.701241 n-d-816823-3 devstack@placement-api.service[103164]: [pid: 103164|app: 0|req: 446/885] 10.222.0.61 () {64 vars in 1433 bytes} [Tue Nov 16 11:36:22 2021] PUT /placement/allocations/697dd75c-814d-4172-a1cb-ec9253d42b5f => generated 0 bytes in 151 msecs (HTTP/1.1 204) 5 headers in 199 bytes (1 switches on core 0)
Nov 16 11:36:23.210692 n-d-816823-3 devstack@placement-api.service[103163]: DEBUG placement.requestlog [req-6e4cd07f-7dd9-4cc0-bc23-7723cff2bb6a req-d56a70dd-068d-424e-bc57-9302e1d1302b None None] Starting request: 10.222.0.64 "GET /placement/allocations/697dd75c-814d-4172-a1cb-ec9253d42b5f" {{(pid=103163) __call__ /opt/stack/placement/placement/requestlog.py:55}}
Nov 16 11:36:23.234829 n-d-816823-3 devstack@placement-api.service[103163]: INFO placement.requestlog [req-6e4cd07f-7dd9-4cc0-bc23-7723cff2bb6a req-d56a70dd-068d-424e-bc57-9302e1d1302b service placement] 10.222.0.64 "GET /placement/allocations/697dd75c-814d-4172-a1cb-ec9253d42b5f" status: 200 len: 260 microversion: 1.28
Nov 16 11:36:23.238541 n-d-816823-3 devstack@placement-api.service[103163]: [pid: 103163|app: 0|req: 440/886] 10.222.0.64 () {60 vars in 1377 bytes} [Tue Nov 16 11:36:23 2021] GET /placement/allocations/697dd75c-814d-4172-a1cb-ec9253d42b5f => generated 260 bytes in 28 msecs (HTTP/1.1 200) 8 headers in 296 bytes (2 switches on core 0)
Nov 16 11:36:44.996381 n-d-816823-3 devstack@placement-api.service[103164]: DEBUG placement.requestlog [req-5c9688b3-53a0-454a-835f-5ae99b6d7a36 req-2513c135-dab6-4cb6-8bad-00ecefc321e9 None None] Starting request: 10.222.0.61 "GET /placement/resource_providers/c5fa2b96-0ca2-45af-9af1-3037f9d3783a/traits" {{(pid=103164) __call__ /opt/stack/placement/placement/requestlog.py:55}}
Nov 16 11:36:45.133696 n-d-816823-3 devstack@placement-api.service[103164]: INFO placement.requestlog [req-5c9688b3-53a0-454a-835f-5ae99b6d7a36 req-2513c135-dab6-4cb6-8bad-00ecefc321e9 service placement] 10.222.0.61 "GET /placement/resource_providers/c5fa2b96-0ca2-45af-9af1-3037f9d3783a/traits" status: 200 len: 213 microversion: 1.6
Nov 16 11:36:45.133899 n-d-816823-3 devstack@placement-api.service[103164]: [pid: 103164|app: 0|req: 447/887] 10.222.0.61 () {60 vars in 1412 bytes} [Tue Nov 16 11:36:44 2021] GET /placement/resource_providers/c5fa2b96-0ca2-45af-9af1-3037f9d3783a/traits => generated 213 bytes in 138 msecs (HTTP/1.1 200) 6 headers in 224 bytes (1 switches on core 0)
Nov 16 11:36:45.412174 n-d-816823-3 devstack@placement-api.service[103163]: DEBUG placement.requestlog [None req-93b0ed1c-410c-4019-934c-6c09fffa83c3 None None] Starting request: 10.222.0.61 "GET /placement/" {{(pid=103163) __call__ /opt/stack/placement/placement/requestlog.py:55}}
Nov 16 11:36:45.413146 n-d-816823-3 devstack@placement-api.service[103163]: INFO placement.requestlog [None req-93b0ed1c-410c-4019-934c-6c09fffa83c3 None None] 10.222.0.61 "GET /placement/" status: 200 len: 136 microversion: 1.0
Nov 16 11:36:45.413328 n-d-816823-3 devstack@placement-api.service[103163]: [pid: 103163|app: 0|req: 441/888] 10.222.0.61 () {54 vars in 916 bytes} [Tue Nov 16 11:36:45 2021] GET /placement => generated 136 bytes in 1 msecs (HTTP/1.1 200) 6 headers in 224 bytes (1 switches on core 0)
Nov 16 11:36:45.422626 n-d-816823-3 devstack@placement-api.service[103164]: DEBUG placement.requestlog [req-5c9688b3-53a0-454a-835f-5ae99b6d7a36 req-75aced26-948f-4371-bdbb-aff9268e15a7 None None] Starting request: 10.222.0.61 "GET /placement/allocations/e9a750cd-f69d-49c7-9358-00408ecef147" {{(pid=103164) __call__ /opt/stack/placement/placement/requestlog.py:55}}
Nov 16 11:36:45.506599 n-d-816823-3 devstack@placement-api.service[103164]: INFO placement.requestlog [req-5c9688b3-53a0-454a-835f-5ae99b6d7a36 req-75aced26-948f-4371-bdbb-aff9268e15a7 service placement] 10.222.0.61 "GET /placement/allocations/e9a750cd-f69d-49c7-9358-00408ecef147" status: 200 len: 260 microversion: 1.28
Nov 16 11:36:45.506995 n-d-816823-3 devstack@placement-api.service[103164]: [pid: 103164|app: 0|req: 448/889] 10.222.0.61 () {60 vars in 1380 bytes} [Tue Nov 16 11:36:45 2021] GET /placement/allocations/e9a750cd-f69d-49c7-9358-00408ecef147 => generated 260 bytes in 85 msecs (HTTP/1.1 200) 8 headers in 296 bytes (1 switches on core 0)
Nov 16 11:36:45.513230 n-d-816823-3 devstack@placement-api.service[103163]: DEBUG placement.requestlog [req-5c9688b3-53a0-454a-835f-5ae99b6d7a36 req-d4ec3d10-a700-4e78-b2e9-11a935d9f07f None None] Starting request: 10.222.0.61 "GET /placement/allocations/e9a750cd-f69d-49c7-9358-00408ecef147" {{(pid=103163) __call__ /opt/stack/placement/placement/requestlog.py:55}}
Nov 16 11:36:45.538419 n-d-816823-3 devstack@placement-api.service[103163]: INFO placement.requestlog [req-5c9688b3-53a0-454a-835f-5ae99b6d7a36 req-d4ec3d10-a700-4e78-b2e9-11a935d9f07f service placement] 10.222.0.61 "GET /placement/allocations/e9a750cd-f69d-49c7-9358-00408ecef147" status: 200 len: 260 microversion: 1.28
Nov 16 11:36:45.546295 n-d-816823-3 devstack@placement-api.service[103163]: [pid: 103163|app: 0|req: 442/890] 10.222.0.61 () {60 vars in 1380 bytes} [Tue Nov 16 11:36:45 2021] GET /placement/allocations/e9a750cd-f69d-49c7-9358-00408ecef147 => generated 260 bytes in 33 msecs (HTTP/1.1 200) 8 headers in 296 bytes (1 switches on core 0)
Nov 16 11:36:45.548912 n-d-816823-3 devstack@placement-api.service[103164]: DEBUG placement.requestlog [req-5c9688b3-53a0-454a-835f-5ae99b6d7a36 req-2c9a62bd-beb2-49b3-9622-26ec6a26adac None None] Starting request: 10.222.0.61 "GET /placement/allocations/307be3d4-98d0-4939-bd6b-c74e20a2feea" {{(pid=103164) __call__ /opt/stack/placement/placement/requestlog.py:55}}
Nov 16 11:36:45.561483 n-d-816823-3 devstack@placement-api.service[103164]: INFO placement.requestlog [req-5c9688b3-53a0-454a-835f-5ae99b6d7a36 req-2c9a62bd-beb2-49b3-9622-26ec6a26adac service placement] 10.222.0.61 "GET /placement/allocations/307be3d4-98d0-4939-bd6b-c74e20a2feea" status: 200 len: 19 microversion: 1.28
Nov 16 11:36:45.562148 n-d-816823-3 devstack@placement-api.service[103164]: [pid: 103164|app: 0|req: 449/891] 10.222.0.61 () {60 vars in 1380 bytes} [Tue Nov 16 11:36:45 2021] GET /placement/allocations/307be3d4-98d0-4939-bd6b-c74e20a2feea => generated 19 bytes in 13 msecs (HTTP/1.1 200) 8 headers in 295 bytes (1 switches on core 0)
Nov 16 11:36:45.569948 n-d-816823-3 devstack@placement-api.service[103163]: DEBUG placement.requestlog [req-5c9688b3-53a0-454a-835f-5ae99b6d7a36 req-fc836307-8eaa-4518-a316-6f0bdfe39dc4 None None] Starting request: 10.222.0.61 "POST /placement/allocations" {{(pid=103163) __call__ /opt/stack/placement/placement/requestlog.py:55}}
Nov 16 11:36:45.655332 n-d-816823-3 devstack@placement-api.service[103163]: DEBUG placement.handlers.allocation [req-5c9688b3-53a0-454a-835f-5ae99b6d7a36 req-fc836307-8eaa-4518-a316-6f0bdfe39dc4 service placement] Successfully wrote allocations [, , , , , ] {{(pid=103163) _update_consumers_and_create_allocations /opt/stack/placement/placement/handlers/allocation.py:572}}
Nov 16 11:36:45.663652 n-d-816823-3 devstack@placement-api.service[103163]: INFO placement.requestlog [req-5c9688b3-53a0-454a-835f-5ae99b6d7a36 req-fc836307-8eaa-4518-a316-6f0bdfe39dc4 service placement] 10.222.0.61 "POST /placement/allocations" status: 204 len: 0 microversion: 1.28
Nov 16 11:36:45.664302 n-d-816823-3 devstack@placement-api.service[103163]: [pid: 103163|app: 0|req: 443/892] 10.222.0.61 () {64 vars in 1323 bytes} [Tue Nov 16 11:36:45 2021] POST /placement/allocations => generated 0 bytes in 95 msecs (HTTP/1.1 204) 5 headers in 199 bytes (1 switches on core 0)
Nov 16 11:36:45.689445 n-d-816823-3 devstack@placement-api.service[103164]: DEBUG placement.requestlog [req-5c9688b3-53a0-454a-835f-5ae99b6d7a36 req-fc883ace-a83d-4055-805d-f4a10d5f37af None None] Starting request: 10.222.0.61 "GET /placement/allocation_candidates?limit=1000&resources=DISK_GB%3A1%2CMEMORY_MB%3A1024%2CVCPU%3A1&root_required=%21COMPUTE_STATUS_DISABLED" {{(pid=103164) __call__ /opt/stack/placement/placement/requestlog.py:55}}
Nov 16 11:36:45.794408 n-d-816823-3 devstack@placement-api.service[103164]: DEBUG placement.objects.research_context [req-5c9688b3-53a0-454a-835f-5ae99b6d7a36 req-fc883ace-a83d-4055-805d-f4a10d5f37af service placement] getting providers with 1 DISK_GB {{(pid=103164) __init__ /opt/stack/placement/placement/objects/research_context.py:126}}
Nov 16 11:36:45.800128 n-d-816823-3 devstack@placement-api.service[103164]: DEBUG placement.objects.research_context [req-5c9688b3-53a0-454a-835f-5ae99b6d7a36 req-fc883ace-a83d-4055-805d-f4a10d5f37af service placement] getting providers with 1024 MEMORY_MB {{(pid=103164) __init__ /opt/stack/placement/placement/objects/research_context.py:126}}
Nov 16 11:36:45.806148 n-d-816823-3 devstack@placement-api.service[103164]: DEBUG placement.objects.research_context [req-5c9688b3-53a0-454a-835f-5ae99b6d7a36 req-fc883ace-a83d-4055-805d-f4a10d5f37af service placement] getting providers with 1 VCPU {{(pid=103164) __init__ /opt/stack/placement/placement/objects/research_context.py:126}}
Nov 16 11:36:45.812561 n-d-816823-3 devstack@placement-api.service[103164]: DEBUG placement.objects.research_context [req-5c9688b3-53a0-454a-835f-5ae99b6d7a36 req-fc883ace-a83d-4055-805d-f4a10d5f37af service placement] found 2 providers with available 1 DISK_GB {{(pid=103164) get_provider_ids_matching /opt/stack/placement/placement/objects/research_context.py:549}}
Nov 16 11:36:45.812849 n-d-816823-3 devstack@placement-api.service[103164]: DEBUG placement.objects.research_context [req-5c9688b3-53a0-454a-835f-5ae99b6d7a36 req-fc883ace-a83d-4055-805d-f4a10d5f37af service placement] found 2 providers with available 1024 MEMORY_MB {{(pid=103164) get_provider_ids_matching /opt/stack/placement/placement/objects/research_context.py:549}}
Nov 16 11:36:45.813123 n-d-816823-3 devstack@placement-api.service[103164]: DEBUG placement.objects.research_context [req-5c9688b3-53a0-454a-835f-5ae99b6d7a36 req-fc883ace-a83d-4055-805d-f4a10d5f37af service placement] found 2 providers after filtering by previous result {{(pid=103164) get_provider_ids_matching /opt/stack/placement/placement/objects/research_context.py:580}}
Nov 16 11:36:45.813379 n-d-816823-3 devstack@placement-api.service[103164]: DEBUG placement.objects.research_context [req-5c9688b3-53a0-454a-835f-5ae99b6d7a36 req-fc883ace-a83d-4055-805d-f4a10d5f37af service placement] found 2 providers with available 1 VCPU {{(pid=103164) get_provider_ids_matching /opt/stack/placement/placement/objects/research_context.py:549}}
Nov 16 11:36:45.813637 n-d-816823-3 devstack@placement-api.service[103164]: DEBUG placement.objects.research_context [req-5c9688b3-53a0-454a-835f-5ae99b6d7a36 req-fc883ace-a83d-4055-805d-f4a10d5f37af service placement] found 2 providers after filtering by previous result {{(pid=103164) get_provider_ids_matching /opt/stack/placement/placement/objects/research_context.py:580}}
Nov 16 11:36:45.825077 n-d-816823-3 devstack@placement-api.service[103164]: DEBUG placement.objects.allocation_candidate [req-5c9688b3-53a0-454a-835f-5ae99b6d7a36 req-fc883ace-a83d-4055-805d-f4a10d5f37af service placement] RequestGroup(use_same_provider=False, resources={DISK_GB:1, MEMORY_MB:1024, VCPU:1}, traits=[], aggregates=[]) (suffix '') returned 2 matches {{(pid=103164) _get_by_requests /opt/stack/placement/placement/objects/allocation_candidate.py:145}}
Nov 16 11:36:45.825443 n-d-816823-3 devstack@placement-api.service[103164]: DEBUG placement.objects.allocation_candidate [req-5c9688b3-53a0-454a-835f-5ae99b6d7a36 req-fc883ace-a83d-4055-805d-f4a10d5f37af service placement] Merging candidates yields 2 allocation requests and 2 provider summaries {{(pid=103164) _merge_candidates /opt/stack/placement/placement/objects/allocation_candidate.py:783}}
Nov 16 11:36:45.827085 n-d-816823-3 devstack@placement-api.service[103164]: INFO placement.requestlog [req-5c9688b3-53a0-454a-835f-5ae99b6d7a36 req-fc883ace-a83d-4055-805d-f4a10d5f37af service placement] 10.222.0.61 "GET /placement/allocation_candidates?limit=1000&resources=DISK_GB%3A1%2CMEMORY_MB%3A1024%2CVCPU%3A1&root_required=%21COMPUTE_STATUS_DISABLED" status: 200 len: 1309 microversion: 1.36
Nov 16 11:36:45.827311 n-d-816823-3 devstack@placement-api.service[103164]: [pid: 103164|app: 0|req: 450/893] 10.222.0.61 () {60 vars in 1506 bytes} [Tue Nov 16 11:36:45 2021] GET /placement/allocation_candidates?limit=1000&resources=DISK_GB%3A1%2CMEMORY_MB%3A1024%2CVCPU%3A1&root_required=%21COMPUTE_STATUS_DISABLED => generated 1309 bytes in 138 msecs (HTTP/1.1 200) 8 headers in 297 bytes (1 switches on core 0)
Nov 16 11:36:45.875879 n-d-816823-3 devstack@placement-api.service[103163]: DEBUG placement.requestlog [req-5c9688b3-53a0-454a-835f-5ae99b6d7a36 req-5848e7b3-fc0c-4b75-8682-86770deaa0de None None] Starting request: 10.222.0.61 "GET /placement/allocations/e9a750cd-f69d-49c7-9358-00408ecef147" {{(pid=103163) __call__ /opt/stack/placement/placement/requestlog.py:55}}
Nov 16 11:36:45.887821 n-d-816823-3 devstack@placement-api.service[103163]: INFO placement.requestlog [req-5c9688b3-53a0-454a-835f-5ae99b6d7a36 req-5848e7b3-fc0c-4b75-8682-86770deaa0de service placement] 10.222.0.61 "GET /placement/allocations/e9a750cd-f69d-49c7-9358-00408ecef147" status: 200 len: 19 microversion: 1.28
Nov 16 11:36:45.888299 n-d-816823-3 devstack@placement-api.service[103163]: [pid: 103163|app: 0|req: 444/894] 10.222.0.61 () {60 vars in 1380 bytes} [Tue Nov 16 11:36:45 2021] GET /placement/allocations/e9a750cd-f69d-49c7-9358-00408ecef147 => generated 19 bytes in 12 msecs (HTTP/1.1 200) 8 headers in 295 bytes (2 switches on core 0)
Nov 16 11:36:45.894417 n-d-816823-3 devstack@placement-api.service[103164]: DEBUG placement.requestlog [req-5c9688b3-53a0-454a-835f-5ae99b6d7a36 req-fd9dcd03-18bf-46d1-9ac2-68fd23a95705 None None] Starting request: 10.222.0.61 "PUT /placement/allocations/e9a750cd-f69d-49c7-9358-00408ecef147" {{(pid=103164) __call__ /opt/stack/placement/placement/requestlog.py:55}}
Nov 16 11:36:45.954912 n-d-816823-3 devstack@placement-api.service[103164]: DEBUG placement.handlers.allocation [req-5c9688b3-53a0-454a-835f-5ae99b6d7a36 req-fd9dcd03-18bf-46d1-9ac2-68fd23a95705 service placement] Successfully wrote allocations [, , ] {{(pid=103164) _update_consumers_and_create_allocations /opt/stack/placement/placement/handlers/allocation.py:462}}
Nov 16 11:36:45.959397 n-d-816823-3 devstack@placement-api.service[103164]: INFO placement.requestlog [req-5c9688b3-53a0-454a-835f-5ae99b6d7a36 req-fd9dcd03-18bf-46d1-9ac2-68fd23a95705 service placement] 10.222.0.61 "PUT /placement/allocations/e9a750cd-f69d-49c7-9358-00408ecef147" status: 204 len: 0 microversion: 1.36
Nov 16 11:36:45.960198 n-d-816823-3 devstack@placement-api.service[103164]: [pid: 103164|app: 0|req: 451/895] 10.222.0.61 () {64 vars in 1433 bytes} [Tue Nov 16 11:36:45 2021] PUT /placement/allocations/e9a750cd-f69d-49c7-9358-00408ecef147 => generated 0 bytes in 66 msecs (HTTP/1.1 204) 5 headers in 199 bytes (1 switches on core 0)
Nov 16 11:36:46.120345 n-d-816823-3 devstack@placement-api.service[103163]: DEBUG placement.requestlog [req-5c9688b3-53a0-454a-835f-5ae99b6d7a36 req-6828268d-842d-4c8c-83e3-889f536bdcc0 None None] Starting request: 10.222.0.36 "GET /placement/allocations/e9a750cd-f69d-49c7-9358-00408ecef147" {{(pid=103163) __call__ /opt/stack/placement/placement/requestlog.py:55}}
Nov 16 11:36:46.139086 n-d-816823-3 devstack@placement-api.service[103163]: INFO placement.requestlog [req-5c9688b3-53a0-454a-835f-5ae99b6d7a36 req-6828268d-842d-4c8c-83e3-889f536bdcc0 service placement] 10.222.0.36 "GET /placement/allocations/e9a750cd-f69d-49c7-9358-00408ecef147" status: 200 len: 259 microversion: 1.28
Nov 16 11:36:46.139666 n-d-816823-3 devstack@placement-api.service[103163]: [pid: 103163|app: 0|req: 445/896] 10.222.0.36 () {60 vars in 1377 bytes} [Tue Nov 16 11:36:46 2021] GET /placement/allocations/e9a750cd-f69d-49c7-9358-00408ecef147 => generated 259 bytes in 20 msecs (HTTP/1.1 200) 8 headers in 296 bytes (1 switches on core 0)
Nov 16 11:36:49.039774 n-d-816823-3 devstack@placement-api.service[103164]: DEBUG placement.requestlog [req-b5ce606b-5e85-401e-8ff9-0acd61f09f5f req-2cea3789-f5ef-4fb1-8b85-e7a6f700d51f None None] Starting request: 10.222.0.64 "DELETE /placement/allocations/697dd75c-814d-4172-a1cb-ec9253d42b5f" {{(pid=103164) __call__ /opt/stack/placement/placement/requestlog.py:55}}
Nov 16 11:36:49.076638 n-d-816823-3 devstack@placement-api.service[103164]: DEBUG placement.handlers.allocation [req-b5ce606b-5e85-401e-8ff9-0acd61f09f5f req-2cea3789-f5ef-4fb1-8b85-e7a6f700d51f service placement] Successfully deleted allocations [, , ] {{(pid=103164) delete_allocations /opt/stack/placement/placement/handlers/allocation.py:627}}
Nov 16 11:36:49.077397 n-d-816823-3 devstack@placement-api.service[103164]: INFO placement.requestlog [req-b5ce606b-5e85-401e-8ff9-0acd61f09f5f req-2cea3789-f5ef-4fb1-8b85-e7a6f700d51f service placement] 10.222.0.64 "DELETE /placement/allocations/697dd75c-814d-4172-a1cb-ec9253d42b5f" status: 204 len: 0 microversion: 1.0
Nov 16 11:36:49.077823 n-d-816823-3 devstack@placement-api.service[103164]: [pid: 103164|app: 0|req: 452/897] 10.222.0.64 () {60 vars in 1355 bytes} [Tue Nov 16 11:36:49 2021] DELETE /placement/allocations/697dd75c-814d-4172-a1cb-ec9253d42b5f => generated 0 bytes in 39 msecs (HTTP/1.1 204) 5 headers in 198 bytes (2 switches on core 0)
Nov 16 11:36:49.517857 n-d-816823-3 devstack@placement-api.service[103163]: DEBUG placement.requestlog [req-8fff9100-324f-4cc4-ab94-f1dfbec60f94 req-13ed8a12-bad6-4c0d-b14a-73e4032dc60d None None] Starting request: 10.222.0.36 "GET /placement/resource_providers/eedb981c-6648-4cb8-8c1b-a63313114b1d/allocations" {{(pid=103163) __call__ /opt/stack/placement/placement/requestlog.py:55}}
Nov 16 11:36:49.541361 n-d-816823-3 devstack@placement-api.service[103163]: INFO placement.requestlog [req-8fff9100-324f-4cc4-ab94-f1dfbec60f94 req-13ed8a12-bad6-4c0d-b14a-73e4032dc60d service placement] 10.222.0.36 "GET /placement/resource_providers/eedb981c-6648-4cb8-8c1b-a63313114b1d/allocations" status: 200 len: 457 microversion: 1.0
Nov 16 11:36:49.541718 n-d-816823-3 devstack@placement-api.service[103163]: [pid: 103163|app: 0|req: 446/898] 10.222.0.36 () {58 vars in 1390 bytes} [Tue Nov 16 11:36:49 2021] GET /placement/resource_providers/eedb981c-6648-4cb8-8c1b-a63313114b1d/allocations => generated 457 bytes in 24 msecs (HTTP/1.1 200) 6 headers in 224 bytes (2 switches on core 0)
Nov 16 11:36:50.210399 n-d-816823-3 devstack@placement-api.service[103164]: DEBUG placement.requestlog [req-a97812b0-ccd4-46a9-8d0b-4552b0c97b38 req-1e5e7710-be1e-43d1-9b28-448a2cd322c8 None None] Starting request: 10.222.0.64 "GET /placement/resource_providers/c5fa2b96-0ca2-45af-9af1-3037f9d3783a/allocations" {{(pid=103164) __call__ /opt/stack/placement/placement/requestlog.py:55}}
Nov 16 11:36:50.238389 n-d-816823-3 devstack@placement-api.service[103164]: INFO placement.requestlog [req-a97812b0-ccd4-46a9-8d0b-4552b0c97b38 req-1e5e7710-be1e-43d1-9b28-448a2cd322c8 service placement] 10.222.0.64 "GET /placement/resource_providers/c5fa2b96-0ca2-45af-9af1-3037f9d3783a/allocations" status: 200 len: 357 microversion: 1.0
Nov 16 11:36:50.238850 n-d-816823-3 devstack@placement-api.service[103164]: [pid: 103164|app: 0|req: 453/899] 10.222.0.64 () {58 vars in 1390 bytes} [Tue Nov 16 11:36:50 2021] GET /placement/resource_providers/c5fa2b96-0ca2-45af-9af1-3037f9d3783a/allocations => generated 357 bytes in 29 msecs (HTTP/1.1 200) 6 headers in 224 bytes (1 switches on core 0)
Nov 16 11:36:57.773645 n-d-816823-3 devstack@placement-api.service[103163]: DEBUG placement.requestlog [req-077cd16d-65d3-4f5c-a07c-86117aacf875 req-4da62ab7-0273-49c6-909b-e2bb1fb22f7d None None] Starting request: 10.222.0.36 "DELETE /placement/allocations/37da0729-5628-410b-a865-cf2743b02f2c" {{(pid=103163) __call__ /opt/stack/placement/placement/requestlog.py:55}}
Nov 16 11:36:57.812154 n-d-816823-3 devstack@placement-api.service[103163]: DEBUG placement.handlers.allocation [req-077cd16d-65d3-4f5c-a07c-86117aacf875 req-4da62ab7-0273-49c6-909b-e2bb1fb22f7d service placement] Successfully deleted allocations [, , ] {{(pid=103163) delete_allocations /opt/stack/placement/placement/handlers/allocation.py:627}}
Nov 16 11:36:57.814358 n-d-816823-3 devstack@placement-api.service[103163]: INFO placement.requestlog [req-077cd16d-65d3-4f5c-a07c-86117aacf875 req-4da62ab7-0273-49c6-909b-e2bb1fb22f7d service placement] 10.222.0.36 "DELETE /placement/allocations/37da0729-5628-410b-a865-cf2743b02f2c" status: 204 len: 0 microversion: 1.0
Nov 16 11:36:57.815271 n-d-816823-3 devstack@placement-api.service[103163]: [pid: 103163|app: 0|req: 447/900] 10.222.0.36 () {60 vars in 1355 bytes} [Tue Nov 16 11:36:57 2021] DELETE /placement/allocations/37da0729-5628-410b-a865-cf2743b02f2c => generated 0 bytes in 42 msecs (HTTP/1.1 204) 5 headers in 198 bytes (1 switches on core 0)
Nov 16 11:37:02.838148 n-d-816823-3 devstack@placement-api.service[103164]: DEBUG placement.requestlog [req-5c9688b3-53a0-454a-835f-5ae99b6d7a36 req-344e1be7-4d73-4059-b1fb-f375e1242531 None None] Starting request: 10.222.0.36 "GET /placement/allocations/e9a750cd-f69d-49c7-9358-00408ecef147" {{(pid=103164) __call__ /opt/stack/placement/placement/requestlog.py:55}}
Nov 16 11:37:02.878861 n-d-816823-3 devstack@placement-api.service[103164]: INFO placement.requestlog [req-5c9688b3-53a0-454a-835f-5ae99b6d7a36 req-344e1be7-4d73-4059-b1fb-f375e1242531 service placement] 10.222.0.36 "GET /placement/allocations/e9a750cd-f69d-49c7-9358-00408ecef147" status: 200 len: 259 microversion: 1.28
Nov 16 11:37:02.879095 n-d-816823-3 devstack@placement-api.service[103164]: [pid: 103164|app: 0|req: 454/901] 10.222.0.36 () {60 vars in 1377 bytes} [Tue Nov 16 11:37:02 2021] GET /placement/allocations/e9a750cd-f69d-49c7-9358-00408ecef147 => generated 259 bytes in 41 msecs (HTTP/1.1 200) 8 headers in 296 bytes (1 switches on core 0)
Nov 16 11:37:03.581874 n-d-816823-3 devstack@placement-api.service[103163]: DEBUG placement.requestlog [req-7b730b46-b661-45bd-92fc-1669be5d79a4 req-b87bbbc7-ef8d-40d3-8584-a57add7f2b0b None None] Starting request: 10.222.0.64 "DELETE /placement/allocations/dd083d3a-0402-4ed5-9f0a-5800d1598f35" {{(pid=103163) __call__ /opt/stack/placement/placement/requestlog.py:55}}
Nov 16 11:37:03.653861 n-d-816823-3 devstack@placement-api.service[103163]: DEBUG placement.handlers.allocation [req-7b730b46-b661-45bd-92fc-1669be5d79a4 req-b87bbbc7-ef8d-40d3-8584-a57add7f2b0b service placement] Successfully deleted allocations [, , ] {{(pid=103163) delete_allocations /opt/stack/placement/placement/handlers/allocation.py:627}}
Nov 16 11:37:03.654770 n-d-816823-3 devstack@placement-api.service[103163]: INFO placement.requestlog [req-7b730b46-b661-45bd-92fc-1669be5d79a4 req-b87bbbc7-ef8d-40d3-8584-a57add7f2b0b service placement] 10.222.0.64 "DELETE /placement/allocations/dd083d3a-0402-4ed5-9f0a-5800d1598f35" status: 204 len: 0 microversion: 1.0
Nov 16 11:37:03.656025 n-d-816823-3 devstack@placement-api.service[103163]: [pid: 103163|app: 0|req: 448/902] 10.222.0.64 () {60 vars in 1355 bytes} [Tue Nov 16 11:37:03 2021] DELETE /placement/allocations/dd083d3a-0402-4ed5-9f0a-5800d1598f35 => generated 0 bytes in 74 msecs (HTTP/1.1 204) 5 headers in 198 bytes (1 switches on core 0)
Nov 16 11:37:10.087395 n-d-816823-3 devstack@placement-api.service[103164]: DEBUG placement.requestlog [req-1b1abd2c-55f3-4682-a0f9-f672633e3883 req-a6e406c6-06e2-4d38-ac98-27e74b8fb9f3 None None] Starting request: 10.222.0.64 "GET /placement/allocations/307be3d4-98d0-4939-bd6b-c74e20a2feea" {{(pid=103164) __call__ /opt/stack/placement/placement/requestlog.py:55}}
Nov 16 11:37:10.108002 n-d-816823-3 devstack@placement-api.service[103164]: INFO placement.requestlog [req-1b1abd2c-55f3-4682-a0f9-f672633e3883 req-a6e406c6-06e2-4d38-ac98-27e74b8fb9f3 service placement] 10.222.0.64 "GET /placement/allocations/307be3d4-98d0-4939-bd6b-c74e20a2feea" status: 200 len: 260 microversion: 1.28
Nov 16 11:37:10.108705 n-d-816823-3 devstack@placement-api.service[103164]: [pid: 103164|app: 0|req: 455/903] 10.222.0.64 () {60 vars in 1377 bytes} [Tue Nov 16 11:37:10 2021] GET /placement/allocations/307be3d4-98d0-4939-bd6b-c74e20a2feea => generated 260 bytes in 21 msecs (HTTP/1.1 200) 8 headers in 296 bytes (1 switches on core 0)
Nov 16 11:37:10.140265 n-d-816823-3 devstack@placement-api.service[103163]: DEBUG placement.requestlog [req-1b1abd2c-55f3-4682-a0f9-f672633e3883 req-a48ed8cf-7454-4d1f-b6f6-121e923cb0bf None None] Starting request: 10.222.0.64 "PUT /placement/allocations/307be3d4-98d0-4939-bd6b-c74e20a2feea" {{(pid=103163) __call__ /opt/stack/placement/placement/requestlog.py:55}}
Nov 16 11:37:10.195499 n-d-816823-3 devstack@placement-api.service[103163]: DEBUG placement.handlers.allocation [req-1b1abd2c-55f3-4682-a0f9-f672633e3883 req-a48ed8cf-7454-4d1f-b6f6-121e923cb0bf service placement] Successfully wrote allocations [, , ] {{(pid=103163) _update_consumers_and_create_allocations /opt/stack/placement/placement/handlers/allocation.py:462}}
Nov 16 11:37:10.203152 n-d-816823-3 devstack@placement-api.service[103163]: INFO placement.requestlog [req-1b1abd2c-55f3-4682-a0f9-f672633e3883 req-a48ed8cf-7454-4d1f-b6f6-121e923cb0bf service placement] 10.222.0.64 "PUT /placement/allocations/307be3d4-98d0-4939-bd6b-c74e20a2feea" status: 204 len: 0 microversion: 1.28
Nov 16 11:37:10.203458 n-d-816823-3 devstack@placement-api.service[103163]: [pid: 103163|app: 0|req: 449/904] 10.222.0.64 () {64 vars in 1430 bytes} [Tue Nov 16 11:37:10 2021] PUT /placement/allocations/307be3d4-98d0-4939-bd6b-c74e20a2feea => generated 0 bytes in 63 msecs (HTTP/1.1 204) 5 headers in 199 bytes (2 switches on core 0)
Nov 16 11:37:17.334227 n-d-816823-3 devstack@placement-api.service[103164]: DEBUG placement.requestlog [req-22e9134d-51bb-4952-b0d2-acd0f196528d req-ebec8f5b-e099-4d6b-8e8b-c13b0e2a3253 None None] Starting request: 10.222.0.61 "GET /placement/allocation_candidates?limit=1000&resources=DISK_GB%3A1%2CMEMORY_MB%3A1024%2CVCPU%3A1&root_required=%21COMPUTE_STATUS_DISABLED" {{(pid=103164) __call__ /opt/stack/placement/placement/requestlog.py:55}}
Nov 16 11:37:17.382742 n-d-816823-3 devstack@placement-api.service[103164]: DEBUG placement.objects.research_context [req-22e9134d-51bb-4952-b0d2-acd0f196528d req-ebec8f5b-e099-4d6b-8e8b-c13b0e2a3253 service placement] getting providers with 1 DISK_GB {{(pid=103164) __init__ /opt/stack/placement/placement/objects/research_context.py:126}}
Nov 16 11:37:17.388707 n-d-816823-3 devstack@placement-api.service[103164]: DEBUG placement.objects.research_context [req-22e9134d-51bb-4952-b0d2-acd0f196528d req-ebec8f5b-e099-4d6b-8e8b-c13b0e2a3253 service placement] getting providers with 1024 MEMORY_MB {{(pid=103164) __init__ /opt/stack/placement/placement/objects/research_context.py:126}}
Nov 16 11:37:17.394690 n-d-816823-3 devstack@placement-api.service[103164]: DEBUG placement.objects.research_context [req-22e9134d-51bb-4952-b0d2-acd0f196528d req-ebec8f5b-e099-4d6b-8e8b-c13b0e2a3253 service placement] getting providers with 1 VCPU {{(pid=103164) __init__ /opt/stack/placement/placement/objects/research_context.py:126}}
Nov 16 11:37:17.410581 n-d-816823-3 devstack@placement-api.service[103164]: DEBUG placement.objects.research_context [req-22e9134d-51bb-4952-b0d2-acd0f196528d req-ebec8f5b-e099-4d6b-8e8b-c13b0e2a3253 service placement] found 2 providers with available 1 DISK_GB {{(pid=103164) get_provider_ids_matching /opt/stack/placement/placement/objects/research_context.py:549}}
Nov 16 11:37:17.411073 n-d-816823-3 devstack@placement-api.service[103164]: DEBUG placement.objects.research_context [req-22e9134d-51bb-4952-b0d2-acd0f196528d req-ebec8f5b-e099-4d6b-8e8b-c13b0e2a3253 service placement] found 2 providers with available 1024 MEMORY_MB {{(pid=103164) get_provider_ids_matching /opt/stack/placement/placement/objects/research_context.py:549}}
Nov 16 11:37:17.411638 n-d-816823-3 devstack@placement-api.service[103164]: DEBUG placement.objects.research_context [req-22e9134d-51bb-4952-b0d2-acd0f196528d req-ebec8f5b-e099-4d6b-8e8b-c13b0e2a3253 service placement] found 2 providers after filtering by previous result {{(pid=103164) get_provider_ids_matching /opt/stack/placement/placement/objects/research_context.py:580}}
Nov 16 11:37:17.412047 n-d-816823-3 devstack@placement-api.service[103164]: DEBUG placement.objects.research_context [req-22e9134d-51bb-4952-b0d2-acd0f196528d req-ebec8f5b-e099-4d6b-8e8b-c13b0e2a3253 service placement] found 2 providers with available 1 VCPU {{(pid=103164) get_provider_ids_matching /opt/stack/placement/placement/objects/research_context.py:549}}
Nov 16 11:37:17.412443 n-d-816823-3 devstack@placement-api.service[103164]: DEBUG placement.objects.research_context [req-22e9134d-51bb-4952-b0d2-acd0f196528d req-ebec8f5b-e099-4d6b-8e8b-c13b0e2a3253 service placement] found 2 providers after filtering by previous result {{(pid=103164) get_provider_ids_matching /opt/stack/placement/placement/objects/research_context.py:580}}
Nov 16 11:37:17.425725 n-d-816823-3 devstack@placement-api.service[103164]: DEBUG placement.objects.allocation_candidate [req-22e9134d-51bb-4952-b0d2-acd0f196528d req-ebec8f5b-e099-4d6b-8e8b-c13b0e2a3253 service placement] RequestGroup(use_same_provider=False, resources={DISK_GB:1, MEMORY_MB:1024, VCPU:1}, traits=[], aggregates=[]) (suffix '') returned 2 matches {{(pid=103164) _get_by_requests /opt/stack/placement/placement/objects/allocation_candidate.py:145}}
Nov 16 11:37:17.426368 n-d-816823-3 devstack@placement-api.service[103164]: DEBUG placement.objects.allocation_candidate [req-22e9134d-51bb-4952-b0d2-acd0f196528d req-ebec8f5b-e099-4d6b-8e8b-c13b0e2a3253 service placement] Merging candidates yields 2 allocation requests and 2 provider summaries {{(pid=103164) _merge_candidates /opt/stack/placement/placement/objects/allocation_candidate.py:783}}
Nov 16 11:37:17.431786 n-d-816823-3 devstack@placement-api.service[103164]: INFO placement.requestlog [req-22e9134d-51bb-4952-b0d2-acd0f196528d req-ebec8f5b-e099-4d6b-8e8b-c13b0e2a3253 service placement] 10.222.0.61 "GET /placement/allocation_candidates?limit=1000&resources=DISK_GB%3A1%2CMEMORY_MB%3A1024%2CVCPU%3A1&root_required=%21COMPUTE_STATUS_DISABLED" status: 200 len: 1309 microversion: 1.36
Nov 16 11:37:17.435780 n-d-816823-3 devstack@placement-api.service[103164]: [pid: 103164|app: 0|req: 456/905] 10.222.0.61 () {60 vars in 1506 bytes} [Tue Nov 16 11:37:17 2021] GET /placement/allocation_candidates?limit=1000&resources=DISK_GB%3A1%2CMEMORY_MB%3A1024%2CVCPU%3A1&root_required=%21COMPUTE_STATUS_DISABLED => generated 1309 bytes in 103 msecs (HTTP/1.1 200) 8 headers in 297 bytes (1 switches on core 0)
Nov 16 11:37:17.492780 n-d-816823-3 devstack@placement-api.service[103163]: DEBUG placement.requestlog [req-22e9134d-51bb-4952-b0d2-acd0f196528d req-669a7004-e406-42d5-a02a-bc05156d593b None None] Starting request: 10.222.0.61 "GET /placement/allocations/d410c72e-4faa-4cfc-8d2e-0a2ce83a1277" {{(pid=103163) __call__ /opt/stack/placement/placement/requestlog.py:55}}
Nov 16 11:37:17.504716 n-d-816823-3 devstack@placement-api.service[103163]: INFO placement.requestlog [req-22e9134d-51bb-4952-b0d2-acd0f196528d req-669a7004-e406-42d5-a02a-bc05156d593b service placement] 10.222.0.61 "GET /placement/allocations/d410c72e-4faa-4cfc-8d2e-0a2ce83a1277" status: 200 len: 19 microversion: 1.28
Nov 16 11:37:17.505610 n-d-816823-3 devstack@placement-api.service[103163]: [pid: 103163|app: 0|req: 450/906] 10.222.0.61 () {60 vars in 1380 bytes} [Tue Nov 16 11:37:17 2021] GET /placement/allocations/d410c72e-4faa-4cfc-8d2e-0a2ce83a1277 => generated 19 bytes in 13 msecs (HTTP/1.1 200) 8 headers in 295 bytes (1 switches on core 0)
Nov 16 11:37:17.512853 n-d-816823-3 devstack@placement-api.service[103164]: DEBUG placement.requestlog [req-22e9134d-51bb-4952-b0d2-acd0f196528d req-6e37ede8-a1ce-46ab-a372-7583b9e5f247 None None] Starting request: 10.222.0.61 "PUT /placement/allocations/d410c72e-4faa-4cfc-8d2e-0a2ce83a1277" {{(pid=103164) __call__ /opt/stack/placement/placement/requestlog.py:55}}
Nov 16 11:37:17.584979 n-d-816823-3 devstack@placement-api.service[103164]: DEBUG placement.handlers.allocation [req-22e9134d-51bb-4952-b0d2-acd0f196528d req-6e37ede8-a1ce-46ab-a372-7583b9e5f247 service placement] Successfully wrote allocations [, , ] {{(pid=103164) _update_consumers_and_create_allocations /opt/stack/placement/placement/handlers/allocation.py:462}}
Nov 16 11:37:17.590446 n-d-816823-3 devstack@placement-api.service[103164]: INFO placement.requestlog [req-22e9134d-51bb-4952-b0d2-acd0f196528d req-6e37ede8-a1ce-46ab-a372-7583b9e5f247 service placement] 10.222.0.61 "PUT /placement/allocations/d410c72e-4faa-4cfc-8d2e-0a2ce83a1277" status: 204 len: 0 microversion: 1.36
Nov 16 11:37:17.591759 n-d-816823-3 devstack@placement-api.service[103164]: [pid: 103164|app: 0|req: 457/907] 10.222.0.61 () {64 vars in 1433 bytes} [Tue Nov 16 11:37:17 2021] PUT /placement/allocations/d410c72e-4faa-4cfc-8d2e-0a2ce83a1277 => generated 0 bytes in 79 msecs (HTTP/1.1 204) 5 headers in 199 bytes (1 switches on core 0)
Nov 16 11:37:17.925758 n-d-816823-3 devstack@placement-api.service[103163]: DEBUG placement.requestlog [req-22e9134d-51bb-4952-b0d2-acd0f196528d req-c4ae307d-1b1f-430c-b8e7-4b55253b7b26 None None] Starting request: 10.222.0.36 "GET /placement/allocations/d410c72e-4faa-4cfc-8d2e-0a2ce83a1277" {{(pid=103163) __call__ /opt/stack/placement/placement/requestlog.py:55}}
Nov 16 11:37:17.939950 n-d-816823-3 devstack@placement-api.service[103163]: INFO placement.requestlog [req-22e9134d-51bb-4952-b0d2-acd0f196528d req-c4ae307d-1b1f-430c-b8e7-4b55253b7b26 service placement] 10.222.0.36 "GET /placement/allocations/d410c72e-4faa-4cfc-8d2e-0a2ce83a1277" status: 200 len: 259 microversion: 1.28
Nov 16 11:37:17.940324 n-d-816823-3 devstack@placement-api.service[103163]: [pid: 103163|app: 0|req: 451/908] 10.222.0.36 () {60 vars in 1377 bytes} [Tue Nov 16 11:37:17 2021] GET /placement/allocations/d410c72e-4faa-4cfc-8d2e-0a2ce83a1277 => generated 259 bytes in 15 msecs (HTTP/1.1 200) 8 headers in 296 bytes (1 switches on core 0)
Nov 16 11:37:18.179105 n-d-816823-3 devstack@placement-api.service[103164]: DEBUG placement.requestlog [req-c48fd0ba-e94d-4591-8790-e0c5bba33d48 req-7dc7de1c-f75c-41e9-b535-12c1f1567ec7 None None] Starting request: 10.222.0.61 "GET /placement/allocation_candidates?limit=1000&resources=DISK_GB%3A1%2CMEMORY_MB%3A1024%2CVCPU%3A1&root_required=%21COMPUTE_STATUS_DISABLED" {{(pid=103164) __call__ /opt/stack/placement/placement/requestlog.py:55}}
Nov 16 11:37:18.213699 n-d-816823-3 devstack@placement-api.service[103164]: DEBUG placement.objects.research_context [req-c48fd0ba-e94d-4591-8790-e0c5bba33d48 req-7dc7de1c-f75c-41e9-b535-12c1f1567ec7 service placement] getting providers with 1 DISK_GB {{(pid=103164) __init__ /opt/stack/placement/placement/objects/research_context.py:126}}
Nov 16 11:37:18.221494 n-d-816823-3 devstack@placement-api.service[103164]: DEBUG placement.objects.research_context [req-c48fd0ba-e94d-4591-8790-e0c5bba33d48 req-7dc7de1c-f75c-41e9-b535-12c1f1567ec7 service placement] getting providers with 1024 MEMORY_MB {{(pid=103164) __init__ /opt/stack/placement/placement/objects/research_context.py:126}}
Nov 16 11:37:18.231303 n-d-816823-3 devstack@placement-api.service[103164]: DEBUG placement.objects.research_context [req-c48fd0ba-e94d-4591-8790-e0c5bba33d48 req-7dc7de1c-f75c-41e9-b535-12c1f1567ec7 service placement] getting providers with 1 VCPU {{(pid=103164) __init__ /opt/stack/placement/placement/objects/research_context.py:126}}
Nov 16 11:37:18.242116 n-d-816823-3 devstack@placement-api.service[103164]: DEBUG placement.objects.research_context [req-c48fd0ba-e94d-4591-8790-e0c5bba33d48 req-7dc7de1c-f75c-41e9-b535-12c1f1567ec7 service placement] found 2 providers with available 1 DISK_GB {{(pid=103164) get_provider_ids_matching /opt/stack/placement/placement/objects/research_context.py:549}}
Nov 16 11:37:18.242116 n-d-816823-3 devstack@placement-api.service[103164]: DEBUG placement.objects.research_context [req-c48fd0ba-e94d-4591-8790-e0c5bba33d48 req-7dc7de1c-f75c-41e9-b535-12c1f1567ec7 service placement] found 2 providers with available 1024 MEMORY_MB {{(pid=103164) get_provider_ids_matching /opt/stack/placement/placement/objects/research_context.py:549}}
Nov 16 11:37:18.242116 n-d-816823-3 devstack@placement-api.service[103164]: DEBUG placement.objects.research_context [req-c48fd0ba-e94d-4591-8790-e0c5bba33d48 req-7dc7de1c-f75c-41e9-b535-12c1f1567ec7 service placement] found 2 providers after filtering by previous result {{(pid=103164) get_provider_ids_matching /opt/stack/placement/placement/objects/research_context.py:580}}
Nov 16 11:37:18.242116 n-d-816823-3 devstack@placement-api.service[103164]: DEBUG placement.objects.research_context [req-c48fd0ba-e94d-4591-8790-e0c5bba33d48 req-7dc7de1c-f75c-41e9-b535-12c1f1567ec7 service placement] found 2 providers with available 1 VCPU {{(pid=103164) get_provider_ids_matching /opt/stack/placement/placement/objects/research_context.py:549}}
Nov 16 11:37:18.242116 n-d-816823-3 devstack@placement-api.service[103164]: DEBUG placement.objects.research_context [req-c48fd0ba-e94d-4591-8790-e0c5bba33d48 req-7dc7de1c-f75c-41e9-b535-12c1f1567ec7 service placement] found 2 providers after filtering by previous result {{(pid=103164) get_provider_ids_matching /opt/stack/placement/placement/objects/research_context.py:580}}
Nov 16 11:37:18.252655 n-d-816823-3 devstack@placement-api.service[103164]: DEBUG placement.objects.allocation_candidate [req-c48fd0ba-e94d-4591-8790-e0c5bba33d48 req-7dc7de1c-f75c-41e9-b535-12c1f1567ec7 service placement] RequestGroup(use_same_provider=False, resources={DISK_GB:1, MEMORY_MB:1024, VCPU:1}, traits=[], aggregates=[]) (suffix '') returned 2 matches {{(pid=103164) _get_by_requests /opt/stack/placement/placement/objects/allocation_candidate.py:145}}
Nov 16 11:37:18.253003 n-d-816823-3 devstack@placement-api.service[103164]: DEBUG placement.objects.allocation_candidate [req-c48fd0ba-e94d-4591-8790-e0c5bba33d48 req-7dc7de1c-f75c-41e9-b535-12c1f1567ec7 service placement] Merging candidates yields 2 allocation requests and 2 provider summaries {{(pid=103164) _merge_candidates /opt/stack/placement/placement/objects/allocation_candidate.py:783}}
Nov 16 11:37:18.255403 n-d-816823-3 devstack@placement-api.service[103164]: INFO placement.requestlog [req-c48fd0ba-e94d-4591-8790-e0c5bba33d48 req-7dc7de1c-f75c-41e9-b535-12c1f1567ec7 service placement] 10.222.0.61 "GET /placement/allocation_candidates?limit=1000&resources=DISK_GB%3A1%2CMEMORY_MB%3A1024%2CVCPU%3A1&root_required=%21COMPUTE_STATUS_DISABLED" status: 200 len: 1309 microversion: 1.36
Nov 16 11:37:18.255640 n-d-816823-3 devstack@placement-api.service[103164]: [pid: 103164|app: 0|req: 458/909] 10.222.0.61 () {60 vars in 1506 bytes} [Tue Nov 16 11:37:18 2021] GET /placement/allocation_candidates?limit=1000&resources=DISK_GB%3A1%2CMEMORY_MB%3A1024%2CVCPU%3A1&root_required=%21COMPUTE_STATUS_DISABLED => generated 1309 bytes in 77 msecs (HTTP/1.1 200) 8 headers in 297 bytes (2 switches on core 0)
Nov 16 11:37:18.316263 n-d-816823-3 devstack@placement-api.service[103163]: DEBUG placement.requestlog [req-c48fd0ba-e94d-4591-8790-e0c5bba33d48 req-1ba60c05-7d72-4e16-8a28-e0532a583276 None None] Starting request: 10.222.0.61 "GET /placement/allocations/298f14f8-db7b-4111-a599-f1d2ab7cb321" {{(pid=103163) __call__ /opt/stack/placement/placement/requestlog.py:55}}
Nov 16 11:37:18.333028 n-d-816823-3 devstack@placement-api.service[103163]: INFO placement.requestlog [req-c48fd0ba-e94d-4591-8790-e0c5bba33d48 req-1ba60c05-7d72-4e16-8a28-e0532a583276 service placement] 10.222.0.61 "GET /placement/allocations/298f14f8-db7b-4111-a599-f1d2ab7cb321" status: 200 len: 19 microversion: 1.28
Nov 16 11:37:18.334514 n-d-816823-3 devstack@placement-api.service[103163]: [pid: 103163|app: 0|req: 452/910] 10.222.0.61 () {60 vars in 1380 bytes} [Tue Nov 16 11:37:18 2021] GET /placement/allocations/298f14f8-db7b-4111-a599-f1d2ab7cb321 => generated 19 bytes in 18 msecs (HTTP/1.1 200) 8 headers in 295 bytes (2 switches on core 0)
Nov 16 11:37:18.343322 n-d-816823-3 devstack@placement-api.service[103164]: DEBUG placement.requestlog [req-c48fd0ba-e94d-4591-8790-e0c5bba33d48 req-b42d8093-3d07-4494-954f-af46d9b9c0fb None None] Starting request: 10.222.0.61 "PUT /placement/allocations/298f14f8-db7b-4111-a599-f1d2ab7cb321" {{(pid=103164) __call__ /opt/stack/placement/placement/requestlog.py:55}}
Nov 16 11:37:18.431332 n-d-816823-3 devstack@placement-api.service[103164]: DEBUG placement.handlers.allocation [req-c48fd0ba-e94d-4591-8790-e0c5bba33d48 req-b42d8093-3d07-4494-954f-af46d9b9c0fb service placement] Successfully wrote allocations [, , ] {{(pid=103164) _update_consumers_and_create_allocations /opt/stack/placement/placement/handlers/allocation.py:462}}
