Feb 11 13:18:39.330525 n-d-816488-1 devstack@placement-api.service[103489]: DEBUG placement.requestlog [req-65c3707c-f5bf-4afe-9760-0fafe8d1a3d1 req-60da85f9-0841-4f27-9b99-b0a34c096916 None None] Starting request: 10.222.0.52 "GET /placement/allocation_candidates?limit=1000&resources=DISK_GB%3A1%2CMEMORY_MB%3A512%2CVCPU%3A1&root_required=%21COMPUTE_STATUS_DISABLED" {{(pid=103489) __call__ /opt/stack/placement/placement/requestlog.py:55}}
Feb 11 13:18:39.392784 n-d-816488-1 devstack@placement-api.service[103489]: DEBUG placement.objects.research_context [req-65c3707c-f5bf-4afe-9760-0fafe8d1a3d1 req-60da85f9-0841-4f27-9b99-b0a34c096916 service placement] getting providers with 1 DISK_GB {{(pid=103489) __init__ /opt/stack/placement/placement/objects/research_context.py:126}}
Feb 11 13:18:39.399768 n-d-816488-1 devstack@placement-api.service[103489]: DEBUG placement.objects.research_context [req-65c3707c-f5bf-4afe-9760-0fafe8d1a3d1 req-60da85f9-0841-4f27-9b99-b0a34c096916 service placement] getting providers with 512 MEMORY_MB {{(pid=103489) __init__ /opt/stack/placement/placement/objects/research_context.py:126}}
Feb 11 13:18:39.414793 n-d-816488-1 devstack@placement-api.service[103489]: DEBUG placement.objects.research_context [req-65c3707c-f5bf-4afe-9760-0fafe8d1a3d1 req-60da85f9-0841-4f27-9b99-b0a34c096916 service placement] getting providers with 1 VCPU {{(pid=103489) __init__ /opt/stack/placement/placement/objects/research_context.py:126}}
Feb 11 13:18:39.431041 n-d-816488-1 devstack@placement-api.service[103489]: DEBUG placement.objects.research_context [req-65c3707c-f5bf-4afe-9760-0fafe8d1a3d1 req-60da85f9-0841-4f27-9b99-b0a34c096916 service placement] found 2 providers with available 1 DISK_GB {{(pid=103489) get_provider_ids_matching /opt/stack/placement/placement/objects/research_context.py:549}}
Feb 11 13:18:39.431318 n-d-816488-1 devstack@placement-api.service[103489]: DEBUG placement.objects.research_context [req-65c3707c-f5bf-4afe-9760-0fafe8d1a3d1 req-60da85f9-0841-4f27-9b99-b0a34c096916 service placement] found 2 providers with available 512 MEMORY_MB {{(pid=103489) get_provider_ids_matching /opt/stack/placement/placement/objects/research_context.py:549}}
Feb 11 13:18:39.431595 n-d-816488-1 devstack@placement-api.service[103489]: DEBUG placement.objects.research_context [req-65c3707c-f5bf-4afe-9760-0fafe8d1a3d1 req-60da85f9-0841-4f27-9b99-b0a34c096916 service placement] found 2 providers after filtering by previous result {{(pid=103489) get_provider_ids_matching /opt/stack/placement/placement/objects/research_context.py:580}}
Feb 11 13:18:39.431915 n-d-816488-1 devstack@placement-api.service[103489]: DEBUG placement.objects.research_context [req-65c3707c-f5bf-4afe-9760-0fafe8d1a3d1 req-60da85f9-0841-4f27-9b99-b0a34c096916 service placement] found 2 providers with available 1 VCPU {{(pid=103489) get_provider_ids_matching /opt/stack/placement/placement/objects/research_context.py:549}}
Feb 11 13:18:39.432180 n-d-816488-1 devstack@placement-api.service[103489]: DEBUG placement.objects.research_context [req-65c3707c-f5bf-4afe-9760-0fafe8d1a3d1 req-60da85f9-0841-4f27-9b99-b0a34c096916 service placement] found 2 providers after filtering by previous result {{(pid=103489) get_provider_ids_matching /opt/stack/placement/placement/objects/research_context.py:580}}
Feb 11 13:18:39.457173 n-d-816488-1 devstack@placement-api.service[103489]: DEBUG placement.objects.allocation_candidate [req-65c3707c-f5bf-4afe-9760-0fafe8d1a3d1 req-60da85f9-0841-4f27-9b99-b0a34c096916 service placement] RequestGroup(use_same_provider=False, resources={DISK_GB:1, MEMORY_MB:512, VCPU:1}, traits=[], aggregates=[]) (suffix '') returned 2 matches {{(pid=103489) _get_by_requests /opt/stack/placement/placement/objects/allocation_candidate.py:145}}
Feb 11 13:18:39.457547 n-d-816488-1 devstack@placement-api.service[103489]: DEBUG placement.objects.allocation_candidate [req-65c3707c-f5bf-4afe-9760-0fafe8d1a3d1 req-60da85f9-0841-4f27-9b99-b0a34c096916 service placement] Merging candidates yields 2 allocation requests and 2 provider summaries {{(pid=103489) _merge_candidates /opt/stack/placement/placement/objects/allocation_candidate.py:783}}
Feb 11 13:18:39.459163 n-d-816488-1 devstack@placement-api.service[103489]: INFO placement.requestlog [req-65c3707c-f5bf-4afe-9760-0fafe8d1a3d1 req-60da85f9-0841-4f27-9b99-b0a34c096916 service placement] 10.222.0.52 "GET /placement/allocation_candidates?limit=1000&resources=DISK_GB%3A1%2CMEMORY_MB%3A512%2CVCPU%3A1&root_required=%21COMPUTE_STATUS_DISABLED" status: 200 len: 1310 microversion: 1.36
Feb 11 13:18:39.463548 n-d-816488-1 devstack@placement-api.service[103489]: [pid: 103489|app: 0|req: 126/249] 10.222.0.52 () {60 vars in 1504 bytes} [Fri Feb 11 13:18:39 2022] GET /placement/allocation_candidates?limit=1000&resources=DISK_GB%3A1%2CMEMORY_MB%3A512%2CVCPU%3A1&root_required=%21COMPUTE_STATUS_DISABLED => generated 1310 bytes in 133 msecs (HTTP/1.1 200) 8 headers in 297 bytes (1 switches on core 0)
Feb 11 13:18:39.534489 n-d-816488-1 devstack@placement-api.service[103488]: DEBUG placement.requestlog [req-65c3707c-f5bf-4afe-9760-0fafe8d1a3d1 req-0d1502c8-1f7f-429b-a5e8-4ce85c6ac459 None None] Starting request: 10.222.0.52 "GET /placement/allocations/4ad89c1a-d190-46eb-bc6e-f33844abdcf2" {{(pid=103488) __call__ /opt/stack/placement/placement/requestlog.py:55}}
Feb 11 13:18:39.553366 n-d-816488-1 devstack@placement-api.service[103488]: INFO placement.requestlog [req-65c3707c-f5bf-4afe-9760-0fafe8d1a3d1 req-0d1502c8-1f7f-429b-a5e8-4ce85c6ac459 service placement] 10.222.0.52 "GET /placement/allocations/4ad89c1a-d190-46eb-bc6e-f33844abdcf2" status: 200 len: 19 microversion: 1.28
Feb 11 13:18:39.554019 n-d-816488-1 devstack@placement-api.service[103488]: [pid: 103488|app: 0|req: 124/250] 10.222.0.52 () {60 vars in 1380 bytes} [Fri Feb 11 13:18:39 2022] GET /placement/allocations/4ad89c1a-d190-46eb-bc6e-f33844abdcf2 => generated 19 bytes in 20 msecs (HTTP/1.1 200) 8 headers in 295 bytes (1 switches on core 0)
Feb 11 13:18:39.561234 n-d-816488-1 devstack@placement-api.service[103489]: DEBUG placement.requestlog [req-65c3707c-f5bf-4afe-9760-0fafe8d1a3d1 req-e1d8c08d-72c5-4251-98da-fbd640115a41 None None] Starting request: 10.222.0.52 "PUT /placement/allocations/4ad89c1a-d190-46eb-bc6e-f33844abdcf2" {{(pid=103489) __call__ /opt/stack/placement/placement/requestlog.py:55}}
Feb 11 13:18:39.748871 n-d-816488-1 devstack@placement-api.service[103489]: DEBUG placement.handlers.allocation [req-65c3707c-f5bf-4afe-9760-0fafe8d1a3d1 req-e1d8c08d-72c5-4251-98da-fbd640115a41 service placement] Successfully wrote allocations [, , ] {{(pid=103489) _update_consumers_and_create_allocations /opt/stack/placement/placement/handlers/allocation.py:462}}
Feb 11 13:18:39.889284 n-d-816488-1 devstack@placement-api.service[103489]: INFO placement.requestlog [req-65c3707c-f5bf-4afe-9760-0fafe8d1a3d1 req-e1d8c08d-72c5-4251-98da-fbd640115a41 service placement] 10.222.0.52 "PUT /placement/allocations/4ad89c1a-d190-46eb-bc6e-f33844abdcf2" status: 204 len: 0 microversion: 1.36
Feb 11 13:18:39.889839 n-d-816488-1 devstack@placement-api.service[103489]: [pid: 103489|app: 0|req: 127/251] 10.222.0.52 () {64 vars in 1433 bytes} [Fri Feb 11 13:18:39 2022] PUT /placement/allocations/4ad89c1a-d190-46eb-bc6e-f33844abdcf2 => generated 0 bytes in 329 msecs (HTTP/1.1 204) 5 headers in 199 bytes (2 switches on core 0)
Feb 11 13:18:41.338936 n-d-816488-1 devstack@placement-api.service[103488]: DEBUG placement.requestlog [req-65c3707c-f5bf-4afe-9760-0fafe8d1a3d1 req-ce9993d6-58a7-44cf-b68b-703b65cdc8fd None None] Starting request: 10.222.0.13 "GET /placement/allocations/4ad89c1a-d190-46eb-bc6e-f33844abdcf2" {{(pid=103488) __call__ /opt/stack/placement/placement/requestlog.py:55}}
Feb 11 13:18:41.360039 n-d-816488-1 devstack@placement-api.service[103488]: INFO placement.requestlog [req-65c3707c-f5bf-4afe-9760-0fafe8d1a3d1 req-ce9993d6-58a7-44cf-b68b-703b65cdc8fd service placement] 10.222.0.13 "GET /placement/allocations/4ad89c1a-d190-46eb-bc6e-f33844abdcf2" status: 200 len: 258 microversion: 1.28
Feb 11 13:18:41.361412 n-d-816488-1 devstack@placement-api.service[103488]: [pid: 103488|app: 0|req: 125/252] 10.222.0.13 () {60 vars in 1377 bytes} [Fri Feb 11 13:18:41 2022] GET /placement/allocations/4ad89c1a-d190-46eb-bc6e-f33844abdcf2 => generated 258 bytes in 23 msecs (HTTP/1.1 200) 8 headers in 296 bytes (1 switches on core 0)
Feb 11 13:18:41.547587 n-d-816488-1 devstack@placement-api.service[103489]: DEBUG placement.requestlog [req-84126839-7be3-44e4-9ace-753631322d62 req-306e4f9a-3573-421e-b453-2931db5474bf None None] Starting request: 10.222.0.59 "DELETE /placement/allocations/dfa2bbab-9abe-477b-b03e-72318462e161" {{(pid=103489) __call__ /opt/stack/placement/placement/requestlog.py:55}}
Feb 11 13:18:41.740906 n-d-816488-1 devstack@placement-api.service[103489]: DEBUG placement.handlers.allocation [req-84126839-7be3-44e4-9ace-753631322d62 req-306e4f9a-3573-421e-b453-2931db5474bf service placement] Successfully deleted allocations [, , ] {{(pid=103489) delete_allocations /opt/stack/placement/placement/handlers/allocation.py:627}}
Feb 11 13:18:41.747392 n-d-816488-1 devstack@placement-api.service[103489]: INFO placement.requestlog [req-84126839-7be3-44e4-9ace-753631322d62 req-306e4f9a-3573-421e-b453-2931db5474bf service placement] 10.222.0.59 "DELETE /placement/allocations/dfa2bbab-9abe-477b-b03e-72318462e161" status: 204 len: 0 microversion: 1.0
Feb 11 13:18:41.747392 n-d-816488-1 devstack@placement-api.service[103489]: [pid: 103489|app: 0|req: 128/253] 10.222.0.59 () {60 vars in 1355 bytes} [Fri Feb 11 13:18:41 2022] DELETE /placement/allocations/dfa2bbab-9abe-477b-b03e-72318462e161 => generated 0 bytes in 195 msecs (HTTP/1.1 204) 5 headers in 198 bytes (1 switches on core 0)
Feb 11 13:18:46.434710 n-d-816488-1 devstack@placement-api.service[103488]: DEBUG placement.requestlog [req-490e077b-330e-4aa1-b104-e314f49a4b47 req-ac90c694-691e-45d9-a9b7-ec516eb8a687 None None] Starting request: 10.222.0.13 "DELETE /placement/allocations/15d6d030-c0ca-4cd6-ae78-c5cd1031cc94" {{(pid=103488) __call__ /opt/stack/placement/placement/requestlog.py:55}}
Feb 11 13:18:46.656662 n-d-816488-1 devstack@placement-api.service[103488]: DEBUG placement.handlers.allocation [req-490e077b-330e-4aa1-b104-e314f49a4b47 req-ac90c694-691e-45d9-a9b7-ec516eb8a687 service placement] Successfully deleted allocations [, , ] {{(pid=103488) delete_allocations /opt/stack/placement/placement/handlers/allocation.py:627}}
Feb 11 13:18:46.657310 n-d-816488-1 devstack@placement-api.service[103488]: INFO placement.requestlog [req-490e077b-330e-4aa1-b104-e314f49a4b47 req-ac90c694-691e-45d9-a9b7-ec516eb8a687 service placement] 10.222.0.13 "DELETE /placement/allocations/15d6d030-c0ca-4cd6-ae78-c5cd1031cc94" status: 204 len: 0 microversion: 1.0
Feb 11 13:18:46.658024 n-d-816488-1 devstack@placement-api.service[103488]: [pid: 103488|app: 0|req: 126/254] 10.222.0.13 () {60 vars in 1355 bytes} [Fri Feb 11 13:18:46 2022] DELETE /placement/allocations/15d6d030-c0ca-4cd6-ae78-c5cd1031cc94 => generated 0 bytes in 224 msecs (HTTP/1.1 204) 5 headers in 198 bytes (2 switches on core 0)
Feb 11 13:18:46.710916 n-d-816488-1 devstack@placement-api.service[103489]: DEBUG placement.requestlog [req-b2f04ce2-e206-49ff-99bd-98030eff487a req-31897fb8-d949-4a33-b862-4dd8fe6abf0e None None] Starting request: 10.222.0.52 "GET /placement/allocation_candidates?limit=1000&resources=DISK_GB%3A1%2CMEMORY_MB%3A1024%2CVCPU%3A1&root_required=%21COMPUTE_STATUS_DISABLED" {{(pid=103489) __call__ /opt/stack/placement/placement/requestlog.py:55}}
Feb 11 13:18:46.802144 n-d-816488-1 devstack@placement-api.service[103489]: DEBUG placement.objects.research_context [req-b2f04ce2-e206-49ff-99bd-98030eff487a req-31897fb8-d949-4a33-b862-4dd8fe6abf0e service placement] getting providers with 1 DISK_GB {{(pid=103489) __init__ /opt/stack/placement/placement/objects/research_context.py:126}}
Feb 11 13:18:46.820961 n-d-816488-1 devstack@placement-api.service[103489]: DEBUG placement.objects.research_context [req-b2f04ce2-e206-49ff-99bd-98030eff487a req-31897fb8-d949-4a33-b862-4dd8fe6abf0e service placement] getting providers with 1024 MEMORY_MB {{(pid=103489) __init__ /opt/stack/placement/placement/objects/research_context.py:126}}
Feb 11 13:18:46.838746 n-d-816488-1 devstack@placement-api.service[103489]: DEBUG placement.objects.research_context [req-b2f04ce2-e206-49ff-99bd-98030eff487a req-31897fb8-d949-4a33-b862-4dd8fe6abf0e service placement] getting providers with 1 VCPU {{(pid=103489) __init__ /opt/stack/placement/placement/objects/research_context.py:126}}
Feb 11 13:18:46.860938 n-d-816488-1 devstack@placement-api.service[103489]: DEBUG placement.objects.research_context [req-b2f04ce2-e206-49ff-99bd-98030eff487a req-31897fb8-d949-4a33-b862-4dd8fe6abf0e service placement] found 2 providers with available 1 DISK_GB {{(pid=103489) get_provider_ids_matching /opt/stack/placement/placement/objects/research_context.py:549}}
Feb 11 13:18:46.861399 n-d-816488-1 devstack@placement-api.service[103489]: DEBUG placement.objects.research_context [req-b2f04ce2-e206-49ff-99bd-98030eff487a req-31897fb8-d949-4a33-b862-4dd8fe6abf0e service placement] found 2 providers with available 1024 MEMORY_MB {{(pid=103489) get_provider_ids_matching /opt/stack/placement/placement/objects/research_context.py:549}}
Feb 11 13:18:46.861802 n-d-816488-1 devstack@placement-api.service[103489]: DEBUG placement.objects.research_context [req-b2f04ce2-e206-49ff-99bd-98030eff487a req-31897fb8-d949-4a33-b862-4dd8fe6abf0e service placement] found 2 providers after filtering by previous result {{(pid=103489) get_provider_ids_matching /opt/stack/placement/placement/objects/research_context.py:580}}
Feb 11 13:18:46.862341 n-d-816488-1 devstack@placement-api.service[103489]: DEBUG placement.objects.research_context [req-b2f04ce2-e206-49ff-99bd-98030eff487a req-31897fb8-d949-4a33-b862-4dd8fe6abf0e service placement] found 2 providers with available 1 VCPU {{(pid=103489) get_provider_ids_matching /opt/stack/placement/placement/objects/research_context.py:549}}
Feb 11 13:18:46.862837 n-d-816488-1 devstack@placement-api.service[103489]: DEBUG placement.objects.research_context [req-b2f04ce2-e206-49ff-99bd-98030eff487a req-31897fb8-d949-4a33-b862-4dd8fe6abf0e service placement] found 2 providers after filtering by previous result {{(pid=103489) get_provider_ids_matching /opt/stack/placement/placement/objects/research_context.py:580}}
Feb 11 13:18:46.883164 n-d-816488-1 devstack@placement-api.service[103489]: DEBUG placement.objects.allocation_candidate [req-b2f04ce2-e206-49ff-99bd-98030eff487a req-31897fb8-d949-4a33-b862-4dd8fe6abf0e service placement] RequestGroup(use_same_provider=False, resources={DISK_GB:1, MEMORY_MB:1024, VCPU:1}, traits=[], aggregates=[]) (suffix '') returned 2 matches {{(pid=103489) _get_by_requests /opt/stack/placement/placement/objects/allocation_candidate.py:145}}
Feb 11 13:18:46.883796 n-d-816488-1 devstack@placement-api.service[103489]: DEBUG placement.objects.allocation_candidate [req-b2f04ce2-e206-49ff-99bd-98030eff487a req-31897fb8-d949-4a33-b862-4dd8fe6abf0e service placement] Merging candidates yields 2 allocation requests and 2 provider summaries {{(pid=103489) _merge_candidates /opt/stack/placement/placement/objects/allocation_candidate.py:783}}
Feb 11 13:18:46.886623 n-d-816488-1 devstack@placement-api.service[103489]: INFO placement.requestlog [req-b2f04ce2-e206-49ff-99bd-98030eff487a req-31897fb8-d949-4a33-b862-4dd8fe6abf0e service placement] 10.222.0.52 "GET /placement/allocation_candidates?limit=1000&resources=DISK_GB%3A1%2CMEMORY_MB%3A1024%2CVCPU%3A1&root_required=%21COMPUTE_STATUS_DISABLED" status: 200 len: 1312 microversion: 1.36
Feb 11 13:18:46.892129 n-d-816488-1 devstack@placement-api.service[103489]: [pid: 103489|app: 0|req: 129/255] 10.222.0.52 () {60 vars in 1506 bytes} [Fri Feb 11 13:18:46 2022] GET /placement/allocation_candidates?limit=1000&resources=DISK_GB%3A1%2CMEMORY_MB%3A1024%2CVCPU%3A1&root_required=%21COMPUTE_STATUS_DISABLED => generated 1312 bytes in 181 msecs (HTTP/1.1 200) 8 headers in 297 bytes (1 switches on core 0)
Feb 11 13:18:46.953241 n-d-816488-1 devstack@placement-api.service[103488]: DEBUG placement.requestlog [req-b2f04ce2-e206-49ff-99bd-98030eff487a req-2657c88d-8cc4-45ce-802e-eb36e52df6de None None] Starting request: 10.222.0.52 "GET /placement/allocations/4be944b4-2f70-42ec-88be-46bfc6254f5b" {{(pid=103488) __call__ /opt/stack/placement/placement/requestlog.py:55}}
Feb 11 13:18:46.971303 n-d-816488-1 devstack@placement-api.service[103488]: INFO placement.requestlog [req-b2f04ce2-e206-49ff-99bd-98030eff487a req-2657c88d-8cc4-45ce-802e-eb36e52df6de service placement] 10.222.0.52 "GET /placement/allocations/4be944b4-2f70-42ec-88be-46bfc6254f5b" status: 200 len: 19 microversion: 1.28
Feb 11 13:18:46.978648 n-d-816488-1 devstack@placement-api.service[103488]: [pid: 103488|app: 0|req: 127/256] 10.222.0.52 () {60 vars in 1380 bytes} [Fri Feb 11 13:18:46 2022] GET /placement/allocations/4be944b4-2f70-42ec-88be-46bfc6254f5b => generated 19 bytes in 25 msecs (HTTP/1.1 200) 8 headers in 295 bytes (1 switches on core 0)
Feb 11 13:18:46.981800 n-d-816488-1 devstack@placement-api.service[103489]: DEBUG placement.requestlog [req-b2f04ce2-e206-49ff-99bd-98030eff487a req-b6d9cedf-5d83-4eb7-bcd0-6c3307a4ebd1 None None] Starting request: 10.222.0.52 "PUT /placement/allocations/4be944b4-2f70-42ec-88be-46bfc6254f5b" {{(pid=103489) __call__ /opt/stack/placement/placement/requestlog.py:55}}
Feb 11 13:18:47.151038 n-d-816488-1 devstack@placement-api.service[103489]: DEBUG placement.handlers.allocation [req-b2f04ce2-e206-49ff-99bd-98030eff487a req-b6d9cedf-5d83-4eb7-bcd0-6c3307a4ebd1 service placement] Successfully wrote allocations [, , ] {{(pid=103489) _update_consumers_and_create_allocations /opt/stack/placement/placement/handlers/allocation.py:462}}
Feb 11 13:18:47.252220 n-d-816488-1 devstack@placement-api.service[103489]: INFO placement.requestlog [req-b2f04ce2-e206-49ff-99bd-98030eff487a req-b6d9cedf-5d83-4eb7-bcd0-6c3307a4ebd1 service placement] 10.222.0.52 "PUT /placement/allocations/4be944b4-2f70-42ec-88be-46bfc6254f5b" status: 204 len: 0 microversion: 1.36
Feb 11 13:18:47.252760 n-d-816488-1 devstack@placement-api.service[103489]: [pid: 103489|app: 0|req: 130/257] 10.222.0.52 () {64 vars in 1433 bytes} [Fri Feb 11 13:18:46 2022] PUT /placement/allocations/4be944b4-2f70-42ec-88be-46bfc6254f5b => generated 0 bytes in 271 msecs (HTTP/1.1 204) 5 headers in 199 bytes (2 switches on core 0)
Feb 11 13:18:48.412040 n-d-816488-1 devstack@placement-api.service[103488]: DEBUG placement.requestlog [req-b2f04ce2-e206-49ff-99bd-98030eff487a req-34dcb71a-a462-434d-ad85-4ac49f02ddca None None] Starting request: 10.222.0.13 "GET /placement/allocations/4be944b4-2f70-42ec-88be-46bfc6254f5b" {{(pid=103488) __call__ /opt/stack/placement/placement/requestlog.py:55}}
Feb 11 13:18:48.430506 n-d-816488-1 devstack@placement-api.service[103488]: INFO placement.requestlog [req-b2f04ce2-e206-49ff-99bd-98030eff487a req-34dcb71a-a462-434d-ad85-4ac49f02ddca service placement] 10.222.0.13 "GET /placement/allocations/4be944b4-2f70-42ec-88be-46bfc6254f5b" status: 200 len: 259 microversion: 1.28
Feb 11 13:18:48.436884 n-d-816488-1 devstack@placement-api.service[103488]: [pid: 103488|app: 0|req: 128/258] 10.222.0.13 () {60 vars in 1377 bytes} [Fri Feb 11 13:18:48 2022] GET /placement/allocations/4be944b4-2f70-42ec-88be-46bfc6254f5b => generated 259 bytes in 19 msecs (HTTP/1.1 200) 8 headers in 296 bytes (1 switches on core 0)
Feb 11 13:18:56.084424 n-d-816488-1 devstack@placement-api.service[103489]: DEBUG placement.requestlog [req-1a853585-3ecb-4987-bc19-61c15b60197f req-c17c3ee4-efcc-455f-a47d-ed950e8137b6 None None] Starting request: 10.222.0.52 "GET /placement/allocation_candidates?limit=1000&resources=DISK_GB%3A1%2CMEMORY_MB%3A1024%2CVCPU%3A1&root_required=%21COMPUTE_STATUS_DISABLED" {{(pid=103489) __call__ /opt/stack/placement/placement/requestlog.py:55}}
Feb 11 13:18:56.143344 n-d-816488-1 devstack@placement-api.service[103489]: DEBUG placement.objects.research_context [req-1a853585-3ecb-4987-bc19-61c15b60197f req-c17c3ee4-efcc-455f-a47d-ed950e8137b6 service placement] getting providers with 1 DISK_GB {{(pid=103489) __init__ /opt/stack/placement/placement/objects/research_context.py:126}}
Feb 11 13:18:56.160034 n-d-816488-1 devstack@placement-api.service[103489]: DEBUG placement.objects.research_context [req-1a853585-3ecb-4987-bc19-61c15b60197f req-c17c3ee4-efcc-455f-a47d-ed950e8137b6 service placement] getting providers with 1024 MEMORY_MB {{(pid=103489) __init__ /opt/stack/placement/placement/objects/research_context.py:126}}
Feb 11 13:18:56.174720 n-d-816488-1 devstack@placement-api.service[103489]: DEBUG placement.objects.research_context [req-1a853585-3ecb-4987-bc19-61c15b60197f req-c17c3ee4-efcc-455f-a47d-ed950e8137b6 service placement] getting providers with 1 VCPU {{(pid=103489) __init__ /opt/stack/placement/placement/objects/research_context.py:126}}
Feb 11 13:18:56.189919 n-d-816488-1 devstack@placement-api.service[103489]: DEBUG placement.objects.research_context [req-1a853585-3ecb-4987-bc19-61c15b60197f req-c17c3ee4-efcc-455f-a47d-ed950e8137b6 service placement] found 2 providers with available 1 DISK_GB {{(pid=103489) get_provider_ids_matching /opt/stack/placement/placement/objects/research_context.py:549}}
Feb 11 13:18:56.194198 n-d-816488-1 devstack@placement-api.service[103489]: DEBUG placement.objects.research_context [req-1a853585-3ecb-4987-bc19-61c15b60197f req-c17c3ee4-efcc-455f-a47d-ed950e8137b6 service placement] found 2 providers with available 1024 MEMORY_MB {{(pid=103489) get_provider_ids_matching /opt/stack/placement/placement/objects/research_context.py:549}}
Feb 11 13:18:56.194663 n-d-816488-1 devstack@placement-api.service[103489]: DEBUG placement.objects.research_context [req-1a853585-3ecb-4987-bc19-61c15b60197f req-c17c3ee4-efcc-455f-a47d-ed950e8137b6 service placement] found 2 providers after filtering by previous result {{(pid=103489) get_provider_ids_matching /opt/stack/placement/placement/objects/research_context.py:580}}
Feb 11 13:18:56.194930 n-d-816488-1 devstack@placement-api.service[103489]: DEBUG placement.objects.research_context [req-1a853585-3ecb-4987-bc19-61c15b60197f req-c17c3ee4-efcc-455f-a47d-ed950e8137b6 service placement] found 2 providers with available 1 VCPU {{(pid=103489) get_provider_ids_matching /opt/stack/placement/placement/objects/research_context.py:549}}
Feb 11 13:18:56.195198 n-d-816488-1 devstack@placement-api.service[103489]: DEBUG placement.objects.research_context [req-1a853585-3ecb-4987-bc19-61c15b60197f req-c17c3ee4-efcc-455f-a47d-ed950e8137b6 service placement] found 2 providers after filtering by previous result {{(pid=103489) get_provider_ids_matching /opt/stack/placement/placement/objects/research_context.py:580}}
Feb 11 13:18:56.221966 n-d-816488-1 devstack@placement-api.service[103489]: DEBUG placement.objects.allocation_candidate [req-1a853585-3ecb-4987-bc19-61c15b60197f req-c17c3ee4-efcc-455f-a47d-ed950e8137b6 service placement] RequestGroup(use_same_provider=False, resources={DISK_GB:1, MEMORY_MB:1024, VCPU:1}, traits=[], aggregates=[]) (suffix '') returned 2 matches {{(pid=103489) _get_by_requests /opt/stack/placement/placement/objects/allocation_candidate.py:145}}
Feb 11 13:18:56.222589 n-d-816488-1 devstack@placement-api.service[103489]: DEBUG placement.objects.allocation_candidate [req-1a853585-3ecb-4987-bc19-61c15b60197f req-c17c3ee4-efcc-455f-a47d-ed950e8137b6 service placement] Merging candidates yields 2 allocation requests and 2 provider summaries {{(pid=103489) _merge_candidates /opt/stack/placement/placement/objects/allocation_candidate.py:783}}
Feb 11 13:18:56.224382 n-d-816488-1 devstack@placement-api.service[103489]: INFO placement.requestlog [req-1a853585-3ecb-4987-bc19-61c15b60197f req-c17c3ee4-efcc-455f-a47d-ed950e8137b6 service placement] 10.222.0.52 "GET /placement/allocation_candidates?limit=1000&resources=DISK_GB%3A1%2CMEMORY_MB%3A1024%2CVCPU%3A1&root_required=%21COMPUTE_STATUS_DISABLED" status: 200 len: 1312 microversion: 1.36
Feb 11 13:18:56.225127 n-d-816488-1 devstack@placement-api.service[103489]: [pid: 103489|app: 0|req: 131/259] 10.222.0.52 () {60 vars in 1506 bytes} [Fri Feb 11 13:18:56 2022] GET /placement/allocation_candidates?limit=1000&resources=DISK_GB%3A1%2CMEMORY_MB%3A1024%2CVCPU%3A1&root_required=%21COMPUTE_STATUS_DISABLED => generated 1312 bytes in 141 msecs (HTTP/1.1 200) 8 headers in 297 bytes (1 switches on core 0)
Feb 11 13:18:56.331894 n-d-816488-1 devstack@placement-api.service[103488]: DEBUG placement.requestlog [req-1a853585-3ecb-4987-bc19-61c15b60197f req-72ddc1b6-579d-416c-912d-1e435c576fe7 None None] Starting request: 10.222.0.52 "GET /placement/allocations/158c5489-df06-4f35-8f96-0185cb16616b" {{(pid=103488) __call__ /opt/stack/placement/placement/requestlog.py:55}}
Feb 11 13:18:56.345374 n-d-816488-1 devstack@placement-api.service[103488]: INFO placement.requestlog [req-1a853585-3ecb-4987-bc19-61c15b60197f req-72ddc1b6-579d-416c-912d-1e435c576fe7 service placement] 10.222.0.52 "GET /placement/allocations/158c5489-df06-4f35-8f96-0185cb16616b" status: 200 len: 19 microversion: 1.28
Feb 11 13:18:56.351317 n-d-816488-1 devstack@placement-api.service[103488]: [pid: 103488|app: 0|req: 129/260] 10.222.0.52 () {60 vars in 1380 bytes} [Fri Feb 11 13:18:56 2022] GET /placement/allocations/158c5489-df06-4f35-8f96-0185cb16616b => generated 19 bytes in 19 msecs (HTTP/1.1 200) 8 headers in 295 bytes (1 switches on core 0)
Feb 11 13:18:56.354007 n-d-816488-1 devstack@placement-api.service[103489]: DEBUG placement.requestlog [req-1a853585-3ecb-4987-bc19-61c15b60197f req-c32a26d8-4774-4a1d-a332-5153e74b59d7 None None] Starting request: 10.222.0.52 "PUT /placement/allocations/158c5489-df06-4f35-8f96-0185cb16616b" {{(pid=103489) __call__ /opt/stack/placement/placement/requestlog.py:55}}
Feb 11 13:18:56.492231 n-d-816488-1 devstack@placement-api.service[103489]: DEBUG placement.handlers.allocation [req-1a853585-3ecb-4987-bc19-61c15b60197f req-c32a26d8-4774-4a1d-a332-5153e74b59d7 service placement] Successfully wrote allocations [, , ] {{(pid=103489) _update_consumers_and_create_allocations /opt/stack/placement/placement/handlers/allocation.py:462}}
Feb 11 13:18:56.560205 n-d-816488-1 devstack@placement-api.service[103489]: INFO placement.requestlog [req-1a853585-3ecb-4987-bc19-61c15b60197f req-c32a26d8-4774-4a1d-a332-5153e74b59d7 service placement] 10.222.0.52 "PUT /placement/allocations/158c5489-df06-4f35-8f96-0185cb16616b" status: 204 len: 0 microversion: 1.36
Feb 11 13:18:56.560548 n-d-816488-1 devstack@placement-api.service[103489]: [pid: 103489|app: 0|req: 132/261] 10.222.0.52 () {64 vars in 1433 bytes} [Fri Feb 11 13:18:56 2022] PUT /placement/allocations/158c5489-df06-4f35-8f96-0185cb16616b => generated 0 bytes in 207 msecs (HTTP/1.1 204) 5 headers in 199 bytes (1 switches on core 0)
Feb 11 13:18:59.892256 n-d-816488-1 devstack@placement-api.service[103488]: DEBUG placement.requestlog [req-cfe6c274-3642-4143-9eb0-e7187aece56f req-6fc314c2-1da0-4bf9-882b-7014e5417507 None None] Starting request: 10.222.0.52 "GET /placement/allocation_candidates?limit=1000&resources=DISK_GB%3A1%2CMEMORY_MB%3A1024%2CVCPU%3A1&root_required=%21COMPUTE_STATUS_DISABLED" {{(pid=103488) __call__ /opt/stack/placement/placement/requestlog.py:55}}
Feb 11 13:18:59.945182 n-d-816488-1 devstack@placement-api.service[103488]: DEBUG placement.objects.research_context [req-cfe6c274-3642-4143-9eb0-e7187aece56f req-6fc314c2-1da0-4bf9-882b-7014e5417507 service placement] getting providers with 1 DISK_GB {{(pid=103488) __init__ /opt/stack/placement/placement/objects/research_context.py:126}}
Feb 11 13:18:59.952809 n-d-816488-1 devstack@placement-api.service[103488]: DEBUG placement.objects.research_context [req-cfe6c274-3642-4143-9eb0-e7187aece56f req-6fc314c2-1da0-4bf9-882b-7014e5417507 service placement] getting providers with 1024 MEMORY_MB {{(pid=103488) __init__ /opt/stack/placement/placement/objects/research_context.py:126}}
Feb 11 13:18:59.959613 n-d-816488-1 devstack@placement-api.service[103488]: DEBUG placement.objects.research_context [req-cfe6c274-3642-4143-9eb0-e7187aece56f req-6fc314c2-1da0-4bf9-882b-7014e5417507 service placement] getting providers with 1 VCPU {{(pid=103488) __init__ /opt/stack/placement/placement/objects/research_context.py:126}}
Feb 11 13:18:59.973378 n-d-816488-1 devstack@placement-api.service[103488]: DEBUG placement.objects.research_context [req-cfe6c274-3642-4143-9eb0-e7187aece56f req-6fc314c2-1da0-4bf9-882b-7014e5417507 service placement] found 2 providers with available 1 DISK_GB {{(pid=103488) get_provider_ids_matching /opt/stack/placement/placement/objects/research_context.py:549}}
Feb 11 13:18:59.977516 n-d-816488-1 devstack@placement-api.service[103488]: DEBUG placement.objects.research_context [req-cfe6c274-3642-4143-9eb0-e7187aece56f req-6fc314c2-1da0-4bf9-882b-7014e5417507 service placement] found 2 providers with available 1024 MEMORY_MB {{(pid=103488) get_provider_ids_matching /opt/stack/placement/placement/objects/research_context.py:549}}
Feb 11 13:18:59.977897 n-d-816488-1 devstack@placement-api.service[103488]: DEBUG placement.objects.research_context [req-cfe6c274-3642-4143-9eb0-e7187aece56f req-6fc314c2-1da0-4bf9-882b-7014e5417507 service placement] found 2 providers after filtering by previous result {{(pid=103488) get_provider_ids_matching /opt/stack/placement/placement/objects/research_context.py:580}}
Feb 11 13:18:59.978349 n-d-816488-1 devstack@placement-api.service[103488]: DEBUG placement.objects.research_context [req-cfe6c274-3642-4143-9eb0-e7187aece56f req-6fc314c2-1da0-4bf9-882b-7014e5417507 service placement] found 2 providers with available 1 VCPU {{(pid=103488) get_provider_ids_matching /opt/stack/placement/placement/objects/research_context.py:549}}
Feb 11 13:18:59.978777 n-d-816488-1 devstack@placement-api.service[103488]: DEBUG placement.objects.research_context [req-cfe6c274-3642-4143-9eb0-e7187aece56f req-6fc314c2-1da0-4bf9-882b-7014e5417507 service placement] found 2 providers after filtering by previous result {{(pid=103488) get_provider_ids_matching /opt/stack/placement/placement/objects/research_context.py:580}}
Feb 11 13:18:59.992692 n-d-816488-1 devstack@placement-api.service[103488]: DEBUG placement.objects.allocation_candidate [req-cfe6c274-3642-4143-9eb0-e7187aece56f req-6fc314c2-1da0-4bf9-882b-7014e5417507 service placement] RequestGroup(use_same_provider=False, resources={DISK_GB:1, MEMORY_MB:1024, VCPU:1}, traits=[], aggregates=[]) (suffix '') returned 2 matches {{(pid=103488) _get_by_requests /opt/stack/placement/placement/objects/allocation_candidate.py:145}}
Feb 11 13:18:59.993337 n-d-816488-1 devstack@placement-api.service[103488]: DEBUG placement.objects.allocation_candidate [req-cfe6c274-3642-4143-9eb0-e7187aece56f req-6fc314c2-1da0-4bf9-882b-7014e5417507 service placement] Merging candidates yields 2 allocation requests and 2 provider summaries {{(pid=103488) _merge_candidates /opt/stack/placement/placement/objects/allocation_candidate.py:783}}
Feb 11 13:18:59.995103 n-d-816488-1 devstack@placement-api.service[103488]: INFO placement.requestlog [req-cfe6c274-3642-4143-9eb0-e7187aece56f req-6fc314c2-1da0-4bf9-882b-7014e5417507 service placement] 10.222.0.52 "GET /placement/allocation_candidates?limit=1000&resources=DISK_GB%3A1%2CMEMORY_MB%3A1024%2CVCPU%3A1&root_required=%21COMPUTE_STATUS_DISABLED" status: 200 len: 1312 microversion: 1.36
Feb 11 13:18:59.996354 n-d-816488-1 devstack@placement-api.service[103488]: [pid: 103488|app: 0|req: 130/262] 10.222.0.52 () {60 vars in 1506 bytes} [Fri Feb 11 13:18:59 2022] GET /placement/allocation_candidates?limit=1000&resources=DISK_GB%3A1%2CMEMORY_MB%3A1024%2CVCPU%3A1&root_required=%21COMPUTE_STATUS_DISABLED => generated 1312 bytes in 105 msecs (HTTP/1.1 200) 8 headers in 297 bytes (1 switches on core 0)
Feb 11 13:19:00.061148 n-d-816488-1 devstack@placement-api.service[103489]: DEBUG placement.requestlog [req-cfe6c274-3642-4143-9eb0-e7187aece56f req-fa86efd0-23ee-4d45-bb11-54aa616b048f None None] Starting request: 10.222.0.52 "GET /placement/allocations/79df19e8-1427-4dab-8383-672d231af976" {{(pid=103489) __call__ /opt/stack/placement/placement/requestlog.py:55}}
Feb 11 13:19:00.075922 n-d-816488-1 devstack@placement-api.service[103489]: INFO placement.requestlog [req-cfe6c274-3642-4143-9eb0-e7187aece56f req-fa86efd0-23ee-4d45-bb11-54aa616b048f service placement] 10.222.0.52 "GET /placement/allocations/79df19e8-1427-4dab-8383-672d231af976" status: 200 len: 19 microversion: 1.28
Feb 11 13:19:00.077107 n-d-816488-1 devstack@placement-api.service[103489]: [pid: 103489|app: 0|req: 133/263] 10.222.0.52 () {60 vars in 1380 bytes} [Fri Feb 11 13:19:00 2022] GET /placement/allocations/79df19e8-1427-4dab-8383-672d231af976 => generated 19 bytes in 16 msecs (HTTP/1.1 200) 8 headers in 295 bytes (1 switches on core 0)
Feb 11 13:19:00.083604 n-d-816488-1 devstack@placement-api.service[103488]: DEBUG placement.requestlog [req-cfe6c274-3642-4143-9eb0-e7187aece56f req-5640bbcc-153d-4fd7-ad0b-6dba4bf3d5fe None None] Starting request: 10.222.0.52 "PUT /placement/allocations/79df19e8-1427-4dab-8383-672d231af976" {{(pid=103488) __call__ /opt/stack/placement/placement/requestlog.py:55}}
Feb 11 13:19:00.268981 n-d-816488-1 devstack@placement-api.service[103488]: DEBUG placement.handlers.allocation [req-cfe6c274-3642-4143-9eb0-e7187aece56f req-5640bbcc-153d-4fd7-ad0b-6dba4bf3d5fe service placement] Successfully wrote allocations [, , ] {{(pid=103488) _update_consumers_and_create_allocations /opt/stack/placement/placement/handlers/allocation.py:462}}
Feb 11 13:19:00.341015 n-d-816488-1 devstack@placement-api.service[103488]: INFO placement.requestlog [req-cfe6c274-3642-4143-9eb0-e7187aece56f req-5640bbcc-153d-4fd7-ad0b-6dba4bf3d5fe service placement] 10.222.0.52 "PUT /placement/allocations/79df19e8-1427-4dab-8383-672d231af976" status: 204 len: 0 microversion: 1.36
Feb 11 13:19:00.344504 n-d-816488-1 devstack@placement-api.service[103488]: [pid: 103488|app: 0|req: 131/264] 10.222.0.52 () {64 vars in 1433 bytes} [Fri Feb 11 13:19:00 2022] PUT /placement/allocations/79df19e8-1427-4dab-8383-672d231af976 => generated 0 bytes in 259 msecs (HTTP/1.1 204) 5 headers in 199 bytes (1 switches on core 0)
Feb 11 13:19:03.614600 n-d-816488-1 devstack@placement-api.service[103489]: DEBUG placement.requestlog [req-b182f52f-09c4-4141-9584-7a4d03526762 req-490b236e-378d-4e4b-8c75-e5fbac6ca51c None None] Starting request: 10.222.0.13 "GET /placement/resource_providers/31fe6fed-72b1-4e3c-ac60-a267e5abb8fa/allocations" {{(pid=103489) __call__ /opt/stack/placement/placement/requestlog.py:55}}
Feb 11 13:19:03.638185 n-d-816488-1 devstack@placement-api.service[103489]: INFO placement.requestlog [req-b182f52f-09c4-4141-9584-7a4d03526762 req-490b236e-378d-4e4b-8c75-e5fbac6ca51c service placement] 10.222.0.13 "GET /placement/resource_providers/31fe6fed-72b1-4e3c-ac60-a267e5abb8fa/allocations" status: 200 len: 860 microversion: 1.0
Feb 11 13:19:03.638641 n-d-816488-1 devstack@placement-api.service[103489]: [pid: 103489|app: 0|req: 134/265] 10.222.0.13 () {58 vars in 1390 bytes} [Fri Feb 11 13:19:03 2022] GET /placement/resource_providers/31fe6fed-72b1-4e3c-ac60-a267e5abb8fa/allocations => generated 860 bytes in 24 msecs (HTTP/1.1 200) 6 headers in 224 bytes (1 switches on core 0)
Feb 11 13:19:08.158023 n-d-816488-1 devstack@placement-api.service[103488]: DEBUG placement.requestlog [req-1a853585-3ecb-4987-bc19-61c15b60197f req-c3749780-a0fb-4e60-83ef-84c4f4234bee None None] Starting request: 10.222.0.59 "GET /placement/allocations/158c5489-df06-4f35-8f96-0185cb16616b" {{(pid=103488) __call__ /opt/stack/placement/placement/requestlog.py:55}}
Feb 11 13:19:08.161395 n-d-816488-1 devstack@placement-api.service[103489]: DEBUG placement.requestlog [req-cfe6c274-3642-4143-9eb0-e7187aece56f req-291dd6f0-68f8-456b-bd5e-b5be27dc3105 None None] Starting request: 10.222.0.59 "GET /placement/allocations/79df19e8-1427-4dab-8383-672d231af976" {{(pid=103489) __call__ /opt/stack/placement/placement/requestlog.py:55}}
Feb 11 13:19:08.180624 n-d-816488-1 devstack@placement-api.service[103489]: INFO placement.requestlog [req-cfe6c274-3642-4143-9eb0-e7187aece56f req-291dd6f0-68f8-456b-bd5e-b5be27dc3105 service placement] 10.222.0.59 "GET /placement/allocations/79df19e8-1427-4dab-8383-672d231af976" status: 200 len: 259 microversion: 1.28
Feb 11 13:19:08.181004 n-d-816488-1 devstack@placement-api.service[103489]: [pid: 103489|app: 0|req: 135/266] 10.222.0.59 () {60 vars in 1377 bytes} [Fri Feb 11 13:19:08 2022] GET /placement/allocations/79df19e8-1427-4dab-8383-672d231af976 => generated 259 bytes in 20 msecs (HTTP/1.1 200) 8 headers in 296 bytes (2 switches on core 0)
Feb 11 13:19:08.187500 n-d-816488-1 devstack@placement-api.service[103488]: INFO placement.requestlog [req-1a853585-3ecb-4987-bc19-61c15b60197f req-c3749780-a0fb-4e60-83ef-84c4f4234bee service placement] 10.222.0.59 "GET /placement/allocations/158c5489-df06-4f35-8f96-0185cb16616b" status: 200 len: 259 microversion: 1.28
Feb 11 13:19:08.189641 n-d-816488-1 devstack@placement-api.service[103488]: [pid: 103488|app: 0|req: 132/267] 10.222.0.59 () {60 vars in 1377 bytes} [Fri Feb 11 13:19:08 2022] GET /placement/allocations/158c5489-df06-4f35-8f96-0185cb16616b => generated 259 bytes in 38 msecs (HTTP/1.1 200) 8 headers in 296 bytes (1 switches on core 0)
Feb 11 13:19:08.584290 n-d-816488-1 devstack@placement-api.service[103489]: DEBUG placement.requestlog [req-1e8484b3-ba3f-4eb2-b057-0b9e4a29e8e2 req-5cabf804-1ea3-4628-b6f6-301b8a9c09fe None None] Starting request: 10.222.0.13 "DELETE /placement/allocations/4be944b4-2f70-42ec-88be-46bfc6254f5b" {{(pid=103489) __call__ /opt/stack/placement/placement/requestlog.py:55}}
Feb 11 13:19:08.737657 n-d-816488-1 devstack@placement-api.service[103489]: DEBUG placement.handlers.allocation [req-1e8484b3-ba3f-4eb2-b057-0b9e4a29e8e2 req-5cabf804-1ea3-4628-b6f6-301b8a9c09fe service placement] Successfully deleted allocations [, , ] {{(pid=103489) delete_allocations /opt/stack/placement/placement/handlers/allocation.py:627}}
Feb 11 13:19:08.738106 n-d-816488-1 devstack@placement-api.service[103489]: INFO placement.requestlog [req-1e8484b3-ba3f-4eb2-b057-0b9e4a29e8e2 req-5cabf804-1ea3-4628-b6f6-301b8a9c09fe service placement] 10.222.0.13 "DELETE /placement/allocations/4be944b4-2f70-42ec-88be-46bfc6254f5b" status: 204 len: 0 microversion: 1.0
Feb 11 13:19:08.738344 n-d-816488-1 devstack@placement-api.service[103489]: [pid: 103489|app: 0|req: 136/268] 10.222.0.13 () {60 vars in 1355 bytes} [Fri Feb 11 13:19:08 2022] DELETE /placement/allocations/4be944b4-2f70-42ec-88be-46bfc6254f5b => generated 0 bytes in 154 msecs (HTTP/1.1 204) 5 headers in 198 bytes (1 switches on core 0)
Feb 11 13:19:10.170946 n-d-816488-1 devstack@placement-api.service[103488]: DEBUG placement.requestlog [req-068e0673-b9db-418d-8ee4-ce7b0e19ebda req-59d06af0-d39d-40d8-b540-81d89363fa99 None None] Starting request: 10.222.0.59 "GET /placement/resource_providers/32f20466-77d0-4e3d-88be-5636de2d7c09/allocations" {{(pid=103488) __call__ /opt/stack/placement/placement/requestlog.py:55}}
Feb 11 13:19:10.254900 n-d-816488-1 devstack@placement-api.service[103488]: INFO placement.requestlog [req-068e0673-b9db-418d-8ee4-ce7b0e19ebda req-59d06af0-d39d-40d8-b540-81d89363fa99 service placement] 10.222.0.59 "GET /placement/resource_providers/32f20466-77d0-4e3d-88be-5636de2d7c09/allocations" status: 200 len: 1265 microversion: 1.0
Feb 11 13:19:10.256368 n-d-816488-1 devstack@placement-api.service[103488]: [pid: 103488|app: 0|req: 133/269] 10.222.0.59 () {58 vars in 1390 bytes} [Fri Feb 11 13:19:10 2022] GET /placement/resource_providers/32f20466-77d0-4e3d-88be-5636de2d7c09/allocations => generated 1265 bytes in 85 msecs (HTTP/1.1 200) 6 headers in 225 bytes (1 switches on core 0)
Feb 11 13:19:14.952781 n-d-816488-1 devstack@placement-api.service[103489]: DEBUG placement.requestlog [None req-34415221-3832-4d7a-8ff7-b6640763650b None None] Starting request: 10.222.0.52 "GET /placement/" {{(pid=103489) __call__ /opt/stack/placement/placement/requestlog.py:55}}
Feb 11 13:19:14.954671 n-d-816488-1 devstack@placement-api.service[103489]: INFO placement.requestlog [None req-34415221-3832-4d7a-8ff7-b6640763650b None None] 10.222.0.52 "GET /placement/" status: 200 len: 136 microversion: 1.0
Feb 11 13:19:14.955023 n-d-816488-1 devstack@placement-api.service[103489]: [pid: 103489|app: 0|req: 137/270] 10.222.0.52 () {54 vars in 916 bytes} [Fri Feb 11 13:19:14 2022] GET /placement => generated 136 bytes in 2 msecs (HTTP/1.1 200) 6 headers in 224 bytes (1 switches on core 0)
Feb 11 13:19:14.972145 n-d-816488-1 devstack@placement-api.service[103488]: DEBUG placement.requestlog [req-e783263e-7db1-4012-aae0-5ab867295d08 req-b5ab6830-07b4-430a-aa29-5fb0dd2a8bef None None] Starting request: 10.222.0.52 "GET /placement/allocations/d3c80eb4-ad5a-4321-932b-953970d61a61" {{(pid=103488) __call__ /opt/stack/placement/placement/requestlog.py:55}}
Feb 11 13:19:15.094941 n-d-816488-1 devstack@placement-api.service[103488]: INFO placement.requestlog [req-e783263e-7db1-4012-aae0-5ab867295d08 req-b5ab6830-07b4-430a-aa29-5fb0dd2a8bef service placement] 10.222.0.52 "GET /placement/allocations/d3c80eb4-ad5a-4321-932b-953970d61a61" status: 200 len: 259 microversion: 1.28
Feb 11 13:19:15.102826 n-d-816488-1 devstack@placement-api.service[103489]: DEBUG placement.requestlog [req-e783263e-7db1-4012-aae0-5ab867295d08 req-d498d80a-22aa-422e-8df8-00799eb42ca5 None None] Starting request: 10.222.0.52 "GET /placement/allocations/d3c80eb4-ad5a-4321-932b-953970d61a61" {{(pid=103489) __call__ /opt/stack/placement/placement/requestlog.py:55}}
Feb 11 13:19:15.104275 n-d-816488-1 devstack@placement-api.service[103488]: [pid: 103488|app: 0|req: 134/271] 10.222.0.52 () {60 vars in 1380 bytes} [Fri Feb 11 13:19:14 2022] GET /placement/allocations/d3c80eb4-ad5a-4321-932b-953970d61a61 => generated 259 bytes in 132 msecs (HTTP/1.1 200) 8 headers in 296 bytes (1 switches on core 0)
Feb 11 13:19:15.119179 n-d-816488-1 devstack@placement-api.service[103489]: INFO placement.requestlog [req-e783263e-7db1-4012-aae0-5ab867295d08 req-d498d80a-22aa-422e-8df8-00799eb42ca5 service placement] 10.222.0.52 "GET /placement/allocations/d3c80eb4-ad5a-4321-932b-953970d61a61" status: 200 len: 259 microversion: 1.28
Feb 11 13:19:15.119414 n-d-816488-1 devstack@placement-api.service[103489]: [pid: 103489|app: 0|req: 138/272] 10.222.0.52 () {60 vars in 1380 bytes} [Fri Feb 11 13:19:15 2022] GET /placement/allocations/d3c80eb4-ad5a-4321-932b-953970d61a61 => generated 259 bytes in 17 msecs (HTTP/1.1 200) 8 headers in 296 bytes (2 switches on core 0)
Feb 11 13:19:15.127137 n-d-816488-1 devstack@placement-api.service[103488]: DEBUG placement.requestlog [req-e783263e-7db1-4012-aae0-5ab867295d08 req-01f296bc-3b11-4d83-a963-37518018512c None None] Starting request: 10.222.0.52 "GET /placement/allocations/667ce508-32fe-48a4-9d2f-cd43e2ab10bf" {{(pid=103488) __call__ /opt/stack/placement/placement/requestlog.py:55}}
Feb 11 13:19:15.139683 n-d-816488-1 devstack@placement-api.service[103488]: INFO placement.requestlog [req-e783263e-7db1-4012-aae0-5ab867295d08 req-01f296bc-3b11-4d83-a963-37518018512c service placement] 10.222.0.52 "GET /placement/allocations/667ce508-32fe-48a4-9d2f-cd43e2ab10bf" status: 200 len: 19 microversion: 1.28
Feb 11 13:19:15.142933 n-d-816488-1 devstack@placement-api.service[103488]: [pid: 103488|app: 0|req: 135/273] 10.222.0.52 () {60 vars in 1380 bytes} [Fri Feb 11 13:19:15 2022] GET /placement/allocations/667ce508-32fe-48a4-9d2f-cd43e2ab10bf => generated 19 bytes in 14 msecs (HTTP/1.1 200) 8 headers in 295 bytes (1 switches on core 0)
Feb 11 13:19:15.146454 n-d-816488-1 devstack@placement-api.service[103489]: DEBUG placement.requestlog [req-e783263e-7db1-4012-aae0-5ab867295d08 req-53cf5b53-51b9-4d4d-9ca6-4f3f8ef8fa45 None None] Starting request: 10.222.0.52 "POST /placement/allocations" {{(pid=103489) __call__ /opt/stack/placement/placement/requestlog.py:55}}
Feb 11 13:19:15.296867 n-d-816488-1 devstack@placement-api.service[103489]: DEBUG placement.handlers.allocation [req-e783263e-7db1-4012-aae0-5ab867295d08 req-53cf5b53-51b9-4d4d-9ca6-4f3f8ef8fa45 service placement] Successfully wrote allocations [, , , , , ] {{(pid=103489) _update_consumers_and_create_allocations /opt/stack/placement/placement/handlers/allocation.py:572}}
Feb 11 13:19:15.377881 n-d-816488-1 devstack@placement-api.service[103489]: INFO placement.requestlog [req-e783263e-7db1-4012-aae0-5ab867295d08 req-53cf5b53-51b9-4d4d-9ca6-4f3f8ef8fa45 service placement] 10.222.0.52 "POST /placement/allocations" status: 204 len: 0 microversion: 1.28
Feb 11 13:19:15.380906 n-d-816488-1 devstack@placement-api.service[103489]: [pid: 103489|app: 0|req: 139/274] 10.222.0.52 () {64 vars in 1323 bytes} [Fri Feb 11 13:19:15 2022] POST /placement/allocations => generated 0 bytes in 233 msecs (HTTP/1.1 204) 5 headers in 199 bytes (1 switches on core 0)
Feb 11 13:19:15.436076 n-d-816488-1 devstack@placement-api.service[103488]: DEBUG placement.requestlog [req-e783263e-7db1-4012-aae0-5ab867295d08 req-2dcdc1e7-b4ae-4644-b6e5-c2b3b3e4ddd7 None None] Starting request: 10.222.0.52 "GET /placement/allocations/d3c80eb4-ad5a-4321-932b-953970d61a61" {{(pid=103488) __call__ /opt/stack/placement/placement/requestlog.py:55}}
Feb 11 13:19:15.449745 n-d-816488-1 devstack@placement-api.service[103488]: INFO placement.requestlog [req-e783263e-7db1-4012-aae0-5ab867295d08 req-2dcdc1e7-b4ae-4644-b6e5-c2b3b3e4ddd7 service placement] 10.222.0.52 "GET /placement/allocations/d3c80eb4-ad5a-4321-932b-953970d61a61" status: 200 len: 19 microversion: 1.28
Feb 11 13:19:15.454909 n-d-816488-1 devstack@placement-api.service[103488]: [pid: 103488|app: 0|req: 136/275] 10.222.0.52 () {60 vars in 1380 bytes} [Fri Feb 11 13:19:15 2022] GET /placement/allocations/d3c80eb4-ad5a-4321-932b-953970d61a61 => generated 19 bytes in 19 msecs (HTTP/1.1 200) 8 headers in 295 bytes (1 switches on core 0)
Feb 11 13:19:15.456835 n-d-816488-1 devstack@placement-api.service[103489]: DEBUG placement.requestlog [req-e783263e-7db1-4012-aae0-5ab867295d08 req-786e7425-e524-48af-9d7c-0f90075bc800 None None] Starting request: 10.222.0.52 "PUT /placement/allocations/d3c80eb4-ad5a-4321-932b-953970d61a61" {{(pid=103489) __call__ /opt/stack/placement/placement/requestlog.py:55}}
Feb 11 13:19:15.581283 n-d-816488-1 devstack@placement-api.service[103489]: DEBUG placement.handlers.allocation [req-e783263e-7db1-4012-aae0-5ab867295d08 req-786e7425-e524-48af-9d7c-0f90075bc800 service placement] Successfully wrote allocations [, , ] {{(pid=103489) _update_consumers_and_create_allocations /opt/stack/placement/placement/handlers/allocation.py:462}}
Feb 11 13:19:15.674731 n-d-816488-1 devstack@placement-api.service[103489]: INFO placement.requestlog [req-e783263e-7db1-4012-aae0-5ab867295d08 req-786e7425-e524-48af-9d7c-0f90075bc800 service placement] 10.222.0.52 "PUT /placement/allocations/d3c80eb4-ad5a-4321-932b-953970d61a61" status: 204 len: 0 microversion: 1.28
Feb 11 13:19:15.674984 n-d-816488-1 devstack@placement-api.service[103489]: [pid: 103489|app: 0|req: 140/276] 10.222.0.52 () {64 vars in 1433 bytes} [Fri Feb 11 13:19:15 2022] PUT /placement/allocations/d3c80eb4-ad5a-4321-932b-953970d61a61 => generated 0 bytes in 218 msecs (HTTP/1.1 204) 5 headers in 199 bytes (1 switches on core 0)
Feb 11 13:19:15.853307 n-d-816488-1 devstack@placement-api.service[103488]: DEBUG placement.requestlog [req-e783263e-7db1-4012-aae0-5ab867295d08 req-b85d65bc-8060-43cf-aa7e-9617b9f465d6 None None] Starting request: 10.222.0.13 "GET /placement/allocations/d3c80eb4-ad5a-4321-932b-953970d61a61" {{(pid=103488) __call__ /opt/stack/placement/placement/requestlog.py:55}}
Feb 11 13:19:15.878005 n-d-816488-1 devstack@placement-api.service[103488]: INFO placement.requestlog [req-e783263e-7db1-4012-aae0-5ab867295d08 req-b85d65bc-8060-43cf-aa7e-9617b9f465d6 service placement] 10.222.0.13 "GET /placement/allocations/d3c80eb4-ad5a-4321-932b-953970d61a61" status: 200 len: 259 microversion: 1.28
Feb 11 13:19:15.878701 n-d-816488-1 devstack@placement-api.service[103488]: [pid: 103488|app: 0|req: 137/277] 10.222.0.13 () {60 vars in 1377 bytes} [Fri Feb 11 13:19:15 2022] GET /placement/allocations/d3c80eb4-ad5a-4321-932b-953970d61a61 => generated 259 bytes in 25 msecs (HTTP/1.1 200) 8 headers in 296 bytes (1 switches on core 0)
Feb 11 13:19:16.626302 n-d-816488-1 devstack@placement-api.service[103489]: DEBUG placement.requestlog [req-6e070af5-31d0-44c3-9519-d5bfcdc810d6 req-20a0e867-4aa7-410d-8ef5-5483fefbad0e None None] Starting request: 10.222.0.13 "GET /placement/resource_providers/31fe6fed-72b1-4e3c-ac60-a267e5abb8fa/allocations" {{(pid=103489) __call__ /opt/stack/placement/placement/requestlog.py:55}}
Feb 11 13:19:16.649893 n-d-816488-1 devstack@placement-api.service[103489]: INFO placement.requestlog [req-6e070af5-31d0-44c3-9519-d5bfcdc810d6 req-20a0e867-4aa7-410d-8ef5-5483fefbad0e service placement] 10.222.0.13 "GET /placement/resource_providers/31fe6fed-72b1-4e3c-ac60-a267e5abb8fa/allocations" status: 200 len: 860 microversion: 1.0
Feb 11 13:19:16.650420 n-d-816488-1 devstack@placement-api.service[103489]: [pid: 103489|app: 0|req: 141/278] 10.222.0.13 () {58 vars in 1390 bytes} [Fri Feb 11 13:19:16 2022] GET /placement/resource_providers/31fe6fed-72b1-4e3c-ac60-a267e5abb8fa/allocations => generated 860 bytes in 24 msecs (HTTP/1.1 200) 6 headers in 224 bytes (1 switches on core 0)
