Feb 11 13:16:11.523112 n-d-816488-1 devstack@n-api.service[117941]: DEBUG nova.compute.api [None req-fc416203-0eae-4a6a-a11b-a8a9d5b0d112 tempest-LiveMigrationTest-1282283619 tempest-LiveMigrationTest-1282283619-project] [instance: b154fa24-a6bf-426d-97fc-6a43f0acd536] block_device_mapping [BlockDeviceMapping(attachment_id=,boot_index=0,connection_info=None,created_at=,delete_on_termination=True,deleted=,deleted_at=,destination_type='local',device_name=None,device_type='disk',disk_bus=None,guest_format=None,id=,image_id='2ba7301f-9004-4c01-a4af-5e4447a0a86d',instance=,instance_uuid=,no_device=False,snapshot_id=None,source_type='image',tag=None,updated_at=,uuid=,volume_id=None,volume_size=None,volume_type=None)] {{(pid=117941) _bdm_validate_set_size_and_instance /opt/stack/nova/nova/compute/api.py:1757}}
Feb 11 13:16:11.696804 n-d-816488-1 devstack@n-api.service[117941]: INFO nova.api.openstack.requestlog [None req-fc416203-0eae-4a6a-a11b-a8a9d5b0d112 tempest-LiveMigrationTest-1282283619 tempest-LiveMigrationTest-1282283619-project] 10.222.0.52 "POST /compute/v2.1/servers" status: 202 len: 380 microversion: 2.1 time: 1.681152
Feb 11 13:16:11.697802 n-d-816488-1 devstack@n-api.service[117941]: [pid: 117941|app: 0|req: 139/237] 10.222.0.52 () {60 vars in 1146 bytes} [Fri Feb 11 13:16:10 2022] POST /compute/v2.1/servers => generated 380 bytes in 1683 msecs (HTTP/1.1 202) 10 headers in 451 bytes (1 switches on core 0)
Feb 11 13:16:11.710482 n-d-816488-1 devstack@n-api.service[117941]: DEBUG nova.api.openstack.wsgi [None req-c4555457-0213-4841-9476-e232917b592f tempest-LiveMigrationTest-1282283619 tempest-LiveMigrationTest-1282283619-project] Calling method '>' {{(pid=117941) _process_stack /opt/stack/nova/nova/api/openstack/wsgi.py:513}}
Feb 11 13:16:11.711420 n-d-816488-1 devstack@n-api.service[117941]: DEBUG nova.compute.api [None req-c4555457-0213-4841-9476-e232917b592f tempest-LiveMigrationTest-1282283619 tempest-LiveMigrationTest-1282283619-project] [instance: b154fa24-a6bf-426d-97fc-6a43f0acd536] Fetching instance by UUID {{(pid=117941) get /opt/stack/nova/nova/compute/api.py:2865}}
Feb 11 13:16:11.769919 n-d-816488-1 devstack@n-api.service[117941]: DEBUG nova.policy [None req-c4555457-0213-4841-9476-e232917b592f tempest-LiveMigrationTest-1282283619 tempest-LiveMigrationTest-1282283619-project] Policy check for os_compute_api:os-extended-server-attributes failed with credentials {'is_admin': False, 'user_id': '1ba6b1615a9b41bc9ad307d0367b9443', 'user_domain_id': 'default', 'system_scope': None, 'domain_id': None, 'project_id': 'c143e0388f93410888c1f43650d02942', 'project_domain_id': 'default', 'roles': ['member', 'reader'], 'is_admin_project': True, 'service_user_id': None, 'service_user_domain_id': None, 'service_project_id': None, 'service_project_domain_id': None, 'service_roles': []} {{(pid=117941) authorize /opt/stack/nova/nova/policy.py:199}}
Feb 11 13:16:11.780518 n-d-816488-1 devstack@n-api.service[117941]: INFO nova.api.openstack.requestlog [None req-c4555457-0213-4841-9476-e232917b592f tempest-LiveMigrationTest-1282283619 tempest-LiveMigrationTest-1282283619-project] 10.222.0.52 "GET /compute/v2.1/servers/b154fa24-a6bf-426d-97fc-6a43f0acd536" status: 200 len: 1211 microversion: 2.1 time: 0.076542
Feb 11 13:16:11.781545 n-d-816488-1 devstack@n-api.service[117941]: [pid: 117941|app: 0|req: 140/238] 10.222.0.52 () {58 vars in 1235 bytes} [Fri Feb 11 13:16:11 2022] GET /compute/v2.1/servers/b154fa24-a6bf-426d-97fc-6a43f0acd536 => generated 1211 bytes in 78 msecs (HTTP/1.1 200) 9 headers in 358 bytes (1 switches on core 0)
Feb 11 13:16:11.842548 n-d-816488-1 devstack@n-api.service[117942]: INFO nova.api.openstack.requestlog [None req-6b86d4e0-fee0-4987-82a5-815572631066 tempest-AggregatesAdminTestJSON-170373211 tempest-AggregatesAdminTestJSON-170373211-project-admin] 10.222.0.52 "POST /compute/v2.1/os-aggregates/2/action" status: 200 len: 298 microversion: 2.1 time: 0.399605
Feb 11 13:16:11.853486 n-d-816488-1 devstack@n-api.service[117942]: [pid: 117942|app: 0|req: 99/239] 10.222.0.52 () {60 vars in 1190 bytes} [Fri Feb 11 13:16:11 2022] POST /compute/v2.1/os-aggregates/2/action => generated 298 bytes in 411 msecs (HTTP/1.1 200) 9 headers in 357 bytes (1 switches on core 0)
Feb 11 13:16:11.854572 n-d-816488-1 devstack@n-api.service[117941]: DEBUG nova.api.openstack.wsgi [None req-5f90d9c2-88b9-4e28-a78e-80084b14bc78 tempest-AggregatesAdminTestJSON-170373211 tempest-AggregatesAdminTestJSON-170373211-project-admin] Calling method '>' {{(pid=117941) _process_stack /opt/stack/nova/nova/api/openstack/wsgi.py:513}}
Feb 11 13:16:11.855530 n-d-816488-1 devstack@n-api.service[117941]: /usr/local/lib/python3.8/dist-packages/oslo_policy/policy.py:1075: UserWarning: Policy os_compute_api:os-aggregates:delete failed scope check. The token used to make the request was project scoped but the policy requires ['system'] scope. This behavior may change in the future where using the intended scope is required
Feb 11 13:16:11.855530 n-d-816488-1 devstack@n-api.service[117941]: warnings.warn(msg)
Feb 11 13:16:12.128713 n-d-816488-1 devstack@n-api.service[117941]: INFO nova.api.openstack.requestlog [None req-5f90d9c2-88b9-4e28-a78e-80084b14bc78 tempest-AggregatesAdminTestJSON-170373211 tempest-AggregatesAdminTestJSON-170373211-project-admin] 10.222.0.52 "DELETE /compute/v2.1/os-aggregates/2" status: 200 len: 0 microversion: 2.1 time: 0.278266
Feb 11 13:16:12.129591 n-d-816488-1 devstack@n-api.service[117941]: [pid: 117941|app: 0|req: 141/240] 10.222.0.52 () {58 vars in 1151 bytes} [Fri Feb 11 13:16:11 2022] DELETE /compute/v2.1/os-aggregates/2 => generated 0 bytes in 280 msecs (HTTP/1.1 200) 9 headers in 355 bytes (2 switches on core 0)
Feb 11 13:16:12.146716 n-d-816488-1 devstack@n-api.service[117942]: DEBUG nova.api.openstack.wsgi [None req-cd57791f-af99-449e-b84c-b9823b61bdd2 tempest-AggregatesAdminTestJSON-170373211 tempest-AggregatesAdminTestJSON-170373211-project-admin] Action: 'create', calling method: >, body: {"aggregate": {"name": "tempest-test_aggregate-703944279"}} {{(pid=117942) _process_stack /opt/stack/nova/nova/api/openstack/wsgi.py:511}}
Feb 11 13:16:12.148049 n-d-816488-1 devstack@n-api.service[117942]: /usr/local/lib/python3.8/dist-packages/oslo_policy/policy.py:1075: UserWarning: Policy os_compute_api:os-aggregates:create failed scope check. The token used to make the request was project scoped but the policy requires ['system'] scope. This behavior may change in the future where using the intended scope is required
Feb 11 13:16:12.148049 n-d-816488-1 devstack@n-api.service[117942]: warnings.warn(msg)
Feb 11 13:16:12.149468 n-d-816488-1 devstack@n-api.service[117942]: DEBUG nova.objects.aggregate [None req-cd57791f-af99-449e-b84c-b9823b61bdd2 tempest-AggregatesAdminTestJSON-170373211 tempest-AggregatesAdminTestJSON-170373211-project-admin] Generated uuid f607617f-3211-468c-b4b3-e937f47c3f2f for aggregate {{(pid=117942) create /opt/stack/nova/nova/objects/aggregate.py:298}}
Feb 11 13:16:12.291359 n-d-816488-1 devstack@n-api.service[117942]: INFO nova.api.openstack.requestlog [None req-cd57791f-af99-449e-b84c-b9823b61bdd2 tempest-AggregatesAdminTestJSON-170373211 tempest-AggregatesAdminTestJSON-170373211-project-admin] 10.222.0.52 "POST /compute/v2.1/os-aggregates" status: 200 len: 197 microversion: 2.1 time: 0.148995
Feb 11 13:16:12.292022 n-d-816488-1 devstack@n-api.service[117942]: [pid: 117942|app: 0|req: 100/241] 10.222.0.52 () {60 vars in 1163 bytes} [Fri Feb 11 13:16:12 2022] POST /compute/v2.1/os-aggregates => generated 197 bytes in 151 msecs (HTTP/1.1 200) 9 headers in 357 bytes (1 switches on core 0)
Feb 11 13:16:12.302575 n-d-816488-1 devstack@n-api.service[117941]: DEBUG nova.api.openstack.wsgi [None req-ff7f4862-df79-44a5-afcd-f02ae83ac4df tempest-AggregatesAdminTestJSON-170373211 tempest-AggregatesAdminTestJSON-170373211-project-admin] Action: 'action', calling method: >, body: {"add_host": {"host": "n-h1-816488-1"}} {{(pid=117941) _process_stack /opt/stack/nova/nova/api/openstack/wsgi.py:511}}
Feb 11 13:16:12.304041 n-d-816488-1 devstack@n-api.service[117941]: /usr/local/lib/python3.8/dist-packages/oslo_policy/policy.py:1075: UserWarning: Policy os_compute_api:os-aggregates:add_host failed scope check. The token used to make the request was project scoped but the policy requires ['system'] scope. This behavior may change in the future where using the intended scope is required
Feb 11 13:16:12.304041 n-d-816488-1 devstack@n-api.service[117941]: warnings.warn(msg)
Feb 11 13:16:12.311717 n-d-816488-1 devstack@n-api.service[117942]: DEBUG nova.api.openstack.wsgi [None req-917b6831-8ba0-475b-a610-0f850defad46 tempest-ServersWithSpecificFlavorTestJSON-1905458602 tempest-ServersWithSpecificFlavorTestJSON-1905458602-project] Calling method '>' {{(pid=117942) _process_stack /opt/stack/nova/nova/api/openstack/wsgi.py:513}}
Feb 11 13:16:12.312282 n-d-816488-1 devstack@n-api.service[117942]: DEBUG nova.compute.api [None req-917b6831-8ba0-475b-a610-0f850defad46 tempest-ServersWithSpecificFlavorTestJSON-1905458602 tempest-ServersWithSpecificFlavorTestJSON-1905458602-project] [instance: 8f4e8781-4640-43f0-8a1c-fc52bcb1ad1d] Fetching instance by UUID {{(pid=117942) get /opt/stack/nova/nova/compute/api.py:2865}}
Feb 11 13:16:12.324977 n-d-816488-1 devstack@n-api.service[117941]: DEBUG oslo_concurrency.lockutils [None req-ff7f4862-df79-44a5-afcd-f02ae83ac4df tempest-AggregatesAdminTestJSON-170373211 tempest-AggregatesAdminTestJSON-170373211-project-admin] Lock "a76696cb-e133-4faf-965a-1968f9be2487" acquired by "nova.context.set_target_cell..get_or_set_cached_cell_and_set_connections" :: waited 0.000s {{(pid=117941) inner /usr/local/lib/python3.8/dist-packages/oslo_concurrency/lockutils.py:355}}
Feb 11 13:16:12.325426 n-d-816488-1 devstack@n-api.service[117942]: DEBUG oslo_concurrency.lockutils [None req-917b6831-8ba0-475b-a610-0f850defad46 tempest-ServersWithSpecificFlavorTestJSON-1905458602 tempest-ServersWithSpecificFlavorTestJSON-1905458602-project] Lock "a76696cb-e133-4faf-965a-1968f9be2487" acquired by "nova.context.set_target_cell..get_or_set_cached_cell_and_set_connections" :: waited 0.000s {{(pid=117942) inner /usr/local/lib/python3.8/dist-packages/oslo_concurrency/lockutils.py:355}}
Feb 11 13:16:12.325823 n-d-816488-1 devstack@n-api.service[117941]: DEBUG oslo_concurrency.lockutils [None req-ff7f4862-df79-44a5-afcd-f02ae83ac4df tempest-AggregatesAdminTestJSON-170373211 tempest-AggregatesAdminTestJSON-170373211-project-admin] Lock "a76696cb-e133-4faf-965a-1968f9be2487" released by "nova.context.set_target_cell..get_or_set_cached_cell_and_set_connections" :: held 0.001s {{(pid=117941) inner /usr/local/lib/python3.8/dist-packages/oslo_concurrency/lockutils.py:367}}
Feb 11 13:16:12.325948 n-d-816488-1 devstack@n-api.service[117942]: DEBUG oslo_concurrency.lockutils [None req-917b6831-8ba0-475b-a610-0f850defad46 tempest-ServersWithSpecificFlavorTestJSON-1905458602 tempest-ServersWithSpecificFlavorTestJSON-1905458602-project] Lock "a76696cb-e133-4faf-965a-1968f9be2487" released by "nova.context.set_target_cell..get_or_set_cached_cell_and_set_connections" :: held 0.001s {{(pid=117942) inner /usr/local/lib/python3.8/dist-packages/oslo_concurrency/lockutils.py:367}}
Feb 11 13:16:12.328793 n-d-816488-1 devstack@n-api.service[117942]: DEBUG oslo_concurrency.lockutils [None req-917b6831-8ba0-475b-a610-0f850defad46 tempest-ServersWithSpecificFlavorTestJSON-1905458602 tempest-ServersWithSpecificFlavorTestJSON-1905458602-project] Lock "a76696cb-e133-4faf-965a-1968f9be2487" acquired by "nova.context.set_target_cell..get_or_set_cached_cell_and_set_connections" :: waited 0.000s {{(pid=117942) inner /usr/local/lib/python3.8/dist-packages/oslo_concurrency/lockutils.py:355}}
Feb 11 13:16:12.330060 n-d-816488-1 devstack@n-api.service[117942]: DEBUG oslo_concurrency.lockutils [None req-917b6831-8ba0-475b-a610-0f850defad46 tempest-ServersWithSpecificFlavorTestJSON-1905458602 tempest-ServersWithSpecificFlavorTestJSON-1905458602-project] Lock "a76696cb-e133-4faf-965a-1968f9be2487" released by "nova.context.set_target_cell..get_or_set_cached_cell_and_set_connections" :: held 0.002s {{(pid=117942) inner /usr/local/lib/python3.8/dist-packages/oslo_concurrency/lockutils.py:367}}
Feb 11 13:16:12.483560 n-d-816488-1 devstack@n-api.service[117942]: DEBUG nova.policy [None req-917b6831-8ba0-475b-a610-0f850defad46 tempest-ServersWithSpecificFlavorTestJSON-1905458602 tempest-ServersWithSpecificFlavorTestJSON-1905458602-project] Policy check for os_compute_api:os-extended-server-attributes failed with credentials {'is_admin': False, 'user_id': 'bcc5b07300544503a208885e66349c47', 'user_domain_id': 'default', 'system_scope': None, 'domain_id': None, 'project_id': 'd924123a82f64033b5e4f3ec7345259b', 'project_domain_id': 'default', 'roles': ['member', 'reader'], 'is_admin_project': True, 'service_user_id': None, 'service_user_domain_id': None, 'service_project_id': None, 'service_project_domain_id': None, 'service_roles': []} {{(pid=117942) authorize /opt/stack/nova/nova/policy.py:199}}
Feb 11 13:16:12.495430 n-d-816488-1 devstack@n-api.service[117942]: INFO nova.api.openstack.requestlog [None req-917b6831-8ba0-475b-a610-0f850defad46 tempest-ServersWithSpecificFlavorTestJSON-1905458602 tempest-ServersWithSpecificFlavorTestJSON-1905458602-project] 10.222.0.52 "GET /compute/v2.1/servers/8f4e8781-4640-43f0-8a1c-fc52bcb1ad1d" status: 200 len: 1390 microversion: 2.1 time: 0.189409
Feb 11 13:16:12.506238 n-d-816488-1 devstack@n-api.service[117942]: [pid: 117942|app: 0|req: 101/242] 10.222.0.52 () {58 vars in 1235 bytes} [Fri Feb 11 13:16:12 2022] GET /compute/v2.1/servers/8f4e8781-4640-43f0-8a1c-fc52bcb1ad1d => generated 1390 bytes in 201 msecs (HTTP/1.1 200) 9 headers in 358 bytes (1 switches on core 0)
Feb 11 13:16:12.511187 n-d-816488-1 devstack@n-api.service[117942]: DEBUG nova.api.openstack.wsgi [None req-20b4d48f-9899-4139-83df-c0019222eb76 tempest-LiveAutoBlockMigrationV225Test-1210989650 tempest-LiveAutoBlockMigrationV225Test-1210989650-project] Calling method '>' {{(pid=117942) _process_stack /opt/stack/nova/nova/api/openstack/wsgi.py:513}}
Feb 11 13:16:12.511972 n-d-816488-1 devstack@n-api.service[117942]: DEBUG nova.compute.api [None req-20b4d48f-9899-4139-83df-c0019222eb76 tempest-LiveAutoBlockMigrationV225Test-1210989650 tempest-LiveAutoBlockMigrationV225Test-1210989650-project] [instance: 05e54f86-efea-4f51-be5f-3d1924aae83c] Fetching instance by UUID {{(pid=117942) get /opt/stack/nova/nova/compute/api.py:2865}}
Feb 11 13:16:12.519782 n-d-816488-1 devstack@n-api.service[117942]: DEBUG oslo_concurrency.lockutils [None req-20b4d48f-9899-4139-83df-c0019222eb76 tempest-LiveAutoBlockMigrationV225Test-1210989650 tempest-LiveAutoBlockMigrationV225Test-1210989650-project] Lock "a76696cb-e133-4faf-965a-1968f9be2487" acquired by "nova.context.set_target_cell..get_or_set_cached_cell_and_set_connections" :: waited 0.000s {{(pid=117942) inner /usr/local/lib/python3.8/dist-packages/oslo_concurrency/lockutils.py:355}}
Feb 11 13:16:12.520418 n-d-816488-1 devstack@n-api.service[117942]: DEBUG oslo_concurrency.lockutils [None req-20b4d48f-9899-4139-83df-c0019222eb76 tempest-LiveAutoBlockMigrationV225Test-1210989650 tempest-LiveAutoBlockMigrationV225Test-1210989650-project] Lock "a76696cb-e133-4faf-965a-1968f9be2487" released by "nova.context.set_target_cell..get_or_set_cached_cell_and_set_connections" :: held 0.002s {{(pid=117942) inner /usr/local/lib/python3.8/dist-packages/oslo_concurrency/lockutils.py:367}}
Feb 11 13:16:12.521377 n-d-816488-1 devstack@n-api.service[117942]: DEBUG oslo_concurrency.lockutils [None req-20b4d48f-9899-4139-83df-c0019222eb76 tempest-LiveAutoBlockMigrationV225Test-1210989650 tempest-LiveAutoBlockMigrationV225Test-1210989650-project] Lock "a76696cb-e133-4faf-965a-1968f9be2487" acquired by "nova.context.set_target_cell..get_or_set_cached_cell_and_set_connections" :: waited 0.000s {{(pid=117942) inner /usr/local/lib/python3.8/dist-packages/oslo_concurrency/lockutils.py:355}}
Feb 11 13:16:12.522010 n-d-816488-1 devstack@n-api.service[117942]: DEBUG oslo_concurrency.lockutils [None req-20b4d48f-9899-4139-83df-c0019222eb76 tempest-LiveAutoBlockMigrationV225Test-1210989650 tempest-LiveAutoBlockMigrationV225Test-1210989650-project] Lock "a76696cb-e133-4faf-965a-1968f9be2487" released by "nova.context.set_target_cell..get_or_set_cached_cell_and_set_connections" :: held 0.001s {{(pid=117942) inner /usr/local/lib/python3.8/dist-packages/oslo_concurrency/lockutils.py:367}}
Feb 11 13:16:12.590037 n-d-816488-1 devstack@n-api.service[117942]: DEBUG nova.policy [None req-20b4d48f-9899-4139-83df-c0019222eb76 tempest-LiveAutoBlockMigrationV225Test-1210989650 tempest-LiveAutoBlockMigrationV225Test-1210989650-project] Policy check for os_compute_api:os-extended-server-attributes failed with credentials {'is_admin': False, 'user_id': 'ded9f719e3e048c28fa59610fbd7f601', 'user_domain_id': 'default', 'system_scope': None, 'domain_id': None, 'project_id': 'ddb699d6ec6d410587575318a8f50efc', 'project_domain_id': 'default', 'roles': ['member', 'reader'], 'is_admin_project': True, 'service_user_id': None, 'service_user_domain_id': None, 'service_project_id': None, 'service_project_domain_id': None, 'service_roles': []} {{(pid=117942) authorize /opt/stack/nova/nova/policy.py:199}}
Feb 11 13:16:12.598436 n-d-816488-1 devstack@n-api.service[117942]: DEBUG nova.policy [None req-20b4d48f-9899-4139-83df-c0019222eb76 tempest-LiveAutoBlockMigrationV225Test-1210989650 tempest-LiveAutoBlockMigrationV225Test-1210989650-project] Policy check for os_compute_api:servers:show:host_status failed with credentials {'is_admin': False, 'user_id': 'ded9f719e3e048c28fa59610fbd7f601', 'user_domain_id': 'default', 'system_scope': None, 'domain_id': None, 'project_id': 'ddb699d6ec6d410587575318a8f50efc', 'project_domain_id': 'default', 'roles': ['member', 'reader'], 'is_admin_project': True, 'service_user_id': None, 'service_user_domain_id': None, 'service_project_id': None, 'service_project_domain_id': None, 'service_roles': []} {{(pid=117942) authorize /opt/stack/nova/nova/policy.py:199}}
Feb 11 13:16:12.600101 n-d-816488-1 devstack@n-api.service[117942]: DEBUG nova.policy [None req-20b4d48f-9899-4139-83df-c0019222eb76 tempest-LiveAutoBlockMigrationV225Test-1210989650 tempest-LiveAutoBlockMigrationV225Test-1210989650-project] Policy check for os_compute_api:servers:show:host_status:unknown-only failed with credentials {'is_admin': False, 'user_id': 'ded9f719e3e048c28fa59610fbd7f601', 'user_domain_id': 'default', 'system_scope': None, 'domain_id': None, 'project_id': 'ddb699d6ec6d410587575318a8f50efc', 'project_domain_id': 'default', 'roles': ['member', 'reader'], 'is_admin_project': True, 'service_user_id': None, 'service_user_domain_id': None, 'service_project_id': None, 'service_project_domain_id': None, 'service_roles': []} {{(pid=117942) authorize /opt/stack/nova/nova/policy.py:199}}
Feb 11 13:16:12.601195 n-d-816488-1 devstack@n-api.service[117942]: INFO nova.api.openstack.requestlog [None req-20b4d48f-9899-4139-83df-c0019222eb76 tempest-LiveAutoBlockMigrationV225Test-1210989650 tempest-LiveAutoBlockMigrationV225Test-1210989650-project] 10.222.0.52 "GET /compute/v2.1/servers/05e54f86-efea-4f51-be5f-3d1924aae83c" status: 200 len: 1266 microversion: 2.25 time: 0.093780
Feb 11 13:16:12.601754 n-d-816488-1 devstack@n-api.service[117942]: [pid: 117942|app: 0|req: 102/243] 10.222.0.52 () {60 vars in 1276 bytes} [Fri Feb 11 13:16:12 2022] GET /compute/v2.1/servers/05e54f86-efea-4f51-be5f-3d1924aae83c => generated 1266 bytes in 95 msecs (HTTP/1.1 200) 9 headers in 360 bytes (1 switches on core 0)
Feb 11 13:16:12.640288 n-d-816488-1 devstack@n-api.service[117941]: INFO nova.api.openstack.requestlog [None req-ff7f4862-df79-44a5-afcd-f02ae83ac4df tempest-AggregatesAdminTestJSON-170373211 tempest-AggregatesAdminTestJSON-170373211-project-admin] 10.222.0.52 "POST /compute/v2.1/os-aggregates/3/action" status: 200 len: 241 microversion: 2.1 time: 0.342186
Feb 11 13:16:12.646802 n-d-816488-1 devstack@n-api.service[117941]: [pid: 117941|app: 0|req: 142/244] 10.222.0.52 () {60 vars in 1190 bytes} [Fri Feb 11 13:16:12 2022] POST /compute/v2.1/os-aggregates/3/action => generated 241 bytes in 343 msecs (HTTP/1.1 200) 9 headers in 357 bytes (1 switches on core 0)
Feb 11 13:16:12.652256 n-d-816488-1 devstack@n-api.service[117942]: DEBUG nova.api.openstack.wsgi [None req-817ef4e6-5c37-4bf6-b725-32c59272dd4b tempest-AggregatesAdminTestJSON-170373211 tempest-AggregatesAdminTestJSON-170373211-project-admin] Calling method '>' {{(pid=117942) _process_stack /opt/stack/nova/nova/api/openstack/wsgi.py:513}}
Feb 11 13:16:12.653728 n-d-816488-1 devstack@n-api.service[117942]: /usr/local/lib/python3.8/dist-packages/oslo_policy/policy.py:1075: UserWarning: Policy os_compute_api:os-aggregates:show failed scope check. The token used to make the request was project scoped but the policy requires ['system'] scope. This behavior may change in the future where using the intended scope is required
Feb 11 13:16:12.653728 n-d-816488-1 devstack@n-api.service[117942]: warnings.warn(msg)
Feb 11 13:16:12.662067 n-d-816488-1 devstack@n-api.service[117942]: INFO nova.api.openstack.requestlog [None req-817ef4e6-5c37-4bf6-b725-32c59272dd4b tempest-AggregatesAdminTestJSON-170373211 tempest-AggregatesAdminTestJSON-170373211-project-admin] 10.222.0.52 "GET /compute/v2.1/os-aggregates/3" status: 200 len: 241 microversion: 2.1 time: 0.013837
Feb 11 13:16:12.667800 n-d-816488-1 devstack@n-api.service[117942]: [pid: 117942|app: 0|req: 103/245] 10.222.0.52 () {58 vars in 1148 bytes} [Fri Feb 11 13:16:12 2022] GET /compute/v2.1/os-aggregates/3 => generated 241 bytes in 15 msecs (HTTP/1.1 200) 9 headers in 357 bytes (1 switches on core 0)
Feb 11 13:16:12.673440 n-d-816488-1 devstack@n-api.service[117941]: DEBUG nova.api.openstack.wsgi [None req-11e95f9f-e16f-4406-8b73-ba5b10e1c076 tempest-AggregatesAdminTestJSON-170373211 tempest-AggregatesAdminTestJSON-170373211-project-admin] Action: 'action', calling method: >, body: {"remove_host": {"host": "n-h1-816488-1"}} {{(pid=117941) _process_stack /opt/stack/nova/nova/api/openstack/wsgi.py:511}}
Feb 11 13:16:12.675238 n-d-816488-1 devstack@n-api.service[117941]: /usr/local/lib/python3.8/dist-packages/oslo_policy/policy.py:1075: UserWarning: Policy os_compute_api:os-aggregates:remove_host failed scope check. The token used to make the request was project scoped but the policy requires ['system'] scope. This behavior may change in the future where using the intended scope is required
Feb 11 13:16:12.675238 n-d-816488-1 devstack@n-api.service[117941]: warnings.warn(msg)
Feb 11 13:16:12.683976 n-d-816488-1 devstack@n-api.service[117941]: DEBUG oslo_concurrency.lockutils [None req-11e95f9f-e16f-4406-8b73-ba5b10e1c076 tempest-AggregatesAdminTestJSON-170373211 tempest-AggregatesAdminTestJSON-170373211-project-admin] Lock "a76696cb-e133-4faf-965a-1968f9be2487" acquired by "nova.context.set_target_cell..get_or_set_cached_cell_and_set_connections" :: waited 0.000s {{(pid=117941) inner /usr/local/lib/python3.8/dist-packages/oslo_concurrency/lockutils.py:355}}
Feb 11 13:16:12.684424 n-d-816488-1 devstack@n-api.service[117941]: DEBUG oslo_concurrency.lockutils [None req-11e95f9f-e16f-4406-8b73-ba5b10e1c076 tempest-AggregatesAdminTestJSON-170373211 tempest-AggregatesAdminTestJSON-170373211-project-admin] Lock "a76696cb-e133-4faf-965a-1968f9be2487" released by "nova.context.set_target_cell..get_or_set_cached_cell_and_set_connections" :: held 0.001s {{(pid=117941) inner /usr/local/lib/python3.8/dist-packages/oslo_concurrency/lockutils.py:367}}
Feb 11 13:16:12.999088 n-d-816488-1 devstack@n-api.service[117942]: DEBUG nova.api.openstack.wsgi [None req-a3bc0b98-dac7-4186-89d8-88a195e02204 tempest-HypervisorAdminTestJSON-1028899486 tempest-HypervisorAdminTestJSON-1028899486-project-admin] Calling method '.version_select at 0x7f1d163255e0>' {{(pid=117942) _process_stack /opt/stack/nova/nova/api/openstack/wsgi.py:513}}
Feb 11 13:16:12.999879 n-d-816488-1 devstack@n-api.service[117942]: /usr/local/lib/python3.8/dist-packages/oslo_policy/policy.py:1075: UserWarning: Policy os_compute_api:os-hypervisors:list failed scope check. The token used to make the request was project scoped but the policy requires ['system'] scope. This behavior may change in the future where using the intended scope is required
Feb 11 13:16:12.999879 n-d-816488-1 devstack@n-api.service[117942]: warnings.warn(msg)
Feb 11 13:16:13.001373 n-d-816488-1 devstack@n-api.service[117942]: DEBUG oslo_concurrency.lockutils [None req-a3bc0b98-dac7-4186-89d8-88a195e02204 tempest-HypervisorAdminTestJSON-1028899486 tempest-HypervisorAdminTestJSON-1028899486-project-admin] Lock "a76696cb-e133-4faf-965a-1968f9be2487" acquired by "nova.context.set_target_cell..get_or_set_cached_cell_and_set_connections" :: waited 0.000s {{(pid=117942) inner /usr/local/lib/python3.8/dist-packages/oslo_concurrency/lockutils.py:355}}
Feb 11 13:16:13.001947 n-d-816488-1 devstack@n-api.service[117942]: DEBUG oslo_concurrency.lockutils [None req-a3bc0b98-dac7-4186-89d8-88a195e02204 tempest-HypervisorAdminTestJSON-1028899486 tempest-HypervisorAdminTestJSON-1028899486-project-admin] Lock "a76696cb-e133-4faf-965a-1968f9be2487" released by "nova.context.set_target_cell..get_or_set_cached_cell_and_set_connections" :: held 0.000s {{(pid=117942) inner /usr/local/lib/python3.8/dist-packages/oslo_concurrency/lockutils.py:367}}
Feb 11 13:16:13.015826 n-d-816488-1 devstack@n-api.service[117942]: DEBUG oslo_concurrency.lockutils [None req-a3bc0b98-dac7-4186-89d8-88a195e02204 tempest-HypervisorAdminTestJSON-1028899486 tempest-HypervisorAdminTestJSON-1028899486-project-admin] Lock "a76696cb-e133-4faf-965a-1968f9be2487" acquired by "nova.context.set_target_cell..get_or_set_cached_cell_and_set_connections" :: waited 0.000s {{(pid=117942) inner /usr/local/lib/python3.8/dist-packages/oslo_concurrency/lockutils.py:355}}
Feb 11 13:16:13.016273 n-d-816488-1 devstack@n-api.service[117942]: DEBUG oslo_concurrency.lockutils [None req-a3bc0b98-dac7-4186-89d8-88a195e02204 tempest-HypervisorAdminTestJSON-1028899486 tempest-HypervisorAdminTestJSON-1028899486-project-admin] Lock "a76696cb-e133-4faf-965a-1968f9be2487" released by "nova.context.set_target_cell..get_or_set_cached_cell_and_set_connections" :: held 0.001s {{(pid=117942) inner /usr/local/lib/python3.8/dist-packages/oslo_concurrency/lockutils.py:367}}
Feb 11 13:16:13.035863 n-d-816488-1 devstack@n-api.service[117942]: DEBUG oslo_concurrency.lockutils [None req-a3bc0b98-dac7-4186-89d8-88a195e02204 tempest-HypervisorAdminTestJSON-1028899486 tempest-HypervisorAdminTestJSON-1028899486-project-admin] Lock "a76696cb-e133-4faf-965a-1968f9be2487" acquired by "nova.context.set_target_cell..get_or_set_cached_cell_and_set_connections" :: waited 0.000s {{(pid=117942) inner /usr/local/lib/python3.8/dist-packages/oslo_concurrency/lockutils.py:355}}
Feb 11 13:16:13.036313 n-d-816488-1 devstack@n-api.service[117942]: DEBUG oslo_concurrency.lockutils [None req-a3bc0b98-dac7-4186-89d8-88a195e02204 tempest-HypervisorAdminTestJSON-1028899486 tempest-HypervisorAdminTestJSON-1028899486-project-admin] Lock "a76696cb-e133-4faf-965a-1968f9be2487" released by "nova.context.set_target_cell..get_or_set_cached_cell_and_set_connections" :: held 0.001s {{(pid=117942) inner /usr/local/lib/python3.8/dist-packages/oslo_concurrency/lockutils.py:367}}
Feb 11 13:16:13.042595 n-d-816488-1 devstack@n-api.service[117942]: INFO nova.api.openstack.requestlog [None req-a3bc0b98-dac7-4186-89d8-88a195e02204 tempest-HypervisorAdminTestJSON-1028899486 tempest-HypervisorAdminTestJSON-1028899486-project-admin] 10.222.0.52 "GET /compute/v2.1/os-hypervisors" status: 200 len: 191 microversion: 2.1 time: 0.253373
Feb 11 13:16:13.043172 n-d-816488-1 devstack@n-api.service[117942]: [pid: 117942|app: 0|req: 104/246] 10.222.0.52 () {58 vars in 1145 bytes} [Fri Feb 11 13:16:12 2022] GET /compute/v2.1/os-hypervisors => generated 191 bytes in 255 msecs (HTTP/1.1 200) 9 headers in 357 bytes (2 switches on core 0)
Feb 11 13:16:13.047458 n-d-816488-1 devstack@n-api.service[117942]: DEBUG nova.api.openstack.wsgi [None req-4dbe37fa-53be-46d5-8338-2ac3a44b877c tempest-LiveMigrationTest-1282283619 tempest-LiveMigrationTest-1282283619-project] Calling method '>' {{(pid=117942) _process_stack /opt/stack/nova/nova/api/openstack/wsgi.py:513}}
Feb 11 13:16:13.048076 n-d-816488-1 devstack@n-api.service[117942]: DEBUG nova.compute.api [None req-4dbe37fa-53be-46d5-8338-2ac3a44b877c tempest-LiveMigrationTest-1282283619 tempest-LiveMigrationTest-1282283619-project] [instance: b154fa24-a6bf-426d-97fc-6a43f0acd536] Fetching instance by UUID {{(pid=117942) get /opt/stack/nova/nova/compute/api.py:2865}}
Feb 11 13:16:13.098801 n-d-816488-1 devstack@n-api.service[117941]: INFO nova.api.openstack.requestlog [None req-11e95f9f-e16f-4406-8b73-ba5b10e1c076 tempest-AggregatesAdminTestJSON-170373211 tempest-AggregatesAdminTestJSON-170373211-project-admin] 10.222.0.52 "POST /compute/v2.1/os-aggregates/3/action" status: 200 len: 226 microversion: 2.1 time: 0.429176
Feb 11 13:16:13.101625 n-d-816488-1 devstack@n-api.service[117941]: [pid: 117941|app: 0|req: 143/247] 10.222.0.52 () {60 vars in 1190 bytes} [Fri Feb 11 13:16:12 2022] POST /compute/v2.1/os-aggregates/3/action => generated 226 bytes in 431 msecs (HTTP/1.1 200) 9 headers in 357 bytes (1 switches on core 0)
Feb 11 13:16:13.104583 n-d-816488-1 devstack@n-api.service[117941]: DEBUG nova.api.openstack.wsgi [None req-0edfd1ab-7db0-461e-86f3-e4b3ae417299 tempest-HypervisorAdminTestJSON-1028899486 tempest-HypervisorAdminTestJSON-1028899486-project-admin] Calling method '.version_select at 0x7f1d161d8c10>' {{(pid=117941) _process_stack /opt/stack/nova/nova/api/openstack/wsgi.py:513}}
Feb 11 13:16:13.107911 n-d-816488-1 devstack@n-api.service[117941]: /usr/local/lib/python3.8/dist-packages/oslo_policy/policy.py:1075: UserWarning: Policy os_compute_api:os-hypervisors:list-detail failed scope check. The token used to make the request was project scoped but the policy requires ['system'] scope. This behavior may change in the future where using the intended scope is required
Feb 11 13:16:13.107911 n-d-816488-1 devstack@n-api.service[117941]: warnings.warn(msg)
Feb 11 13:16:13.109685 n-d-816488-1 devstack@n-api.service[117941]: DEBUG oslo_concurrency.lockutils [None req-0edfd1ab-7db0-461e-86f3-e4b3ae417299 tempest-HypervisorAdminTestJSON-1028899486 tempest-HypervisorAdminTestJSON-1028899486-project-admin] Lock "a76696cb-e133-4faf-965a-1968f9be2487" acquired by "nova.context.set_target_cell..get_or_set_cached_cell_and_set_connections" :: waited 0.000s {{(pid=117941) inner /usr/local/lib/python3.8/dist-packages/oslo_concurrency/lockutils.py:355}}
Feb 11 13:16:13.115895 n-d-816488-1 devstack@n-api.service[117942]: DEBUG nova.policy [None req-4dbe37fa-53be-46d5-8338-2ac3a44b877c tempest-LiveMigrationTest-1282283619 tempest-LiveMigrationTest-1282283619-project] Policy check for os_compute_api:os-extended-server-attributes failed with credentials {'is_admin': False, 'user_id': '1ba6b1615a9b41bc9ad307d0367b9443', 'user_domain_id': 'default', 'system_scope': None, 'domain_id': None, 'project_id': 'c143e0388f93410888c1f43650d02942', 'project_domain_id': 'default', 'roles': ['member', 'reader'], 'is_admin_project': True, 'service_user_id': None, 'service_user_domain_id': None, 'service_project_id': None, 'service_project_domain_id': None, 'service_roles': []} {{(pid=117942) authorize /opt/stack/nova/nova/policy.py:199}}
Feb 11 13:16:13.119091 n-d-816488-1 devstack@n-api.service[117941]: DEBUG oslo_concurrency.lockutils [None req-0edfd1ab-7db0-461e-86f3-e4b3ae417299 tempest-HypervisorAdminTestJSON-1028899486 tempest-HypervisorAdminTestJSON-1028899486-project-admin] Lock "a76696cb-e133-4faf-965a-1968f9be2487" released by "nova.context.set_target_cell..get_or_set_cached_cell_and_set_connections" :: held 0.009s {{(pid=117941) inner /usr/local/lib/python3.8/dist-packages/oslo_concurrency/lockutils.py:367}}
Feb 11 13:16:13.123831 n-d-816488-1 devstack@n-api.service[117942]: INFO nova.api.openstack.requestlog [None req-4dbe37fa-53be-46d5-8338-2ac3a44b877c tempest-LiveMigrationTest-1282283619 tempest-LiveMigrationTest-1282283619-project] 10.222.0.52 "GET /compute/v2.1/servers/b154fa24-a6bf-426d-97fc-6a43f0acd536" status: 200 len: 1211 microversion: 2.1 time: 0.079677
Feb 11 13:16:13.125986 n-d-816488-1 devstack@n-api.service[117942]: [pid: 117942|app: 0|req: 105/248] 10.222.0.52 () {58 vars in 1235 bytes} [Fri Feb 11 13:16:13 2022] GET /compute/v2.1/servers/b154fa24-a6bf-426d-97fc-6a43f0acd536 => generated 1211 bytes in 81 msecs (HTTP/1.1 200) 9 headers in 358 bytes (1 switches on core 0)
Feb 11 13:16:13.130205 n-d-816488-1 devstack@n-api.service[117942]: DEBUG nova.api.openstack.wsgi [None req-daad1721-973c-4d8e-8ed9-c92869da1cfd tempest-AggregatesAdminTestJSON-170373211 tempest-AggregatesAdminTestJSON-170373211-project-admin] Calling method '>' {{(pid=117942) _process_stack /opt/stack/nova/nova/api/openstack/wsgi.py:513}}
Feb 11 13:16:13.130952 n-d-816488-1 devstack@n-api.service[117942]: /usr/local/lib/python3.8/dist-packages/oslo_policy/policy.py:1075: UserWarning: Policy os_compute_api:os-aggregates:delete failed scope check. The token used to make the request was project scoped but the policy requires ['system'] scope. This behavior may change in the future where using the intended scope is required
Feb 11 13:16:13.130952 n-d-816488-1 devstack@n-api.service[117942]: warnings.warn(msg)
Feb 11 13:16:13.155336 n-d-816488-1 devstack@n-api.service[117941]: DEBUG oslo_concurrency.lockutils [None req-0edfd1ab-7db0-461e-86f3-e4b3ae417299 tempest-HypervisorAdminTestJSON-1028899486 tempest-HypervisorAdminTestJSON-1028899486-project-admin] Lock "a76696cb-e133-4faf-965a-1968f9be2487" acquired by "nova.context.set_target_cell..get_or_set_cached_cell_and_set_connections" :: waited 0.000s {{(pid=117941) inner /usr/local/lib/python3.8/dist-packages/oslo_concurrency/lockutils.py:355}}
Feb 11 13:16:13.155918 n-d-816488-1 devstack@n-api.service[117941]: DEBUG oslo_concurrency.lockutils [None req-0edfd1ab-7db0-461e-86f3-e4b3ae417299 tempest-HypervisorAdminTestJSON-1028899486 tempest-HypervisorAdminTestJSON-1028899486-project-admin] Lock "a76696cb-e133-4faf-965a-1968f9be2487" released by "nova.context.set_target_cell..get_or_set_cached_cell_and_set_connections" :: held 0.001s {{(pid=117941) inner /usr/local/lib/python3.8/dist-packages/oslo_concurrency/lockutils.py:367}}
Feb 11 13:16:13.167028 n-d-816488-1 devstack@n-api.service[117941]: DEBUG oslo_concurrency.lockutils [None req-0edfd1ab-7db0-461e-86f3-e4b3ae417299 tempest-HypervisorAdminTestJSON-1028899486 tempest-HypervisorAdminTestJSON-1028899486-project-admin] Lock "a76696cb-e133-4faf-965a-1968f9be2487" acquired by "nova.context.set_target_cell..get_or_set_cached_cell_and_set_connections" :: waited 0.000s {{(pid=117941) inner /usr/local/lib/python3.8/dist-packages/oslo_concurrency/lockutils.py:355}}
Feb 11 13:16:13.167466 n-d-816488-1 devstack@n-api.service[117941]: DEBUG oslo_concurrency.lockutils [None req-0edfd1ab-7db0-461e-86f3-e4b3ae417299 tempest-HypervisorAdminTestJSON-1028899486 tempest-HypervisorAdminTestJSON-1028899486-project-admin] Lock "a76696cb-e133-4faf-965a-1968f9be2487" released by "nova.context.set_target_cell..get_or_set_cached_cell_and_set_connections" :: held 0.001s {{(pid=117941) inner /usr/local/lib/python3.8/dist-packages/oslo_concurrency/lockutils.py:367}}
Feb 11 13:16:13.173503 n-d-816488-1 devstack@n-api.service[117941]: INFO nova.api.openstack.requestlog [None req-0edfd1ab-7db0-461e-86f3-e4b3ae417299 tempest-HypervisorAdminTestJSON-1028899486 tempest-HypervisorAdminTestJSON-1028899486-project-admin] 10.222.0.52 "GET /compute/v2.1/os-hypervisors/detail" status: 200 len: 1504 microversion: 2.1 time: 0.072968
Feb 11 13:16:13.174583 n-d-816488-1 devstack@n-api.service[117941]: [pid: 117941|app: 0|req: 144/249] 10.222.0.52 () {58 vars in 1166 bytes} [Fri Feb 11 13:16:13 2022] GET /compute/v2.1/os-hypervisors/detail => generated 1504 bytes in 74 msecs (HTTP/1.1 200) 9 headers in 358 bytes (1 switches on core 0)
Feb 11 13:16:13.187348 n-d-816488-1 devstack@n-api.service[117941]: DEBUG nova.api.openstack.wsgi [None req-482b25af-5cce-4c72-9922-1ac4a72fdf02 tempest-HypervisorAdminTestJSON-1028899486 tempest-HypervisorAdminTestJSON-1028899486-project-admin] Calling method '.version_select at 0x7f1d1633a9d0>' {{(pid=117941) _process_stack /opt/stack/nova/nova/api/openstack/wsgi.py:513}}
Feb 11 13:16:13.188138 n-d-816488-1 devstack@n-api.service[117941]: /usr/local/lib/python3.8/dist-packages/oslo_policy/policy.py:1075: UserWarning: Policy os_compute_api:os-hypervisors:list failed scope check. The token used to make the request was project scoped but the policy requires ['system'] scope. This behavior may change in the future where using the intended scope is required
Feb 11 13:16:13.188138 n-d-816488-1 devstack@n-api.service[117941]: warnings.warn(msg)
Feb 11 13:16:13.189579 n-d-816488-1 devstack@n-api.service[117941]: DEBUG oslo_concurrency.lockutils [None req-482b25af-5cce-4c72-9922-1ac4a72fdf02 tempest-HypervisorAdminTestJSON-1028899486 tempest-HypervisorAdminTestJSON-1028899486-project-admin] Lock "a76696cb-e133-4faf-965a-1968f9be2487" acquired by "nova.context.set_target_cell..get_or_set_cached_cell_and_set_connections" :: waited 0.000s {{(pid=117941) inner /usr/local/lib/python3.8/dist-packages/oslo_concurrency/lockutils.py:355}}
Feb 11 13:16:13.190084 n-d-816488-1 devstack@n-api.service[117941]: DEBUG oslo_concurrency.lockutils [None req-482b25af-5cce-4c72-9922-1ac4a72fdf02 tempest-HypervisorAdminTestJSON-1028899486 tempest-HypervisorAdminTestJSON-1028899486-project-admin] Lock "a76696cb-e133-4faf-965a-1968f9be2487" released by "nova.context.set_target_cell..get_or_set_cached_cell_and_set_connections" :: held 0.000s {{(pid=117941) inner /usr/local/lib/python3.8/dist-packages/oslo_concurrency/lockutils.py:367}}
Feb 11 13:16:13.203266 n-d-816488-1 devstack@n-api.service[117941]: DEBUG oslo_concurrency.lockutils [None req-482b25af-5cce-4c72-9922-1ac4a72fdf02 tempest-HypervisorAdminTestJSON-1028899486 tempest-HypervisorAdminTestJSON-1028899486-project-admin] Lock "a76696cb-e133-4faf-965a-1968f9be2487" acquired by "nova.context.set_target_cell..get_or_set_cached_cell_and_set_connections" :: waited 0.000s {{(pid=117941) inner /usr/local/lib/python3.8/dist-packages/oslo_concurrency/lockutils.py:355}}
Feb 11 13:16:13.203761 n-d-816488-1 devstack@n-api.service[117941]: DEBUG oslo_concurrency.lockutils [None req-482b25af-5cce-4c72-9922-1ac4a72fdf02 tempest-HypervisorAdminTestJSON-1028899486 tempest-HypervisorAdminTestJSON-1028899486-project-admin] Lock "a76696cb-e133-4faf-965a-1968f9be2487" released by "nova.context.set_target_cell..get_or_set_cached_cell_and_set_connections" :: held 0.001s {{(pid=117941) inner /usr/local/lib/python3.8/dist-packages/oslo_concurrency/lockutils.py:367}}
Feb 11 13:16:13.214649 n-d-816488-1 devstack@n-api.service[117941]: DEBUG oslo_concurrency.lockutils [None req-482b25af-5cce-4c72-9922-1ac4a72fdf02 tempest-HypervisorAdminTestJSON-1028899486 tempest-HypervisorAdminTestJSON-1028899486-project-admin] Lock "a76696cb-e133-4faf-965a-1968f9be2487" acquired by "nova.context.set_target_cell..get_or_set_cached_cell_and_set_connections" :: waited 0.000s {{(pid=117941) inner /usr/local/lib/python3.8/dist-packages/oslo_concurrency/lockutils.py:355}}
Feb 11 13:16:13.215088 n-d-816488-1 devstack@n-api.service[117941]: DEBUG oslo_concurrency.lockutils [None req-482b25af-5cce-4c72-9922-1ac4a72fdf02 tempest-HypervisorAdminTestJSON-1028899486 tempest-HypervisorAdminTestJSON-1028899486-project-admin] Lock "a76696cb-e133-4faf-965a-1968f9be2487" released by "nova.context.set_target_cell..get_or_set_cached_cell_and_set_connections" :: held 0.001s {{(pid=117941) inner /usr/local/lib/python3.8/dist-packages/oslo_concurrency/lockutils.py:367}}
Feb 11 13:16:13.220907 n-d-816488-1 devstack@n-api.service[117941]: INFO nova.api.openstack.requestlog [None req-482b25af-5cce-4c72-9922-1ac4a72fdf02 tempest-HypervisorAdminTestJSON-1028899486 tempest-HypervisorAdminTestJSON-1028899486-project-admin] 10.222.0.52 "GET /compute/v2.1/os-hypervisors" status: 200 len: 191 microversion: 2.1 time: 0.037016
Feb 11 13:16:13.222194 n-d-816488-1 devstack@n-api.service[117941]: [pid: 117941|app: 0|req: 145/250] 10.222.0.52 () {58 vars in 1145 bytes} [Fri Feb 11 13:16:13 2022] GET /compute/v2.1/os-hypervisors => generated 191 bytes in 39 msecs (HTTP/1.1 200) 9 headers in 357 bytes (2 switches on core 0)
Feb 11 13:16:13.235823 n-d-816488-1 devstack@n-api.service[117942]: INFO nova.api.openstack.requestlog [None req-daad1721-973c-4d8e-8ed9-c92869da1cfd tempest-AggregatesAdminTestJSON-170373211 tempest-AggregatesAdminTestJSON-170373211-project-admin] 10.222.0.52 "DELETE /compute/v2.1/os-aggregates/3" status: 200 len: 0 microversion: 2.1 time: 0.109946
Feb 11 13:16:13.236331 n-d-816488-1 devstack@n-api.service[117942]: [pid: 117942|app: 0|req: 106/251] 10.222.0.52 () {58 vars in 1151 bytes} [Fri Feb 11 13:16:13 2022] DELETE /compute/v2.1/os-aggregates/3 => generated 0 bytes in 111 msecs (HTTP/1.1 200) 9 headers in 355 bytes (1 switches on core 0)
Feb 11 13:16:13.239432 n-d-816488-1 devstack@n-api.service[117941]: DEBUG nova.api.openstack.wsgi [None req-acfed692-c695-47af-bd5b-6b8f5446e762 tempest-HypervisorAdminTestJSON-1028899486 tempest-HypervisorAdminTestJSON-1028899486-project-admin] Calling method '.version_select at 0x7f1d161d80d0>' {{(pid=117941) _process_stack /opt/stack/nova/nova/api/openstack/wsgi.py:513}}
Feb 11 13:16:13.240506 n-d-816488-1 devstack@n-api.service[117941]: /usr/local/lib/python3.8/dist-packages/oslo_policy/policy.py:1075: UserWarning: Policy os_compute_api:os-hypervisors:show failed scope check. The token used to make the request was project scoped but the policy requires ['system'] scope. This behavior may change in the future where using the intended scope is required
Feb 11 13:16:13.240506 n-d-816488-1 devstack@n-api.service[117941]: warnings.warn(msg)
Feb 11 13:16:13.243237 n-d-816488-1 devstack@n-api.service[117941]: DEBUG oslo_concurrency.lockutils [None req-acfed692-c695-47af-bd5b-6b8f5446e762 tempest-HypervisorAdminTestJSON-1028899486 tempest-HypervisorAdminTestJSON-1028899486-project-admin] Lock "a76696cb-e133-4faf-965a-1968f9be2487" acquired by "nova.context.set_target_cell..get_or_set_cached_cell_and_set_connections" :: waited 0.000s {{(pid=117941) inner /usr/local/lib/python3.8/dist-packages/oslo_concurrency/lockutils.py:355}}
Feb 11 13:16:13.243846 n-d-816488-1 devstack@n-api.service[117941]: DEBUG oslo_concurrency.lockutils [None req-acfed692-c695-47af-bd5b-6b8f5446e762 tempest-HypervisorAdminTestJSON-1028899486 tempest-HypervisorAdminTestJSON-1028899486-project-admin] Lock "a76696cb-e133-4faf-965a-1968f9be2487" released by "nova.context.set_target_cell..get_or_set_cached_cell_and_set_connections" :: held 0.001s {{(pid=117941) inner /usr/local/lib/python3.8/dist-packages/oslo_concurrency/lockutils.py:367}}
Feb 11 13:16:13.251831 n-d-816488-1 devstack@n-api.service[117942]: DEBUG nova.api.openstack.wsgi [None req-42f2b75c-8304-4728-9606-010bfa1ce08a tempest-AggregatesAdminTestJSON-170373211 tempest-AggregatesAdminTestJSON-170373211-project-admin] Action: 'create', calling method: >, body: {"aggregate": {"name": "tempest-test_aggregate-341843765"}} {{(pid=117942) _process_stack /opt/stack/nova/nova/api/openstack/wsgi.py:511}}
Feb 11 13:16:13.255893 n-d-816488-1 devstack@n-api.service[117942]: /usr/local/lib/python3.8/dist-packages/oslo_policy/policy.py:1075: UserWarning: Policy os_compute_api:os-aggregates:create failed scope check. The token used to make the request was project scoped but the policy requires ['system'] scope. This behavior may change in the future where using the intended scope is required
Feb 11 13:16:13.255893 n-d-816488-1 devstack@n-api.service[117942]: warnings.warn(msg)
Feb 11 13:16:13.257480 n-d-816488-1 devstack@n-api.service[117942]: DEBUG nova.objects.aggregate [None req-42f2b75c-8304-4728-9606-010bfa1ce08a tempest-AggregatesAdminTestJSON-170373211 tempest-AggregatesAdminTestJSON-170373211-project-admin] Generated uuid b12565e4-34d3-417b-bf12-023ba67ee4b1 for aggregate {{(pid=117942) create /opt/stack/nova/nova/objects/aggregate.py:298}}
Feb 11 13:16:13.263533 n-d-816488-1 devstack@n-api.service[117941]: DEBUG oslo_concurrency.lockutils [None req-acfed692-c695-47af-bd5b-6b8f5446e762 tempest-HypervisorAdminTestJSON-1028899486 tempest-HypervisorAdminTestJSON-1028899486-project-admin] Lock "a76696cb-e133-4faf-965a-1968f9be2487" acquired by "nova.context.set_target_cell..get_or_set_cached_cell_and_set_connections" :: waited 0.000s {{(pid=117941) inner /usr/local/lib/python3.8/dist-packages/oslo_concurrency/lockutils.py:355}}
Feb 11 13:16:13.263977 n-d-816488-1 devstack@n-api.service[117941]: DEBUG oslo_concurrency.lockutils [None req-acfed692-c695-47af-bd5b-6b8f5446e762 tempest-HypervisorAdminTestJSON-1028899486 tempest-HypervisorAdminTestJSON-1028899486-project-admin] Lock "a76696cb-e133-4faf-965a-1968f9be2487" released by "nova.context.set_target_cell..get_or_set_cached_cell_and_set_connections" :: held 0.001s {{(pid=117941) inner /usr/local/lib/python3.8/dist-packages/oslo_concurrency/lockutils.py:367}}
Feb 11 13:16:13.282299 n-d-816488-1 devstack@n-api.service[117941]: INFO nova.api.openstack.requestlog [None req-acfed692-c695-47af-bd5b-6b8f5446e762 tempest-HypervisorAdminTestJSON-1028899486 tempest-HypervisorAdminTestJSON-1028899486-project-admin] 10.222.0.52 "GET /compute/v2.1/os-hypervisors/1" status: 200 len: 757 microversion: 2.1 time: 0.049532
Feb 11 13:16:13.283032 n-d-816488-1 devstack@n-api.service[117941]: [pid: 117941|app: 0|req: 146/252] 10.222.0.52 () {58 vars in 1151 bytes} [Fri Feb 11 13:16:13 2022] GET /compute/v2.1/os-hypervisors/1 => generated 757 bytes in 51 msecs (HTTP/1.1 200) 9 headers in 357 bytes (1 switches on core 0)
Feb 11 13:16:13.295464 n-d-816488-1 devstack@n-api.service[117941]: DEBUG nova.api.openstack.wsgi [None req-7c39a90d-3117-4882-8a76-d0004bff6e02 tempest-HypervisorAdminTestJSON-1028899486 tempest-HypervisorAdminTestJSON-1028899486-project-admin] Calling method '.version_select at 0x7f1d161ba0d0>' {{(pid=117941) _process_stack /opt/stack/nova/nova/api/openstack/wsgi.py:513}}
Feb 11 13:16:13.296248 n-d-816488-1 devstack@n-api.service[117941]: /usr/local/lib/python3.8/dist-packages/oslo_policy/policy.py:1075: UserWarning: Policy os_compute_api:os-hypervisors:statistics failed scope check. The token used to make the request was project scoped but the policy requires ['system'] scope. This behavior may change in the future where using the intended scope is required
Feb 11 13:16:13.296248 n-d-816488-1 devstack@n-api.service[117941]: warnings.warn(msg)
Feb 11 13:16:13.297711 n-d-816488-1 devstack@n-api.service[117941]: DEBUG oslo_concurrency.lockutils [None req-7c39a90d-3117-4882-8a76-d0004bff6e02 tempest-HypervisorAdminTestJSON-1028899486 tempest-HypervisorAdminTestJSON-1028899486-project-admin] Lock "a76696cb-e133-4faf-965a-1968f9be2487" acquired by "nova.context.set_target_cell..get_or_set_cached_cell_and_set_connections" :: waited 0.000s {{(pid=117941) inner /usr/local/lib/python3.8/dist-packages/oslo_concurrency/lockutils.py:355}}
Feb 11 13:16:13.298175 n-d-816488-1 devstack@n-api.service[117941]: DEBUG oslo_concurrency.lockutils [None req-7c39a90d-3117-4882-8a76-d0004bff6e02 tempest-HypervisorAdminTestJSON-1028899486 tempest-HypervisorAdminTestJSON-1028899486-project-admin] Lock "a76696cb-e133-4faf-965a-1968f9be2487" released by "nova.context.set_target_cell..get_or_set_cached_cell_and_set_connections" :: held 0.000s {{(pid=117941) inner /usr/local/lib/python3.8/dist-packages/oslo_concurrency/lockutils.py:367}}
Feb 11 13:16:13.320047 n-d-816488-1 devstack@n-api.service[117941]: INFO nova.api.openstack.requestlog [None req-7c39a90d-3117-4882-8a76-d0004bff6e02 tempest-HypervisorAdminTestJSON-1028899486 tempest-HypervisorAdminTestJSON-1028899486-project-admin] 10.222.0.52 "GET /compute/v2.1/os-hypervisors/statistics" status: 200 len: 263 microversion: 2.1 time: 0.026584
Feb 11 13:16:13.322686 n-d-816488-1 devstack@n-api.service[117941]: [pid: 117941|app: 0|req: 147/253] 10.222.0.52 () {58 vars in 1178 bytes} [Fri Feb 11 13:16:13 2022] GET /compute/v2.1/os-hypervisors/statistics => generated 263 bytes in 30 msecs (HTTP/1.1 200) 9 headers in 357 bytes (2 switches on core 0)
Feb 11 13:16:13.336074 n-d-816488-1 devstack@n-api.service[117941]: DEBUG nova.api.openstack.wsgi [None req-7e9ad787-e7c2-49ec-83fe-0b7660d48a81 tempest-HypervisorAdminTestJSON-1028899486 tempest-HypervisorAdminTestJSON-1028899486-project-admin] Calling method '.version_select at 0x7f1d161baaf0>' {{(pid=117941) _process_stack /opt/stack/nova/nova/api/openstack/wsgi.py:513}}
Feb 11 13:16:13.336933 n-d-816488-1 devstack@n-api.service[117941]: /usr/local/lib/python3.8/dist-packages/oslo_policy/policy.py:1075: UserWarning: Policy os_compute_api:os-hypervisors:list failed scope check. The token used to make the request was project scoped but the policy requires ['system'] scope. This behavior may change in the future where using the intended scope is required
Feb 11 13:16:13.336933 n-d-816488-1 devstack@n-api.service[117941]: warnings.warn(msg)
