Nov 23 22:01:52.535487 n-d-816206-9 devstack@placement-api.service[110516]: DEBUG placement.requestlog [req-cd8b6294-c427-4ccf-9518-e2546f48d950 req-1a973703-0315-425a-b1a1-0f72513c4995 None None] Starting request: 10.222.0.53 "DELETE /placement/allocations/fd0aff5d-ec47-44ca-b484-84fb695f6a65" {{(pid=110516) __call__ /opt/stack/placement/placement/requestlog.py:55}}
Nov 23 22:01:52.593262 n-d-816206-9 devstack@placement-api.service[110516]: DEBUG placement.handlers.allocation [req-cd8b6294-c427-4ccf-9518-e2546f48d950 req-1a973703-0315-425a-b1a1-0f72513c4995 service placement] Successfully deleted allocations [, , ] {{(pid=110516) delete_allocations /opt/stack/placement/placement/handlers/allocation.py:627}}
Nov 23 22:01:52.593990 n-d-816206-9 devstack@placement-api.service[110516]: INFO placement.requestlog [req-cd8b6294-c427-4ccf-9518-e2546f48d950 req-1a973703-0315-425a-b1a1-0f72513c4995 service placement] 10.222.0.53 "DELETE /placement/allocations/fd0aff5d-ec47-44ca-b484-84fb695f6a65" status: 204 len: 0 microversion: 1.0
Nov 23 22:01:52.594921 n-d-816206-9 devstack@placement-api.service[110516]: [pid: 110516|app: 0|req: 415/829] 10.222.0.53 () {60 vars in 1355 bytes} [Tue Nov 23 22:01:52 2021] DELETE /placement/allocations/fd0aff5d-ec47-44ca-b484-84fb695f6a65 => generated 0 bytes in 59 msecs (HTTP/1.1 204) 5 headers in 198 bytes (1 switches on core 0)
Nov 23 22:01:56.480324 n-d-816206-9 devstack@placement-api.service[110515]: DEBUG placement.requestlog [req-d558dfc5-c94c-4a3e-afda-b05c97a732d2 req-256a7851-689f-49cd-a3a8-88b7df8ddbd5 None None] Starting request: 10.222.0.50 "GET /placement/allocation_candidates?limit=1000&resources=DISK_GB%3A1%2CMEMORY_MB%3A1024%2CVCPU%3A1&root_required=%21COMPUTE_STATUS_DISABLED" {{(pid=110515) __call__ /opt/stack/placement/placement/requestlog.py:55}}
Nov 23 22:01:56.529731 n-d-816206-9 devstack@placement-api.service[110515]: DEBUG placement.objects.research_context [req-d558dfc5-c94c-4a3e-afda-b05c97a732d2 req-256a7851-689f-49cd-a3a8-88b7df8ddbd5 service placement] getting providers with 1 DISK_GB {{(pid=110515) __init__ /opt/stack/placement/placement/objects/research_context.py:126}}
Nov 23 22:01:56.541559 n-d-816206-9 devstack@placement-api.service[110515]: DEBUG placement.objects.research_context [req-d558dfc5-c94c-4a3e-afda-b05c97a732d2 req-256a7851-689f-49cd-a3a8-88b7df8ddbd5 service placement] getting providers with 1024 MEMORY_MB {{(pid=110515) __init__ /opt/stack/placement/placement/objects/research_context.py:126}}
Nov 23 22:01:56.549613 n-d-816206-9 devstack@placement-api.service[110515]: DEBUG placement.objects.research_context [req-d558dfc5-c94c-4a3e-afda-b05c97a732d2 req-256a7851-689f-49cd-a3a8-88b7df8ddbd5 service placement] getting providers with 1 VCPU {{(pid=110515) __init__ /opt/stack/placement/placement/objects/research_context.py:126}}
Nov 23 22:01:56.560559 n-d-816206-9 devstack@placement-api.service[110515]: DEBUG placement.objects.research_context [req-d558dfc5-c94c-4a3e-afda-b05c97a732d2 req-256a7851-689f-49cd-a3a8-88b7df8ddbd5 service placement] found 2 providers with available 1 DISK_GB {{(pid=110515) get_provider_ids_matching /opt/stack/placement/placement/objects/research_context.py:549}}
Nov 23 22:01:56.564656 n-d-816206-9 devstack@placement-api.service[110515]: DEBUG placement.objects.research_context [req-d558dfc5-c94c-4a3e-afda-b05c97a732d2 req-256a7851-689f-49cd-a3a8-88b7df8ddbd5 service placement] found 2 providers with available 1024 MEMORY_MB {{(pid=110515) get_provider_ids_matching /opt/stack/placement/placement/objects/research_context.py:549}}
Nov 23 22:01:56.564945 n-d-816206-9 devstack@placement-api.service[110515]: DEBUG placement.objects.research_context [req-d558dfc5-c94c-4a3e-afda-b05c97a732d2 req-256a7851-689f-49cd-a3a8-88b7df8ddbd5 service placement] found 2 providers after filtering by previous result {{(pid=110515) get_provider_ids_matching /opt/stack/placement/placement/objects/research_context.py:580}}
Nov 23 22:01:56.565868 n-d-816206-9 devstack@placement-api.service[110515]: DEBUG placement.objects.research_context [req-d558dfc5-c94c-4a3e-afda-b05c97a732d2 req-256a7851-689f-49cd-a3a8-88b7df8ddbd5 service placement] found 2 providers with available 1 VCPU {{(pid=110515) get_provider_ids_matching /opt/stack/placement/placement/objects/research_context.py:549}}
Nov 23 22:01:56.565981 n-d-816206-9 devstack@placement-api.service[110515]: DEBUG placement.objects.research_context [req-d558dfc5-c94c-4a3e-afda-b05c97a732d2 req-256a7851-689f-49cd-a3a8-88b7df8ddbd5 service placement] found 2 providers after filtering by previous result {{(pid=110515) get_provider_ids_matching /opt/stack/placement/placement/objects/research_context.py:580}}
Nov 23 22:01:56.598848 n-d-816206-9 devstack@placement-api.service[110515]: DEBUG placement.objects.allocation_candidate [req-d558dfc5-c94c-4a3e-afda-b05c97a732d2 req-256a7851-689f-49cd-a3a8-88b7df8ddbd5 service placement] RequestGroup(use_same_provider=False, resources={DISK_GB:1, MEMORY_MB:1024, VCPU:1}, traits=[], aggregates=[]) (suffix '') returned 2 matches {{(pid=110515) _get_by_requests /opt/stack/placement/placement/objects/allocation_candidate.py:145}}
Nov 23 22:01:56.599480 n-d-816206-9 devstack@placement-api.service[110515]: DEBUG placement.objects.allocation_candidate [req-d558dfc5-c94c-4a3e-afda-b05c97a732d2 req-256a7851-689f-49cd-a3a8-88b7df8ddbd5 service placement] Merging candidates yields 2 allocation requests and 2 provider summaries {{(pid=110515) _merge_candidates /opt/stack/placement/placement/objects/allocation_candidate.py:783}}
Nov 23 22:01:56.602616 n-d-816206-9 devstack@placement-api.service[110515]: INFO placement.requestlog [req-d558dfc5-c94c-4a3e-afda-b05c97a732d2 req-256a7851-689f-49cd-a3a8-88b7df8ddbd5 service placement] 10.222.0.50 "GET /placement/allocation_candidates?limit=1000&resources=DISK_GB%3A1%2CMEMORY_MB%3A1024%2CVCPU%3A1&root_required=%21COMPUTE_STATUS_DISABLED" status: 200 len: 1309 microversion: 1.36
Nov 23 22:01:56.603253 n-d-816206-9 devstack@placement-api.service[110515]: [pid: 110515|app: 0|req: 415/830] 10.222.0.50 () {60 vars in 1506 bytes} [Tue Nov 23 22:01:56 2021] GET /placement/allocation_candidates?limit=1000&resources=DISK_GB%3A1%2CMEMORY_MB%3A1024%2CVCPU%3A1&root_required=%21COMPUTE_STATUS_DISABLED => generated 1309 bytes in 123 msecs (HTTP/1.1 200) 8 headers in 297 bytes (1 switches on core 0)
Nov 23 22:01:56.688519 n-d-816206-9 devstack@placement-api.service[110516]: DEBUG placement.requestlog [req-d558dfc5-c94c-4a3e-afda-b05c97a732d2 req-cc49d847-e27f-4239-b743-9208b4933523 None None] Starting request: 10.222.0.50 "GET /placement/allocations/fd0aff5d-ec47-44ca-b484-84fb695f6a65" {{(pid=110516) __call__ /opt/stack/placement/placement/requestlog.py:55}}
Nov 23 22:01:56.723865 n-d-816206-9 devstack@placement-api.service[110516]: INFO placement.requestlog [req-d558dfc5-c94c-4a3e-afda-b05c97a732d2 req-cc49d847-e27f-4239-b743-9208b4933523 service placement] 10.222.0.50 "GET /placement/allocations/fd0aff5d-ec47-44ca-b484-84fb695f6a65" status: 200 len: 19 microversion: 1.28
Nov 23 22:01:56.730624 n-d-816206-9 devstack@placement-api.service[110516]: [pid: 110516|app: 0|req: 416/831] 10.222.0.50 () {60 vars in 1380 bytes} [Tue Nov 23 22:01:56 2021] GET /placement/allocations/fd0aff5d-ec47-44ca-b484-84fb695f6a65 => generated 19 bytes in 42 msecs (HTTP/1.1 200) 8 headers in 295 bytes (1 switches on core 0)
Nov 23 22:01:56.733480 n-d-816206-9 devstack@placement-api.service[110515]: DEBUG placement.requestlog [req-d558dfc5-c94c-4a3e-afda-b05c97a732d2 req-fc8a3300-744b-43a3-a8f0-19ac0e521fe5 None None] Starting request: 10.222.0.50 "PUT /placement/allocations/fd0aff5d-ec47-44ca-b484-84fb695f6a65" {{(pid=110515) __call__ /opt/stack/placement/placement/requestlog.py:55}}
Nov 23 22:01:56.813260 n-d-816206-9 devstack@placement-api.service[110515]: DEBUG placement.handlers.allocation [req-d558dfc5-c94c-4a3e-afda-b05c97a732d2 req-fc8a3300-744b-43a3-a8f0-19ac0e521fe5 service placement] Successfully wrote allocations [, , ] {{(pid=110515) _update_consumers_and_create_allocations /opt/stack/placement/placement/handlers/allocation.py:462}}
Nov 23 22:01:56.824577 n-d-816206-9 devstack@placement-api.service[110515]: INFO placement.requestlog [req-d558dfc5-c94c-4a3e-afda-b05c97a732d2 req-fc8a3300-744b-43a3-a8f0-19ac0e521fe5 service placement] 10.222.0.50 "PUT /placement/allocations/fd0aff5d-ec47-44ca-b484-84fb695f6a65" status: 204 len: 0 microversion: 1.36
Nov 23 22:01:56.824825 n-d-816206-9 devstack@placement-api.service[110515]: [pid: 110515|app: 0|req: 416/832] 10.222.0.50 () {64 vars in 1433 bytes} [Tue Nov 23 22:01:56 2021] PUT /placement/allocations/fd0aff5d-ec47-44ca-b484-84fb695f6a65 => generated 0 bytes in 92 msecs (HTTP/1.1 204) 5 headers in 199 bytes (1 switches on core 0)
Nov 23 22:01:57.073793 n-d-816206-9 devstack@placement-api.service[110516]: DEBUG placement.requestlog [req-d558dfc5-c94c-4a3e-afda-b05c97a732d2 req-5978aec5-e83c-42cc-811f-ad500d586759 None None] Starting request: 10.222.0.60 "GET /placement/allocations/fd0aff5d-ec47-44ca-b484-84fb695f6a65" {{(pid=110516) __call__ /opt/stack/placement/placement/requestlog.py:55}}
Nov 23 22:01:57.091813 n-d-816206-9 devstack@placement-api.service[110516]: INFO placement.requestlog [req-d558dfc5-c94c-4a3e-afda-b05c97a732d2 req-5978aec5-e83c-42cc-811f-ad500d586759 service placement] 10.222.0.60 "GET /placement/allocations/fd0aff5d-ec47-44ca-b484-84fb695f6a65" status: 200 len: 259 microversion: 1.28
Nov 23 22:01:57.092326 n-d-816206-9 devstack@placement-api.service[110516]: [pid: 110516|app: 0|req: 417/833] 10.222.0.60 () {60 vars in 1377 bytes} [Tue Nov 23 22:01:57 2021] GET /placement/allocations/fd0aff5d-ec47-44ca-b484-84fb695f6a65 => generated 259 bytes in 19 msecs (HTTP/1.1 200) 8 headers in 296 bytes (2 switches on core 0)
Nov 23 22:02:09.151632 n-d-816206-9 devstack@placement-api.service[110515]: DEBUG placement.requestlog [req-1552ba7c-58f0-45d3-8bea-42cf30a1b0b2 req-6c091d90-0357-49ff-9a0a-f5245497398c None None] Starting request: 10.222.0.53 "GET /placement/resource_providers/f8deb8d5-5498-4661-9266-0107a95be01a/allocations" {{(pid=110515) __call__ /opt/stack/placement/placement/requestlog.py:55}}
Nov 23 22:02:09.221544 n-d-816206-9 devstack@placement-api.service[110515]: INFO placement.requestlog [req-1552ba7c-58f0-45d3-8bea-42cf30a1b0b2 req-6c091d90-0357-49ff-9a0a-f5245497398c service placement] 10.222.0.53 "GET /placement/resource_providers/f8deb8d5-5498-4661-9266-0107a95be01a/allocations" status: 200 len: 429 microversion: 1.0
Nov 23 22:02:09.226517 n-d-816206-9 devstack@placement-api.service[110515]: [pid: 110515|app: 0|req: 417/834] 10.222.0.53 () {58 vars in 1390 bytes} [Tue Nov 23 22:02:09 2021] GET /placement/resource_providers/f8deb8d5-5498-4661-9266-0107a95be01a/allocations => generated 429 bytes in 75 msecs (HTTP/1.1 200) 6 headers in 224 bytes (1 switches on core 0)
Nov 23 22:02:14.535231 n-d-816206-9 devstack@placement-api.service[110516]: DEBUG placement.requestlog [req-c8f1d735-e16d-4dee-a0b2-1fd274c827a4 req-15f92b6a-ca6a-4bd2-9bb6-d983b786fdc4 None None] Starting request: 10.222.0.60 "GET /placement/resource_providers/ecad6d10-aa7b-4a36-a9dc-90cd1609f7f0/allocations" {{(pid=110516) __call__ /opt/stack/placement/placement/requestlog.py:55}}
Nov 23 22:02:14.579361 n-d-816206-9 devstack@placement-api.service[110516]: INFO placement.requestlog [req-c8f1d735-e16d-4dee-a0b2-1fd274c827a4 req-15f92b6a-ca6a-4bd2-9bb6-d983b786fdc4 service placement] 10.222.0.60 "GET /placement/resource_providers/ecad6d10-aa7b-4a36-a9dc-90cd1609f7f0/allocations" status: 200 len: 457 microversion: 1.0
Nov 23 22:02:14.580360 n-d-816206-9 devstack@placement-api.service[110516]: [pid: 110516|app: 0|req: 418/835] 10.222.0.60 () {58 vars in 1390 bytes} [Tue Nov 23 22:02:14 2021] GET /placement/resource_providers/ecad6d10-aa7b-4a36-a9dc-90cd1609f7f0/allocations => generated 457 bytes in 45 msecs (HTTP/1.1 200) 6 headers in 224 bytes (1 switches on core 0)
Nov 23 22:02:31.565274 n-d-816206-9 devstack@placement-api.service[110515]: DEBUG placement.requestlog [req-7e5e7b6a-164e-437e-8ff9-7c83035f13aa req-e1ad0a83-6d05-4e32-9aed-3dd2c3ba4600 None None] Starting request: 10.222.0.50 "GET /placement/allocation_candidates?limit=1000&resources=DISK_GB%3A1%2CMEMORY_MB%3A1024%2CVCPU%3A1&root_required=%21COMPUTE_STATUS_DISABLED" {{(pid=110515) __call__ /opt/stack/placement/placement/requestlog.py:55}}
Nov 23 22:02:31.626259 n-d-816206-9 devstack@placement-api.service[110515]: DEBUG placement.objects.research_context [req-7e5e7b6a-164e-437e-8ff9-7c83035f13aa req-e1ad0a83-6d05-4e32-9aed-3dd2c3ba4600 service placement] getting providers with 1 DISK_GB {{(pid=110515) __init__ /opt/stack/placement/placement/objects/research_context.py:126}}
Nov 23 22:02:31.636829 n-d-816206-9 devstack@placement-api.service[110515]: DEBUG placement.objects.research_context [req-7e5e7b6a-164e-437e-8ff9-7c83035f13aa req-e1ad0a83-6d05-4e32-9aed-3dd2c3ba4600 service placement] getting providers with 1024 MEMORY_MB {{(pid=110515) __init__ /opt/stack/placement/placement/objects/research_context.py:126}}
Nov 23 22:02:31.656272 n-d-816206-9 devstack@placement-api.service[110515]: DEBUG placement.objects.research_context [req-7e5e7b6a-164e-437e-8ff9-7c83035f13aa req-e1ad0a83-6d05-4e32-9aed-3dd2c3ba4600 service placement] getting providers with 1 VCPU {{(pid=110515) __init__ /opt/stack/placement/placement/objects/research_context.py:126}}
Nov 23 22:02:31.670731 n-d-816206-9 devstack@placement-api.service[110515]: DEBUG placement.objects.research_context [req-7e5e7b6a-164e-437e-8ff9-7c83035f13aa req-e1ad0a83-6d05-4e32-9aed-3dd2c3ba4600 service placement] found 2 providers with available 1 DISK_GB {{(pid=110515) get_provider_ids_matching /opt/stack/placement/placement/objects/research_context.py:549}}
Nov 23 22:02:31.676468 n-d-816206-9 devstack@placement-api.service[110515]: DEBUG placement.objects.research_context [req-7e5e7b6a-164e-437e-8ff9-7c83035f13aa req-e1ad0a83-6d05-4e32-9aed-3dd2c3ba4600 service placement] found 2 providers with available 1024 MEMORY_MB {{(pid=110515) get_provider_ids_matching /opt/stack/placement/placement/objects/research_context.py:549}}
Nov 23 22:02:31.677028 n-d-816206-9 devstack@placement-api.service[110515]: DEBUG placement.objects.research_context [req-7e5e7b6a-164e-437e-8ff9-7c83035f13aa req-e1ad0a83-6d05-4e32-9aed-3dd2c3ba4600 service placement] found 2 providers after filtering by previous result {{(pid=110515) get_provider_ids_matching /opt/stack/placement/placement/objects/research_context.py:580}}
Nov 23 22:02:31.677453 n-d-816206-9 devstack@placement-api.service[110515]: DEBUG placement.objects.research_context [req-7e5e7b6a-164e-437e-8ff9-7c83035f13aa req-e1ad0a83-6d05-4e32-9aed-3dd2c3ba4600 service placement] found 2 providers with available 1 VCPU {{(pid=110515) get_provider_ids_matching /opt/stack/placement/placement/objects/research_context.py:549}}
Nov 23 22:02:31.677878 n-d-816206-9 devstack@placement-api.service[110515]: DEBUG placement.objects.research_context [req-7e5e7b6a-164e-437e-8ff9-7c83035f13aa req-e1ad0a83-6d05-4e32-9aed-3dd2c3ba4600 service placement] found 2 providers after filtering by previous result {{(pid=110515) get_provider_ids_matching /opt/stack/placement/placement/objects/research_context.py:580}}
Nov 23 22:02:31.704226 n-d-816206-9 devstack@placement-api.service[110515]: DEBUG placement.objects.allocation_candidate [req-7e5e7b6a-164e-437e-8ff9-7c83035f13aa req-e1ad0a83-6d05-4e32-9aed-3dd2c3ba4600 service placement] RequestGroup(use_same_provider=False, resources={DISK_GB:1, MEMORY_MB:1024, VCPU:1}, traits=[], aggregates=[]) (suffix '') returned 2 matches {{(pid=110515) _get_by_requests /opt/stack/placement/placement/objects/allocation_candidate.py:145}}
Nov 23 22:02:31.704898 n-d-816206-9 devstack@placement-api.service[110515]: DEBUG placement.objects.allocation_candidate [req-7e5e7b6a-164e-437e-8ff9-7c83035f13aa req-e1ad0a83-6d05-4e32-9aed-3dd2c3ba4600 service placement] Merging candidates yields 2 allocation requests and 2 provider summaries {{(pid=110515) _merge_candidates /opt/stack/placement/placement/objects/allocation_candidate.py:783}}
Nov 23 22:02:31.710849 n-d-816206-9 devstack@placement-api.service[110515]: INFO placement.requestlog [req-7e5e7b6a-164e-437e-8ff9-7c83035f13aa req-e1ad0a83-6d05-4e32-9aed-3dd2c3ba4600 service placement] 10.222.0.50 "GET /placement/allocation_candidates?limit=1000&resources=DISK_GB%3A1%2CMEMORY_MB%3A1024%2CVCPU%3A1&root_required=%21COMPUTE_STATUS_DISABLED" status: 200 len: 1309 microversion: 1.36
Nov 23 22:02:31.714316 n-d-816206-9 devstack@placement-api.service[110515]: [pid: 110515|app: 0|req: 418/836] 10.222.0.50 () {60 vars in 1506 bytes} [Tue Nov 23 22:02:31 2021] GET /placement/allocation_candidates?limit=1000&resources=DISK_GB%3A1%2CMEMORY_MB%3A1024%2CVCPU%3A1&root_required=%21COMPUTE_STATUS_DISABLED => generated 1309 bytes in 150 msecs (HTTP/1.1 200) 8 headers in 297 bytes (1 switches on core 0)
Nov 23 22:02:31.819943 n-d-816206-9 devstack@placement-api.service[110516]: DEBUG placement.requestlog [req-7e5e7b6a-164e-437e-8ff9-7c83035f13aa req-91bef177-8607-438d-b0c8-3fb6faa9cf85 None None] Starting request: 10.222.0.50 "GET /placement/allocations/1f10d92d-7977-4048-9960-003a0f3b3ec7" {{(pid=110516) __call__ /opt/stack/placement/placement/requestlog.py:55}}
Nov 23 22:02:31.843273 n-d-816206-9 devstack@placement-api.service[110516]: INFO placement.requestlog [req-7e5e7b6a-164e-437e-8ff9-7c83035f13aa req-91bef177-8607-438d-b0c8-3fb6faa9cf85 service placement] 10.222.0.50 "GET /placement/allocations/1f10d92d-7977-4048-9960-003a0f3b3ec7" status: 200 len: 19 microversion: 1.28
Nov 23 22:02:31.846006 n-d-816206-9 devstack@placement-api.service[110516]: [pid: 110516|app: 0|req: 419/837] 10.222.0.50 () {60 vars in 1380 bytes} [Tue Nov 23 22:02:31 2021] GET /placement/allocations/1f10d92d-7977-4048-9960-003a0f3b3ec7 => generated 19 bytes in 26 msecs (HTTP/1.1 200) 8 headers in 295 bytes (2 switches on core 0)
Nov 23 22:02:31.859082 n-d-816206-9 devstack@placement-api.service[110515]: DEBUG placement.requestlog [req-7e5e7b6a-164e-437e-8ff9-7c83035f13aa req-e82ab50c-2214-4c9f-bb12-f7d52f8d21ac None None] Starting request: 10.222.0.50 "PUT /placement/allocations/1f10d92d-7977-4048-9960-003a0f3b3ec7" {{(pid=110515) __call__ /opt/stack/placement/placement/requestlog.py:55}}
Nov 23 22:02:31.998330 n-d-816206-9 devstack@placement-api.service[110515]: DEBUG placement.handlers.allocation [req-7e5e7b6a-164e-437e-8ff9-7c83035f13aa req-e82ab50c-2214-4c9f-bb12-f7d52f8d21ac service placement] Successfully wrote allocations [, , ] {{(pid=110515) _update_consumers_and_create_allocations /opt/stack/placement/placement/handlers/allocation.py:462}}
Nov 23 22:02:32.012935 n-d-816206-9 devstack@placement-api.service[110515]: INFO placement.requestlog [req-7e5e7b6a-164e-437e-8ff9-7c83035f13aa req-e82ab50c-2214-4c9f-bb12-f7d52f8d21ac service placement] 10.222.0.50 "PUT /placement/allocations/1f10d92d-7977-4048-9960-003a0f3b3ec7" status: 204 len: 0 microversion: 1.36
Nov 23 22:02:32.033617 n-d-816206-9 devstack@placement-api.service[110515]: [pid: 110515|app: 0|req: 419/838] 10.222.0.50 () {64 vars in 1433 bytes} [Tue Nov 23 22:02:31 2021] PUT /placement/allocations/1f10d92d-7977-4048-9960-003a0f3b3ec7 => generated 0 bytes in 156 msecs (HTTP/1.1 204) 5 headers in 199 bytes (1 switches on core 0)
Nov 23 22:02:32.824416 n-d-816206-9 devstack@placement-api.service[110516]: DEBUG placement.requestlog [req-7e5e7b6a-164e-437e-8ff9-7c83035f13aa req-a0b5680a-578a-44fc-9b99-ecea1b9f9f60 None None] Starting request: 10.222.0.60 "GET /placement/allocations/1f10d92d-7977-4048-9960-003a0f3b3ec7" {{(pid=110516) __call__ /opt/stack/placement/placement/requestlog.py:55}}
Nov 23 22:02:32.849021 n-d-816206-9 devstack@placement-api.service[110516]: INFO placement.requestlog [req-7e5e7b6a-164e-437e-8ff9-7c83035f13aa req-a0b5680a-578a-44fc-9b99-ecea1b9f9f60 service placement] 10.222.0.60 "GET /placement/allocations/1f10d92d-7977-4048-9960-003a0f3b3ec7" status: 200 len: 259 microversion: 1.28
Nov 23 22:02:32.851136 n-d-816206-9 devstack@placement-api.service[110516]: [pid: 110516|app: 0|req: 420/839] 10.222.0.60 () {60 vars in 1377 bytes} [Tue Nov 23 22:02:32 2021] GET /placement/allocations/1f10d92d-7977-4048-9960-003a0f3b3ec7 => generated 259 bytes in 27 msecs (HTTP/1.1 200) 8 headers in 296 bytes (1 switches on core 0)
Nov 23 22:02:47.816250 n-d-816206-9 devstack@placement-api.service[110515]: DEBUG placement.requestlog [req-1f516c4e-4f3b-4dbd-8355-bb36023d766d req-476f87e6-f23c-4e42-b2a9-ed4a897d3b1f None None] Starting request: 10.222.0.53 "DELETE /placement/allocations/2011dd21-6e87-4f54-a4fc-062e238127eb" {{(pid=110515) __call__ /opt/stack/placement/placement/requestlog.py:55}}
Nov 23 22:02:47.871802 n-d-816206-9 devstack@placement-api.service[110515]: DEBUG placement.handlers.allocation [req-1f516c4e-4f3b-4dbd-8355-bb36023d766d req-476f87e6-f23c-4e42-b2a9-ed4a897d3b1f service placement] Successfully deleted allocations [, , ] {{(pid=110515) delete_allocations /opt/stack/placement/placement/handlers/allocation.py:627}}
Nov 23 22:02:47.872571 n-d-816206-9 devstack@placement-api.service[110515]: INFO placement.requestlog [req-1f516c4e-4f3b-4dbd-8355-bb36023d766d req-476f87e6-f23c-4e42-b2a9-ed4a897d3b1f service placement] 10.222.0.53 "DELETE /placement/allocations/2011dd21-6e87-4f54-a4fc-062e238127eb" status: 204 len: 0 microversion: 1.0
Nov 23 22:02:47.872969 n-d-816206-9 devstack@placement-api.service[110515]: [pid: 110515|app: 0|req: 420/840] 10.222.0.53 () {60 vars in 1355 bytes} [Tue Nov 23 22:02:47 2021] DELETE /placement/allocations/2011dd21-6e87-4f54-a4fc-062e238127eb => generated 0 bytes in 57 msecs (HTTP/1.1 204) 5 headers in 198 bytes (1 switches on core 0)
Nov 23 22:03:05.079213 n-d-816206-9 devstack@placement-api.service[110516]: DEBUG placement.requestlog [req-d146a832-0695-43f3-bcaa-cf88138ff98e req-b8de50de-10bf-4082-b080-98a0fc206ba0 None None] Starting request: 10.222.0.60 "DELETE /placement/allocations/fd0aff5d-ec47-44ca-b484-84fb695f6a65" {{(pid=110516) __call__ /opt/stack/placement/placement/requestlog.py:55}}
Nov 23 22:03:05.149621 n-d-816206-9 devstack@placement-api.service[110516]: DEBUG placement.handlers.allocation [req-d146a832-0695-43f3-bcaa-cf88138ff98e req-b8de50de-10bf-4082-b080-98a0fc206ba0 service placement] Successfully deleted allocations [, , ] {{(pid=110516) delete_allocations /opt/stack/placement/placement/handlers/allocation.py:627}}
Nov 23 22:03:05.150186 n-d-816206-9 devstack@placement-api.service[110516]: INFO placement.requestlog [req-d146a832-0695-43f3-bcaa-cf88138ff98e req-b8de50de-10bf-4082-b080-98a0fc206ba0 service placement] 10.222.0.60 "DELETE /placement/allocations/fd0aff5d-ec47-44ca-b484-84fb695f6a65" status: 204 len: 0 microversion: 1.0
Nov 23 22:03:05.150698 n-d-816206-9 devstack@placement-api.service[110516]: [pid: 110516|app: 0|req: 421/841] 10.222.0.60 () {60 vars in 1355 bytes} [Tue Nov 23 22:03:05 2021] DELETE /placement/allocations/fd0aff5d-ec47-44ca-b484-84fb695f6a65 => generated 0 bytes in 72 msecs (HTTP/1.1 204) 5 headers in 198 bytes (1 switches on core 0)
Nov 23 22:03:09.898283 n-d-816206-9 devstack@placement-api.service[110515]: DEBUG placement.requestlog [req-26f7851d-3168-48c9-96f5-eaabecc36955 req-9c84579c-c3f4-4599-8860-d00903dabcde None None] Starting request: 10.222.0.53 "GET /placement/resource_providers/f8deb8d5-5498-4661-9266-0107a95be01a/allocations" {{(pid=110515) __call__ /opt/stack/placement/placement/requestlog.py:55}}
Nov 23 22:03:09.958080 n-d-816206-9 devstack@placement-api.service[110515]: INFO placement.requestlog [req-26f7851d-3168-48c9-96f5-eaabecc36955 req-9c84579c-c3f4-4599-8860-d00903dabcde service placement] 10.222.0.53 "GET /placement/resource_providers/f8deb8d5-5498-4661-9266-0107a95be01a/allocations" status: 200 len: 328 microversion: 1.0
Nov 23 22:03:09.958854 n-d-816206-9 devstack@placement-api.service[110515]: [pid: 110515|app: 0|req: 421/842] 10.222.0.53 () {58 vars in 1390 bytes} [Tue Nov 23 22:03:09 2021] GET /placement/resource_providers/f8deb8d5-5498-4661-9266-0107a95be01a/allocations => generated 328 bytes in 61 msecs (HTTP/1.1 200) 6 headers in 224 bytes (1 switches on core 0)
Nov 23 22:03:12.961558 n-d-816206-9 devstack@placement-api.service[110516]: DEBUG placement.requestlog [req-eb91bf19-e4e0-47a9-bce8-51b75123eb68 req-d5291e84-b006-4415-97d5-82c4e6c902a1 None None] Starting request: 10.222.0.50 "DELETE /placement/allocations/2011dd21-6e87-4f54-a4fc-062e238127eb" {{(pid=110516) __call__ /opt/stack/placement/placement/requestlog.py:55}}
Nov 23 22:03:13.247063 n-d-816206-9 devstack@placement-api.service[110516]: DEBUG placement.wsgi_wrapper [req-eb91bf19-e4e0-47a9-bce8-51b75123eb68 req-d5291e84-b006-4415-97d5-82c4e6c902a1 service placement] Placement API returning an error response: No allocations for consumer '2011dd21-6e87-4f54-a4fc-062e238127eb' {{(pid=110516) call_func /opt/stack/placement/placement/wsgi_wrapper.py:31}}
Nov 23 22:03:13.248073 n-d-816206-9 devstack@placement-api.service[110516]: INFO placement.requestlog [req-eb91bf19-e4e0-47a9-bce8-51b75123eb68 req-d5291e84-b006-4415-97d5-82c4e6c902a1 service placement] 10.222.0.50 "DELETE /placement/allocations/2011dd21-6e87-4f54-a4fc-062e238127eb" status: 404 len: 228 microversion: 1.0
Nov 23 22:03:13.261416 n-d-816206-9 devstack@placement-api.service[110516]: [pid: 110516|app: 0|req: 422/843] 10.222.0.50 () {60 vars in 1349 bytes} [Tue Nov 23 22:03:12 2021] DELETE /placement/allocations/2011dd21-6e87-4f54-a4fc-062e238127eb => generated 228 bytes in 365 msecs (HTTP/1.1 404) 6 headers in 231 bytes (2 switches on core 0)
Nov 23 22:03:17.152672 n-d-816206-9 devstack@placement-api.service[110515]: DEBUG placement.requestlog [req-b0d42248-e99b-461c-8c5a-eee768b334f0 req-61d8a1f8-53be-4fc3-befe-ae944c660d33 None None] Starting request: 10.222.0.60 "DELETE /placement/allocations/4ca16da5-5669-4207-9fde-88d0177edf82" {{(pid=110515) __call__ /opt/stack/placement/placement/requestlog.py:55}}
Nov 23 22:03:17.207299 n-d-816206-9 devstack@placement-api.service[110515]: DEBUG placement.handlers.allocation [req-b0d42248-e99b-461c-8c5a-eee768b334f0 req-61d8a1f8-53be-4fc3-befe-ae944c660d33 service placement] Successfully deleted allocations [, , ] {{(pid=110515) delete_allocations /opt/stack/placement/placement/handlers/allocation.py:627}}
Nov 23 22:03:17.208097 n-d-816206-9 devstack@placement-api.service[110515]: INFO placement.requestlog [req-b0d42248-e99b-461c-8c5a-eee768b334f0 req-61d8a1f8-53be-4fc3-befe-ae944c660d33 service placement] 10.222.0.60 "DELETE /placement/allocations/4ca16da5-5669-4207-9fde-88d0177edf82" status: 204 len: 0 microversion: 1.0
Nov 23 22:03:17.208819 n-d-816206-9 devstack@placement-api.service[110515]: [pid: 110515|app: 0|req: 422/844] 10.222.0.60 () {60 vars in 1355 bytes} [Tue Nov 23 22:03:17 2021] DELETE /placement/allocations/4ca16da5-5669-4207-9fde-88d0177edf82 => generated 0 bytes in 56 msecs (HTTP/1.1 204) 5 headers in 198 bytes (1 switches on core 0)
Nov 23 22:03:17.251847 n-d-816206-9 devstack@placement-api.service[110516]: DEBUG placement.requestlog [req-7542d410-db64-4485-a4df-303ef50984db req-7e1430d5-7ed9-4b8b-ba33-92cb1d519548 None None] Starting request: 10.222.0.60 "GET /placement/resource_providers/ecad6d10-aa7b-4a36-a9dc-90cd1609f7f0/allocations" {{(pid=110516) __call__ /opt/stack/placement/placement/requestlog.py:55}}
Nov 23 22:03:17.318964 n-d-816206-9 devstack@placement-api.service[110516]: INFO placement.requestlog [req-7542d410-db64-4485-a4df-303ef50984db req-7e1430d5-7ed9-4b8b-ba33-92cb1d519548 service placement] 10.222.0.60 "GET /placement/resource_providers/ecad6d10-aa7b-4a36-a9dc-90cd1609f7f0/allocations" status: 200 len: 356 microversion: 1.0
Nov 23 22:03:17.321779 n-d-816206-9 devstack@placement-api.service[110516]: [pid: 110516|app: 0|req: 423/845] 10.222.0.60 () {58 vars in 1390 bytes} [Tue Nov 23 22:03:17 2021] GET /placement/resource_providers/ecad6d10-aa7b-4a36-a9dc-90cd1609f7f0/allocations => generated 356 bytes in 70 msecs (HTTP/1.1 200) 6 headers in 224 bytes (1 switches on core 0)
Nov 23 22:03:22.055979 n-d-816206-9 devstack@placement-api.service[110515]: DEBUG placement.requestlog [req-39c08c5f-d9d1-4277-839e-a41ab765f1d8 req-bf8ecd38-d220-4ff5-866c-05689841fb39 None None] Starting request: 10.222.0.60 "DELETE /placement/allocations/ab2bb875-8da2-4d4d-9017-cae75f8e6181" {{(pid=110515) __call__ /opt/stack/placement/placement/requestlog.py:55}}
Nov 23 22:03:22.145440 n-d-816206-9 devstack@placement-api.service[110515]: DEBUG placement.handlers.allocation [req-39c08c5f-d9d1-4277-839e-a41ab765f1d8 req-bf8ecd38-d220-4ff5-866c-05689841fb39 service placement] Successfully deleted allocations [, , ] {{(pid=110515) delete_allocations /opt/stack/placement/placement/handlers/allocation.py:627}}
Nov 23 22:03:22.146321 n-d-816206-9 devstack@placement-api.service[110515]: INFO placement.requestlog [req-39c08c5f-d9d1-4277-839e-a41ab765f1d8 req-bf8ecd38-d220-4ff5-866c-05689841fb39 service placement] 10.222.0.60 "DELETE /placement/allocations/ab2bb875-8da2-4d4d-9017-cae75f8e6181" status: 204 len: 0 microversion: 1.0
Nov 23 22:03:22.147463 n-d-816206-9 devstack@placement-api.service[110515]: [pid: 110515|app: 0|req: 423/846] 10.222.0.60 () {60 vars in 1355 bytes} [Tue Nov 23 22:03:22 2021] DELETE /placement/allocations/ab2bb875-8da2-4d4d-9017-cae75f8e6181 => generated 0 bytes in 93 msecs (HTTP/1.1 204) 5 headers in 198 bytes (1 switches on core 0)
Nov 23 22:03:26.584488 n-d-816206-9 devstack@placement-api.service[110516]: DEBUG placement.requestlog [req-8e037c12-d106-462e-8c00-0db2f90a53cc req-24a65969-8375-462e-a852-61d862da3d5c None None] Starting request: 10.222.0.60 "DELETE /placement/allocations/bde5ca51-ef96-408d-9f91-9a8a97959dd0" {{(pid=110516) __call__ /opt/stack/placement/placement/requestlog.py:55}}
Nov 23 22:03:26.638907 n-d-816206-9 devstack@placement-api.service[110516]: DEBUG placement.handlers.allocation [req-8e037c12-d106-462e-8c00-0db2f90a53cc req-24a65969-8375-462e-a852-61d862da3d5c service placement] Successfully deleted allocations [, , ] {{(pid=110516) delete_allocations /opt/stack/placement/placement/handlers/allocation.py:627}}
Nov 23 22:03:26.639395 n-d-816206-9 devstack@placement-api.service[110516]: INFO placement.requestlog [req-8e037c12-d106-462e-8c00-0db2f90a53cc req-24a65969-8375-462e-a852-61d862da3d5c service placement] 10.222.0.60 "DELETE /placement/allocations/bde5ca51-ef96-408d-9f91-9a8a97959dd0" status: 204 len: 0 microversion: 1.0
Nov 23 22:03:26.639623 n-d-816206-9 devstack@placement-api.service[110516]: [pid: 110516|app: 0|req: 424/847] 10.222.0.60 () {60 vars in 1355 bytes} [Tue Nov 23 22:03:26 2021] DELETE /placement/allocations/bde5ca51-ef96-408d-9f91-9a8a97959dd0 => generated 0 bytes in 56 msecs (HTTP/1.1 204) 5 headers in 198 bytes (1 switches on core 0)
Nov 23 22:03:31.535667 n-d-816206-9 devstack@placement-api.service[110515]: DEBUG placement.requestlog [req-4c04797e-aaa5-4079-b230-e712e1c751ea req-fe32cfe5-ddb6-45bc-b99e-e8df9a835615 None None] Starting request: 10.222.0.53 "DELETE /placement/allocations/6b268ada-a37f-4c80-b9c3-999c2cac8c75" {{(pid=110515) __call__ /opt/stack/placement/placement/requestlog.py:55}}
Nov 23 22:03:31.624033 n-d-816206-9 devstack@placement-api.service[110515]: DEBUG placement.handlers.allocation [req-4c04797e-aaa5-4079-b230-e712e1c751ea req-fe32cfe5-ddb6-45bc-b99e-e8df9a835615 service placement] Successfully deleted allocations [, , ] {{(pid=110515) delete_allocations /opt/stack/placement/placement/handlers/allocation.py:627}}
Nov 23 22:03:31.624521 n-d-816206-9 devstack@placement-api.service[110515]: INFO placement.requestlog [req-4c04797e-aaa5-4079-b230-e712e1c751ea req-fe32cfe5-ddb6-45bc-b99e-e8df9a835615 service placement] 10.222.0.53 "DELETE /placement/allocations/6b268ada-a37f-4c80-b9c3-999c2cac8c75" status: 204 len: 0 microversion: 1.0
Nov 23 22:03:31.625104 n-d-816206-9 devstack@placement-api.service[110515]: [pid: 110515|app: 0|req: 424/848] 10.222.0.53 () {60 vars in 1355 bytes} [Tue Nov 23 22:03:31 2021] DELETE /placement/allocations/6b268ada-a37f-4c80-b9c3-999c2cac8c75 => generated 0 bytes in 89 msecs (HTTP/1.1 204) 5 headers in 198 bytes (1 switches on core 0)
Nov 23 22:03:49.567277 n-d-816206-9 devstack@placement-api.service[110516]: DEBUG placement.requestlog [req-1557f41b-b62a-4409-beb6-b4bee2ae5a20 req-73ab26fc-bac9-46ea-a3dd-9055ac7ace33 None None] Starting request: 10.222.0.50 "GET /placement/allocation_candidates?limit=1000&resources=DISK_GB%3A1%2CMEMORY_MB%3A1024%2CVCPU%3A1&root_required=%21COMPUTE_STATUS_DISABLED" {{(pid=110516) __call__ /opt/stack/placement/placement/requestlog.py:55}}
Nov 23 22:03:49.930226 n-d-816206-9 devstack@placement-api.service[110516]: DEBUG placement.objects.research_context [req-1557f41b-b62a-4409-beb6-b4bee2ae5a20 req-73ab26fc-bac9-46ea-a3dd-9055ac7ace33 service placement] getting providers with 1 DISK_GB {{(pid=110516) __init__ /opt/stack/placement/placement/objects/research_context.py:126}}
Nov 23 22:03:49.947584 n-d-816206-9 devstack@placement-api.service[110516]: DEBUG placement.objects.research_context [req-1557f41b-b62a-4409-beb6-b4bee2ae5a20 req-73ab26fc-bac9-46ea-a3dd-9055ac7ace33 service placement] getting providers with 1024 MEMORY_MB {{(pid=110516) __init__ /opt/stack/placement/placement/objects/research_context.py:126}}
Nov 23 22:03:49.962419 n-d-816206-9 devstack@placement-api.service[110516]: DEBUG placement.objects.research_context [req-1557f41b-b62a-4409-beb6-b4bee2ae5a20 req-73ab26fc-bac9-46ea-a3dd-9055ac7ace33 service placement] getting providers with 1 VCPU {{(pid=110516) __init__ /opt/stack/placement/placement/objects/research_context.py:126}}
Nov 23 22:03:49.973136 n-d-816206-9 devstack@placement-api.service[110516]: DEBUG placement.objects.research_context [req-1557f41b-b62a-4409-beb6-b4bee2ae5a20 req-73ab26fc-bac9-46ea-a3dd-9055ac7ace33 service placement] found 2 providers with available 1 DISK_GB {{(pid=110516) get_provider_ids_matching /opt/stack/placement/placement/objects/research_context.py:549}}
Nov 23 22:03:49.979814 n-d-816206-9 devstack@placement-api.service[110516]: DEBUG placement.objects.research_context [req-1557f41b-b62a-4409-beb6-b4bee2ae5a20 req-73ab26fc-bac9-46ea-a3dd-9055ac7ace33 service placement] found 2 providers with available 1024 MEMORY_MB {{(pid=110516) get_provider_ids_matching /opt/stack/placement/placement/objects/research_context.py:549}}
Nov 23 22:03:49.980344 n-d-816206-9 devstack@placement-api.service[110516]: DEBUG placement.objects.research_context [req-1557f41b-b62a-4409-beb6-b4bee2ae5a20 req-73ab26fc-bac9-46ea-a3dd-9055ac7ace33 service placement] found 2 providers after filtering by previous result {{(pid=110516) get_provider_ids_matching /opt/stack/placement/placement/objects/research_context.py:580}}
Nov 23 22:03:49.981306 n-d-816206-9 devstack@placement-api.service[110516]: DEBUG placement.objects.research_context [req-1557f41b-b62a-4409-beb6-b4bee2ae5a20 req-73ab26fc-bac9-46ea-a3dd-9055ac7ace33 service placement] found 2 providers with available 1 VCPU {{(pid=110516) get_provider_ids_matching /opt/stack/placement/placement/objects/research_context.py:549}}
Nov 23 22:03:49.981905 n-d-816206-9 devstack@placement-api.service[110516]: DEBUG placement.objects.research_context [req-1557f41b-b62a-4409-beb6-b4bee2ae5a20 req-73ab26fc-bac9-46ea-a3dd-9055ac7ace33 service placement] found 2 providers after filtering by previous result {{(pid=110516) get_provider_ids_matching /opt/stack/placement/placement/objects/research_context.py:580}}
Nov 23 22:03:50.006348 n-d-816206-9 devstack@placement-api.service[110516]: DEBUG placement.objects.allocation_candidate [req-1557f41b-b62a-4409-beb6-b4bee2ae5a20 req-73ab26fc-bac9-46ea-a3dd-9055ac7ace33 service placement] RequestGroup(use_same_provider=False, resources={DISK_GB:1, MEMORY_MB:1024, VCPU:1}, traits=[], aggregates=[]) (suffix '') returned 2 matches {{(pid=110516) _get_by_requests /opt/stack/placement/placement/objects/allocation_candidate.py:145}}
Nov 23 22:03:50.007977 n-d-816206-9 devstack@placement-api.service[110516]: DEBUG placement.objects.allocation_candidate [req-1557f41b-b62a-4409-beb6-b4bee2ae5a20 req-73ab26fc-bac9-46ea-a3dd-9055ac7ace33 service placement] Merging candidates yields 2 allocation requests and 2 provider summaries {{(pid=110516) _merge_candidates /opt/stack/placement/placement/objects/allocation_candidate.py:783}}
Nov 23 22:03:50.010255 n-d-816206-9 devstack@placement-api.service[110516]: INFO placement.requestlog [req-1557f41b-b62a-4409-beb6-b4bee2ae5a20 req-73ab26fc-bac9-46ea-a3dd-9055ac7ace33 service placement] 10.222.0.50 "GET /placement/allocation_candidates?limit=1000&resources=DISK_GB%3A1%2CMEMORY_MB%3A1024%2CVCPU%3A1&root_required=%21COMPUTE_STATUS_DISABLED" status: 200 len: 1309 microversion: 1.36
Nov 23 22:03:50.014846 n-d-816206-9 devstack@placement-api.service[110516]: [pid: 110516|app: 0|req: 425/849] 10.222.0.50 () {60 vars in 1506 bytes} [Tue Nov 23 22:03:49 2021] GET /placement/allocation_candidates?limit=1000&resources=DISK_GB%3A1%2CMEMORY_MB%3A1024%2CVCPU%3A1&root_required=%21COMPUTE_STATUS_DISABLED => generated 1309 bytes in 448 msecs (HTTP/1.1 200) 8 headers in 297 bytes (1 switches on core 0)
Nov 23 22:03:50.097646 n-d-816206-9 devstack@placement-api.service[110515]: DEBUG placement.requestlog [req-1557f41b-b62a-4409-beb6-b4bee2ae5a20 req-febc4a26-dd9a-4c1f-b2c4-8cce8465ec66 None None] Starting request: 10.222.0.50 "GET /placement/allocations/849de6bc-a06c-42f4-8403-0699d42049c2" {{(pid=110515) __call__ /opt/stack/placement/placement/requestlog.py:55}}
Nov 23 22:03:50.130206 n-d-816206-9 devstack@placement-api.service[110515]: INFO placement.requestlog [req-1557f41b-b62a-4409-beb6-b4bee2ae5a20 req-febc4a26-dd9a-4c1f-b2c4-8cce8465ec66 service placement] 10.222.0.50 "GET /placement/allocations/849de6bc-a06c-42f4-8403-0699d42049c2" status: 200 len: 19 microversion: 1.28
Nov 23 22:03:50.130610 n-d-816206-9 devstack@placement-api.service[110515]: [pid: 110515|app: 0|req: 425/850] 10.222.0.50 () {60 vars in 1380 bytes} [Tue Nov 23 22:03:50 2021] GET /placement/allocations/849de6bc-a06c-42f4-8403-0699d42049c2 => generated 19 bytes in 33 msecs (HTTP/1.1 200) 8 headers in 295 bytes (2 switches on core 0)
Nov 23 22:03:50.139373 n-d-816206-9 devstack@placement-api.service[110516]: DEBUG placement.requestlog [req-1557f41b-b62a-4409-beb6-b4bee2ae5a20 req-a43dd4a6-57b7-4d70-b12b-bb7b91d62b68 None None] Starting request: 10.222.0.50 "PUT /placement/allocations/849de6bc-a06c-42f4-8403-0699d42049c2" {{(pid=110516) __call__ /opt/stack/placement/placement/requestlog.py:55}}
Nov 23 22:03:50.250091 n-d-816206-9 devstack@placement-api.service[110516]: DEBUG placement.handlers.allocation [req-1557f41b-b62a-4409-beb6-b4bee2ae5a20 req-a43dd4a6-57b7-4d70-b12b-bb7b91d62b68 service placement] Successfully wrote allocations [, , ] {{(pid=110516) _update_consumers_and_create_allocations /opt/stack/placement/placement/handlers/allocation.py:462}}
Nov 23 22:03:50.258474 n-d-816206-9 devstack@placement-api.service[110516]: INFO placement.requestlog [req-1557f41b-b62a-4409-beb6-b4bee2ae5a20 req-a43dd4a6-57b7-4d70-b12b-bb7b91d62b68 service placement] 10.222.0.50 "PUT /placement/allocations/849de6bc-a06c-42f4-8403-0699d42049c2" status: 204 len: 0 microversion: 1.36
Nov 23 22:03:50.258993 n-d-816206-9 devstack@placement-api.service[110516]: [pid: 110516|app: 0|req: 426/851] 10.222.0.50 () {64 vars in 1433 bytes} [Tue Nov 23 22:03:50 2021] PUT /placement/allocations/849de6bc-a06c-42f4-8403-0699d42049c2 => generated 0 bytes in 120 msecs (HTTP/1.1 204) 5 headers in 199 bytes (3 switches on core 0)
Nov 23 22:03:50.821576 n-d-816206-9 devstack@placement-api.service[110515]: DEBUG placement.requestlog [req-1557f41b-b62a-4409-beb6-b4bee2ae5a20 req-e040a4cb-b387-457e-8bb3-076c67717ce4 None None] Starting request: 10.222.0.60 "GET /placement/allocations/849de6bc-a06c-42f4-8403-0699d42049c2" {{(pid=110515) __call__ /opt/stack/placement/placement/requestlog.py:55}}
Nov 23 22:03:50.844864 n-d-816206-9 devstack@placement-api.service[110515]: INFO placement.requestlog [req-1557f41b-b62a-4409-beb6-b4bee2ae5a20 req-e040a4cb-b387-457e-8bb3-076c67717ce4 service placement] 10.222.0.60 "GET /placement/allocations/849de6bc-a06c-42f4-8403-0699d42049c2" status: 200 len: 259 microversion: 1.28
Nov 23 22:03:50.845320 n-d-816206-9 devstack@placement-api.service[110515]: [pid: 110515|app: 0|req: 426/852] 10.222.0.60 () {60 vars in 1377 bytes} [Tue Nov 23 22:03:50 2021] GET /placement/allocations/849de6bc-a06c-42f4-8403-0699d42049c2 => generated 259 bytes in 24 msecs (HTTP/1.1 200) 8 headers in 296 bytes (1 switches on core 0)
Nov 23 22:04:09.891742 n-d-816206-9 devstack@placement-api.service[110516]: DEBUG placement.requestlog [req-068f57f6-aa31-4f1d-a7f9-2d190b42973c req-6f332c15-681c-45dc-a67e-e97def481149 None None] Starting request: 10.222.0.53 "GET /placement/resource_providers/f8deb8d5-5498-4661-9266-0107a95be01a/allocations" {{(pid=110516) __call__ /opt/stack/placement/placement/requestlog.py:55}}
Nov 23 22:04:09.945832 n-d-816206-9 devstack@placement-api.service[110516]: INFO placement.requestlog [req-068f57f6-aa31-4f1d-a7f9-2d190b42973c req-6f332c15-681c-45dc-a67e-e97def481149 service placement] 10.222.0.53 "GET /placement/resource_providers/f8deb8d5-5498-4661-9266-0107a95be01a/allocations" status: 200 len: 227 microversion: 1.0
Nov 23 22:04:09.946067 n-d-816206-9 devstack@placement-api.service[110516]: [pid: 110516|app: 0|req: 427/853] 10.222.0.53 () {58 vars in 1390 bytes} [Tue Nov 23 22:04:09 2021] GET /placement/resource_providers/f8deb8d5-5498-4661-9266-0107a95be01a/allocations => generated 227 bytes in 55 msecs (HTTP/1.1 200) 6 headers in 224 bytes (1 switches on core 0)
Nov 23 22:04:10.210517 n-d-816206-9 devstack@placement-api.service[110515]: DEBUG placement.requestlog [req-42661a8b-ffa7-4f34-8afb-4ce00cdd81dc req-330bdf46-5fe1-4cb7-a820-b73846faed25 None None] Starting request: 10.222.0.60 "DELETE /placement/allocations/849de6bc-a06c-42f4-8403-0699d42049c2" {{(pid=110515) __call__ /opt/stack/placement/placement/requestlog.py:55}}
Nov 23 22:04:10.286633 n-d-816206-9 devstack@placement-api.service[110515]: DEBUG placement.handlers.allocation [req-42661a8b-ffa7-4f34-8afb-4ce00cdd81dc req-330bdf46-5fe1-4cb7-a820-b73846faed25 service placement] Successfully deleted allocations [, , ] {{(pid=110515) delete_allocations /opt/stack/placement/placement/handlers/allocation.py:627}}
Nov 23 22:04:10.287617 n-d-816206-9 devstack@placement-api.service[110515]: INFO placement.requestlog [req-42661a8b-ffa7-4f34-8afb-4ce00cdd81dc req-330bdf46-5fe1-4cb7-a820-b73846faed25 service placement] 10.222.0.60 "DELETE /placement/allocations/849de6bc-a06c-42f4-8403-0699d42049c2" status: 204 len: 0 microversion: 1.0
Nov 23 22:04:10.287797 n-d-816206-9 devstack@placement-api.service[110515]: [pid: 110515|app: 0|req: 427/854] 10.222.0.60 () {60 vars in 1355 bytes} [Tue Nov 23 22:04:10 2021] DELETE /placement/allocations/849de6bc-a06c-42f4-8403-0699d42049c2 => generated 0 bytes in 78 msecs (HTTP/1.1 204) 5 headers in 198 bytes (1 switches on core 0)
Nov 23 22:04:17.689837 n-d-816206-9 devstack@placement-api.service[110516]: DEBUG placement.requestlog [req-b2e31e27-f794-402b-84c7-a30b71aa8749 req-74161423-1d8f-43e9-bf83-777ac933c7ec None None] Starting request: 10.222.0.60 "GET /placement/resource_providers/ecad6d10-aa7b-4a36-a9dc-90cd1609f7f0/allocations" {{(pid=110516) __call__ /opt/stack/placement/placement/requestlog.py:55}}
Nov 23 22:04:17.719836 n-d-816206-9 devstack@placement-api.service[110516]: INFO placement.requestlog [req-b2e31e27-f794-402b-84c7-a30b71aa8749 req-74161423-1d8f-43e9-bf83-777ac933c7ec service placement] 10.222.0.60 "GET /placement/resource_providers/ecad6d10-aa7b-4a36-a9dc-90cd1609f7f0/allocations" status: 200 len: 154 microversion: 1.0
Nov 23 22:04:17.720471 n-d-816206-9 devstack@placement-api.service[110516]: [pid: 110516|app: 0|req: 428/855] 10.222.0.60 () {58 vars in 1390 bytes} [Tue Nov 23 22:04:17 2021] GET /placement/resource_providers/ecad6d10-aa7b-4a36-a9dc-90cd1609f7f0/allocations => generated 154 bytes in 31 msecs (HTTP/1.1 200) 6 headers in 224 bytes (1 switches on core 0)
Nov 23 22:04:19.664893 n-d-816206-9 devstack@placement-api.service[110515]: DEBUG placement.requestlog [req-4337f015-dfd8-4faa-97c2-fcd3e674bf20 req-2ad3ff05-1f86-4ab2-a030-049d0dc3c1f8 None None] Starting request: 10.222.0.50 "GET /placement/allocation_candidates?limit=1000&resources=DISK_GB%3A1%2CMEMORY_MB%3A1024%2CVCPU%3A1&root_required=%21COMPUTE_STATUS_DISABLED" {{(pid=110515) __call__ /opt/stack/placement/placement/requestlog.py:55}}
Nov 23 22:04:19.668598 n-d-816206-9 devstack@placement-api.service[110516]: DEBUG placement.requestlog [req-05d657dd-7c86-443c-89cc-2e8dd08fd2b1 req-2c0db00e-546a-483a-b10b-535630141f35 None None] Starting request: 10.222.0.50 "GET /placement/allocation_candidates?limit=1000&resources=DISK_GB%3A1%2CMEMORY_MB%3A1024%2CVCPU%3A1&root_required=%21COMPUTE_STATUS_DISABLED" {{(pid=110516) __call__ /opt/stack/placement/placement/requestlog.py:55}}
Nov 23 22:04:19.710462 n-d-816206-9 devstack@placement-api.service[110516]: DEBUG placement.objects.research_context [req-05d657dd-7c86-443c-89cc-2e8dd08fd2b1 req-2c0db00e-546a-483a-b10b-535630141f35 service placement] getting providers with 1 DISK_GB {{(pid=110516) __init__ /opt/stack/placement/placement/objects/research_context.py:126}}
Nov 23 22:04:19.716285 n-d-816206-9 devstack@placement-api.service[110515]: DEBUG placement.objects.research_context [req-4337f015-dfd8-4faa-97c2-fcd3e674bf20 req-2ad3ff05-1f86-4ab2-a030-049d0dc3c1f8 service placement] getting providers with 1 DISK_GB {{(pid=110515) __init__ /opt/stack/placement/placement/objects/research_context.py:126}}
Nov 23 22:04:19.717772 n-d-816206-9 devstack@placement-api.service[110516]: DEBUG placement.objects.research_context [req-05d657dd-7c86-443c-89cc-2e8dd08fd2b1 req-2c0db00e-546a-483a-b10b-535630141f35 service placement] getting providers with 1024 MEMORY_MB {{(pid=110516) __init__ /opt/stack/placement/placement/objects/research_context.py:126}}
Nov 23 22:04:19.722654 n-d-816206-9 devstack@placement-api.service[110515]: DEBUG placement.objects.research_context [req-4337f015-dfd8-4faa-97c2-fcd3e674bf20 req-2ad3ff05-1f86-4ab2-a030-049d0dc3c1f8 service placement] getting providers with 1024 MEMORY_MB {{(pid=110515) __init__ /opt/stack/placement/placement/objects/research_context.py:126}}
Nov 23 22:04:19.733335 n-d-816206-9 devstack@placement-api.service[110515]: DEBUG placement.objects.research_context [req-4337f015-dfd8-4faa-97c2-fcd3e674bf20 req-2ad3ff05-1f86-4ab2-a030-049d0dc3c1f8 service placement] getting providers with 1 VCPU {{(pid=110515) __init__ /opt/stack/placement/placement/objects/research_context.py:126}}
Nov 23 22:04:19.739211 n-d-816206-9 devstack@placement-api.service[110516]: DEBUG placement.objects.research_context [req-05d657dd-7c86-443c-89cc-2e8dd08fd2b1 req-2c0db00e-546a-483a-b10b-535630141f35 service placement] getting providers with 1 VCPU {{(pid=110516) __init__ /opt/stack/placement/placement/objects/research_context.py:126}}
Nov 23 22:04:19.740197 n-d-816206-9 devstack@placement-api.service[110515]: DEBUG placement.objects.research_context [req-4337f015-dfd8-4faa-97c2-fcd3e674bf20 req-2ad3ff05-1f86-4ab2-a030-049d0dc3c1f8 service placement] found 2 providers with available 1 DISK_GB {{(pid=110515) get_provider_ids_matching /opt/stack/placement/placement/objects/research_context.py:549}}
Nov 23 22:04:19.740722 n-d-816206-9 devstack@placement-api.service[110515]: DEBUG placement.objects.research_context [req-4337f015-dfd8-4faa-97c2-fcd3e674bf20 req-2ad3ff05-1f86-4ab2-a030-049d0dc3c1f8 service placement] found 2 providers with available 1024 MEMORY_MB {{(pid=110515) get_provider_ids_matching /opt/stack/placement/placement/objects/research_context.py:549}}
Nov 23 22:04:19.742145 n-d-816206-9 devstack@placement-api.service[110515]: DEBUG placement.objects.research_context [req-4337f015-dfd8-4faa-97c2-fcd3e674bf20 req-2ad3ff05-1f86-4ab2-a030-049d0dc3c1f8 service placement] found 2 providers after filtering by previous result {{(pid=110515) get_provider_ids_matching /opt/stack/placement/placement/objects/research_context.py:580}}
Nov 23 22:04:19.742616 n-d-816206-9 devstack@placement-api.service[110515]: DEBUG placement.objects.research_context [req-4337f015-dfd8-4faa-97c2-fcd3e674bf20 req-2ad3ff05-1f86-4ab2-a030-049d0dc3c1f8 service placement] found 2 providers with available 1 VCPU {{(pid=110515) get_provider_ids_matching /opt/stack/placement/placement/objects/research_context.py:549}}
Nov 23 22:04:19.743125 n-d-816206-9 devstack@placement-api.service[110515]: DEBUG placement.objects.research_context [req-4337f015-dfd8-4faa-97c2-fcd3e674bf20 req-2ad3ff05-1f86-4ab2-a030-049d0dc3c1f8 service placement] found 2 providers after filtering by previous result {{(pid=110515) get_provider_ids_matching /opt/stack/placement/placement/objects/research_context.py:580}}
Nov 23 22:04:19.753635 n-d-816206-9 devstack@placement-api.service[110516]: DEBUG placement.objects.research_context [req-05d657dd-7c86-443c-89cc-2e8dd08fd2b1 req-2c0db00e-546a-483a-b10b-535630141f35 service placement] found 2 providers with available 1 DISK_GB {{(pid=110516) get_provider_ids_matching /opt/stack/placement/placement/objects/research_context.py:549}}
Nov 23 22:04:19.755367 n-d-816206-9 devstack@placement-api.service[110516]: DEBUG placement.objects.research_context [req-05d657dd-7c86-443c-89cc-2e8dd08fd2b1 req-2c0db00e-546a-483a-b10b-535630141f35 service placement] found 2 providers with available 1024 MEMORY_MB {{(pid=110516) get_provider_ids_matching /opt/stack/placement/placement/objects/research_context.py:549}}
