Nov 23 17:17:40.559367 n-d-816206-8 neutron-server[103592]: DEBUG neutron_lib.callbacks.manager [None req-9c2f771f-b3b0-4b37-81d8-e169131f998c None None] Publish callbacks ['neutron.plugins.ml2.plugin.Ml2Plugin._port_provisioned-990338'] for port, provisioning_complete {{(pid=103592) _notify_loop /usr/local/lib/python3.8/dist-packages/neutron_lib/callbacks/manager.py:175}}
Nov 23 17:17:40.606323 n-d-816206-8 neutron-server[103592]: DEBUG neutron.db.provisioning_blocks [None req-8cdac44f-8889-444d-8438-0288f7348a46 None None] Provisioning complete for port 9d82ef63-959f-4755-b4da-27092011fb3d triggered by entity DHCP. {{(pid=103592) provisioning_complete /opt/stack/neutron/neutron/db/provisioning_blocks.py:139}}
Nov 23 17:17:40.606808 n-d-816206-8 neutron-server[103592]: DEBUG neutron_lib.callbacks.manager [None req-8cdac44f-8889-444d-8438-0288f7348a46 None None] Publish callbacks ['neutron.plugins.ml2.plugin.Ml2Plugin._port_provisioned-990338'] for port, provisioning_complete {{(pid=103592) _notify_loop /usr/local/lib/python3.8/dist-packages/neutron_lib/callbacks/manager.py:175}}
Nov 23 17:17:40.610066 n-d-816206-8 neutron-server[103590]: DEBUG neutron.scheduler.l3_agent_scheduler [None req-1c342f25-839a-4344-91f5-3e8f5ea979c3 admin admin] Router c109e4b4-592e-4d24-9db3-75120b68c49a is scheduled to L3 agent 0545e214-db1c-4b74-a642-ce3757159ac1 with binding_index 1 {{(pid=103590) bind_router /opt/stack/neutron/neutron/scheduler/l3_agent_scheduler.py:209}}
Nov 23 17:17:40.705689 n-d-816206-8 neutron-server[103592]: DEBUG neutron.plugins.ml2.plugin [None req-8cdac44f-8889-444d-8438-0288f7348a46 None None] Port 9d82ef63-959f-4755-b4da-27092011fb3d cannot update to ACTIVE because it is not bound. {{(pid=103592) _port_provisioned /opt/stack/neutron/neutron/plugins/ml2/plugin.py:342}}
Nov 23 17:17:40.831634 n-d-816206-8 neutron-server[103590]: DEBUG neutron.api.rpc.agentnotifiers.l3_rpc_agent_api [None req-1c342f25-839a-4344-91f5-3e8f5ea979c3 admin admin] Notify agent at l3_agent.n-d-816206-8 the message routers_updated {{(pid=103590) _agent_notification /opt/stack/neutron/neutron/api/rpc/agentnotifiers/l3_rpc_agent_api.py:65}}
Nov 23 17:17:40.843415 n-d-816206-8 neutron-server[103593]: DEBUG neutron.api.rpc.handlers.l3_rpc [None req-10959632-8605-4289-8b8a-23d6de9e6033 None None] Sync routers for ids ['c109e4b4-592e-4d24-9db3-75120b68c49a'] in n-d-816206-8 {{(pid=103593) sync_routers /opt/stack/neutron/neutron/api/rpc/handlers/l3_rpc.py:125}}
Nov 23 17:17:40.871739 n-d-816206-8 neutron-server[103593]: DEBUG neutron.db.l3_dvrscheduler_db [None req-10959632-8605-4289-8b8a-23d6de9e6033 None None] Routers {'c109e4b4-592e-4d24-9db3-75120b68c49a'} bound to L3 agent in host n-d-816206-8 {{(pid=103593) _get_router_ids_for_agent /opt/stack/neutron/neutron/db/l3_dvrscheduler_db.py:420}}
Nov 23 17:17:40.872438 n-d-816206-8 neutron-server[103593]: DEBUG neutron.db.l3_hamode_db [None req-10959632-8605-4289-8b8a-23d6de9e6033 None None] neutron.services.l3_router.l3_router_plugin.L3RouterPlugin method get_ha_sync_data_for_host called with arguments (, 'n-d-816206-8', Agent(admin_state_up=True,agent_type='L3 agent',availability_zone='nova',binary='neutron-l3-agent',configurations={"agent_mode": "legacy", "ex_gw_ports": 1, "extensions": [], "floating_ips": 0, "handle_internal_only_routers": true, "interface_driver": "openvswitch", "interfaces": 1, "log_agent_heartbeats": false, "routers": 1},created_at=2021-11-23T17:07:45Z,description=,heartbeat_timestamp=2021-11-23T17:17:15Z,host='n-d-816206-8',id=0545e214-db1c-4b74-a642-ce3757159ac1,load=0,resource_versions=,resources_synced=,started_at=2021-11-23T17:07:45Z,topic='l3_agent')) {'router_ids': ['c109e4b4-592e-4d24-9db3-75120b68c49a'], 'active': True} {{(pid=103593) wrapper /usr/local/lib/python3.8/dist-packages/oslo_log/helpers.py:65}}
Nov 23 17:17:40.874990 n-d-816206-8 neutron-server[103590]: DEBUG neutron_lib.callbacks.manager [None req-1c342f25-839a-4344-91f5-3e8f5ea979c3 admin admin] Publish callbacks [] for router, before_response {{(pid=103590) _notify_loop /usr/local/lib/python3.8/dist-packages/neutron_lib/callbacks/manager.py:175}}
Nov 23 17:17:40.877371 n-d-816206-8 neutron-server[103591]: DEBUG neutron.pecan_wsgi.hooks.policy_enforcement [req-01f4d412-9817-4524-aa0d-8cec0c599a02 req-85eb84b9-bcca-4170-8af4-18a90a812f73 tempest-AggregatesAdminTestJSON-1799004352 tempest-AggregatesAdminTestJSON-1799004352-project] Attributes excluded by policy engine: ['standard_attr_id', 'binding:profile', 'binding:host_id', 'binding:vif_type', 'binding:vif_details'] {{(pid=103591) _exclude_attributes_by_policy /opt/stack/neutron/neutron/pecan_wsgi/hooks/policy_enforcement.py:255}}
Nov 23 17:17:40.879401 n-d-816206-8 neutron-server[103591]: INFO neutron.wsgi [req-01f4d412-9817-4524-aa0d-8cec0c599a02 req-85eb84b9-bcca-4170-8af4-18a90a812f73 tempest-AggregatesAdminTestJSON-1799004352 tempest-AggregatesAdminTestJSON-1799004352-project] 10.222.0.60 "GET /v2.0/ports?device_id=cdb83d84-5fcd-412e-be32-1b98182c748e HTTP/1.1" status: 200 len: 935 time: 0.1012907
Nov 23 17:17:40.880097 n-d-816206-8 neutron-server[103591]: DEBUG neutron.wsgi [-] (103591) accepted ('10.222.0.60', 47224) {{(pid=103591) server /usr/local/lib/python3.8/dist-packages/eventlet/wsgi.py:1004}}
Nov 23 17:17:40.891277 n-d-816206-8 neutron-server[103590]: INFO neutron.wsgi [None req-1c342f25-839a-4344-91f5-3e8f5ea979c3 admin admin] 10.222.0.60 "POST /v2.0/routers HTTP/1.1" status: 201 len: 933 time: 5.1207840
Nov 23 17:17:41.082876 n-d-816206-8 neutron-server[103591]: INFO neutron.wsgi [req-01f4d412-9817-4524-aa0d-8cec0c599a02 req-3f59c808-864a-4b46-a7ee-c5440d86acea tempest-AggregatesAdminTestJSON-1799004352 tempest-AggregatesAdminTestJSON-1799004352-project] 10.222.0.60 "GET /v2.0/security-groups?id=efe36124-072b-4c8d-832e-4e44bbcbc8ee&fields=id&fields=name HTTP/1.1" status: 200 len: 286 time: 0.1962032
Nov 23 17:17:41.120864 n-d-816206-8 neutron-server[103590]: DEBUG neutron.wsgi [-] (103590) accepted ('10.222.0.60', 47226) {{(pid=103590) server /usr/local/lib/python3.8/dist-packages/eventlet/wsgi.py:1004}}
Nov 23 17:17:41.256321 n-d-816206-8 neutron-server[103593]: DEBUG neutron.db.l3_dvr_db [None req-10959632-8605-4289-8b8a-23d6de9e6033 None None] Set router c109e4b4-592e-4d24-9db3-75120b68c49a gateway port host: n-d-816206-8 {{(pid=103593) _build_routers_list /opt/stack/neutron/neutron/db/l3_dvr_db.py:906}}
Nov 23 17:17:41.432903 n-d-816206-8 neutron-server[103590]: DEBUG neutron_lib.callbacks.manager [None req-4b01a2a1-0f2a-4697-85e6-1f303aa83eb8 admin admin] Publish callbacks [] for security_group, before_create {{(pid=103590) _notify_loop /usr/local/lib/python3.8/dist-packages/neutron_lib/callbacks/manager.py:175}}
Nov 23 17:17:41.628859 n-d-816206-8 neutron-server[103590]: DEBUG neutron.wsgi [-] (103590) accepted ('10.222.0.55', 62151) {{(pid=103590) server /usr/local/lib/python3.8/dist-packages/eventlet/wsgi.py:1004}}
Nov 23 17:17:41.681375 n-d-816206-8 neutron-server[103593]: DEBUG neutron.db.l3_hamode_db [None req-10959632-8605-4289-8b8a-23d6de9e6033 None None] neutron.services.l3_router.l3_router_plugin.L3RouterPlugin method _process_sync_ha_data called with arguments (, [{'id': 'c109e4b4-592e-4d24-9db3-75120b68c49a', 'name': 'tempest-ServersWithSpecificFlavorTestJSON-22172402-router', 'tenant_id': '127802e79ad24bebb19163263129e33c', 'admin_state_up': True, 'status': 'ACTIVE', 'external_gateway_info': {'network_id': '4c8455ba-1be5-42ac-b8c2-8a16e1292d55', 'external_fixed_ips': [{'subnet_id': '08fe3644-ce41-4c3f-a7ea-92bac0f0fff5', 'ip_address': '172.25.3.31'}], 'enable_snat': True}, 'gw_port_id': 'cc608e88-5c47-463f-bdeb-2e2afada906f', 'description': '', 'availability_zones': ['nova'], 'distributed': False, 'ha': False, 'ha_vr_id': 0, 'availability_zone_hints': [], 'routes': [], 'flavor_id': None, 'tags': [], 'created_at': '2021-11-23T17:17:35Z', 'updated_at': '2021-11-23T17:17:38Z', 'revision_number': 3, 'project_id': '127802e79ad24bebb19163263129e33c', 'gw_port': {'id': 'cc608e88-5c47-463f-bdeb-2e2afada906f', 'name': '', 'network_id': '4c8455ba-1be5-42ac-b8c2-8a16e1292d55', 'tenant_id': '', 'mac_address': 'fa:16:3e:da:64:cc', 'admin_state_up': True, 'status': 'DOWN', 'device_id': 'c109e4b4-592e-4d24-9db3-75120b68c49a', 'device_owner': 'network:router_gateway', 'standard_attr_id': 101, 'fixed_ips': [{'subnet_id': '08fe3644-ce41-4c3f-a7ea-92bac0f0fff5', 'ip_address': '172.25.3.31', 'prefixlen': 24}], 'allowed_address_pairs': [], 'extra_dhcp_opts': [], 'security_groups': [], 'description': '', 'binding:vnic_type': 'normal', 'binding:profile': {}, 'binding:host_id': '', 'binding:vif_type': 'unbound', 'binding:vif_details': {}, 'port_security_enabled': False, 'tags': [], 'created_at': '2021-11-23T17:17:36Z', 'updated_at': '2021-11-23T17:17:37Z', 'revision_number': 1, 'project_id': '', 'subnets': [{'id': '08fe3644-ce41-4c3f-a7ea-92bac0f0fff5', 'cidr': '172.25.3.0/24', 'gateway_ip': '172.25.3.1', 'dns_nameservers': [], 'ipv6_ra_mode': None, 'subnetpool_id': None}], 'extra_subnets': [], 'address_scopes': {4: None, 6: None}, 'mtu': 1500}, 'enable_snat': True, 'gw_port_host': 'n-d-816206-8'}], 'n-d-816206-8', False) {} {{(pid=103593) wrapper /usr/local/lib/python3.8/dist-packages/oslo_log/helpers.py:65}}
Nov 23 17:17:41.703500 n-d-816206-8 neutron-server[103590]: INFO neutron.wsgi [req-3fd6e342-16ee-4001-8011-e4a7ef59efcf req-2bd0e133-f8cc-4c3c-ad26-0ef327b7ae7d tempest-MigrationsAdminTest-71574882 tempest-MigrationsAdminTest-71574882-project] 10.222.0.55 "GET /v2.0/networks?tenant_id=98a62786d4654c60b8dab5d2a606f4fe&shared=False HTTP/1.1" status: 200 len: 213 time: 0.0734425
Nov 23 17:17:41.705527 n-d-816206-8 neutron-server[103591]: INFO neutron.wsgi [req-843e686d-975d-4881-9e03-fc956d373e73 req-cebc2349-284e-49d7-91e1-de6c80000b81 tempest-MigrationsAdminTest-71574882 tempest-MigrationsAdminTest-71574882-project] 10.222.0.60 "GET /v2.0/ports?device_id=15b7563e-dd4f-4e87-9c18-113e02ce5ca0 HTTP/1.1" status: 200 len: 210 time: 0.1386473
Nov 23 17:17:41.727301 n-d-816206-8 neutron-server[103593]: DEBUG neutron.api.rpc.handlers.l3_rpc [None req-10959632-8605-4289-8b8a-23d6de9e6033 None None] Checking router: c109e4b4-592e-4d24-9db3-75120b68c49a for host: n-d-816206-8 {{(pid=103593) _ensure_host_set_on_ports /opt/stack/neutron/neutron/api/rpc/handlers/l3_rpc.py:155}}
Nov 23 17:17:41.729194 n-d-816206-8 neutron-server[103593]: DEBUG neutron.api.rpc.handlers.l3_rpc [None req-10959632-8605-4289-8b8a-23d6de9e6033 None None] Updating router c109e4b4-592e-4d24-9db3-75120b68c49a port cc608e88-5c47-463f-bdeb-2e2afada906f binding host n-d-816206-8 {{(pid=103593) _ensure_host_set_on_port /opt/stack/neutron/neutron/api/rpc/handlers/l3_rpc.py:205}}
Nov 23 17:17:41.784458 n-d-816206-8 neutron-server[103593]: DEBUG neutron_lib.callbacks.manager [None req-10959632-8605-4289-8b8a-23d6de9e6033 None None] Publish callbacks ['neutron.plugins.ml2.plugin.SecurityGroupDbMixin._ensure_default_security_group_handler-540034'] for port, before_update {{(pid=103593) _notify_loop /usr/local/lib/python3.8/dist-packages/neutron_lib/callbacks/manager.py:175}}
Nov 23 17:17:41.805884 n-d-816206-8 neutron-server[103590]: DEBUG neutron_lib.callbacks.manager [None req-4b01a2a1-0f2a-4697-85e6-1f303aa83eb8 admin admin] Publish callbacks [] for security_group, precommit_create {{(pid=103590) _notify_loop /usr/local/lib/python3.8/dist-packages/neutron_lib/callbacks/manager.py:175}}
Nov 23 17:17:41.832568 n-d-816206-8 neutron-server[103590]: DEBUG neutron_lib.callbacks.manager [None req-4b01a2a1-0f2a-4697-85e6-1f303aa83eb8 admin admin] Publish callbacks ['neutron.plugins.ml2.ovo_rpc._ObjectChangeHandler.handle_event-1639736'] for security_group, after_create {{(pid=103590) _notify_loop /usr/local/lib/python3.8/dist-packages/neutron_lib/callbacks/manager.py:175}}
Nov 23 17:17:41.842060 n-d-816206-8 neutron-server[103591]: DEBUG neutron.pecan_wsgi.hooks.policy_enforcement [req-6bc9c8ab-524d-4914-ba51-60aa65ca28b3 req-4540f67f-e05a-4b29-8fdf-17e3141382ce tempest-DeleteServersAdminTestJSON-479341732 tempest-DeleteServersAdminTestJSON-479341732-project] Attributes excluded by policy engine: ['standard_attr_id', 'binding:profile', 'binding:host_id', 'binding:vif_type', 'binding:vif_details'] {{(pid=103591) _exclude_attributes_by_policy /opt/stack/neutron/neutron/pecan_wsgi/hooks/policy_enforcement.py:255}}
Nov 23 17:17:41.853365 n-d-816206-8 neutron-server[103591]: INFO neutron.wsgi [req-6bc9c8ab-524d-4914-ba51-60aa65ca28b3 req-4540f67f-e05a-4b29-8fdf-17e3141382ce tempest-DeleteServersAdminTestJSON-479341732 tempest-DeleteServersAdminTestJSON-479341732-project] 10.222.0.60 "GET /v2.0/ports?device_id=2a34b097-eadb-4c5f-9d37-cb0d99a22096 HTTP/1.1" status: 200 len: 936 time: 0.2844739
Nov 23 17:17:41.961851 n-d-816206-8 neutron-server[103590]: INFO neutron.wsgi [None req-4b01a2a1-0f2a-4697-85e6-1f303aa83eb8 admin admin] 10.222.0.60 "GET /v2.0/security-groups?tenant_id=1a714bf94fe64c4b9b1fd5adf602bf8e&name=default HTTP/1.1" status: 200 len: 2996 time: 0.8398700
Nov 23 17:17:41.971901 n-d-816206-8 neutron-server[103591]: DEBUG neutron.wsgi [-] (103591) accepted ('10.222.0.60', 47252) {{(pid=103591) server /usr/local/lib/python3.8/dist-packages/eventlet/wsgi.py:1004}}
Nov 23 17:17:41.977772 n-d-816206-8 neutron-server[103590]: DEBUG neutron.api.rpc.handlers.resources_rpc [None req-4b01a2a1-0f2a-4697-85e6-1f303aa83eb8 admin admin] Pushing event updated for resources: {'SecurityGroup': ['ID=80fef3ce-971d-4315-9df0-3fc8ecf3a53a,revision_number=1']} {{(pid=103590) push /opt/stack/neutron/neutron/api/rpc/handlers/resources_rpc.py:237}}
Nov 23 17:17:41.988593 n-d-816206-8 neutron-server[103591]: INFO neutron.wsgi [req-6bc9c8ab-524d-4914-ba51-60aa65ca28b3 req-52fbeca7-b6f7-42f1-b018-837e7cb8663b tempest-DeleteServersAdminTestJSON-479341732 tempest-DeleteServersAdminTestJSON-479341732-project] 10.222.0.60 "GET /v2.0/security-groups?id=3f80f869-4c49-4c46-9452-e05cfcec9870&fields=id&fields=name HTTP/1.1" status: 200 len: 286 time: 0.1334348
Nov 23 17:17:42.017958 n-d-816206-8 neutron-server[103590]: DEBUG neutron.pecan_wsgi.hooks.policy_enforcement [req-3fd6e342-16ee-4001-8011-e4a7ef59efcf req-e9ad3f76-a726-4ff7-9ffb-e63750bd77b2 tempest-MigrationsAdminTest-71574882 tempest-MigrationsAdminTest-71574882-project] Attributes excluded by policy engine: ['standard_attr_id', 'vlan_transparent', 'provider:network_type', 'provider:physical_network', 'provider:segmentation_id'] {{(pid=103590) _exclude_attributes_by_policy /opt/stack/neutron/neutron/pecan_wsgi/hooks/policy_enforcement.py:255}}
Nov 23 17:17:42.019739 n-d-816206-8 neutron-server[103590]: INFO neutron.wsgi [req-3fd6e342-16ee-4001-8011-e4a7ef59efcf req-e9ad3f76-a726-4ff7-9ffb-e63750bd77b2 tempest-MigrationsAdminTest-71574882 tempest-MigrationsAdminTest-71574882-project] 10.222.0.55 "GET /v2.0/networks?shared=True HTTP/1.1" status: 200 len: 769 time: 0.3046923
Nov 23 17:17:42.111694 n-d-816206-8 neutron-server[103590]: DEBUG neutron.api.v2.base [req-3fd6e342-16ee-4001-8011-e4a7ef59efcf req-559580bb-7321-46c8-a1af-43096b7f7ff1 tempest-MigrationsAdminTest-71574882 tempest-MigrationsAdminTest-71574882-project] Request body: {'port': {'device_id': '15b7563e-dd4f-4e87-9c18-113e02ce5ca0', 'network_id': 'f1e1dabf-b410-4023-9169-a460a86e7184', 'admin_state_up': True, 'tenant_id': '98a62786d4654c60b8dab5d2a606f4fe'}} {{(pid=103590) prepare_request_body /opt/stack/neutron/neutron/api/v2/base.py:729}}
Nov 23 17:17:42.408659 n-d-816206-8 neutron-server[103593]: DEBUG neutron_lib.callbacks.manager [None req-10959632-8605-4289-8b8a-23d6de9e6033 None None] Publish callbacks [] for port, precommit_update {{(pid=103593) _notify_loop /usr/local/lib/python3.8/dist-packages/neutron_lib/callbacks/manager.py:175}}
Nov 23 17:17:42.423248 n-d-816206-8 neutron-server[103593]: DEBUG neutron_lib.callbacks.manager [None req-10959632-8605-4289-8b8a-23d6de9e6033 None None] Publish callbacks ['neutron.plugins.ml2.plugin.SecurityGroupServerNotifierRpcMixin._notify_sg_on_port_change-539463', 'neutron.plugins.ml2.ovo_rpc._ObjectChangeHandler.handle_event-39365', 'neutron.api.rpc.agentnotifiers.dhcp_rpc_agent_api.DhcpAgentNotifyAPI._native_event_send_dhcp_notification-2067493', 'neutron.db.l3_db.L3RpcNotifierMixin._notify_gateway_port_ip_changed-8736635651530', 'neutron.db.l3_dvrscheduler_db._notify_l3_agent_port_update-8736635317998', 'neutron.db.l3_hascheduler_db._notify_l3_agent_ha_port_update-8736635322628'] for port, after_update {{(pid=103593) _notify_loop /usr/local/lib/python3.8/dist-packages/neutron_lib/callbacks/manager.py:175}}
Nov 23 17:17:42.428164 n-d-816206-8 neutron-server[103590]: DEBUG neutron.pecan_wsgi.hooks.quota_enforcement [req-3fd6e342-16ee-4001-8011-e4a7ef59efcf req-559580bb-7321-46c8-a1af-43096b7f7ff1 tempest-MigrationsAdminTest-71574882 tempest-MigrationsAdminTest-71574882-project] Made reservation on behalf of 98a62786d4654c60b8dab5d2a606f4fe for: {'port': 1} {{(pid=103590) before /opt/stack/neutron/neutron/pecan_wsgi/hooks/quota_enforcement.py:53}}
Nov 23 17:17:42.433893 n-d-816206-8 neutron-server[103590]: DEBUG neutron_lib.callbacks.manager [req-3fd6e342-16ee-4001-8011-e4a7ef59efcf req-559580bb-7321-46c8-a1af-43096b7f7ff1 tempest-MigrationsAdminTest-71574882 tempest-MigrationsAdminTest-71574882-project] Publish callbacks ['neutron.plugins.ml2.plugin.SecurityGroupDbMixin._ensure_default_security_group_handler-540034'] for port, before_create {{(pid=103590) _notify_loop /usr/local/lib/python3.8/dist-packages/neutron_lib/callbacks/manager.py:175}}
Nov 23 17:17:42.457640 n-d-816206-8 neutron-server[103591]: DEBUG neutron_lib.callbacks.manager [None req-b36d9fcf-7838-4d65-a8df-a2a52ac3ee07 admin admin] Publish callbacks [] for security_group, before_delete {{(pid=103591) _notify_loop /usr/local/lib/python3.8/dist-packages/neutron_lib/callbacks/manager.py:175}}
Nov 23 17:17:42.466345 n-d-816206-8 neutron-server[103590]: DEBUG neutron_lib.callbacks.manager [req-3fd6e342-16ee-4001-8011-e4a7ef59efcf req-559580bb-7321-46c8-a1af-43096b7f7ff1 tempest-MigrationsAdminTest-71574882 tempest-MigrationsAdminTest-71574882-project] Publish callbacks [] for security_group, before_create {{(pid=103590) _notify_loop /usr/local/lib/python3.8/dist-packages/neutron_lib/callbacks/manager.py:175}}
Nov 23 17:17:42.486512 n-d-816206-8 neutron-server[103591]: DEBUG neutron_lib.callbacks.manager [None req-b36d9fcf-7838-4d65-a8df-a2a52ac3ee07 admin admin] Publish callbacks [] for security_group, precommit_delete {{(pid=103591) _notify_loop /usr/local/lib/python3.8/dist-packages/neutron_lib/callbacks/manager.py:175}}
Nov 23 17:17:42.566803 n-d-816206-8 neutron-server[103591]: DEBUG neutron_lib.callbacks.manager [None req-b36d9fcf-7838-4d65-a8df-a2a52ac3ee07 admin admin] Publish callbacks ['neutron.plugins.ml2.ovo_rpc._ObjectChangeHandler.handle_event-1639736'] for security_group, after_delete {{(pid=103591) _notify_loop /usr/local/lib/python3.8/dist-packages/neutron_lib/callbacks/manager.py:175}}
Nov 23 17:17:42.569675 n-d-816206-8 neutron-server[103591]: DEBUG neutron_lib.callbacks.manager [None req-b36d9fcf-7838-4d65-a8df-a2a52ac3ee07 admin admin] Publish callbacks [] for security_group, before_response {{(pid=103591) _notify_loop /usr/local/lib/python3.8/dist-packages/neutron_lib/callbacks/manager.py:175}}
Nov 23 17:17:42.573946 n-d-816206-8 neutron-server[103591]: INFO neutron.wsgi [None req-b36d9fcf-7838-4d65-a8df-a2a52ac3ee07 admin admin] 10.222.0.60 "DELETE /v2.0/security-groups/80fef3ce-971d-4315-9df0-3fc8ecf3a53a HTTP/1.1" status: 204 len: 168 time: 0.5465903
Nov 23 17:17:42.590656 n-d-816206-8 neutron-server[103591]: DEBUG neutron.pecan_wsgi.hooks.policy_enforcement [req-659a1f53-6698-4445-8b81-544d08a24280 req-d36b831d-3194-41cc-8dfd-8cfa3ffdc64f tempest-AggregatesAdminTestJSON-1799004352 tempest-AggregatesAdminTestJSON-1799004352-project] Attributes excluded by policy engine: ['standard_attr_id', 'binding:profile', 'binding:host_id', 'binding:vif_type', 'binding:vif_details'] {{(pid=103591) _exclude_attributes_by_policy /opt/stack/neutron/neutron/pecan_wsgi/hooks/policy_enforcement.py:255}}
Nov 23 17:17:42.603897 n-d-816206-8 neutron-server[103591]: INFO neutron.wsgi [req-659a1f53-6698-4445-8b81-544d08a24280 req-d36b831d-3194-41cc-8dfd-8cfa3ffdc64f tempest-AggregatesAdminTestJSON-1799004352 tempest-AggregatesAdminTestJSON-1799004352-project] 10.222.0.60 "GET /v2.0/ports?device_id=cdb83d84-5fcd-412e-be32-1b98182c748e HTTP/1.1" status: 200 len: 935 time: 0.3826361
Nov 23 17:17:42.622690 n-d-816206-8 neutron-server[103591]: DEBUG neutron_lib.callbacks.manager [None req-7a069b5d-262d-4bc5-87bc-a0a94bc75626 admin admin] Publish callbacks ['neutron.plugins.ml2.plugin.SecurityGroupDbMixin._ensure_default_security_group_handler-540034'] for port, before_create {{(pid=103591) _notify_loop /usr/local/lib/python3.8/dist-packages/neutron_lib/callbacks/manager.py:175}}
Nov 23 17:17:42.632673 n-d-816206-8 neutron-server[103591]: DEBUG neutron.api.rpc.handlers.resources_rpc [None req-b36d9fcf-7838-4d65-a8df-a2a52ac3ee07 admin admin] Pushing event deleted for resources: {'SecurityGroup': ['ID=80fef3ce-971d-4315-9df0-3fc8ecf3a53a,revision_number=None']} {{(pid=103591) push /opt/stack/neutron/neutron/api/rpc/handlers/resources_rpc.py:237}}
Nov 23 17:17:42.650197 n-d-816206-8 neutron-server[103593]: DEBUG neutron.plugins.ml2.managers [None req-10959632-8605-4289-8b8a-23d6de9e6033 None None] Attempting to bind port cc608e88-5c47-463f-bdeb-2e2afada906f on host n-d-816206-8 for vnic_type normal with profile {{(pid=103593) bind_port /opt/stack/neutron/neutron/plugins/ml2/managers.py:795}}
Nov 23 17:17:42.650840 n-d-816206-8 neutron-server[103593]: DEBUG neutron.plugins.ml2.managers [None req-10959632-8605-4289-8b8a-23d6de9e6033 None None] Attempting to bind port cc608e88-5c47-463f-bdeb-2e2afada906f by drivers openvswitch,hyperv on host n-d-816206-8 at level 0 using segments [{'id': 'bffd1e4f-e80f-4ff0-b418-2f42ae15febf', 'network_type': 'flat', 'physical_network': 'physnet1', 'segmentation_id': None, 'network_id': '4c8455ba-1be5-42ac-b8c2-8a16e1292d55'}] {{(pid=103593) _bind_port_level /opt/stack/neutron/neutron/plugins/ml2/managers.py:820}}
Nov 23 17:17:42.651215 n-d-816206-8 neutron-server[103593]: DEBUG neutron.plugins.ml2.drivers.mech_agent [None req-10959632-8605-4289-8b8a-23d6de9e6033 None None] Attempting to bind port cc608e88-5c47-463f-bdeb-2e2afada906f on network 4c8455ba-1be5-42ac-b8c2-8a16e1292d55 {{(pid=103593) bind_port /opt/stack/neutron/neutron/plugins/ml2/drivers/mech_agent.py:91}}
Nov 23 17:17:42.674929 n-d-816206-8 neutron-server[103593]: DEBUG neutron.api.rpc.handlers.resources_rpc [None req-7bca71d9-0b17-4c7a-85f8-28ce0613cd8e None None] Pushing event updated for resources: {'Port': ['ID=cc608e88-5c47-463f-bdeb-2e2afada906f,revision_number=2']} {{(pid=103593) push /opt/stack/neutron/neutron/api/rpc/handlers/resources_rpc.py:237}}
Nov 23 17:17:42.678247 n-d-816206-8 neutron-server[103593]: DEBUG neutron.plugins.ml2.drivers.mech_agent [None req-10959632-8605-4289-8b8a-23d6de9e6033 None None] Checking agent: {'id': '9e89acbe-4bbe-4c77-a18b-6f1da9133e0c', 'agent_type': 'Open vSwitch agent', 'binary': 'neutron-openvswitch-agent', 'topic': 'N/A', 'host': 'n-d-816206-8', 'admin_state_up': True, 'created_at': datetime.datetime(2021, 11, 23, 17, 7, 48), 'started_at': datetime.datetime(2021, 11, 23, 17, 8, 18), 'heartbeat_timestamp': datetime.datetime(2021, 11, 23, 17, 17, 18), 'description': None, 'resources_synced': None, 'availability_zone': None, 'alive': True, 'configurations': {'arp_responder_enabled': False, 'baremetal_smartnic': False, 'bridge_mappings': {'physnet1': 'br-data'}, 'datapath_type': 'system', 'devices': 0, 'enable_distributed_routing': False, 'extensions': [], 'in_distributed_mode': False, 'integration_bridge': 'br-int', 'l2_population': False, 'log_agent_heartbeats': False, 'ovs_capabilities': {'datapath_types': ['netdev', 'system'], 'iface_types': ['erspan', 'geneve', 'gre', 'internal', 'ip6erspan', 'ip6gre', 'lisp', 'patch', 'stt', 'system', 'tap', 'vxlan']}, 'ovs_hybrid_plug': False, 'resource_provider_bandwidths': {}, 'resource_provider_hypervisors': {'br-data': 'n-d-816206-8'}, 'resource_provider_inventory_defaults': {'allocation_ratio': 1.0, 'min_unit': 1, 'step_size': 1, 'reserved': 0}, 'resource_provider_packet_processing_inventory_defaults': {'allocation_ratio': 1.0, 'min_unit': 1, 'step_size': 1, 'reserved': 0}, 'resource_provider_packet_processing_with_direction': {}, 'resource_provider_packet_processing_without_direction': {}, 'tunnel_types': [], 'tunneling_ip': None, 'vhostuser_socket_dir': '/var/run/openvswitch'}, 'resource_versions': {'AddressGroup': '1.2', 'ConntrackHelper': '1.0', 'Log': '1.0', 'Network': '1.1', 'Port': '1.7', 'PortForwarding': '1.2', 'QosPolicy': '1.10', 'SecurityGroup': '1.5', 'SecurityGroupRule': '1.2', 'SubPort': '1.0', 'Subnet': '1.1', 'Trunk': '1.1'}} {{(pid=103593) bind_port /opt/stack/neutron/neutron/plugins/ml2/drivers/mech_agent.py:110}}
Nov 23 17:17:42.678627 n-d-816206-8 neutron-server[103593]: DEBUG neutron.plugins.ml2.drivers.mech_agent [None req-10959632-8605-4289-8b8a-23d6de9e6033 None None] Checking segment: {'id': 'bffd1e4f-e80f-4ff0-b418-2f42ae15febf', 'network_type': 'flat', 'physical_network': 'physnet1', 'segmentation_id': None, 'network_id': '4c8455ba-1be5-42ac-b8c2-8a16e1292d55'} for mappings: {'physnet1': 'br-data'} with network types: ['local', 'flat', 'vlan'] {{(pid=103593) check_segment_for_agent /opt/stack/neutron/neutron/plugins/ml2/drivers/mech_agent.py:371}}
Nov 23 17:17:42.679035 n-d-816206-8 neutron-server[103593]: DEBUG neutron_lib.callbacks.manager [None req-10959632-8605-4289-8b8a-23d6de9e6033 None None] Publish callbacks [] for ovs_bridge_name, before_read {{(pid=103593) _notify_loop /usr/local/lib/python3.8/dist-packages/neutron_lib/callbacks/manager.py:175}}
Nov 23 17:17:42.679434 n-d-816206-8 neutron-server[103593]: DEBUG neutron.plugins.ml2.drivers.mech_agent [None req-10959632-8605-4289-8b8a-23d6de9e6033 None None] Bound using segment: {'id': 'bffd1e4f-e80f-4ff0-b418-2f42ae15febf', 'network_type': 'flat', 'physical_network': 'physnet1', 'segmentation_id': None, 'network_id': '4c8455ba-1be5-42ac-b8c2-8a16e1292d55'} {{(pid=103593) bind_port /opt/stack/neutron/neutron/plugins/ml2/drivers/mech_agent.py:120}}
Nov 23 17:17:42.679962 n-d-816206-8 neutron-server[103593]: DEBUG neutron.plugins.ml2.managers [None req-10959632-8605-4289-8b8a-23d6de9e6033 None None] Bound port: cc608e88-5c47-463f-bdeb-2e2afada906f, host: n-d-816206-8, vif_type: ovs, vif_details: {"connectivity": "l2", "port_filter": true, "ovs_hybrid_plug": false, "datapath_type": "system", "bridge_name": "br-int"}, binding_levels: [{'bound_driver': 'openvswitch', 'bound_segment': {'id': 'bffd1e4f-e80f-4ff0-b418-2f42ae15febf', 'network_type': 'flat', 'physical_network': 'physnet1', 'segmentation_id': None, 'network_id': '4c8455ba-1be5-42ac-b8c2-8a16e1292d55'}}] {{(pid=103593) _bind_port_level /opt/stack/neutron/neutron/plugins/ml2/managers.py:932}}
Nov 23 17:17:42.680323 n-d-816206-8 neutron-server[103593]: DEBUG neutron_lib.callbacks.manager [None req-10959632-8605-4289-8b8a-23d6de9e6033 None None] Publish callbacks ['neutron.plugins.ml2.plugin.SecurityGroupDbMixin._ensure_default_security_group_handler-540034'] for port, before_update {{(pid=103593) _notify_loop /usr/local/lib/python3.8/dist-packages/neutron_lib/callbacks/manager.py:175}}
Nov 23 17:17:42.692866 n-d-816206-8 neutron-server[103590]: DEBUG neutron_lib.callbacks.manager [req-3fd6e342-16ee-4001-8011-e4a7ef59efcf req-559580bb-7321-46c8-a1af-43096b7f7ff1 tempest-MigrationsAdminTest-71574882 tempest-MigrationsAdminTest-71574882-project] Publish callbacks [] for security_group, precommit_create {{(pid=103590) _notify_loop /usr/local/lib/python3.8/dist-packages/neutron_lib/callbacks/manager.py:175}}
Nov 23 17:17:42.700257 n-d-816206-8 neutron-server[103590]: DEBUG neutron_lib.callbacks.manager [req-3fd6e342-16ee-4001-8011-e4a7ef59efcf req-559580bb-7321-46c8-a1af-43096b7f7ff1 tempest-MigrationsAdminTest-71574882 tempest-MigrationsAdminTest-71574882-project] Publish callbacks ['neutron.plugins.ml2.ovo_rpc._ObjectChangeHandler.handle_event-1639736'] for security_group, after_create {{(pid=103590) _notify_loop /usr/local/lib/python3.8/dist-packages/neutron_lib/callbacks/manager.py:175}}
Nov 23 17:17:42.797507 n-d-816206-8 neutron-server[103591]: INFO neutron.wsgi [req-659a1f53-6698-4445-8b81-544d08a24280 req-1d460b92-97f7-46f2-8aa3-18f006f2ea3c tempest-AggregatesAdminTestJSON-1799004352 tempest-AggregatesAdminTestJSON-1799004352-project] 10.222.0.60 "GET /v2.0/security-groups?id=efe36124-072b-4c8d-832e-4e44bbcbc8ee&fields=id&fields=name HTTP/1.1" status: 200 len: 286 time: 0.1925173
Nov 23 17:17:42.804688 n-d-816206-8 neutron-server[103593]: DEBUG neutron.api.rpc.callbacks.version_manager [None req-7bca71d9-0b17-4c7a-85f8-28ce0613cd8e None None] Version for resource type AddressGroup changed None to 1.2 on consumer Open vSwitch agent@n-d-816206-8 {{(pid=103593) _set_version /opt/stack/neutron/neutron/api/rpc/callbacks/version_manager.py:113}}
Nov 23 17:17:42.805041 n-d-816206-8 neutron-server[103593]: DEBUG neutron.api.rpc.callbacks.version_manager [None req-7bca71d9-0b17-4c7a-85f8-28ce0613cd8e None None] Version for resource type ConntrackHelper changed None to 1.0 on consumer Open vSwitch agent@n-d-816206-8 {{(pid=103593) _set_version /opt/stack/neutron/neutron/api/rpc/callbacks/version_manager.py:113}}
Nov 23 17:17:42.805387 n-d-816206-8 neutron-server[103593]: DEBUG neutron.api.rpc.callbacks.version_manager [None req-7bca71d9-0b17-4c7a-85f8-28ce0613cd8e None None] Version for resource type Log changed None to 1.0 on consumer Open vSwitch agent@n-d-816206-8 {{(pid=103593) _set_version /opt/stack/neutron/neutron/api/rpc/callbacks/version_manager.py:113}}
Nov 23 17:17:42.805750 n-d-816206-8 neutron-server[103593]: DEBUG neutron.api.rpc.callbacks.version_manager [None req-7bca71d9-0b17-4c7a-85f8-28ce0613cd8e None None] Version for resource type Network changed None to 1.1 on consumer Open vSwitch agent@n-d-816206-8 {{(pid=103593) _set_version /opt/stack/neutron/neutron/api/rpc/callbacks/version_manager.py:113}}
Nov 23 17:17:42.808376 n-d-816206-8 neutron-server[103593]: DEBUG neutron.api.rpc.callbacks.version_manager [None req-7bca71d9-0b17-4c7a-85f8-28ce0613cd8e None None] Version for resource type Port changed None to 1.7 on consumer Open vSwitch agent@n-d-816206-8 {{(pid=103593) _set_version /opt/stack/neutron/neutron/api/rpc/callbacks/version_manager.py:113}}
Nov 23 17:17:42.808753 n-d-816206-8 neutron-server[103593]: DEBUG neutron.api.rpc.callbacks.version_manager [None req-7bca71d9-0b17-4c7a-85f8-28ce0613cd8e None None] Version for resource type PortForwarding changed None to 1.2 on consumer Open vSwitch agent@n-d-816206-8 {{(pid=103593) _set_version /opt/stack/neutron/neutron/api/rpc/callbacks/version_manager.py:113}}
Nov 23 17:17:42.809100 n-d-816206-8 neutron-server[103593]: DEBUG neutron.api.rpc.callbacks.version_manager [None req-7bca71d9-0b17-4c7a-85f8-28ce0613cd8e None None] Version for resource type QosPolicy changed None to 1.10 on consumer Open vSwitch agent@n-d-816206-8 {{(pid=103593) _set_version /opt/stack/neutron/neutron/api/rpc/callbacks/version_manager.py:113}}
Nov 23 17:17:42.809457 n-d-816206-8 neutron-server[103593]: DEBUG neutron.api.rpc.callbacks.version_manager [None req-7bca71d9-0b17-4c7a-85f8-28ce0613cd8e None None] Version for resource type SecurityGroup changed None to 1.5 on consumer Open vSwitch agent@n-d-816206-8 {{(pid=103593) _set_version /opt/stack/neutron/neutron/api/rpc/callbacks/version_manager.py:113}}
Nov 23 17:17:42.809826 n-d-816206-8 neutron-server[103593]: DEBUG neutron.api.rpc.callbacks.version_manager [None req-7bca71d9-0b17-4c7a-85f8-28ce0613cd8e None None] Version for resource type SecurityGroupRule changed None to 1.2 on consumer Open vSwitch agent@n-d-816206-8 {{(pid=103593) _set_version /opt/stack/neutron/neutron/api/rpc/callbacks/version_manager.py:113}}
Nov 23 17:17:42.810158 n-d-816206-8 neutron-server[103593]: DEBUG neutron.api.rpc.callbacks.version_manager [None req-7bca71d9-0b17-4c7a-85f8-28ce0613cd8e None None] Version for resource type SubPort changed None to 1.0 on consumer Open vSwitch agent@n-d-816206-8 {{(pid=103593) _set_version /opt/stack/neutron/neutron/api/rpc/callbacks/version_manager.py:113}}
Nov 23 17:17:42.810518 n-d-816206-8 neutron-server[103593]: DEBUG neutron.api.rpc.callbacks.version_manager [None req-7bca71d9-0b17-4c7a-85f8-28ce0613cd8e None None] Version for resource type Subnet changed None to 1.1 on consumer Open vSwitch agent@n-d-816206-8 {{(pid=103593) _set_version /opt/stack/neutron/neutron/api/rpc/callbacks/version_manager.py:113}}
Nov 23 17:17:42.810824 n-d-816206-8 neutron-server[103593]: DEBUG neutron.api.rpc.callbacks.version_manager [None req-7bca71d9-0b17-4c7a-85f8-28ce0613cd8e None None] Version for resource type Trunk changed None to 1.1 on consumer Open vSwitch agent@n-d-816206-8 {{(pid=103593) _set_version /opt/stack/neutron/neutron/api/rpc/callbacks/version_manager.py:113}}
Nov 23 17:17:42.811992 n-d-816206-8 neutron-server[103593]: DEBUG neutron.api.rpc.callbacks.version_manager [None req-7bca71d9-0b17-4c7a-85f8-28ce0613cd8e None None] Tracked resource versions report:
Nov 23 17:17:42.811992 n-d-816206-8 neutron-server[103593]: pushed versions:
Nov 23 17:17:42.811992 n-d-816206-8 neutron-server[103593]: { 'AddressGroup': {'1.2'},
Nov 23 17:17:42.811992 n-d-816206-8 neutron-server[103593]: 'ConntrackHelper': {'1.0'},
Nov 23 17:17:42.811992 n-d-816206-8 neutron-server[103593]: 'Log': {'1.0'},
Nov 23 17:17:42.811992 n-d-816206-8 neutron-server[103593]: 'Network': {'1.1'},
Nov 23 17:17:42.811992 n-d-816206-8 neutron-server[103593]: 'Port': {'1.7'},
Nov 23 17:17:42.811992 n-d-816206-8 neutron-server[103593]: 'PortForwarding': {'1.2'},
Nov 23 17:17:42.811992 n-d-816206-8 neutron-server[103593]: 'QosPolicy': {'1.10'},
Nov 23 17:17:42.811992 n-d-816206-8 neutron-server[103593]: 'SecurityGroup': {'1.5'},
Nov 23 17:17:42.811992 n-d-816206-8 neutron-server[103593]: 'SecurityGroupRule': {'1.2'},
Nov 23 17:17:42.811992 n-d-816206-8 neutron-server[103593]: 'SubPort': {'1.0'},
Nov 23 17:17:42.811992 n-d-816206-8 neutron-server[103593]: 'Subnet': {'1.1'},
Nov 23 17:17:42.811992 n-d-816206-8 neutron-server[103593]: 'Trunk': {'1.1'}}
Nov 23 17:17:42.811992 n-d-816206-8 neutron-server[103593]: consumer versions:
Nov 23 17:17:42.811992 n-d-816206-8 neutron-server[103593]: { DHCP agent@n-d-816206-8: {},
Nov 23 17:17:42.811992 n-d-816206-8 neutron-server[103593]: HyperV agent@n-h1-816206-8: {},
Nov 23 17:17:42.811992 n-d-816206-8 neutron-server[103593]: HyperV agent@n-h2-816206-8: {},
Nov 23 17:17:42.811992 n-d-816206-8 neutron-server[103593]: L3 agent@n-d-816206-8: {},
Nov 23 17:17:42.811992 n-d-816206-8 neutron-server[103593]: Metadata agent@n-d-816206-8: {},
Nov 23 17:17:42.811992 n-d-816206-8 neutron-server[103593]: Metering agent@n-d-816206-8: {},
Nov 23 17:17:42.811992 n-d-816206-8 neutron-server[103593]: Open vSwitch agent@n-d-816206-8: { 'AddressGroup': '1.2',
Nov 23 17:17:42.811992 n-d-816206-8 neutron-server[103593]: 'ConntrackHelper': '1.0',
Nov 23 17:17:42.811992 n-d-816206-8 neutron-server[103593]: 'Log': '1.0',
Nov 23 17:17:42.811992 n-d-816206-8 neutron-server[103593]: 'Network': '1.1',
Nov 23 17:17:42.811992 n-d-816206-8 neutron-server[103593]: 'Port': '1.7',
Nov 23 17:17:42.811992 n-d-816206-8 neutron-server[103593]: 'PortForwarding': '1.2',
Nov 23 17:17:42.811992 n-d-816206-8 neutron-server[103593]: 'QosPolicy': '1.10',
Nov 23 17:17:42.811992 n-d-816206-8 neutron-server[103593]: 'SecurityGroup': '1.5',
Nov 23 17:17:42.811992 n-d-816206-8 neutron-server[103593]: 'SecurityGroupRule': '1.2',
Nov 23 17:17:42.811992 n-d-816206-8 neutron-server[103593]: 'SubPort': '1.0',
Nov 23 17:17:42.811992 n-d-816206-8 neutron-server[103593]: 'Subnet': '1.1',
Nov 23 17:17:42.811992 n-d-816206-8 neutron-server[103593]: 'Trunk': '1.1'}}
Nov 23 17:17:42.811992 n-d-816206-8 neutron-server[103593]: {{(pid=103593) report /opt/stack/neutron/neutron/api/rpc/callbacks/version_manager.py:175}}
Nov 23 17:17:42.855622 n-d-816206-8 neutron-server[103592]: DEBUG neutron_lib.callbacks.manager [None req-67ddbb96-18ea-4bca-a250-739c9b8f3154 None None] Publish callbacks ['neutron.services.segments.db._update_segment_host_mapping_for_agent-8736635878849', 'neutron.plugins.ml2.plugin.Ml2Plugin._retry_binding_revived_agents-990549'] for agent, after_update {{(pid=103592) _notify_loop /usr/local/lib/python3.8/dist-packages/neutron_lib/callbacks/manager.py:175}}
Nov 23 17:17:42.897894 n-d-816206-8 neutron-server[103590]: DEBUG neutron.wsgi [req-e59b4b93-29a3-43e4-b4b4-a862fdf499a8 req-cec1f8c6-58db-424b-897d-fef693b6fb5b tempest-DeleteServersAdminTestJSON-479341732 tempest-DeleteServersAdminTestJSON-479341732-project] http://10.222.0.60:9696/v2.0/extensions returned with HTTP 200 {{(pid=103590) __call__ /opt/stack/neutron/neutron/wsgi.py:729}}
Nov 23 17:17:42.900878 n-d-816206-8 neutron-server[103591]: DEBUG neutron.wsgi [req-9931408e-b2af-4b6b-b41d-46538160278a req-f577dff0-2181-46cf-a1c6-b53eea37fde7 tempest-AggregatesAdminTestJSON-1799004352 tempest-AggregatesAdminTestJSON-1799004352-project] http://10.222.0.60:9696/v2.0/extensions returned with HTTP 200 {{(pid=103591) __call__ /opt/stack/neutron/neutron/wsgi.py:729}}
Nov 23 17:17:42.902301 n-d-816206-8 neutron-server[103590]: INFO neutron.wsgi [req-e59b4b93-29a3-43e4-b4b4-a862fdf499a8 req-cec1f8c6-58db-424b-897d-fef693b6fb5b tempest-DeleteServersAdminTestJSON-479341732 tempest-DeleteServersAdminTestJSON-479341732-project] 10.222.0.36 "GET /v2.0/extensions HTTP/1.1" status: 200 len: 14082 time: 0.0152602
Nov 23 17:17:42.911643 n-d-816206-8 neutron-server[103591]: INFO neutron.wsgi [req-9931408e-b2af-4b6b-b41d-46538160278a req-f577dff0-2181-46cf-a1c6-b53eea37fde7 tempest-AggregatesAdminTestJSON-1799004352 tempest-AggregatesAdminTestJSON-1799004352-project] 10.222.0.36 "GET /v2.0/extensions HTTP/1.1" status: 200 len: 14082 time: 0.0416694
Nov 23 17:17:42.942851 n-d-816206-8 neutron-server[103593]: DEBUG neutron.plugins.ml2.db [None req-10959632-8605-4289-8b8a-23d6de9e6033 None None] For port cc608e88-5c47-463f-bdeb-2e2afada906f, host n-d-816206-8, cleared binding levels {{(pid=103593) clear_binding_levels /opt/stack/neutron/neutron/plugins/ml2/db.py:87}}
Nov 23 17:17:42.944094 n-d-816206-8 neutron-server[103590]: DEBUG neutron.api.rpc.handlers.resources_rpc [None req-559580bb-7321-46c8-a1af-43096b7f7ff1 tempest-MigrationsAdminTest-71574882 tempest-MigrationsAdminTest-71574882-project] Pushing event updated for resources: {'SecurityGroup': ['ID=70227657-be62-432a-a8fd-5a85231fc7e4,revision_number=1']} {{(pid=103590) push /opt/stack/neutron/neutron/api/rpc/handlers/resources_rpc.py:237}}
Nov 23 17:17:42.959319 n-d-816206-8 neutron-server[103593]: DEBUG neutron.plugins.ml2.db [None req-10959632-8605-4289-8b8a-23d6de9e6033 None None] For port cc608e88-5c47-463f-bdeb-2e2afada906f, host n-d-816206-8, set binding levels [PortBindingLevel(driver='openvswitch',host='n-d-816206-8',level=0,port_id=cc608e88-5c47-463f-bdeb-2e2afada906f,segment=NetworkSegment(bffd1e4f-e80f-4ff0-b418-2f42ae15febf),segment_id=bffd1e4f-e80f-4ff0-b418-2f42ae15febf)] {{(pid=103593) set_binding_levels /opt/stack/neutron/neutron/plugins/ml2/db.py:59}}
Nov 23 17:17:42.969820 n-d-816206-8 neutron-server[103593]: DEBUG neutron_lib.callbacks.manager [None req-10959632-8605-4289-8b8a-23d6de9e6033 None None] Publish callbacks ['neutron.plugins.ml2.plugin.SecurityGroupServerNotifierRpcMixin._notify_sg_on_port_change-539463', 'neutron.plugins.ml2.ovo_rpc._ObjectChangeHandler.handle_event-39365', 'neutron.api.rpc.agentnotifiers.dhcp_rpc_agent_api.DhcpAgentNotifyAPI._native_event_send_dhcp_notification-2067493', 'neutron.db.l3_db.L3RpcNotifierMixin._notify_gateway_port_ip_changed-8736635651530', 'neutron.db.l3_dvrscheduler_db._notify_l3_agent_port_update-8736635317998', 'neutron.db.l3_hascheduler_db._notify_l3_agent_ha_port_update-8736635322628'] for port, after_update {{(pid=103593) _notify_loop /usr/local/lib/python3.8/dist-packages/neutron_lib/callbacks/manager.py:175}}
Nov 23 17:17:43.142197 n-d-816206-8 neutron-server[103592]: DEBUG neutron_lib.callbacks.manager [None req-b1c64eaa-a90e-4f8c-a3b8-c5053dc3248a None None] Publish callbacks ['neutron.services.segments.db._update_segment_host_mapping_for_agent-8736635878849', 'neutron.plugins.ml2.plugin.Ml2Plugin._retry_binding_revived_agents-990549'] for agent, after_update {{(pid=103592) _notify_loop /usr/local/lib/python3.8/dist-packages/neutron_lib/callbacks/manager.py:175}}
Nov 23 17:17:43.144906 n-d-816206-8 neutron-server[103593]: DEBUG neutron.api.rpc.handlers.resources_rpc [None req-7bca71d9-0b17-4c7a-85f8-28ce0613cd8e None None] Pushing event updated for resources: {'Port': ['ID=cc608e88-5c47-463f-bdeb-2e2afada906f,revision_number=3']} {{(pid=103593) push /opt/stack/neutron/neutron/api/rpc/handlers/resources_rpc.py:237}}
Nov 23 17:17:43.172182 n-d-816206-8 neutron-server[103593]: DEBUG neutron.db.l3_dvrscheduler_db [None req-10959632-8605-4289-8b8a-23d6de9e6033 None None] Routers {'c109e4b4-592e-4d24-9db3-75120b68c49a'} bound to L3 agent in host n-d-816206-8 {{(pid=103593) _get_router_ids_for_agent /opt/stack/neutron/neutron/db/l3_dvrscheduler_db.py:420}}
Nov 23 17:17:43.172855 n-d-816206-8 neutron-server[103593]: DEBUG neutron.db.l3_hamode_db [None req-10959632-8605-4289-8b8a-23d6de9e6033 None None] neutron.services.l3_router.l3_router_plugin.L3RouterPlugin method get_ha_sync_data_for_host called with arguments (, 'n-d-816206-8', Agent(admin_state_up=True,agent_type='L3 agent',availability_zone='nova',binary='neutron-l3-agent',configurations={"agent_mode": "legacy", "ex_gw_ports": 1, "extensions": [], "floating_ips": 0, "handle_internal_only_routers": true, "interface_driver": "openvswitch", "interfaces": 1, "log_agent_heartbeats": false, "routers": 1},created_at=2021-11-23T17:07:45Z,description=,heartbeat_timestamp=2021-11-23T17:17:15Z,host='n-d-816206-8',id=0545e214-db1c-4b74-a642-ce3757159ac1,load=0,resource_versions=,resources_synced=,started_at=2021-11-23T17:07:45Z,topic='l3_agent')) {'router_ids': ['c109e4b4-592e-4d24-9db3-75120b68c49a'], 'active': True} {{(pid=103593) wrapper /usr/local/lib/python3.8/dist-packages/oslo_log/helpers.py:65}}
Nov 23 17:17:43.260324 n-d-816206-8 neutron-server[103590]: DEBUG neutron.db.db_base_plugin_common [req-3fd6e342-16ee-4001-8011-e4a7ef59efcf req-559580bb-7321-46c8-a1af-43096b7f7ff1 tempest-MigrationsAdminTest-71574882 tempest-MigrationsAdminTest-71574882-project] Allocated IP 192.168.233.161 (f1e1dabf-b410-4023-9169-a460a86e7184/ac77c175-5679-438b-8a2a-356718377641/bc0acd25-238e-4f36-9bd6-de0e9a940cd3) {{(pid=103590) _store_ip_allocation /opt/stack/neutron/neutron/db/db_base_plugin_common.py:131}}
Nov 23 17:17:43.271802 n-d-816206-8 neutron-server[103591]: INFO neutron.wsgi [req-9a0924ba-196f-4db8-9f6c-39c471375eba req-3d4201bf-3b03-4a65-a42f-9ec586f04e9b tempest-MigrationsAdminTest-71574882 tempest-MigrationsAdminTest-71574882-project] 10.222.0.60 "GET /v2.0/ports?device_id=15b7563e-dd4f-4e87-9c18-113e02ce5ca0 HTTP/1.1" status: 200 len: 210 time: 0.1926033
Nov 23 17:17:43.303034 n-d-816206-8 neutron-server[103590]: DEBUG neutron.wsgi [-] (103590) accepted ('10.222.0.60', 47296) {{(pid=103590) server /usr/local/lib/python3.8/dist-packages/eventlet/wsgi.py:1004}}
Nov 23 17:17:43.344796 n-d-816206-8 neutron-server[103590]: DEBUG neutron_lib.callbacks.manager [None req-ebfa10e1-1a24-47cd-955d-fa71a8ee420f admin admin] Publish callbacks [] for security_group, before_create {{(pid=103590) _notify_loop /usr/local/lib/python3.8/dist-packages/neutron_lib/callbacks/manager.py:175}}
Nov 23 17:17:43.376926 n-d-816206-8 neutron-server[103590]: DEBUG neutron.api.v2.base [req-9931408e-b2af-4b6b-b41d-46538160278a req-efbf4e55-655c-4312-85b5-c39742ba48ce service neutron] Request body: {'port': {'device_id': 'cdb83d84-5fcd-412e-be32-1b98182c748e', 'device_owner': 'compute:tempest-test_az-1128791043', 'binding:host_id': 'n-h2-816206-8'}} {{(pid=103590) prepare_request_body /opt/stack/neutron/neutron/api/v2/base.py:729}}
Nov 23 17:17:43.411246 n-d-816206-8 neutron-server[103593]: DEBUG neutron.db.l3_dvr_db [None req-10959632-8605-4289-8b8a-23d6de9e6033 None None] Set router c109e4b4-592e-4d24-9db3-75120b68c49a gateway port host: n-d-816206-8 {{(pid=103593) _build_routers_list /opt/stack/neutron/neutron/db/l3_dvr_db.py:906}}
Nov 23 17:17:43.474823 n-d-816206-8 neutron-server[103591]: DEBUG neutron.db.db_base_plugin_common [None req-7a069b5d-262d-4bc5-87bc-a0a94bc75626 admin admin] Allocated IP 172.20.0.1 (b2e9d6b9-526b-40df-9e11-a4db0d344564/5c9382a7-073c-41ea-9a34-cd958311fb6b/f3b74f12-dae1-4d9f-b78f-dc745d6893f6) {{(pid=103591) _store_ip_allocation /opt/stack/neutron/neutron/db/db_base_plugin_common.py:131}}
Nov 23 17:17:43.496795 n-d-816206-8 neutron-server[103591]: DEBUG neutron.api.v2.base [req-e59b4b93-29a3-43e4-b4b4-a862fdf499a8 req-065f9807-f1f6-430d-8535-32b862985b04 service neutron] Request body: {'port': {'device_id': '2a34b097-eadb-4c5f-9d37-cb0d99a22096', 'device_owner': 'compute:tempest-test_az-1128791043', 'binding:host_id': 'n-h2-816206-8'}} {{(pid=103591) prepare_request_body /opt/stack/neutron/neutron/api/v2/base.py:729}}
Nov 23 17:17:43.709558 n-d-816206-8 neutron-server[103593]: DEBUG neutron.db.l3_hamode_db [None req-10959632-8605-4289-8b8a-23d6de9e6033 None None] neutron.services.l3_router.l3_router_plugin.L3RouterPlugin method _process_sync_ha_data called with arguments (, [{'id': 'c109e4b4-592e-4d24-9db3-75120b68c49a', 'name': 'tempest-ServersWithSpecificFlavorTestJSON-22172402-router', 'tenant_id': '127802e79ad24bebb19163263129e33c', 'admin_state_up': True, 'status': 'ACTIVE', 'external_gateway_info': {'network_id': '4c8455ba-1be5-42ac-b8c2-8a16e1292d55', 'external_fixed_ips': [{'subnet_id': '08fe3644-ce41-4c3f-a7ea-92bac0f0fff5', 'ip_address': '172.25.3.31'}], 'enable_snat': True}, 'gw_port_id': 'cc608e88-5c47-463f-bdeb-2e2afada906f', 'description': '', 'availability_zones': ['nova'], 'distributed': False, 'ha': False, 'ha_vr_id': 0, 'availability_zone_hints': [], 'routes': [], 'flavor_id': None, 'tags': [], 'created_at': '2021-11-23T17:17:35Z', 'updated_at': '2021-11-23T17:17:38Z', 'revision_number': 3, 'project_id': '127802e79ad24bebb19163263129e33c', 'gw_port': {'id': 'cc608e88-5c47-463f-bdeb-2e2afada906f', 'name': '', 'network_id': '4c8455ba-1be5-42ac-b8c2-8a16e1292d55', 'tenant_id': '', 'mac_address': 'fa:16:3e:da:64:cc', 'admin_state_up': True, 'status': 'DOWN', 'device_id': 'c109e4b4-592e-4d24-9db3-75120b68c49a', 'device_owner': 'network:router_gateway', 'standard_attr_id': 101, 'fixed_ips': [{'subnet_id': '08fe3644-ce41-4c3f-a7ea-92bac0f0fff5', 'ip_address': '172.25.3.31', 'prefixlen': 24}], 'allowed_address_pairs': [], 'extra_dhcp_opts': [], 'security_groups': [], 'description': '', 'binding:vnic_type': 'normal', 'binding:profile': {}, 'binding:host_id': 'n-d-816206-8', 'binding:vif_type': 'ovs', 'binding:vif_details': {'connectivity': 'l2', 'port_filter': True, 'ovs_hybrid_plug': False, 'datapath_type': 'system', 'bridge_name': 'br-int'}, 'port_security_enabled': False, 'tags': [], 'created_at': '2021-11-23T17:17:36Z', 'updated_at': '2021-11-23T17:17:42Z', 'revision_number': 3, 'project_id': '', 'subnets': [{'id': '08fe3644-ce41-4c3f-a7ea-92bac0f0fff5', 'cidr': '172.25.3.0/24', 'gateway_ip': '172.25.3.1', 'dns_nameservers': [], 'ipv6_ra_mode': None, 'subnetpool_id': None}], 'extra_subnets': [], 'address_scopes': {4: None, 6: None}, 'mtu': 1500}, 'enable_snat': True, 'gw_port_host': 'n-d-816206-8'}], 'n-d-816206-8', False) {} {{(pid=103593) wrapper /usr/local/lib/python3.8/dist-packages/oslo_log/helpers.py:65}}
