Nov 22 16:26:50.706965 n-d-816206-6 devstack@placement-api.service[103996]: DEBUG placement.requestlog [req-f6dd2f18-62ef-4427-8fb9-8f868ee87912 req-1d1434d0-cdce-4047-9f16-6045a05a707d None None] Starting request: 10.222.0.65 "GET /placement/allocations/ca2fefd7-8835-4d7b-82f3-76a67b74c10a" {{(pid=103996) __call__ /opt/stack/placement/placement/requestlog.py:55}}
Nov 22 16:26:50.721433 n-d-816206-6 devstack@placement-api.service[103996]: INFO placement.requestlog [req-f6dd2f18-62ef-4427-8fb9-8f868ee87912 req-1d1434d0-cdce-4047-9f16-6045a05a707d service placement] 10.222.0.65 "GET /placement/allocations/ca2fefd7-8835-4d7b-82f3-76a67b74c10a" status: 200 len: 19 microversion: 1.28
Nov 22 16:26:50.721922 n-d-816206-6 devstack@placement-api.service[103996]: [pid: 103996|app: 0|req: 75/152] 10.222.0.65 () {60 vars in 1380 bytes} [Mon Nov 22 16:26:50 2021] GET /placement/allocations/ca2fefd7-8835-4d7b-82f3-76a67b74c10a => generated 19 bytes in 15 msecs (HTTP/1.1 200) 8 headers in 295 bytes (1 switches on core 0)
Nov 22 16:26:50.733620 n-d-816206-6 devstack@placement-api.service[103997]: DEBUG placement.requestlog [req-f6dd2f18-62ef-4427-8fb9-8f868ee87912 req-d6c26409-79b2-4b69-aa3a-a40c7bf6a3be None None] Starting request: 10.222.0.65 "POST /placement/allocations" {{(pid=103997) __call__ /opt/stack/placement/placement/requestlog.py:55}}
Nov 22 16:26:50.830606 n-d-816206-6 devstack@placement-api.service[103997]: DEBUG placement.handlers.allocation [req-f6dd2f18-62ef-4427-8fb9-8f868ee87912 req-d6c26409-79b2-4b69-aa3a-a40c7bf6a3be service placement] Successfully wrote allocations [, , , , , ] {{(pid=103997) _update_consumers_and_create_allocations /opt/stack/placement/placement/handlers/allocation.py:572}}
Nov 22 16:26:50.837269 n-d-816206-6 devstack@placement-api.service[103997]: INFO placement.requestlog [req-f6dd2f18-62ef-4427-8fb9-8f868ee87912 req-d6c26409-79b2-4b69-aa3a-a40c7bf6a3be service placement] 10.222.0.65 "POST /placement/allocations" status: 204 len: 0 microversion: 1.28
Nov 22 16:26:50.837697 n-d-816206-6 devstack@placement-api.service[103997]: [pid: 103997|app: 0|req: 78/153] 10.222.0.65 () {64 vars in 1323 bytes} [Mon Nov 22 16:26:50 2021] POST /placement/allocations => generated 0 bytes in 104 msecs (HTTP/1.1 204) 5 headers in 199 bytes (1 switches on core 0)
Nov 22 16:26:50.873518 n-d-816206-6 devstack@placement-api.service[103996]: DEBUG placement.requestlog [req-f6dd2f18-62ef-4427-8fb9-8f868ee87912 req-f2539767-1577-420a-96b8-91dd492e443f None None] Starting request: 10.222.0.65 "GET /placement/allocations/640ed6b4-d270-4914-8c51-912a9724995e" {{(pid=103996) __call__ /opt/stack/placement/placement/requestlog.py:55}}
Nov 22 16:26:50.893990 n-d-816206-6 devstack@placement-api.service[103996]: INFO placement.requestlog [req-f6dd2f18-62ef-4427-8fb9-8f868ee87912 req-f2539767-1577-420a-96b8-91dd492e443f service placement] 10.222.0.65 "GET /placement/allocations/640ed6b4-d270-4914-8c51-912a9724995e" status: 200 len: 19 microversion: 1.28
Nov 22 16:26:50.894860 n-d-816206-6 devstack@placement-api.service[103996]: [pid: 103996|app: 0|req: 76/154] 10.222.0.65 () {60 vars in 1380 bytes} [Mon Nov 22 16:26:50 2021] GET /placement/allocations/640ed6b4-d270-4914-8c51-912a9724995e => generated 19 bytes in 21 msecs (HTTP/1.1 200) 8 headers in 295 bytes (1 switches on core 0)
Nov 22 16:26:50.901906 n-d-816206-6 devstack@placement-api.service[103997]: DEBUG placement.requestlog [req-f6dd2f18-62ef-4427-8fb9-8f868ee87912 req-1ca15fa5-ca09-48f1-9ba6-ce8dcb8b0179 None None] Starting request: 10.222.0.65 "PUT /placement/allocations/640ed6b4-d270-4914-8c51-912a9724995e" {{(pid=103997) __call__ /opt/stack/placement/placement/requestlog.py:55}}
Nov 22 16:26:50.972567 n-d-816206-6 devstack@placement-api.service[103997]: DEBUG placement.handlers.allocation [req-f6dd2f18-62ef-4427-8fb9-8f868ee87912 req-1ca15fa5-ca09-48f1-9ba6-ce8dcb8b0179 service placement] Successfully wrote allocations [, , ] {{(pid=103997) _update_consumers_and_create_allocations /opt/stack/placement/placement/handlers/allocation.py:462}}
Nov 22 16:26:50.986535 n-d-816206-6 devstack@placement-api.service[103997]: INFO placement.requestlog [req-f6dd2f18-62ef-4427-8fb9-8f868ee87912 req-1ca15fa5-ca09-48f1-9ba6-ce8dcb8b0179 service placement] 10.222.0.65 "PUT /placement/allocations/640ed6b4-d270-4914-8c51-912a9724995e" status: 204 len: 0 microversion: 1.28
Nov 22 16:26:50.987824 n-d-816206-6 devstack@placement-api.service[103997]: [pid: 103997|app: 0|req: 79/155] 10.222.0.65 () {64 vars in 1433 bytes} [Mon Nov 22 16:26:50 2021] PUT /placement/allocations/640ed6b4-d270-4914-8c51-912a9724995e => generated 0 bytes in 86 msecs (HTTP/1.1 204) 5 headers in 199 bytes (1 switches on core 0)
Nov 22 16:26:51.156442 n-d-816206-6 devstack@placement-api.service[103996]: DEBUG placement.requestlog [req-f6dd2f18-62ef-4427-8fb9-8f868ee87912 req-a60b1fbf-669d-4654-967c-c345e70bd015 None None] Starting request: 10.222.0.20 "GET /placement/allocations/640ed6b4-d270-4914-8c51-912a9724995e" {{(pid=103996) __call__ /opt/stack/placement/placement/requestlog.py:55}}
Nov 22 16:26:51.175902 n-d-816206-6 devstack@placement-api.service[103996]: INFO placement.requestlog [req-f6dd2f18-62ef-4427-8fb9-8f868ee87912 req-a60b1fbf-669d-4654-967c-c345e70bd015 service placement] 10.222.0.20 "GET /placement/allocations/640ed6b4-d270-4914-8c51-912a9724995e" status: 200 len: 259 microversion: 1.28
Nov 22 16:26:51.176494 n-d-816206-6 devstack@placement-api.service[103996]: [pid: 103996|app: 0|req: 77/156] 10.222.0.20 () {60 vars in 1377 bytes} [Mon Nov 22 16:26:51 2021] GET /placement/allocations/640ed6b4-d270-4914-8c51-912a9724995e => generated 259 bytes in 20 msecs (HTTP/1.1 200) 8 headers in 296 bytes (2 switches on core 0)
Nov 22 16:26:54.269189 n-d-816206-6 devstack@placement-api.service[103997]: DEBUG placement.requestlog [req-2ffe0ec1-ceeb-4897-af18-e0370a05caf6 req-2b2f097f-2090-4ddc-bdcb-3019b7bfb717 None None] Starting request: 10.222.0.20 "DELETE /placement/allocations/3c26016e-d20f-4123-a013-79d8ff03deef" {{(pid=103997) __call__ /opt/stack/placement/placement/requestlog.py:55}}
Nov 22 16:26:54.323658 n-d-816206-6 devstack@placement-api.service[103997]: DEBUG placement.handlers.allocation [req-2ffe0ec1-ceeb-4897-af18-e0370a05caf6 req-2b2f097f-2090-4ddc-bdcb-3019b7bfb717 service placement] Successfully deleted allocations [, , ] {{(pid=103997) delete_allocations /opt/stack/placement/placement/handlers/allocation.py:627}}
Nov 22 16:26:54.324415 n-d-816206-6 devstack@placement-api.service[103997]: INFO placement.requestlog [req-2ffe0ec1-ceeb-4897-af18-e0370a05caf6 req-2b2f097f-2090-4ddc-bdcb-3019b7bfb717 service placement] 10.222.0.20 "DELETE /placement/allocations/3c26016e-d20f-4123-a013-79d8ff03deef" status: 204 len: 0 microversion: 1.0
Nov 22 16:26:54.325405 n-d-816206-6 devstack@placement-api.service[103997]: [pid: 103997|app: 0|req: 80/157] 10.222.0.20 () {60 vars in 1355 bytes} [Mon Nov 22 16:26:54 2021] DELETE /placement/allocations/3c26016e-d20f-4123-a013-79d8ff03deef => generated 0 bytes in 57 msecs (HTTP/1.1 204) 5 headers in 198 bytes (1 switches on core 0)
Nov 22 16:26:56.001101 n-d-816206-6 devstack@placement-api.service[103996]: DEBUG placement.requestlog [req-78b5eeba-800e-40a5-9e78-26b82245ccb2 req-4c2d9ad8-c5bb-4630-8113-984a2c464de7 None None] Starting request: 10.222.0.65 "GET /placement/allocation_candidates?resources=DISK_GB%3A1%2CMEMORY_MB%3A1024%2CVCPU%3A1&root_required=%21COMPUTE_STATUS_DISABLED" {{(pid=103996) __call__ /opt/stack/placement/placement/requestlog.py:55}}
Nov 22 16:26:56.036188 n-d-816206-6 devstack@placement-api.service[103996]: DEBUG placement.objects.research_context [req-78b5eeba-800e-40a5-9e78-26b82245ccb2 req-4c2d9ad8-c5bb-4630-8113-984a2c464de7 service placement] getting providers with 1 DISK_GB {{(pid=103996) __init__ /opt/stack/placement/placement/objects/research_context.py:126}}
Nov 22 16:26:56.043858 n-d-816206-6 devstack@placement-api.service[103996]: DEBUG placement.objects.research_context [req-78b5eeba-800e-40a5-9e78-26b82245ccb2 req-4c2d9ad8-c5bb-4630-8113-984a2c464de7 service placement] getting providers with 1024 MEMORY_MB {{(pid=103996) __init__ /opt/stack/placement/placement/objects/research_context.py:126}}
Nov 22 16:26:56.058235 n-d-816206-6 devstack@placement-api.service[103996]: DEBUG placement.objects.research_context [req-78b5eeba-800e-40a5-9e78-26b82245ccb2 req-4c2d9ad8-c5bb-4630-8113-984a2c464de7 service placement] getting providers with 1 VCPU {{(pid=103996) __init__ /opt/stack/placement/placement/objects/research_context.py:126}}
Nov 22 16:26:56.063729 n-d-816206-6 devstack@placement-api.service[103996]: DEBUG placement.objects.research_context [req-78b5eeba-800e-40a5-9e78-26b82245ccb2 req-4c2d9ad8-c5bb-4630-8113-984a2c464de7 service placement] found 2 providers with available 1 DISK_GB {{(pid=103996) get_provider_ids_matching /opt/stack/placement/placement/objects/research_context.py:549}}
Nov 22 16:26:56.063998 n-d-816206-6 devstack@placement-api.service[103996]: DEBUG placement.objects.research_context [req-78b5eeba-800e-40a5-9e78-26b82245ccb2 req-4c2d9ad8-c5bb-4630-8113-984a2c464de7 service placement] found 2 providers with available 1024 MEMORY_MB {{(pid=103996) get_provider_ids_matching /opt/stack/placement/placement/objects/research_context.py:549}}
Nov 22 16:26:56.064268 n-d-816206-6 devstack@placement-api.service[103996]: DEBUG placement.objects.research_context [req-78b5eeba-800e-40a5-9e78-26b82245ccb2 req-4c2d9ad8-c5bb-4630-8113-984a2c464de7 service placement] found 2 providers after filtering by previous result {{(pid=103996) get_provider_ids_matching /opt/stack/placement/placement/objects/research_context.py:580}}
Nov 22 16:26:56.064515 n-d-816206-6 devstack@placement-api.service[103996]: DEBUG placement.objects.research_context [req-78b5eeba-800e-40a5-9e78-26b82245ccb2 req-4c2d9ad8-c5bb-4630-8113-984a2c464de7 service placement] found 2 providers with available 1 VCPU {{(pid=103996) get_provider_ids_matching /opt/stack/placement/placement/objects/research_context.py:549}}
Nov 22 16:26:56.064791 n-d-816206-6 devstack@placement-api.service[103996]: DEBUG placement.objects.research_context [req-78b5eeba-800e-40a5-9e78-26b82245ccb2 req-4c2d9ad8-c5bb-4630-8113-984a2c464de7 service placement] found 2 providers after filtering by previous result {{(pid=103996) get_provider_ids_matching /opt/stack/placement/placement/objects/research_context.py:580}}
Nov 22 16:26:56.077614 n-d-816206-6 devstack@placement-api.service[103996]: DEBUG placement.objects.allocation_candidate [req-78b5eeba-800e-40a5-9e78-26b82245ccb2 req-4c2d9ad8-c5bb-4630-8113-984a2c464de7 service placement] RequestGroup(use_same_provider=False, resources={DISK_GB:1, MEMORY_MB:1024, VCPU:1}, traits=[], aggregates=[]) (suffix '') returned 2 matches {{(pid=103996) _get_by_requests /opt/stack/placement/placement/objects/allocation_candidate.py:145}}
Nov 22 16:26:56.078097 n-d-816206-6 devstack@placement-api.service[103996]: DEBUG placement.objects.allocation_candidate [req-78b5eeba-800e-40a5-9e78-26b82245ccb2 req-4c2d9ad8-c5bb-4630-8113-984a2c464de7 service placement] Merging candidates yields 2 allocation requests and 2 provider summaries {{(pid=103996) _merge_candidates /opt/stack/placement/placement/objects/allocation_candidate.py:783}}
Nov 22 16:26:56.079670 n-d-816206-6 devstack@placement-api.service[103996]: INFO placement.requestlog [req-78b5eeba-800e-40a5-9e78-26b82245ccb2 req-4c2d9ad8-c5bb-4630-8113-984a2c464de7 service placement] 10.222.0.65 "GET /placement/allocation_candidates?resources=DISK_GB%3A1%2CMEMORY_MB%3A1024%2CVCPU%3A1&root_required=%21COMPUTE_STATUS_DISABLED" status: 200 len: 1309 microversion: 1.36
Nov 22 16:26:56.079927 n-d-816206-6 devstack@placement-api.service[103996]: [pid: 103996|app: 0|req: 78/158] 10.222.0.65 () {60 vars in 1484 bytes} [Mon Nov 22 16:26:56 2021] GET /placement/allocation_candidates?resources=DISK_GB%3A1%2CMEMORY_MB%3A1024%2CVCPU%3A1&root_required=%21COMPUTE_STATUS_DISABLED => generated 1309 bytes in 79 msecs (HTTP/1.1 200) 8 headers in 297 bytes (1 switches on core 0)
Nov 22 16:26:56.130507 n-d-816206-6 devstack@placement-api.service[103997]: DEBUG placement.requestlog [req-78b5eeba-800e-40a5-9e78-26b82245ccb2 req-cde85dfb-0982-4708-a577-222afd464096 None None] Starting request: 10.222.0.65 "GET /placement/allocations/a8e8cf95-051c-4c6f-be85-03d9c0712d39" {{(pid=103997) __call__ /opt/stack/placement/placement/requestlog.py:55}}
Nov 22 16:26:56.142293 n-d-816206-6 devstack@placement-api.service[103997]: INFO placement.requestlog [req-78b5eeba-800e-40a5-9e78-26b82245ccb2 req-cde85dfb-0982-4708-a577-222afd464096 service placement] 10.222.0.65 "GET /placement/allocations/a8e8cf95-051c-4c6f-be85-03d9c0712d39" status: 200 len: 19 microversion: 1.28
Nov 22 16:26:56.142869 n-d-816206-6 devstack@placement-api.service[103997]: [pid: 103997|app: 0|req: 81/159] 10.222.0.65 () {60 vars in 1380 bytes} [Mon Nov 22 16:26:56 2021] GET /placement/allocations/a8e8cf95-051c-4c6f-be85-03d9c0712d39 => generated 19 bytes in 13 msecs (HTTP/1.1 200) 8 headers in 295 bytes (1 switches on core 0)
Nov 22 16:26:56.152440 n-d-816206-6 devstack@placement-api.service[103996]: DEBUG placement.requestlog [req-78b5eeba-800e-40a5-9e78-26b82245ccb2 req-1b32096f-5b88-4089-b5ee-ad76d6e6d348 None None] Starting request: 10.222.0.65 "PUT /placement/allocations/a8e8cf95-051c-4c6f-be85-03d9c0712d39" {{(pid=103996) __call__ /opt/stack/placement/placement/requestlog.py:55}}
Nov 22 16:26:56.221187 n-d-816206-6 devstack@placement-api.service[103996]: DEBUG placement.handlers.allocation [req-78b5eeba-800e-40a5-9e78-26b82245ccb2 req-1b32096f-5b88-4089-b5ee-ad76d6e6d348 service placement] Successfully wrote allocations [, , ] {{(pid=103996) _update_consumers_and_create_allocations /opt/stack/placement/placement/handlers/allocation.py:462}}
Nov 22 16:26:56.228658 n-d-816206-6 devstack@placement-api.service[103996]: INFO placement.requestlog [req-78b5eeba-800e-40a5-9e78-26b82245ccb2 req-1b32096f-5b88-4089-b5ee-ad76d6e6d348 service placement] 10.222.0.65 "PUT /placement/allocations/a8e8cf95-051c-4c6f-be85-03d9c0712d39" status: 204 len: 0 microversion: 1.36
Nov 22 16:26:56.237842 n-d-816206-6 devstack@placement-api.service[103996]: [pid: 103996|app: 0|req: 79/160] 10.222.0.65 () {64 vars in 1433 bytes} [Mon Nov 22 16:26:56 2021] PUT /placement/allocations/a8e8cf95-051c-4c6f-be85-03d9c0712d39 => generated 0 bytes in 77 msecs (HTTP/1.1 204) 5 headers in 199 bytes (2 switches on core 0)
Nov 22 16:26:56.596363 n-d-816206-6 devstack@placement-api.service[103997]: DEBUG placement.requestlog [req-78b5eeba-800e-40a5-9e78-26b82245ccb2 req-88704110-fb4a-4b82-9dbf-c46561f1bbe6 None None] Starting request: 10.222.0.66 "GET /placement/allocations/a8e8cf95-051c-4c6f-be85-03d9c0712d39" {{(pid=103997) __call__ /opt/stack/placement/placement/requestlog.py:55}}
Nov 22 16:26:56.618634 n-d-816206-6 devstack@placement-api.service[103997]: INFO placement.requestlog [req-78b5eeba-800e-40a5-9e78-26b82245ccb2 req-88704110-fb4a-4b82-9dbf-c46561f1bbe6 service placement] 10.222.0.66 "GET /placement/allocations/a8e8cf95-051c-4c6f-be85-03d9c0712d39" status: 200 len: 259 microversion: 1.28
Nov 22 16:26:56.618634 n-d-816206-6 devstack@placement-api.service[103997]: [pid: 103997|app: 0|req: 82/161] 10.222.0.66 () {60 vars in 1377 bytes} [Mon Nov 22 16:26:56 2021] GET /placement/allocations/a8e8cf95-051c-4c6f-be85-03d9c0712d39 => generated 259 bytes in 24 msecs (HTTP/1.1 200) 8 headers in 296 bytes (2 switches on core 0)
Nov 22 16:27:01.387505 n-d-816206-6 devstack@placement-api.service[103996]: DEBUG placement.requestlog [req-d0f0949c-ce5f-4900-a519-a46364e9ec08 req-86286862-f3b3-4286-8fbe-eb8aafec04e6 None None] Starting request: 10.222.0.66 "DELETE /placement/allocations/cf639a76-0791-4710-9979-5b96d5f76ec6" {{(pid=103996) __call__ /opt/stack/placement/placement/requestlog.py:55}}
Nov 22 16:27:01.425193 n-d-816206-6 devstack@placement-api.service[103996]: DEBUG placement.handlers.allocation [req-d0f0949c-ce5f-4900-a519-a46364e9ec08 req-86286862-f3b3-4286-8fbe-eb8aafec04e6 service placement] Successfully deleted allocations [, , ] {{(pid=103996) delete_allocations /opt/stack/placement/placement/handlers/allocation.py:627}}
Nov 22 16:27:01.426582 n-d-816206-6 devstack@placement-api.service[103996]: INFO placement.requestlog [req-d0f0949c-ce5f-4900-a519-a46364e9ec08 req-86286862-f3b3-4286-8fbe-eb8aafec04e6 service placement] 10.222.0.66 "DELETE /placement/allocations/cf639a76-0791-4710-9979-5b96d5f76ec6" status: 204 len: 0 microversion: 1.0
Nov 22 16:27:01.427407 n-d-816206-6 devstack@placement-api.service[103996]: [pid: 103996|app: 0|req: 80/162] 10.222.0.66 () {60 vars in 1355 bytes} [Mon Nov 22 16:27:01 2021] DELETE /placement/allocations/cf639a76-0791-4710-9979-5b96d5f76ec6 => generated 0 bytes in 40 msecs (HTTP/1.1 204) 5 headers in 198 bytes (1 switches on core 0)
Nov 22 16:27:06.054236 n-d-816206-6 devstack@placement-api.service[103997]: DEBUG placement.requestlog [req-a52b9a49-82aa-4ce1-8f9d-acff1e9f6f82 req-482524ab-9665-429f-b731-a87ce29dbc7e None None] Starting request: 10.222.0.20 "GET /placement/allocations/16dfd117-f277-4bc0-9a45-d0fc7e3dd9c3" {{(pid=103997) __call__ /opt/stack/placement/placement/requestlog.py:55}}
Nov 22 16:27:06.075899 n-d-816206-6 devstack@placement-api.service[103997]: INFO placement.requestlog [req-a52b9a49-82aa-4ce1-8f9d-acff1e9f6f82 req-482524ab-9665-429f-b731-a87ce29dbc7e service placement] 10.222.0.20 "GET /placement/allocations/16dfd117-f277-4bc0-9a45-d0fc7e3dd9c3" status: 200 len: 259 microversion: 1.28
Nov 22 16:27:06.076132 n-d-816206-6 devstack@placement-api.service[103997]: [pid: 103997|app: 0|req: 83/163] 10.222.0.20 () {60 vars in 1377 bytes} [Mon Nov 22 16:27:06 2021] GET /placement/allocations/16dfd117-f277-4bc0-9a45-d0fc7e3dd9c3 => generated 259 bytes in 22 msecs (HTTP/1.1 200) 8 headers in 296 bytes (1 switches on core 0)
Nov 22 16:27:06.189387 n-d-816206-6 devstack@placement-api.service[103996]: DEBUG placement.requestlog [req-f6dd2f18-62ef-4427-8fb9-8f868ee87912 req-f215839b-77ce-4d0d-be7a-56e06a934e6c None None] Starting request: 10.222.0.66 "GET /placement/resource_providers/61a794f5-209a-47a4-8270-072b217d3265/allocations" {{(pid=103996) __call__ /opt/stack/placement/placement/requestlog.py:55}}
Nov 22 16:27:06.233556 n-d-816206-6 devstack@placement-api.service[103996]: INFO placement.requestlog [req-f6dd2f18-62ef-4427-8fb9-8f868ee87912 req-f215839b-77ce-4d0d-be7a-56e06a934e6c service placement] 10.222.0.66 "GET /placement/resource_providers/61a794f5-209a-47a4-8270-072b217d3265/allocations" status: 200 len: 861 microversion: 1.0
Nov 22 16:27:06.233912 n-d-816206-6 devstack@placement-api.service[103996]: [pid: 103996|app: 0|req: 81/164] 10.222.0.66 () {58 vars in 1390 bytes} [Mon Nov 22 16:27:06 2021] GET /placement/resource_providers/61a794f5-209a-47a4-8270-072b217d3265/allocations => generated 861 bytes in 45 msecs (HTTP/1.1 200) 6 headers in 224 bytes (2 switches on core 0)
Nov 22 16:27:06.879588 n-d-816206-6 devstack@placement-api.service[103997]: DEBUG placement.requestlog [req-f6dd2f18-62ef-4427-8fb9-8f868ee87912 req-4584c40f-0d12-4582-a055-243d3557148e None None] Starting request: 10.222.0.66 "GET /placement/allocations/ca2fefd7-8835-4d7b-82f3-76a67b74c10a" {{(pid=103997) __call__ /opt/stack/placement/placement/requestlog.py:55}}
Nov 22 16:27:06.898511 n-d-816206-6 devstack@placement-api.service[103997]: INFO placement.requestlog [req-f6dd2f18-62ef-4427-8fb9-8f868ee87912 req-4584c40f-0d12-4582-a055-243d3557148e service placement] 10.222.0.66 "GET /placement/allocations/ca2fefd7-8835-4d7b-82f3-76a67b74c10a" status: 200 len: 259 microversion: 1.28
Nov 22 16:27:06.899035 n-d-816206-6 devstack@placement-api.service[103997]: [pid: 103997|app: 0|req: 84/165] 10.222.0.66 () {60 vars in 1377 bytes} [Mon Nov 22 16:27:06 2021] GET /placement/allocations/ca2fefd7-8835-4d7b-82f3-76a67b74c10a => generated 259 bytes in 20 msecs (HTTP/1.1 200) 8 headers in 296 bytes (1 switches on core 0)
Nov 22 16:27:06.914678 n-d-816206-6 devstack@placement-api.service[103996]: DEBUG placement.requestlog [req-f6dd2f18-62ef-4427-8fb9-8f868ee87912 req-0882638f-f2c4-4dae-8715-efa64b15cf20 None None] Starting request: 10.222.0.66 "PUT /placement/allocations/ca2fefd7-8835-4d7b-82f3-76a67b74c10a" {{(pid=103996) __call__ /opt/stack/placement/placement/requestlog.py:55}}
Nov 22 16:27:06.966089 n-d-816206-6 devstack@placement-api.service[103996]: DEBUG placement.handlers.allocation [req-f6dd2f18-62ef-4427-8fb9-8f868ee87912 req-0882638f-f2c4-4dae-8715-efa64b15cf20 service placement] Successfully wrote allocations [, , ] {{(pid=103996) _update_consumers_and_create_allocations /opt/stack/placement/placement/handlers/allocation.py:462}}
Nov 22 16:27:06.970906 n-d-816206-6 devstack@placement-api.service[103996]: INFO placement.requestlog [req-f6dd2f18-62ef-4427-8fb9-8f868ee87912 req-0882638f-f2c4-4dae-8715-efa64b15cf20 service placement] 10.222.0.66 "PUT /placement/allocations/ca2fefd7-8835-4d7b-82f3-76a67b74c10a" status: 204 len: 0 microversion: 1.28
Nov 22 16:27:06.971605 n-d-816206-6 devstack@placement-api.service[103996]: [pid: 103996|app: 0|req: 82/166] 10.222.0.66 () {64 vars in 1430 bytes} [Mon Nov 22 16:27:06 2021] PUT /placement/allocations/ca2fefd7-8835-4d7b-82f3-76a67b74c10a => generated 0 bytes in 59 msecs (HTTP/1.1 204) 5 headers in 199 bytes (1 switches on core 0)
Nov 22 16:27:08.960117 n-d-816206-6 devstack@placement-api.service[103997]: DEBUG placement.requestlog [req-b1e3dadd-77c0-4b53-82d2-b12efd153cb6 req-f53ba7ba-6e94-407b-b92a-e82a3c0b1fe3 None None] Starting request: 10.222.0.65 "GET /placement/allocation_candidates?limit=1000&resources=DISK_GB%3A1%2CMEMORY_MB%3A1024%2CVCPU%3A1&root_required=%21COMPUTE_STATUS_DISABLED" {{(pid=103997) __call__ /opt/stack/placement/placement/requestlog.py:55}}
Nov 22 16:27:09.015655 n-d-816206-6 devstack@placement-api.service[103997]: DEBUG placement.objects.research_context [req-b1e3dadd-77c0-4b53-82d2-b12efd153cb6 req-f53ba7ba-6e94-407b-b92a-e82a3c0b1fe3 service placement] getting providers with 1 DISK_GB {{(pid=103997) __init__ /opt/stack/placement/placement/objects/research_context.py:126}}
Nov 22 16:27:09.036267 n-d-816206-6 devstack@placement-api.service[103997]: DEBUG placement.objects.research_context [req-b1e3dadd-77c0-4b53-82d2-b12efd153cb6 req-f53ba7ba-6e94-407b-b92a-e82a3c0b1fe3 service placement] getting providers with 1024 MEMORY_MB {{(pid=103997) __init__ /opt/stack/placement/placement/objects/research_context.py:126}}
Nov 22 16:27:09.049781 n-d-816206-6 devstack@placement-api.service[103997]: DEBUG placement.objects.research_context [req-b1e3dadd-77c0-4b53-82d2-b12efd153cb6 req-f53ba7ba-6e94-407b-b92a-e82a3c0b1fe3 service placement] getting providers with 1 VCPU {{(pid=103997) __init__ /opt/stack/placement/placement/objects/research_context.py:126}}
Nov 22 16:27:09.059517 n-d-816206-6 devstack@placement-api.service[103997]: DEBUG placement.objects.research_context [req-b1e3dadd-77c0-4b53-82d2-b12efd153cb6 req-f53ba7ba-6e94-407b-b92a-e82a3c0b1fe3 service placement] found 2 providers with available 1 DISK_GB {{(pid=103997) get_provider_ids_matching /opt/stack/placement/placement/objects/research_context.py:549}}
Nov 22 16:27:09.060692 n-d-816206-6 devstack@placement-api.service[103997]: DEBUG placement.objects.research_context [req-b1e3dadd-77c0-4b53-82d2-b12efd153cb6 req-f53ba7ba-6e94-407b-b92a-e82a3c0b1fe3 service placement] found 2 providers with available 1024 MEMORY_MB {{(pid=103997) get_provider_ids_matching /opt/stack/placement/placement/objects/research_context.py:549}}
Nov 22 16:27:09.061217 n-d-816206-6 devstack@placement-api.service[103997]: DEBUG placement.objects.research_context [req-b1e3dadd-77c0-4b53-82d2-b12efd153cb6 req-f53ba7ba-6e94-407b-b92a-e82a3c0b1fe3 service placement] found 2 providers after filtering by previous result {{(pid=103997) get_provider_ids_matching /opt/stack/placement/placement/objects/research_context.py:580}}
Nov 22 16:27:09.064910 n-d-816206-6 devstack@placement-api.service[103997]: DEBUG placement.objects.research_context [req-b1e3dadd-77c0-4b53-82d2-b12efd153cb6 req-f53ba7ba-6e94-407b-b92a-e82a3c0b1fe3 service placement] found 2 providers with available 1 VCPU {{(pid=103997) get_provider_ids_matching /opt/stack/placement/placement/objects/research_context.py:549}}
Nov 22 16:27:09.065344 n-d-816206-6 devstack@placement-api.service[103997]: DEBUG placement.objects.research_context [req-b1e3dadd-77c0-4b53-82d2-b12efd153cb6 req-f53ba7ba-6e94-407b-b92a-e82a3c0b1fe3 service placement] found 2 providers after filtering by previous result {{(pid=103997) get_provider_ids_matching /opt/stack/placement/placement/objects/research_context.py:580}}
Nov 22 16:27:09.085746 n-d-816206-6 devstack@placement-api.service[103997]: DEBUG placement.objects.allocation_candidate [req-b1e3dadd-77c0-4b53-82d2-b12efd153cb6 req-f53ba7ba-6e94-407b-b92a-e82a3c0b1fe3 service placement] RequestGroup(use_same_provider=False, resources={DISK_GB:1, MEMORY_MB:1024, VCPU:1}, traits=[], aggregates=[]) (suffix '') returned 2 matches {{(pid=103997) _get_by_requests /opt/stack/placement/placement/objects/allocation_candidate.py:145}}
Nov 22 16:27:09.086396 n-d-816206-6 devstack@placement-api.service[103997]: DEBUG placement.objects.allocation_candidate [req-b1e3dadd-77c0-4b53-82d2-b12efd153cb6 req-f53ba7ba-6e94-407b-b92a-e82a3c0b1fe3 service placement] Merging candidates yields 2 allocation requests and 2 provider summaries {{(pid=103997) _merge_candidates /opt/stack/placement/placement/objects/allocation_candidate.py:783}}
Nov 22 16:27:09.088190 n-d-816206-6 devstack@placement-api.service[103997]: INFO placement.requestlog [req-b1e3dadd-77c0-4b53-82d2-b12efd153cb6 req-f53ba7ba-6e94-407b-b92a-e82a3c0b1fe3 service placement] 10.222.0.65 "GET /placement/allocation_candidates?limit=1000&resources=DISK_GB%3A1%2CMEMORY_MB%3A1024%2CVCPU%3A1&root_required=%21COMPUTE_STATUS_DISABLED" status: 200 len: 1309 microversion: 1.36
Nov 22 16:27:09.089006 n-d-816206-6 devstack@placement-api.service[103997]: [pid: 103997|app: 0|req: 85/167] 10.222.0.65 () {60 vars in 1506 bytes} [Mon Nov 22 16:27:08 2021] GET /placement/allocation_candidates?limit=1000&resources=DISK_GB%3A1%2CMEMORY_MB%3A1024%2CVCPU%3A1&root_required=%21COMPUTE_STATUS_DISABLED => generated 1309 bytes in 129 msecs (HTTP/1.1 200) 8 headers in 297 bytes (2 switches on core 0)
Nov 22 16:27:09.172287 n-d-816206-6 devstack@placement-api.service[103996]: DEBUG placement.requestlog [req-b1e3dadd-77c0-4b53-82d2-b12efd153cb6 req-7c91876f-f799-4ea5-a7de-05c126ce1977 None None] Starting request: 10.222.0.65 "GET /placement/allocations/7ac81746-36aa-4096-b47c-d2d2a5d70ea3" {{(pid=103996) __call__ /opt/stack/placement/placement/requestlog.py:55}}
Nov 22 16:27:09.191611 n-d-816206-6 devstack@placement-api.service[103996]: INFO placement.requestlog [req-b1e3dadd-77c0-4b53-82d2-b12efd153cb6 req-7c91876f-f799-4ea5-a7de-05c126ce1977 service placement] 10.222.0.65 "GET /placement/allocations/7ac81746-36aa-4096-b47c-d2d2a5d70ea3" status: 200 len: 19 microversion: 1.28
Nov 22 16:27:09.199222 n-d-816206-6 devstack@placement-api.service[103996]: [pid: 103996|app: 0|req: 83/168] 10.222.0.65 () {60 vars in 1380 bytes} [Mon Nov 22 16:27:09 2021] GET /placement/allocations/7ac81746-36aa-4096-b47c-d2d2a5d70ea3 => generated 19 bytes in 28 msecs (HTTP/1.1 200) 8 headers in 295 bytes (1 switches on core 0)
Nov 22 16:27:09.202244 n-d-816206-6 devstack@placement-api.service[103997]: DEBUG placement.requestlog [req-b1e3dadd-77c0-4b53-82d2-b12efd153cb6 req-3a80ac54-fc64-43de-8089-76260c5d49e5 None None] Starting request: 10.222.0.65 "PUT /placement/allocations/7ac81746-36aa-4096-b47c-d2d2a5d70ea3" {{(pid=103997) __call__ /opt/stack/placement/placement/requestlog.py:55}}
Nov 22 16:27:09.277640 n-d-816206-6 devstack@placement-api.service[103997]: DEBUG placement.handlers.allocation [req-b1e3dadd-77c0-4b53-82d2-b12efd153cb6 req-3a80ac54-fc64-43de-8089-76260c5d49e5 service placement] Successfully wrote allocations [, , ] {{(pid=103997) _update_consumers_and_create_allocations /opt/stack/placement/placement/handlers/allocation.py:462}}
Nov 22 16:27:09.282071 n-d-816206-6 devstack@placement-api.service[103997]: INFO placement.requestlog [req-b1e3dadd-77c0-4b53-82d2-b12efd153cb6 req-3a80ac54-fc64-43de-8089-76260c5d49e5 service placement] 10.222.0.65 "PUT /placement/allocations/7ac81746-36aa-4096-b47c-d2d2a5d70ea3" status: 204 len: 0 microversion: 1.36
Nov 22 16:27:09.289631 n-d-816206-6 devstack@placement-api.service[103997]: [pid: 103997|app: 0|req: 86/169] 10.222.0.65 () {64 vars in 1433 bytes} [Mon Nov 22 16:27:09 2021] PUT /placement/allocations/7ac81746-36aa-4096-b47c-d2d2a5d70ea3 => generated 0 bytes in 81 msecs (HTTP/1.1 204) 5 headers in 199 bytes (1 switches on core 0)
Nov 22 16:27:09.705221 n-d-816206-6 devstack@placement-api.service[103996]: DEBUG placement.requestlog [req-b1e3dadd-77c0-4b53-82d2-b12efd153cb6 req-4bfef08c-d792-47c3-8b81-cd4e47d2962f None None] Starting request: 10.222.0.66 "GET /placement/allocations/7ac81746-36aa-4096-b47c-d2d2a5d70ea3" {{(pid=103996) __call__ /opt/stack/placement/placement/requestlog.py:55}}
Nov 22 16:27:09.733946 n-d-816206-6 devstack@placement-api.service[103996]: INFO placement.requestlog [req-b1e3dadd-77c0-4b53-82d2-b12efd153cb6 req-4bfef08c-d792-47c3-8b81-cd4e47d2962f service placement] 10.222.0.66 "GET /placement/allocations/7ac81746-36aa-4096-b47c-d2d2a5d70ea3" status: 200 len: 259 microversion: 1.28
Nov 22 16:27:09.742233 n-d-816206-6 devstack@placement-api.service[103996]: [pid: 103996|app: 0|req: 84/170] 10.222.0.66 () {60 vars in 1377 bytes} [Mon Nov 22 16:27:09 2021] GET /placement/allocations/7ac81746-36aa-4096-b47c-d2d2a5d70ea3 => generated 259 bytes in 37 msecs (HTTP/1.1 200) 8 headers in 296 bytes (1 switches on core 0)
Nov 22 16:27:10.988686 n-d-816206-6 devstack@placement-api.service[103997]: DEBUG placement.requestlog [req-eedb6ed5-f211-4a3d-a19f-44abc9dbf9d7 req-232c6092-d673-4e35-a168-a9566fffa5f8 None None] Starting request: 10.222.0.66 "DELETE /placement/allocations/ae8cb802-c23c-4dd4-8f04-5f68724e04b1" {{(pid=103997) __call__ /opt/stack/placement/placement/requestlog.py:55}}
Nov 22 16:27:11.056444 n-d-816206-6 devstack@placement-api.service[103997]: DEBUG placement.handlers.allocation [req-eedb6ed5-f211-4a3d-a19f-44abc9dbf9d7 req-232c6092-d673-4e35-a168-a9566fffa5f8 service placement] Successfully deleted allocations [, , ] {{(pid=103997) delete_allocations /opt/stack/placement/placement/handlers/allocation.py:627}}
Nov 22 16:27:11.058362 n-d-816206-6 devstack@placement-api.service[103997]: INFO placement.requestlog [req-eedb6ed5-f211-4a3d-a19f-44abc9dbf9d7 req-232c6092-d673-4e35-a168-a9566fffa5f8 service placement] 10.222.0.66 "DELETE /placement/allocations/ae8cb802-c23c-4dd4-8f04-5f68724e04b1" status: 204 len: 0 microversion: 1.0
Nov 22 16:27:11.059327 n-d-816206-6 devstack@placement-api.service[103997]: [pid: 103997|app: 0|req: 87/171] 10.222.0.66 () {60 vars in 1355 bytes} [Mon Nov 22 16:27:10 2021] DELETE /placement/allocations/ae8cb802-c23c-4dd4-8f04-5f68724e04b1 => generated 0 bytes in 72 msecs (HTTP/1.1 204) 5 headers in 198 bytes (1 switches on core 0)
Nov 22 16:27:17.490423 n-d-816206-6 devstack@placement-api.service[103996]: DEBUG placement.requestlog [req-7906099c-7d33-44b0-b7aa-260af6892fb5 req-861dba84-f843-43e1-85b8-2323ee5db336 None None] Starting request: 10.222.0.65 "GET /placement/allocation_candidates?limit=1000&resources=DISK_GB%3A1%2CMEMORY_MB%3A1024%2CVCPU%3A1&root_required=%21COMPUTE_STATUS_DISABLED" {{(pid=103996) __call__ /opt/stack/placement/placement/requestlog.py:55}}
Nov 22 16:27:17.553423 n-d-816206-6 devstack@placement-api.service[103996]: DEBUG placement.objects.research_context [req-7906099c-7d33-44b0-b7aa-260af6892fb5 req-861dba84-f843-43e1-85b8-2323ee5db336 service placement] getting providers with 1 DISK_GB {{(pid=103996) __init__ /opt/stack/placement/placement/objects/research_context.py:126}}
Nov 22 16:27:17.561248 n-d-816206-6 devstack@placement-api.service[103996]: DEBUG placement.objects.research_context [req-7906099c-7d33-44b0-b7aa-260af6892fb5 req-861dba84-f843-43e1-85b8-2323ee5db336 service placement] getting providers with 1024 MEMORY_MB {{(pid=103996) __init__ /opt/stack/placement/placement/objects/research_context.py:126}}
Nov 22 16:27:17.568899 n-d-816206-6 devstack@placement-api.service[103996]: DEBUG placement.objects.research_context [req-7906099c-7d33-44b0-b7aa-260af6892fb5 req-861dba84-f843-43e1-85b8-2323ee5db336 service placement] getting providers with 1 VCPU {{(pid=103996) __init__ /opt/stack/placement/placement/objects/research_context.py:126}}
Nov 22 16:27:17.576258 n-d-816206-6 devstack@placement-api.service[103996]: DEBUG placement.objects.research_context [req-7906099c-7d33-44b0-b7aa-260af6892fb5 req-861dba84-f843-43e1-85b8-2323ee5db336 service placement] found 2 providers with available 1 DISK_GB {{(pid=103996) get_provider_ids_matching /opt/stack/placement/placement/objects/research_context.py:549}}
Nov 22 16:27:17.576980 n-d-816206-6 devstack@placement-api.service[103996]: DEBUG placement.objects.research_context [req-7906099c-7d33-44b0-b7aa-260af6892fb5 req-861dba84-f843-43e1-85b8-2323ee5db336 service placement] found 2 providers with available 1024 MEMORY_MB {{(pid=103996) get_provider_ids_matching /opt/stack/placement/placement/objects/research_context.py:549}}
Nov 22 16:27:17.577401 n-d-816206-6 devstack@placement-api.service[103996]: DEBUG placement.objects.research_context [req-7906099c-7d33-44b0-b7aa-260af6892fb5 req-861dba84-f843-43e1-85b8-2323ee5db336 service placement] found 2 providers after filtering by previous result {{(pid=103996) get_provider_ids_matching /opt/stack/placement/placement/objects/research_context.py:580}}
Nov 22 16:27:17.577891 n-d-816206-6 devstack@placement-api.service[103996]: DEBUG placement.objects.research_context [req-7906099c-7d33-44b0-b7aa-260af6892fb5 req-861dba84-f843-43e1-85b8-2323ee5db336 service placement] found 2 providers with available 1 VCPU {{(pid=103996) get_provider_ids_matching /opt/stack/placement/placement/objects/research_context.py:549}}
Nov 22 16:27:17.578294 n-d-816206-6 devstack@placement-api.service[103996]: DEBUG placement.objects.research_context [req-7906099c-7d33-44b0-b7aa-260af6892fb5 req-861dba84-f843-43e1-85b8-2323ee5db336 service placement] found 2 providers after filtering by previous result {{(pid=103996) get_provider_ids_matching /opt/stack/placement/placement/objects/research_context.py:580}}
Nov 22 16:27:17.612798 n-d-816206-6 devstack@placement-api.service[103996]: DEBUG placement.objects.allocation_candidate [req-7906099c-7d33-44b0-b7aa-260af6892fb5 req-861dba84-f843-43e1-85b8-2323ee5db336 service placement] RequestGroup(use_same_provider=False, resources={DISK_GB:1, MEMORY_MB:1024, VCPU:1}, traits=[], aggregates=[]) (suffix '') returned 2 matches {{(pid=103996) _get_by_requests /opt/stack/placement/placement/objects/allocation_candidate.py:145}}
Nov 22 16:27:17.617889 n-d-816206-6 devstack@placement-api.service[103996]: DEBUG placement.objects.allocation_candidate [req-7906099c-7d33-44b0-b7aa-260af6892fb5 req-861dba84-f843-43e1-85b8-2323ee5db336 service placement] Merging candidates yields 2 allocation requests and 2 provider summaries {{(pid=103996) _merge_candidates /opt/stack/placement/placement/objects/allocation_candidate.py:783}}
Nov 22 16:27:17.622823 n-d-816206-6 devstack@placement-api.service[103996]: INFO placement.requestlog [req-7906099c-7d33-44b0-b7aa-260af6892fb5 req-861dba84-f843-43e1-85b8-2323ee5db336 service placement] 10.222.0.65 "GET /placement/allocation_candidates?limit=1000&resources=DISK_GB%3A1%2CMEMORY_MB%3A1024%2CVCPU%3A1&root_required=%21COMPUTE_STATUS_DISABLED" status: 200 len: 1309 microversion: 1.36
Nov 22 16:27:17.625535 n-d-816206-6 devstack@placement-api.service[103996]: [pid: 103996|app: 0|req: 85/172] 10.222.0.65 () {60 vars in 1506 bytes} [Mon Nov 22 16:27:17 2021] GET /placement/allocation_candidates?limit=1000&resources=DISK_GB%3A1%2CMEMORY_MB%3A1024%2CVCPU%3A1&root_required=%21COMPUTE_STATUS_DISABLED => generated 1309 bytes in 136 msecs (HTTP/1.1 200) 8 headers in 297 bytes (1 switches on core 0)
Nov 22 16:27:17.754960 n-d-816206-6 devstack@placement-api.service[103997]: DEBUG placement.requestlog [req-7906099c-7d33-44b0-b7aa-260af6892fb5 req-121696ae-f7cd-4f5d-ae33-49f2e7484c56 None None] Starting request: 10.222.0.65 "GET /placement/allocations/65c0577e-078f-44cb-ba15-72db16ef1699" {{(pid=103997) __call__ /opt/stack/placement/placement/requestlog.py:55}}
Nov 22 16:27:17.775301 n-d-816206-6 devstack@placement-api.service[103997]: INFO placement.requestlog [req-7906099c-7d33-44b0-b7aa-260af6892fb5 req-121696ae-f7cd-4f5d-ae33-49f2e7484c56 service placement] 10.222.0.65 "GET /placement/allocations/65c0577e-078f-44cb-ba15-72db16ef1699" status: 200 len: 19 microversion: 1.28
Nov 22 16:27:17.776399 n-d-816206-6 devstack@placement-api.service[103997]: [pid: 103997|app: 0|req: 88/173] 10.222.0.65 () {60 vars in 1380 bytes} [Mon Nov 22 16:27:17 2021] GET /placement/allocations/65c0577e-078f-44cb-ba15-72db16ef1699 => generated 19 bytes in 21 msecs (HTTP/1.1 200) 8 headers in 295 bytes (1 switches on core 0)
Nov 22 16:27:17.792759 n-d-816206-6 devstack@placement-api.service[103996]: DEBUG placement.requestlog [req-7906099c-7d33-44b0-b7aa-260af6892fb5 req-bf166253-fa2c-4499-9215-58bb0bc8f811 None None] Starting request: 10.222.0.65 "PUT /placement/allocations/65c0577e-078f-44cb-ba15-72db16ef1699" {{(pid=103996) __call__ /opt/stack/placement/placement/requestlog.py:55}}
Nov 22 16:27:17.944855 n-d-816206-6 devstack@placement-api.service[103997]: DEBUG placement.requestlog [req-899dc4b4-88ae-4dd1-8ebc-d8b1c22540bc req-4024e78f-03c2-4c13-a098-5945df5be55d None None] Starting request: 10.222.0.66 "DELETE /placement/allocations/82c50b13-2692-461e-9709-65f6cb7dfbce" {{(pid=103997) __call__ /opt/stack/placement/placement/requestlog.py:55}}
Nov 22 16:27:17.998372 n-d-816206-6 devstack@placement-api.service[103996]: DEBUG placement.handlers.allocation [req-7906099c-7d33-44b0-b7aa-260af6892fb5 req-bf166253-fa2c-4499-9215-58bb0bc8f811 service placement] Successfully wrote allocations [, , ] {{(pid=103996) _update_consumers_and_create_allocations /opt/stack/placement/placement/handlers/allocation.py:462}}
Nov 22 16:27:18.016406 n-d-816206-6 devstack@placement-api.service[103996]: INFO placement.requestlog [req-7906099c-7d33-44b0-b7aa-260af6892fb5 req-bf166253-fa2c-4499-9215-58bb0bc8f811 service placement] 10.222.0.65 "PUT /placement/allocations/65c0577e-078f-44cb-ba15-72db16ef1699" status: 204 len: 0 microversion: 1.36
Nov 22 16:27:18.038888 n-d-816206-6 devstack@placement-api.service[103996]: [pid: 103996|app: 0|req: 86/174] 10.222.0.65 () {64 vars in 1433 bytes} [Mon Nov 22 16:27:17 2021] PUT /placement/allocations/65c0577e-078f-44cb-ba15-72db16ef1699 => generated 0 bytes in 229 msecs (HTTP/1.1 204) 5 headers in 199 bytes (2 switches on core 0)
Nov 22 16:27:18.041051 n-d-816206-6 devstack@placement-api.service[103996]: DEBUG placement.requestlog [req-13201ccf-551b-40a1-9169-b47575432676 req-9a80060c-2ee5-4478-a484-bbbe40576dbd None None] Starting request: 10.222.0.65 "GET /placement/allocation_candidates?resources=DISK_GB%3A1%2CMEMORY_MB%3A1024%2CVCPU%3A1&root_required=%21COMPUTE_STATUS_DISABLED" {{(pid=103996) __call__ /opt/stack/placement/placement/requestlog.py:55}}
Nov 22 16:27:18.061984 n-d-816206-6 devstack@placement-api.service[103997]: DEBUG placement.handlers.allocation [req-899dc4b4-88ae-4dd1-8ebc-d8b1c22540bc req-4024e78f-03c2-4c13-a098-5945df5be55d service placement] Successfully deleted allocations [, , ] {{(pid=103997) delete_allocations /opt/stack/placement/placement/handlers/allocation.py:627}}
Nov 22 16:27:18.062884 n-d-816206-6 devstack@placement-api.service[103997]: INFO placement.requestlog [req-899dc4b4-88ae-4dd1-8ebc-d8b1c22540bc req-4024e78f-03c2-4c13-a098-5945df5be55d service placement] 10.222.0.66 "DELETE /placement/allocations/82c50b13-2692-461e-9709-65f6cb7dfbce" status: 204 len: 0 microversion: 1.0
Nov 22 16:27:18.063547 n-d-816206-6 devstack@placement-api.service[103997]: [pid: 103997|app: 0|req: 89/175] 10.222.0.66 () {60 vars in 1355 bytes} [Mon Nov 22 16:27:17 2021] DELETE /placement/allocations/82c50b13-2692-461e-9709-65f6cb7dfbce => generated 0 bytes in 119 msecs (HTTP/1.1 204) 5 headers in 198 bytes (2 switches on core 0)
Nov 22 16:27:18.134152 n-d-816206-6 devstack@placement-api.service[103996]: DEBUG placement.objects.research_context [req-13201ccf-551b-40a1-9169-b47575432676 req-9a80060c-2ee5-4478-a484-bbbe40576dbd service placement] getting providers with 1 DISK_GB {{(pid=103996) __init__ /opt/stack/placement/placement/objects/research_context.py:126}}
Nov 22 16:27:18.169415 n-d-816206-6 devstack@placement-api.service[103996]: DEBUG placement.objects.research_context [req-13201ccf-551b-40a1-9169-b47575432676 req-9a80060c-2ee5-4478-a484-bbbe40576dbd service placement] getting providers with 1024 MEMORY_MB {{(pid=103996) __init__ /opt/stack/placement/placement/objects/research_context.py:126}}
Nov 22 16:27:18.210659 n-d-816206-6 devstack@placement-api.service[103996]: DEBUG placement.objects.research_context [req-13201ccf-551b-40a1-9169-b47575432676 req-9a80060c-2ee5-4478-a484-bbbe40576dbd service placement] getting providers with 1 VCPU {{(pid=103996) __init__ /opt/stack/placement/placement/objects/research_context.py:126}}
Nov 22 16:27:18.230747 n-d-816206-6 devstack@placement-api.service[103996]: DEBUG placement.objects.research_context [req-13201ccf-551b-40a1-9169-b47575432676 req-9a80060c-2ee5-4478-a484-bbbe40576dbd service placement] found 2 providers with available 1 DISK_GB {{(pid=103996) get_provider_ids_matching /opt/stack/placement/placement/objects/research_context.py:549}}
Nov 22 16:27:18.232497 n-d-816206-6 devstack@placement-api.service[103996]: DEBUG placement.objects.research_context [req-13201ccf-551b-40a1-9169-b47575432676 req-9a80060c-2ee5-4478-a484-bbbe40576dbd service placement] found 2 providers with available 1024 MEMORY_MB {{(pid=103996) get_provider_ids_matching /opt/stack/placement/placement/objects/research_context.py:549}}
Nov 22 16:27:18.234485 n-d-816206-6 devstack@placement-api.service[103996]: DEBUG placement.objects.research_context [req-13201ccf-551b-40a1-9169-b47575432676 req-9a80060c-2ee5-4478-a484-bbbe40576dbd service placement] found 2 providers after filtering by previous result {{(pid=103996) get_provider_ids_matching /opt/stack/placement/placement/objects/research_context.py:580}}
Nov 22 16:27:18.235399 n-d-816206-6 devstack@placement-api.service[103996]: DEBUG placement.objects.research_context [req-13201ccf-551b-40a1-9169-b47575432676 req-9a80060c-2ee5-4478-a484-bbbe40576dbd service placement] found 2 providers with available 1 VCPU {{(pid=103996) get_provider_ids_matching /opt/stack/placement/placement/objects/research_context.py:549}}
Nov 22 16:27:18.236238 n-d-816206-6 devstack@placement-api.service[103996]: DEBUG placement.objects.research_context [req-13201ccf-551b-40a1-9169-b47575432676 req-9a80060c-2ee5-4478-a484-bbbe40576dbd service placement] found 2 providers after filtering by previous result {{(pid=103996) get_provider_ids_matching /opt/stack/placement/placement/objects/research_context.py:580}}
Nov 22 16:27:18.293670 n-d-816206-6 devstack@placement-api.service[103996]: DEBUG placement.objects.allocation_candidate [req-13201ccf-551b-40a1-9169-b47575432676 req-9a80060c-2ee5-4478-a484-bbbe40576dbd service placement] RequestGroup(use_same_provider=False, resources={DISK_GB:1, MEMORY_MB:1024, VCPU:1}, traits=[], aggregates=[]) (suffix '') returned 2 matches {{(pid=103996) _get_by_requests /opt/stack/placement/placement/objects/allocation_candidate.py:145}}
Nov 22 16:27:18.294097 n-d-816206-6 devstack@placement-api.service[103996]: DEBUG placement.objects.allocation_candidate [req-13201ccf-551b-40a1-9169-b47575432676 req-9a80060c-2ee5-4478-a484-bbbe40576dbd service placement] Merging candidates yields 2 allocation requests and 2 provider summaries {{(pid=103996) _merge_candidates /opt/stack/placement/placement/objects/allocation_candidate.py:783}}
Nov 22 16:27:18.296364 n-d-816206-6 devstack@placement-api.service[103996]: INFO placement.requestlog [req-13201ccf-551b-40a1-9169-b47575432676 req-9a80060c-2ee5-4478-a484-bbbe40576dbd service placement] 10.222.0.65 "GET /placement/allocation_candidates?resources=DISK_GB%3A1%2CMEMORY_MB%3A1024%2CVCPU%3A1&root_required=%21COMPUTE_STATUS_DISABLED" status: 200 len: 1309 microversion: 1.36
Nov 22 16:27:18.299268 n-d-816206-6 devstack@placement-api.service[103996]: [pid: 103996|app: 0|req: 87/176] 10.222.0.65 () {60 vars in 1484 bytes} [Mon Nov 22 16:27:18 2021] GET /placement/allocation_candidates?resources=DISK_GB%3A1%2CMEMORY_MB%3A1024%2CVCPU%3A1&root_required=%21COMPUTE_STATUS_DISABLED => generated 1309 bytes in 259 msecs (HTTP/1.1 200) 8 headers in 297 bytes (1 switches on core 0)
Nov 22 16:27:18.578318 n-d-816206-6 devstack@placement-api.service[103997]: DEBUG placement.requestlog [req-13201ccf-551b-40a1-9169-b47575432676 req-2b5a7346-73ea-448e-a073-ede250518dca None None] Starting request: 10.222.0.65 "GET /placement/allocations/06b6db81-9243-4333-90f5-223cdc506de1" {{(pid=103997) __call__ /opt/stack/placement/placement/requestlog.py:55}}
Nov 22 16:27:18.602255 n-d-816206-6 devstack@placement-api.service[103997]: INFO placement.requestlog [req-13201ccf-551b-40a1-9169-b47575432676 req-2b5a7346-73ea-448e-a073-ede250518dca service placement] 10.222.0.65 "GET /placement/allocations/06b6db81-9243-4333-90f5-223cdc506de1" status: 200 len: 19 microversion: 1.28
Nov 22 16:27:18.602747 n-d-816206-6 devstack@placement-api.service[103997]: [pid: 103997|app: 0|req: 90/177] 10.222.0.65 () {60 vars in 1380 bytes} [Mon Nov 22 16:27:18 2021] GET /placement/allocations/06b6db81-9243-4333-90f5-223cdc506de1 => generated 19 bytes in 25 msecs (HTTP/1.1 200) 8 headers in 295 bytes (1 switches on core 0)
Nov 22 16:27:18.610538 n-d-816206-6 devstack@placement-api.service[103996]: DEBUG placement.requestlog [req-13201ccf-551b-40a1-9169-b47575432676 req-bea90648-8437-4684-a0a2-0ae8141c22f8 None None] Starting request: 10.222.0.65 "PUT /placement/allocations/06b6db81-9243-4333-90f5-223cdc506de1" {{(pid=103996) __call__ /opt/stack/placement/placement/requestlog.py:55}}
Nov 22 16:27:18.760011 n-d-816206-6 devstack@placement-api.service[103997]: DEBUG placement.requestlog [req-7906099c-7d33-44b0-b7aa-260af6892fb5 req-a1d5f708-9b5d-4b0f-a2af-fd444b7808a5 None None] Starting request: 10.222.0.66 "GET /placement/allocations/65c0577e-078f-44cb-ba15-72db16ef1699" {{(pid=103997) __call__ /opt/stack/placement/placement/requestlog.py:55}}
Nov 22 16:27:18.767199 n-d-816206-6 devstack@placement-api.service[103996]: DEBUG placement.handlers.allocation [req-13201ccf-551b-40a1-9169-b47575432676 req-bea90648-8437-4684-a0a2-0ae8141c22f8 service placement] Successfully wrote allocations [, , ] {{(pid=103996) _update_consumers_and_create_allocations /opt/stack/placement/placement/handlers/allocation.py:462}}
Nov 22 16:27:18.775920 n-d-816206-6 devstack@placement-api.service[103996]: INFO placement.requestlog [req-13201ccf-551b-40a1-9169-b47575432676 req-bea90648-8437-4684-a0a2-0ae8141c22f8 service placement] 10.222.0.65 "PUT /placement/allocations/06b6db81-9243-4333-90f5-223cdc506de1" status: 204 len: 0 microversion: 1.36
Nov 22 16:27:18.777998 n-d-816206-6 devstack@placement-api.service[103996]: [pid: 103996|app: 0|req: 88/178] 10.222.0.65 () {64 vars in 1433 bytes} [Mon Nov 22 16:27:18 2021] PUT /placement/allocations/06b6db81-9243-4333-90f5-223cdc506de1 => generated 0 bytes in 168 msecs (HTTP/1.1 204) 5 headers in 199 bytes (1 switches on core 0)
Nov 22 16:27:18.805408 n-d-816206-6 devstack@placement-api.service[103997]: INFO placement.requestlog [req-7906099c-7d33-44b0-b7aa-260af6892fb5 req-a1d5f708-9b5d-4b0f-a2af-fd444b7808a5 service placement] 10.222.0.66 "GET /placement/allocations/65c0577e-078f-44cb-ba15-72db16ef1699" status: 200 len: 259 microversion: 1.28
Nov 22 16:27:18.806431 n-d-816206-6 devstack@placement-api.service[103997]: [pid: 103997|app: 0|req: 91/179] 10.222.0.66 () {60 vars in 1377 bytes} [Mon Nov 22 16:27:18 2021] GET /placement/allocations/65c0577e-078f-44cb-ba15-72db16ef1699 => generated 259 bytes in 54 msecs (HTTP/1.1 200) 8 headers in 296 bytes (2 switches on core 0)
Nov 22 16:27:19.403125 n-d-816206-6 devstack@placement-api.service[103996]: DEBUG placement.requestlog [req-13201ccf-551b-40a1-9169-b47575432676 req-6403a96c-6509-4eb0-8d2c-9d3f904b43ed None None] Starting request: 10.222.0.66 "GET /placement/allocations/06b6db81-9243-4333-90f5-223cdc506de1" {{(pid=103996) __call__ /opt/stack/placement/placement/requestlog.py:55}}
Nov 22 16:27:19.430497 n-d-816206-6 devstack@placement-api.service[103996]: INFO placement.requestlog [req-13201ccf-551b-40a1-9169-b47575432676 req-6403a96c-6509-4eb0-8d2c-9d3f904b43ed service placement] 10.222.0.66 "GET /placement/allocations/06b6db81-9243-4333-90f5-223cdc506de1" status: 200 len: 259 microversion: 1.28
Nov 22 16:27:19.431902 n-d-816206-6 devstack@placement-api.service[103996]: [pid: 103996|app: 0|req: 89/180] 10.222.0.66 () {60 vars in 1377 bytes} [Mon Nov 22 16:27:19 2021] GET /placement/allocations/06b6db81-9243-4333-90f5-223cdc506de1 => generated 259 bytes in 29 msecs (HTTP/1.1 200) 8 headers in 296 bytes (1 switches on core 0)
Nov 22 16:27:38.499241 n-d-816206-6 devstack@placement-api.service[103997]: DEBUG placement.requestlog [req-0bb92176-de9b-4678-a7be-9376cddc474f req-5f4a44dd-1572-4d71-9081-938f8ce7e7fe None None] Starting request: 10.222.0.20 "GET /placement/allocations/16dfd117-f277-4bc0-9a45-d0fc7e3dd9c3" {{(pid=103997) __call__ /opt/stack/placement/placement/requestlog.py:55}}
