Aug 04 22:58:49.761480 n-d-816157-6 devstack@placement-api.service[112452]: DEBUG placement.requestlog [req-a8d8aec7-3d8c-4988-b101-4e2446ce9316 req-7c05822e-fd4e-43a9-86f0-84ea2f9246cf None None] Starting request: 10.222.0.57 "GET /placement/resource_providers/52a72f53-8c8f-4054-91d3-5ff3126960b1/aggregates" {{(pid=112452) __call__ /opt/stack/placement/placement/requestlog.py:55}}
Aug 04 22:58:49.771121 n-d-816157-6 devstack@placement-api.service[112453]: [pid: 112453|app: 0|req: 15/27] 10.222.0.57 () {58 vars in 1274 bytes} [Thu Aug 4 22:58:49 2022] GET /placement/resource_providers?name=n-h1-816157-6 => generated 440 bytes in 201 msecs (HTTP/1.1 200) 6 headers in 224 bytes (1 switches on core 0)
Aug 04 22:58:49.789449 n-d-816157-6 devstack@placement-api.service[112452]: INFO placement.requestlog [req-a8d8aec7-3d8c-4988-b101-4e2446ce9316 req-7c05822e-fd4e-43a9-86f0-84ea2f9246cf service placement] 10.222.0.57 "GET /placement/resource_providers/52a72f53-8c8f-4054-91d3-5ff3126960b1/aggregates" status: 200 len: 53 microversion: 1.19
Aug 04 22:58:49.791151 n-d-816157-6 devstack@placement-api.service[112452]: [pid: 112452|app: 0|req: 13/28] 10.222.0.57 () {60 vars in 1425 bytes} [Thu Aug 4 22:58:49 2022] GET /placement/resource_providers/52a72f53-8c8f-4054-91d3-5ff3126960b1/aggregates => generated 53 bytes in 30 msecs (HTTP/1.1 200) 8 headers in 295 bytes (2 switches on core 0)
Aug 04 22:58:49.815283 n-d-816157-6 devstack@placement-api.service[112453]: DEBUG placement.requestlog [req-a8d8aec7-3d8c-4988-b101-4e2446ce9316 req-ec72b2ed-a263-42c5-8511-2adbb0248021 None None] Starting request: 10.222.0.57 "PUT /placement/resource_providers/52a72f53-8c8f-4054-91d3-5ff3126960b1/aggregates" {{(pid=112453) __call__ /opt/stack/placement/placement/requestlog.py:55}}
Aug 04 22:58:49.854183 n-d-816157-6 devstack@placement-api.service[112453]: DEBUG placement.objects.resource_provider [req-a8d8aec7-3d8c-4988-b101-4e2446ce9316 req-ec72b2ed-a263-42c5-8511-2adbb0248021 service placement] _ensure_aggregate() did not find aggregate 1e644e38-4c75-4f46-92d3-25cb0c119b5e. Attempting to create it. {{(pid=112453) _ensure_aggregate /opt/stack/placement/placement/objects/resource_provider.py:321}}
Aug 04 22:58:49.856043 n-d-816157-6 devstack@placement-api.service[112453]: DEBUG placement.objects.resource_provider [req-a8d8aec7-3d8c-4988-b101-4e2446ce9316 req-ec72b2ed-a263-42c5-8511-2adbb0248021 service placement] _ensure_aggregate() created new aggregate 1e644e38-4c75-4f46-92d3-25cb0c119b5e (id=1). {{(pid=112453) _ensure_aggregate /opt/stack/placement/placement/objects/resource_provider.py:327}}
Aug 04 22:58:49.860972 n-d-816157-6 devstack@placement-api.service[112453]: DEBUG placement.objects.resource_provider [req-a8d8aec7-3d8c-4988-b101-4e2446ce9316 req-ec72b2ed-a263-42c5-8511-2adbb0248021 service placement] Setting aggregates for provider 52a72f53-8c8f-4054-91d3-5ff3126960b1. Successfully associated aggregate 1e644e38-4c75-4f46-92d3-25cb0c119b5e. {{(pid=112453) _set_aggregates /opt/stack/placement/placement/objects/resource_provider.py:389}}
Aug 04 22:58:49.867770 n-d-816157-6 devstack@placement-api.service[112453]: INFO placement.requestlog [req-a8d8aec7-3d8c-4988-b101-4e2446ce9316 req-ec72b2ed-a263-42c5-8511-2adbb0248021 service placement] 10.222.0.57 "PUT /placement/resource_providers/52a72f53-8c8f-4054-91d3-5ff3126960b1/aggregates" status: 200 len: 91 microversion: 1.19
Aug 04 22:58:49.868743 n-d-816157-6 devstack@placement-api.service[112453]: [pid: 112453|app: 0|req: 16/29] 10.222.0.57 () {64 vars in 1477 bytes} [Thu Aug 4 22:58:49 2022] PUT /placement/resource_providers/52a72f53-8c8f-4054-91d3-5ff3126960b1/aggregates => generated 91 bytes in 54 msecs (HTTP/1.1 200) 8 headers in 295 bytes (1 switches on core 0)
Aug 04 22:58:50.341047 n-d-816157-6 devstack@placement-api.service[112452]: DEBUG placement.requestlog [req-ec3b34d4-188e-452f-badb-0d31ca71baa5 req-9e74bf0d-4dee-4ad5-acae-e43f9a1080e2 None None] Starting request: 10.222.0.20 "GET /placement/allocations/fd2665c2-c285-4b13-a76b-c17857cd26cb" {{(pid=112452) __call__ /opt/stack/placement/placement/requestlog.py:55}}
Aug 04 22:58:50.387526 n-d-816157-6 devstack@placement-api.service[112452]: INFO placement.requestlog [req-ec3b34d4-188e-452f-badb-0d31ca71baa5 req-9e74bf0d-4dee-4ad5-acae-e43f9a1080e2 service placement] 10.222.0.20 "GET /placement/allocations/fd2665c2-c285-4b13-a76b-c17857cd26cb" status: 200 len: 258 microversion: 1.28
Aug 04 22:58:50.389405 n-d-816157-6 devstack@placement-api.service[112452]: [pid: 112452|app: 0|req: 14/30] 10.222.0.20 () {60 vars in 1377 bytes} [Thu Aug 4 22:58:50 2022] GET /placement/allocations/fd2665c2-c285-4b13-a76b-c17857cd26cb => generated 258 bytes in 49 msecs (HTTP/1.1 200) 8 headers in 296 bytes (1 switches on core 0)
Aug 04 22:58:50.395596 n-d-816157-6 devstack@placement-api.service[112453]: DEBUG placement.requestlog [req-edf060fd-8ae4-4f50-9e7f-93fbbaca2aa5 req-553a33f6-3bac-4235-9db1-f191a862bb21 None None] Starting request: 10.222.0.57 "GET /placement/resource_providers?name=n-h1-816157-6" {{(pid=112453) __call__ /opt/stack/placement/placement/requestlog.py:55}}
Aug 04 22:58:50.445270 n-d-816157-6 devstack@placement-api.service[112453]: INFO placement.requestlog [req-edf060fd-8ae4-4f50-9e7f-93fbbaca2aa5 req-553a33f6-3bac-4235-9db1-f191a862bb21 service placement] 10.222.0.57 "GET /placement/resource_providers?name=n-h1-816157-6" status: 200 len: 440 microversion: 1.0
Aug 04 22:58:50.447290 n-d-816157-6 devstack@placement-api.service[112453]: [pid: 112453|app: 0|req: 17/31] 10.222.0.57 () {58 vars in 1274 bytes} [Thu Aug 4 22:58:50 2022] GET /placement/resource_providers?name=n-h1-816157-6 => generated 440 bytes in 52 msecs (HTTP/1.1 200) 6 headers in 224 bytes (1 switches on core 0)
Aug 04 22:58:50.484943 n-d-816157-6 devstack@placement-api.service[112452]: DEBUG placement.requestlog [req-edf060fd-8ae4-4f50-9e7f-93fbbaca2aa5 req-5d2f42a3-9aea-4ccd-8361-b74e1521c168 None None] Starting request: 10.222.0.57 "GET /placement/resource_providers/52a72f53-8c8f-4054-91d3-5ff3126960b1/aggregates" {{(pid=112452) __call__ /opt/stack/placement/placement/requestlog.py:55}}
Aug 04 22:58:50.503248 n-d-816157-6 devstack@placement-api.service[112452]: INFO placement.requestlog [req-edf060fd-8ae4-4f50-9e7f-93fbbaca2aa5 req-5d2f42a3-9aea-4ccd-8361-b74e1521c168 service placement] 10.222.0.57 "GET /placement/resource_providers/52a72f53-8c8f-4054-91d3-5ff3126960b1/aggregates" status: 200 len: 91 microversion: 1.19
Aug 04 22:58:50.503984 n-d-816157-6 devstack@placement-api.service[112452]: [pid: 112452|app: 0|req: 15/32] 10.222.0.57 () {60 vars in 1425 bytes} [Thu Aug 4 22:58:50 2022] GET /placement/resource_providers/52a72f53-8c8f-4054-91d3-5ff3126960b1/aggregates => generated 91 bytes in 19 msecs (HTTP/1.1 200) 8 headers in 295 bytes (2 switches on core 0)
Aug 04 22:58:50.520685 n-d-816157-6 devstack@placement-api.service[112453]: DEBUG placement.requestlog [req-edf060fd-8ae4-4f50-9e7f-93fbbaca2aa5 req-bdc07bd6-3bdf-48f5-a41d-eef2e9d6b058 None None] Starting request: 10.222.0.57 "PUT /placement/resource_providers/52a72f53-8c8f-4054-91d3-5ff3126960b1/aggregates" {{(pid=112453) __call__ /opt/stack/placement/placement/requestlog.py:55}}
Aug 04 22:58:50.553894 n-d-816157-6 devstack@placement-api.service[112453]: DEBUG placement.objects.resource_provider [req-edf060fd-8ae4-4f50-9e7f-93fbbaca2aa5 req-bdc07bd6-3bdf-48f5-a41d-eef2e9d6b058 service placement] Setting aggregates for provider 52a72f53-8c8f-4054-91d3-5ff3126960b1. Successfully disassociated aggregate 1e644e38-4c75-4f46-92d3-25cb0c119b5e. {{(pid=112453) _set_aggregates /opt/stack/placement/placement/objects/resource_provider.py:404}}
Aug 04 22:58:50.567464 n-d-816157-6 devstack@placement-api.service[112453]: INFO placement.requestlog [req-edf060fd-8ae4-4f50-9e7f-93fbbaca2aa5 req-bdc07bd6-3bdf-48f5-a41d-eef2e9d6b058 service placement] 10.222.0.57 "PUT /placement/resource_providers/52a72f53-8c8f-4054-91d3-5ff3126960b1/aggregates" status: 200 len: 53 microversion: 1.19
Aug 04 22:58:50.567999 n-d-816157-6 devstack@placement-api.service[112453]: [pid: 112453|app: 0|req: 18/33] 10.222.0.57 () {64 vars in 1477 bytes} [Thu Aug 4 22:58:50 2022] PUT /placement/resource_providers/52a72f53-8c8f-4054-91d3-5ff3126960b1/aggregates => generated 53 bytes in 48 msecs (HTTP/1.1 200) 8 headers in 295 bytes (1 switches on core 0)
Aug 04 22:58:52.472107 n-d-816157-6 devstack@placement-api.service[112452]: DEBUG placement.requestlog [None req-97006e55-cdb0-4238-af79-dbc221d6748a None None] Starting request: 10.222.0.57 "GET /placement/" {{(pid=112452) __call__ /opt/stack/placement/placement/requestlog.py:55}}
Aug 04 22:58:52.473560 n-d-816157-6 devstack@placement-api.service[112452]: INFO placement.requestlog [None req-97006e55-cdb0-4238-af79-dbc221d6748a None None] 10.222.0.57 "GET /placement/" status: 200 len: 136 microversion: 1.0
Aug 04 22:58:52.474148 n-d-816157-6 devstack@placement-api.service[112452]: [pid: 112452|app: 0|req: 16/34] 10.222.0.57 () {54 vars in 907 bytes} [Thu Aug 4 22:58:52 2022] GET /placement => generated 136 bytes in 2 msecs (HTTP/1.1 200) 6 headers in 224 bytes (2 switches on core 0)
Aug 04 22:58:52.497378 n-d-816157-6 devstack@placement-api.service[112453]: DEBUG placement.requestlog [req-46b58a91-5fa2-4cac-a865-3bc3f07f70b6 req-d2669ccb-7d91-475e-8f4d-03f4ce1966cd None None] Starting request: 10.222.0.57 "GET /placement/resource_providers?name=n-h1-816157-6" {{(pid=112453) __call__ /opt/stack/placement/placement/requestlog.py:55}}
Aug 04 22:58:53.323486 n-d-816157-6 devstack@placement-api.service[112453]: INFO placement.requestlog [req-46b58a91-5fa2-4cac-a865-3bc3f07f70b6 req-d2669ccb-7d91-475e-8f4d-03f4ce1966cd service placement] 10.222.0.57 "GET /placement/resource_providers?name=n-h1-816157-6" status: 200 len: 440 microversion: 1.0
Aug 04 22:58:53.323852 n-d-816157-6 devstack@placement-api.service[112453]: [pid: 112453|app: 0|req: 19/35] 10.222.0.57 () {58 vars in 1274 bytes} [Thu Aug 4 22:58:52 2022] GET /placement/resource_providers?name=n-h1-816157-6 => generated 440 bytes in 827 msecs (HTTP/1.1 200) 6 headers in 224 bytes (2 switches on core 0)
Aug 04 22:58:53.335868 n-d-816157-6 devstack@placement-api.service[112452]: DEBUG placement.requestlog [req-46b58a91-5fa2-4cac-a865-3bc3f07f70b6 req-2fafd526-d867-4d04-b11d-8b4734ffc79f None None] Starting request: 10.222.0.57 "GET /placement/resource_providers/52a72f53-8c8f-4054-91d3-5ff3126960b1/aggregates" {{(pid=112452) __call__ /opt/stack/placement/placement/requestlog.py:55}}
Aug 04 22:58:53.374984 n-d-816157-6 devstack@placement-api.service[112452]: INFO placement.requestlog [req-46b58a91-5fa2-4cac-a865-3bc3f07f70b6 req-2fafd526-d867-4d04-b11d-8b4734ffc79f service placement] 10.222.0.57 "GET /placement/resource_providers/52a72f53-8c8f-4054-91d3-5ff3126960b1/aggregates" status: 200 len: 53 microversion: 1.19
Aug 04 22:58:53.376836 n-d-816157-6 devstack@placement-api.service[112452]: [pid: 112452|app: 0|req: 17/36] 10.222.0.57 () {60 vars in 1425 bytes} [Thu Aug 4 22:58:53 2022] GET /placement/resource_providers/52a72f53-8c8f-4054-91d3-5ff3126960b1/aggregates => generated 53 bytes in 42 msecs (HTTP/1.1 200) 8 headers in 295 bytes (1 switches on core 0)
Aug 04 22:58:53.387370 n-d-816157-6 devstack@placement-api.service[112453]: DEBUG placement.requestlog [req-46b58a91-5fa2-4cac-a865-3bc3f07f70b6 req-b6e19ed3-b2c6-4826-a9ca-e8e83fbf7d49 None None] Starting request: 10.222.0.57 "PUT /placement/resource_providers/52a72f53-8c8f-4054-91d3-5ff3126960b1/aggregates" {{(pid=112453) __call__ /opt/stack/placement/placement/requestlog.py:55}}
Aug 04 22:58:53.442231 n-d-816157-6 devstack@placement-api.service[112453]: DEBUG placement.objects.resource_provider [req-46b58a91-5fa2-4cac-a865-3bc3f07f70b6 req-b6e19ed3-b2c6-4826-a9ca-e8e83fbf7d49 service placement] _ensure_aggregate() did not find aggregate 3835a3e7-c6e7-408c-ba93-37ba8642a5b5. Attempting to create it. {{(pid=112453) _ensure_aggregate /opt/stack/placement/placement/objects/resource_provider.py:321}}
Aug 04 22:58:53.446848 n-d-816157-6 devstack@placement-api.service[112453]: DEBUG placement.objects.resource_provider [req-46b58a91-5fa2-4cac-a865-3bc3f07f70b6 req-b6e19ed3-b2c6-4826-a9ca-e8e83fbf7d49 service placement] _ensure_aggregate() created new aggregate 3835a3e7-c6e7-408c-ba93-37ba8642a5b5 (id=2). {{(pid=112453) _ensure_aggregate /opt/stack/placement/placement/objects/resource_provider.py:327}}
Aug 04 22:58:53.449829 n-d-816157-6 devstack@placement-api.service[112453]: DEBUG placement.objects.resource_provider [req-46b58a91-5fa2-4cac-a865-3bc3f07f70b6 req-b6e19ed3-b2c6-4826-a9ca-e8e83fbf7d49 service placement] Setting aggregates for provider 52a72f53-8c8f-4054-91d3-5ff3126960b1. Successfully associated aggregate 3835a3e7-c6e7-408c-ba93-37ba8642a5b5. {{(pid=112453) _set_aggregates /opt/stack/placement/placement/objects/resource_provider.py:389}}
Aug 04 22:58:53.467441 n-d-816157-6 devstack@placement-api.service[112453]: INFO placement.requestlog [req-46b58a91-5fa2-4cac-a865-3bc3f07f70b6 req-b6e19ed3-b2c6-4826-a9ca-e8e83fbf7d49 service placement] 10.222.0.57 "PUT /placement/resource_providers/52a72f53-8c8f-4054-91d3-5ff3126960b1/aggregates" status: 200 len: 91 microversion: 1.19
Aug 04 22:58:53.468588 n-d-816157-6 devstack@placement-api.service[112453]: [pid: 112453|app: 0|req: 20/37] 10.222.0.57 () {64 vars in 1477 bytes} [Thu Aug 4 22:58:53 2022] PUT /placement/resource_providers/52a72f53-8c8f-4054-91d3-5ff3126960b1/aggregates => generated 91 bytes in 81 msecs (HTTP/1.1 200) 8 headers in 295 bytes (2 switches on core 0)
Aug 04 22:58:58.743381 n-d-816157-6 devstack@placement-api.service[112452]: DEBUG placement.requestlog [req-3abfcd45-543b-4294-9ddb-0d6e6d2af4ea req-292a4f7c-2684-4b3b-91e0-db40d2c13661 None None] Starting request: 10.222.0.57 "GET /placement/allocation_candidates?limit=1000&member_of=in%3A3835a3e7-c6e7-408c-ba93-37ba8642a5b5&resources=DISK_GB%3A1%2CMEMORY_MB%3A1024%2CVCPU%3A1&root_required=%21COMPUTE_STATUS_DISABLED" {{(pid=112452) __call__ /opt/stack/placement/placement/requestlog.py:55}}
Aug 04 22:58:58.957733 n-d-816157-6 devstack@placement-api.service[112452]: DEBUG placement.objects.research_context [req-3abfcd45-543b-4294-9ddb-0d6e6d2af4ea req-292a4f7c-2684-4b3b-91e0-db40d2c13661 service placement] getting providers with 1 DISK_GB {{(pid=112452) __init__ /opt/stack/placement/placement/objects/research_context.py:136}}
Aug 04 22:58:59.025684 n-d-816157-6 devstack@placement-api.service[112452]: DEBUG placement.objects.research_context [req-3abfcd45-543b-4294-9ddb-0d6e6d2af4ea req-292a4f7c-2684-4b3b-91e0-db40d2c13661 service placement] getting providers with 1024 MEMORY_MB {{(pid=112452) __init__ /opt/stack/placement/placement/objects/research_context.py:136}}
Aug 04 22:58:59.065548 n-d-816157-6 devstack@placement-api.service[112452]: DEBUG placement.objects.research_context [req-3abfcd45-543b-4294-9ddb-0d6e6d2af4ea req-292a4f7c-2684-4b3b-91e0-db40d2c13661 service placement] getting providers with 1 VCPU {{(pid=112452) __init__ /opt/stack/placement/placement/objects/research_context.py:136}}
Aug 04 22:58:59.100043 n-d-816157-6 devstack@placement-api.service[112452]: DEBUG placement.objects.research_context [req-3abfcd45-543b-4294-9ddb-0d6e6d2af4ea req-292a4f7c-2684-4b3b-91e0-db40d2c13661 service placement] found 1 providers after applying required aggregates filter ([{'3835a3e7-c6e7-408c-ba93-37ba8642a5b5'}]) {{(pid=112452) get_provider_ids_for_traits_and_aggs /opt/stack/placement/placement/objects/research_context.py:1158}}
Aug 04 22:58:59.100585 n-d-816157-6 devstack@placement-api.service[112452]: DEBUG placement.objects.research_context [req-3abfcd45-543b-4294-9ddb-0d6e6d2af4ea req-292a4f7c-2684-4b3b-91e0-db40d2c13661 service placement] found 2 providers with available 1 DISK_GB {{(pid=112452) get_provider_ids_matching /opt/stack/placement/placement/objects/research_context.py:563}}
Aug 04 22:58:59.105239 n-d-816157-6 devstack@placement-api.service[112452]: DEBUG placement.objects.research_context [req-3abfcd45-543b-4294-9ddb-0d6e6d2af4ea req-292a4f7c-2684-4b3b-91e0-db40d2c13661 service placement] found 1 providers after applying initial aggregate and trait filters {{(pid=112452) get_provider_ids_matching /opt/stack/placement/placement/objects/research_context.py:575}}
Aug 04 22:58:59.105671 n-d-816157-6 devstack@placement-api.service[112452]: DEBUG placement.objects.research_context [req-3abfcd45-543b-4294-9ddb-0d6e6d2af4ea req-292a4f7c-2684-4b3b-91e0-db40d2c13661 service placement] found 2 providers with available 1024 MEMORY_MB {{(pid=112452) get_provider_ids_matching /opt/stack/placement/placement/objects/research_context.py:563}}
Aug 04 22:58:59.106089 n-d-816157-6 devstack@placement-api.service[112452]: DEBUG placement.objects.research_context [req-3abfcd45-543b-4294-9ddb-0d6e6d2af4ea req-292a4f7c-2684-4b3b-91e0-db40d2c13661 service placement] found 1 providers after filtering by previous result {{(pid=112452) get_provider_ids_matching /opt/stack/placement/placement/objects/research_context.py:594}}
Aug 04 22:58:59.106863 n-d-816157-6 devstack@placement-api.service[112452]: DEBUG placement.objects.research_context [req-3abfcd45-543b-4294-9ddb-0d6e6d2af4ea req-292a4f7c-2684-4b3b-91e0-db40d2c13661 service placement] found 2 providers with available 1 VCPU {{(pid=112452) get_provider_ids_matching /opt/stack/placement/placement/objects/research_context.py:563}}
Aug 04 22:58:59.107400 n-d-816157-6 devstack@placement-api.service[112452]: DEBUG placement.objects.research_context [req-3abfcd45-543b-4294-9ddb-0d6e6d2af4ea req-292a4f7c-2684-4b3b-91e0-db40d2c13661 service placement] found 1 providers after filtering by previous result {{(pid=112452) get_provider_ids_matching /opt/stack/placement/placement/objects/research_context.py:594}}
Aug 04 22:58:59.159410 n-d-816157-6 devstack@placement-api.service[112452]: DEBUG placement.objects.allocation_candidate [req-3abfcd45-543b-4294-9ddb-0d6e6d2af4ea req-292a4f7c-2684-4b3b-91e0-db40d2c13661 service placement] RequestGroup(use_same_provider=False, resources={DISK_GB:1, MEMORY_MB:1024, VCPU:1}, traits=(), aggregates=[[3835a3e7-c6e7-408c-ba93-37ba8642a5b5]]) (suffix '') returned 1 matches {{(pid=112452) _get_by_requests /opt/stack/placement/placement/objects/allocation_candidate.py:156}}
Aug 04 22:58:59.160103 n-d-816157-6 devstack@placement-api.service[112452]: DEBUG placement.objects.allocation_candidate [req-3abfcd45-543b-4294-9ddb-0d6e6d2af4ea req-292a4f7c-2684-4b3b-91e0-db40d2c13661 service placement] Merging candidates yields 1 allocation requests and 1 provider summaries {{(pid=112452) _merge_candidates /opt/stack/placement/placement/objects/allocation_candidate.py:809}}
Aug 04 22:58:59.168587 n-d-816157-6 devstack@placement-api.service[112452]: INFO placement.requestlog [req-3abfcd45-543b-4294-9ddb-0d6e6d2af4ea req-292a4f7c-2684-4b3b-91e0-db40d2c13661 service placement] 10.222.0.57 "GET /placement/allocation_candidates?limit=1000&member_of=in%3A3835a3e7-c6e7-408c-ba93-37ba8642a5b5&resources=DISK_GB%3A1%2CMEMORY_MB%3A1024%2CVCPU%3A1&root_required=%21COMPUTE_STATUS_DISABLED" status: 200 len: 676 microversion: 1.36
Aug 04 22:58:59.169399 n-d-816157-6 devstack@placement-api.service[112452]: [pid: 112452|app: 0|req: 18/38] 10.222.0.57 () {60 vars in 1610 bytes} [Thu Aug 4 22:58:58 2022] GET /placement/allocation_candidates?limit=1000&member_of=in%3A3835a3e7-c6e7-408c-ba93-37ba8642a5b5&resources=DISK_GB%3A1%2CMEMORY_MB%3A1024%2CVCPU%3A1&root_required=%21COMPUTE_STATUS_DISABLED => generated 676 bytes in 427 msecs (HTTP/1.1 200) 8 headers in 296 bytes (1 switches on core 0)
Aug 04 22:58:59.459277 n-d-816157-6 devstack@placement-api.service[112453]: DEBUG placement.requestlog [req-3abfcd45-543b-4294-9ddb-0d6e6d2af4ea req-be96d967-c4ef-4919-b806-9f18ede3cce0 None None] Starting request: 10.222.0.57 "GET /placement/allocations/fae4e493-bf56-493a-9d85-57e320ee0d3a" {{(pid=112453) __call__ /opt/stack/placement/placement/requestlog.py:55}}
Aug 04 22:58:59.487332 n-d-816157-6 devstack@placement-api.service[112453]: INFO placement.requestlog [req-3abfcd45-543b-4294-9ddb-0d6e6d2af4ea req-be96d967-c4ef-4919-b806-9f18ede3cce0 service placement] 10.222.0.57 "GET /placement/allocations/fae4e493-bf56-493a-9d85-57e320ee0d3a" status: 200 len: 19 microversion: 1.28
Aug 04 22:58:59.499242 n-d-816157-6 devstack@placement-api.service[112452]: DEBUG placement.requestlog [req-3abfcd45-543b-4294-9ddb-0d6e6d2af4ea req-aa0aae16-df03-41ac-9a50-7fb82cbe6630 None None] Starting request: 10.222.0.57 "PUT /placement/allocations/fae4e493-bf56-493a-9d85-57e320ee0d3a" {{(pid=112452) __call__ /opt/stack/placement/placement/requestlog.py:55}}
Aug 04 22:58:59.516727 n-d-816157-6 devstack@placement-api.service[112453]: [pid: 112453|app: 0|req: 21/39] 10.222.0.57 () {60 vars in 1380 bytes} [Thu Aug 4 22:58:59 2022] GET /placement/allocations/fae4e493-bf56-493a-9d85-57e320ee0d3a => generated 19 bytes in 40 msecs (HTTP/1.1 200) 8 headers in 295 bytes (1 switches on core 0)
Aug 04 22:58:59.780714 n-d-816157-6 devstack@placement-api.service[112452]: DEBUG placement.handlers.allocation [req-3abfcd45-543b-4294-9ddb-0d6e6d2af4ea req-aa0aae16-df03-41ac-9a50-7fb82cbe6630 service placement] Successfully wrote allocations [, , ] {{(pid=112452) _update_consumers_and_create_allocations /opt/stack/placement/placement/handlers/allocation.py:462}}
Aug 04 22:58:59.792399 n-d-816157-6 devstack@placement-api.service[112452]: INFO placement.requestlog [req-3abfcd45-543b-4294-9ddb-0d6e6d2af4ea req-aa0aae16-df03-41ac-9a50-7fb82cbe6630 service placement] 10.222.0.57 "PUT /placement/allocations/fae4e493-bf56-493a-9d85-57e320ee0d3a" status: 204 len: 0 microversion: 1.36
Aug 04 22:58:59.793298 n-d-816157-6 devstack@placement-api.service[112452]: [pid: 112452|app: 0|req: 19/40] 10.222.0.57 () {64 vars in 1433 bytes} [Thu Aug 4 22:58:59 2022] PUT /placement/allocations/fae4e493-bf56-493a-9d85-57e320ee0d3a => generated 0 bytes in 294 msecs (HTTP/1.1 204) 5 headers in 199 bytes (2 switches on core 0)
Aug 04 22:59:01.298598 n-d-816157-6 devstack@placement-api.service[112453]: DEBUG placement.requestlog [req-3abfcd45-543b-4294-9ddb-0d6e6d2af4ea req-e208c799-96e4-457c-ae84-18fd81b4bbbe None None] Starting request: 10.222.0.58 "GET /placement/allocations/fae4e493-bf56-493a-9d85-57e320ee0d3a" {{(pid=112453) __call__ /opt/stack/placement/placement/requestlog.py:55}}
Aug 04 22:59:01.335194 n-d-816157-6 devstack@placement-api.service[112453]: INFO placement.requestlog [req-3abfcd45-543b-4294-9ddb-0d6e6d2af4ea req-e208c799-96e4-457c-ae84-18fd81b4bbbe service placement] 10.222.0.58 "GET /placement/allocations/fae4e493-bf56-493a-9d85-57e320ee0d3a" status: 200 len: 258 microversion: 1.28
Aug 04 22:59:01.338251 n-d-816157-6 devstack@placement-api.service[112453]: [pid: 112453|app: 0|req: 22/41] 10.222.0.58 () {60 vars in 1377 bytes} [Thu Aug 4 22:59:01 2022] GET /placement/allocations/fae4e493-bf56-493a-9d85-57e320ee0d3a => generated 258 bytes in 40 msecs (HTTP/1.1 200) 8 headers in 296 bytes (2 switches on core 0)
Aug 04 22:59:09.779736 n-d-816157-6 devstack@placement-api.service[112452]: DEBUG dbcounter [-] [112452] Writing DB stats placement:SELECT=47,placement:INSERT=6,placement:DELETE=2,placement:UPDATE=2 {{(pid=112452) stat_writer /usr/local/lib/python3.8/dist-packages/dbcounter.py:114}}
Aug 04 22:59:11.329189 n-d-816157-6 devstack@placement-api.service[112453]: DEBUG dbcounter [-] [112453] Writing DB stats placement:SELECT=53,placement:INSERT=10,placement:DELETE=3,placement:UPDATE=5 {{(pid=112453) stat_writer /usr/local/lib/python3.8/dist-packages/dbcounter.py:114}}
Aug 04 22:59:37.144999 n-d-816157-6 devstack@placement-api.service[112452]: DEBUG placement.requestlog [req-8208e3b7-3a1e-4bab-85a1-c6d271131250 req-45fdf076-934f-46d7-ae67-2da4df374baf None None] Starting request: 10.222.0.20 "GET /placement/resource_providers/2c57dba3-f154-4542-bc72-adebc0ad0828/allocations" {{(pid=112452) __call__ /opt/stack/placement/placement/requestlog.py:55}}
Aug 04 22:59:37.340775 n-d-816157-6 devstack@placement-api.service[112452]: INFO placement.requestlog [req-8208e3b7-3a1e-4bab-85a1-c6d271131250 req-45fdf076-934f-46d7-ae67-2da4df374baf service placement] 10.222.0.20 "GET /placement/resource_providers/2c57dba3-f154-4542-bc72-adebc0ad0828/allocations" status: 200 len: 153 microversion: 1.0
Aug 04 22:59:37.341461 n-d-816157-6 devstack@placement-api.service[112452]: [pid: 112452|app: 0|req: 20/42] 10.222.0.20 () {58 vars in 1390 bytes} [Thu Aug 4 22:59:37 2022] GET /placement/resource_providers/2c57dba3-f154-4542-bc72-adebc0ad0828/allocations => generated 153 bytes in 208 msecs (HTTP/1.1 200) 6 headers in 224 bytes (1 switches on core 0)
Aug 04 22:59:38.096068 n-d-816157-6 devstack@placement-api.service[112453]: DEBUG placement.requestlog [req-98505ffb-dac3-4bc1-9a40-fcf413375b5d req-fe3e8c45-db98-4d7e-8f39-19864f0a364a None None] Starting request: 10.222.0.58 "GET /placement/resource_providers/52a72f53-8c8f-4054-91d3-5ff3126960b1/allocations" {{(pid=112453) __call__ /opt/stack/placement/placement/requestlog.py:55}}
Aug 04 22:59:38.297745 n-d-816157-6 devstack@placement-api.service[112453]: INFO placement.requestlog [req-98505ffb-dac3-4bc1-9a40-fcf413375b5d req-fe3e8c45-db98-4d7e-8f39-19864f0a364a service placement] 10.222.0.58 "GET /placement/resource_providers/52a72f53-8c8f-4054-91d3-5ff3126960b1/allocations" status: 200 len: 153 microversion: 1.0
Aug 04 22:59:38.309640 n-d-816157-6 devstack@placement-api.service[112453]: [pid: 112453|app: 0|req: 23/43] 10.222.0.58 () {58 vars in 1390 bytes} [Thu Aug 4 22:59:38 2022] GET /placement/resource_providers/52a72f53-8c8f-4054-91d3-5ff3126960b1/allocations => generated 153 bytes in 214 msecs (HTTP/1.1 200) 6 headers in 224 bytes (1 switches on core 0)
Aug 04 22:59:46.050349 n-d-816157-6 devstack@placement-api.service[112452]: DEBUG placement.requestlog [req-4f93ec8b-1679-44b6-a810-e10bd26a3fb5 req-ef59f58b-094a-470d-b2ee-52bf1a93eccf None None] Starting request: 10.222.0.20 "DELETE /placement/allocations/fd2665c2-c285-4b13-a76b-c17857cd26cb" {{(pid=112452) __call__ /opt/stack/placement/placement/requestlog.py:55}}
Aug 04 22:59:46.159092 n-d-816157-6 devstack@placement-api.service[112452]: DEBUG placement.handlers.allocation [req-4f93ec8b-1679-44b6-a810-e10bd26a3fb5 req-ef59f58b-094a-470d-b2ee-52bf1a93eccf service placement] Successfully deleted allocations [, , ] {{(pid=112452) delete_allocations /opt/stack/placement/placement/handlers/allocation.py:627}}
Aug 04 22:59:46.160497 n-d-816157-6 devstack@placement-api.service[112452]: INFO placement.requestlog [req-4f93ec8b-1679-44b6-a810-e10bd26a3fb5 req-ef59f58b-094a-470d-b2ee-52bf1a93eccf service placement] 10.222.0.20 "DELETE /placement/allocations/fd2665c2-c285-4b13-a76b-c17857cd26cb" status: 204 len: 0 microversion: 1.0
Aug 04 22:59:46.161451 n-d-816157-6 devstack@placement-api.service[112452]: [pid: 112452|app: 0|req: 21/44] 10.222.0.20 () {60 vars in 1355 bytes} [Thu Aug 4 22:59:46 2022] DELETE /placement/allocations/fd2665c2-c285-4b13-a76b-c17857cd26cb => generated 0 bytes in 111 msecs (HTTP/1.1 204) 5 headers in 198 bytes (2 switches on core 0)
Aug 04 22:59:48.040824 n-d-816157-6 devstack@placement-api.service[112453]: DEBUG placement.requestlog [req-d9b40cad-3d84-43ef-958b-d34dedd023ad req-2e60ffa8-556b-4dd5-826f-d00f4b4c8ec9 None None] Starting request: 10.222.0.58 "DELETE /placement/allocations/fae4e493-bf56-493a-9d85-57e320ee0d3a" {{(pid=112453) __call__ /opt/stack/placement/placement/requestlog.py:55}}
Aug 04 22:59:48.218989 n-d-816157-6 devstack@placement-api.service[112453]: DEBUG placement.handlers.allocation [req-d9b40cad-3d84-43ef-958b-d34dedd023ad req-2e60ffa8-556b-4dd5-826f-d00f4b4c8ec9 service placement] Successfully deleted allocations [, , ] {{(pid=112453) delete_allocations /opt/stack/placement/placement/handlers/allocation.py:627}}
Aug 04 22:59:48.219976 n-d-816157-6 devstack@placement-api.service[112453]: INFO placement.requestlog [req-d9b40cad-3d84-43ef-958b-d34dedd023ad req-2e60ffa8-556b-4dd5-826f-d00f4b4c8ec9 service placement] 10.222.0.58 "DELETE /placement/allocations/fae4e493-bf56-493a-9d85-57e320ee0d3a" status: 204 len: 0 microversion: 1.0
Aug 04 22:59:48.222171 n-d-816157-6 devstack@placement-api.service[112453]: [pid: 112453|app: 0|req: 24/45] 10.222.0.58 () {60 vars in 1355 bytes} [Thu Aug 4 22:59:48 2022] DELETE /placement/allocations/fae4e493-bf56-493a-9d85-57e320ee0d3a => generated 0 bytes in 182 msecs (HTTP/1.1 204) 5 headers in 198 bytes (2 switches on core 0)
Aug 04 22:59:50.058408 n-d-816157-6 devstack@placement-api.service[112452]: DEBUG placement.requestlog [req-e8d5c247-5198-4bfc-9771-40bb02c78854 req-40af5a2d-6d7b-4bcd-a6a1-76d3f942693e None None] Starting request: 10.222.0.57 "GET /placement/allocation_candidates?limit=1000&resources=DISK_GB%3A1%2CMEMORY_MB%3A1024%2CVCPU%3A1&root_required=%21COMPUTE_STATUS_DISABLED" {{(pid=112452) __call__ /opt/stack/placement/placement/requestlog.py:55}}
Aug 04 22:59:50.183243 n-d-816157-6 devstack@placement-api.service[112452]: DEBUG placement.objects.research_context [req-e8d5c247-5198-4bfc-9771-40bb02c78854 req-40af5a2d-6d7b-4bcd-a6a1-76d3f942693e service placement] getting providers with 1 DISK_GB {{(pid=112452) __init__ /opt/stack/placement/placement/objects/research_context.py:136}}
Aug 04 22:59:50.198069 n-d-816157-6 devstack@placement-api.service[112452]: DEBUG placement.objects.research_context [req-e8d5c247-5198-4bfc-9771-40bb02c78854 req-40af5a2d-6d7b-4bcd-a6a1-76d3f942693e service placement] getting providers with 1024 MEMORY_MB {{(pid=112452) __init__ /opt/stack/placement/placement/objects/research_context.py:136}}
Aug 04 22:59:50.212548 n-d-816157-6 devstack@placement-api.service[112452]: DEBUG placement.objects.research_context [req-e8d5c247-5198-4bfc-9771-40bb02c78854 req-40af5a2d-6d7b-4bcd-a6a1-76d3f942693e service placement] getting providers with 1 VCPU {{(pid=112452) __init__ /opt/stack/placement/placement/objects/research_context.py:136}}
Aug 04 22:59:50.225305 n-d-816157-6 devstack@placement-api.service[112452]: DEBUG placement.objects.research_context [req-e8d5c247-5198-4bfc-9771-40bb02c78854 req-40af5a2d-6d7b-4bcd-a6a1-76d3f942693e service placement] found 2 providers with available 1 DISK_GB {{(pid=112452) get_provider_ids_matching /opt/stack/placement/placement/objects/research_context.py:563}}
Aug 04 22:59:50.225773 n-d-816157-6 devstack@placement-api.service[112452]: DEBUG placement.objects.research_context [req-e8d5c247-5198-4bfc-9771-40bb02c78854 req-40af5a2d-6d7b-4bcd-a6a1-76d3f942693e service placement] found 2 providers with available 1024 MEMORY_MB {{(pid=112452) get_provider_ids_matching /opt/stack/placement/placement/objects/research_context.py:563}}
Aug 04 22:59:50.226253 n-d-816157-6 devstack@placement-api.service[112452]: DEBUG placement.objects.research_context [req-e8d5c247-5198-4bfc-9771-40bb02c78854 req-40af5a2d-6d7b-4bcd-a6a1-76d3f942693e service placement] found 2 providers after filtering by previous result {{(pid=112452) get_provider_ids_matching /opt/stack/placement/placement/objects/research_context.py:594}}
Aug 04 22:59:50.227012 n-d-816157-6 devstack@placement-api.service[112452]: DEBUG placement.objects.research_context [req-e8d5c247-5198-4bfc-9771-40bb02c78854 req-40af5a2d-6d7b-4bcd-a6a1-76d3f942693e service placement] found 2 providers with available 1 VCPU {{(pid=112452) get_provider_ids_matching /opt/stack/placement/placement/objects/research_context.py:563}}
Aug 04 22:59:50.227686 n-d-816157-6 devstack@placement-api.service[112452]: DEBUG placement.objects.research_context [req-e8d5c247-5198-4bfc-9771-40bb02c78854 req-40af5a2d-6d7b-4bcd-a6a1-76d3f942693e service placement] found 2 providers after filtering by previous result {{(pid=112452) get_provider_ids_matching /opt/stack/placement/placement/objects/research_context.py:594}}
Aug 04 22:59:50.260825 n-d-816157-6 devstack@placement-api.service[112452]: DEBUG placement.objects.allocation_candidate [req-e8d5c247-5198-4bfc-9771-40bb02c78854 req-40af5a2d-6d7b-4bcd-a6a1-76d3f942693e service placement] RequestGroup(use_same_provider=False, resources={DISK_GB:1, MEMORY_MB:1024, VCPU:1}, traits=(), aggregates=[]) (suffix '') returned 2 matches {{(pid=112452) _get_by_requests /opt/stack/placement/placement/objects/allocation_candidate.py:156}}
Aug 04 22:59:50.262744 n-d-816157-6 devstack@placement-api.service[112452]: DEBUG placement.objects.allocation_candidate [req-e8d5c247-5198-4bfc-9771-40bb02c78854 req-40af5a2d-6d7b-4bcd-a6a1-76d3f942693e service placement] Merging candidates yields 2 allocation requests and 2 provider summaries {{(pid=112452) _merge_candidates /opt/stack/placement/placement/objects/allocation_candidate.py:809}}
Aug 04 22:59:50.285622 n-d-816157-6 devstack@placement-api.service[112452]: INFO placement.requestlog [req-e8d5c247-5198-4bfc-9771-40bb02c78854 req-40af5a2d-6d7b-4bcd-a6a1-76d3f942693e service placement] 10.222.0.57 "GET /placement/allocation_candidates?limit=1000&resources=DISK_GB%3A1%2CMEMORY_MB%3A1024%2CVCPU%3A1&root_required=%21COMPUTE_STATUS_DISABLED" status: 200 len: 1303 microversion: 1.36
Aug 04 22:59:50.287388 n-d-816157-6 devstack@placement-api.service[112452]: [pid: 112452|app: 0|req: 22/46] 10.222.0.57 () {60 vars in 1506 bytes} [Thu Aug 4 22:59:50 2022] GET /placement/allocation_candidates?limit=1000&resources=DISK_GB%3A1%2CMEMORY_MB%3A1024%2CVCPU%3A1&root_required=%21COMPUTE_STATUS_DISABLED => generated 1303 bytes in 230 msecs (HTTP/1.1 200) 8 headers in 297 bytes (2 switches on core 0)
Aug 04 22:59:50.459784 n-d-816157-6 devstack@placement-api.service[112453]: DEBUG placement.requestlog [req-c5c78ea6-077a-4281-9f2e-1fe903a6e1cc req-4032cd20-8a66-42bf-8c33-b9683c32dbc8 None None] Starting request: 10.222.0.57 "GET /placement/resource_providers?name=n-h1-816157-6" {{(pid=112453) __call__ /opt/stack/placement/placement/requestlog.py:55}}
Aug 04 22:59:50.489212 n-d-816157-6 devstack@placement-api.service[112453]: INFO placement.requestlog [req-c5c78ea6-077a-4281-9f2e-1fe903a6e1cc req-4032cd20-8a66-42bf-8c33-b9683c32dbc8 service placement] 10.222.0.57 "GET /placement/resource_providers?name=n-h1-816157-6" status: 200 len: 440 microversion: 1.0
Aug 04 22:59:50.490432 n-d-816157-6 devstack@placement-api.service[112453]: [pid: 112453|app: 0|req: 25/47] 10.222.0.57 () {58 vars in 1274 bytes} [Thu Aug 4 22:59:50 2022] GET /placement/resource_providers?name=n-h1-816157-6 => generated 440 bytes in 32 msecs (HTTP/1.1 200) 6 headers in 224 bytes (2 switches on core 0)
Aug 04 22:59:50.499078 n-d-816157-6 devstack@placement-api.service[112452]: DEBUG placement.requestlog [req-c5c78ea6-077a-4281-9f2e-1fe903a6e1cc req-ec0028dc-b37e-4fff-92f8-cbe0d262410b None None] Starting request: 10.222.0.57 "GET /placement/resource_providers/52a72f53-8c8f-4054-91d3-5ff3126960b1/aggregates" {{(pid=112452) __call__ /opt/stack/placement/placement/requestlog.py:55}}
Aug 04 22:59:50.506049 n-d-816157-6 devstack@placement-api.service[112453]: DEBUG placement.requestlog [req-e8d5c247-5198-4bfc-9771-40bb02c78854 req-cfb572ed-ac84-42f4-9271-ffe48137018e None None] Starting request: 10.222.0.57 "GET /placement/allocations/dcc2433b-9fae-4a67-9094-d01613c1688e" {{(pid=112453) __call__ /opt/stack/placement/placement/requestlog.py:55}}
Aug 04 22:59:50.525113 n-d-816157-6 devstack@placement-api.service[112453]: INFO placement.requestlog [req-e8d5c247-5198-4bfc-9771-40bb02c78854 req-cfb572ed-ac84-42f4-9271-ffe48137018e service placement] 10.222.0.57 "GET /placement/allocations/dcc2433b-9fae-4a67-9094-d01613c1688e" status: 200 len: 19 microversion: 1.28
Aug 04 22:59:50.532717 n-d-816157-6 devstack@placement-api.service[112453]: [pid: 112453|app: 0|req: 26/48] 10.222.0.57 () {60 vars in 1380 bytes} [Thu Aug 4 22:59:50 2022] GET /placement/allocations/dcc2433b-9fae-4a67-9094-d01613c1688e => generated 19 bytes in 27 msecs (HTTP/1.1 200) 8 headers in 295 bytes (1 switches on core 0)
Aug 04 22:59:50.534566 n-d-816157-6 devstack@placement-api.service[112453]: DEBUG placement.requestlog [req-e8d5c247-5198-4bfc-9771-40bb02c78854 req-5674e8c0-5d28-46a4-aadf-c641611b88d6 None None] Starting request: 10.222.0.57 "PUT /placement/allocations/dcc2433b-9fae-4a67-9094-d01613c1688e" {{(pid=112453) __call__ /opt/stack/placement/placement/requestlog.py:55}}
Aug 04 22:59:50.547551 n-d-816157-6 devstack@placement-api.service[112452]: INFO placement.requestlog [req-c5c78ea6-077a-4281-9f2e-1fe903a6e1cc req-ec0028dc-b37e-4fff-92f8-cbe0d262410b service placement] 10.222.0.57 "GET /placement/resource_providers/52a72f53-8c8f-4054-91d3-5ff3126960b1/aggregates" status: 200 len: 91 microversion: 1.19
Aug 04 22:59:50.552744 n-d-816157-6 devstack@placement-api.service[112452]: [pid: 112452|app: 0|req: 23/49] 10.222.0.57 () {60 vars in 1425 bytes} [Thu Aug 4 22:59:50 2022] GET /placement/resource_providers/52a72f53-8c8f-4054-91d3-5ff3126960b1/aggregates => generated 91 bytes in 55 msecs (HTTP/1.1 200) 8 headers in 295 bytes (1 switches on core 0)
Aug 04 22:59:50.562381 n-d-816157-6 devstack@placement-api.service[112452]: DEBUG placement.requestlog [req-c5c78ea6-077a-4281-9f2e-1fe903a6e1cc req-5511c9a1-d954-4513-bfb6-75262775640b None None] Starting request: 10.222.0.57 "PUT /placement/resource_providers/52a72f53-8c8f-4054-91d3-5ff3126960b1/aggregates" {{(pid=112452) __call__ /opt/stack/placement/placement/requestlog.py:55}}
Aug 04 22:59:50.676564 n-d-816157-6 devstack@placement-api.service[112452]: DEBUG placement.objects.resource_provider [req-c5c78ea6-077a-4281-9f2e-1fe903a6e1cc req-5511c9a1-d954-4513-bfb6-75262775640b service placement] Setting aggregates for provider 52a72f53-8c8f-4054-91d3-5ff3126960b1. Successfully disassociated aggregate 3835a3e7-c6e7-408c-ba93-37ba8642a5b5. {{(pid=112452) _set_aggregates /opt/stack/placement/placement/objects/resource_provider.py:404}}
Aug 04 22:59:50.704346 n-d-816157-6 devstack@placement-api.service[112452]: INFO placement.requestlog [req-c5c78ea6-077a-4281-9f2e-1fe903a6e1cc req-5511c9a1-d954-4513-bfb6-75262775640b service placement] 10.222.0.57 "PUT /placement/resource_providers/52a72f53-8c8f-4054-91d3-5ff3126960b1/aggregates" status: 200 len: 53 microversion: 1.19
Aug 04 22:59:50.706236 n-d-816157-6 devstack@placement-api.service[112452]: [pid: 112452|app: 0|req: 24/50] 10.222.0.57 () {64 vars in 1477 bytes} [Thu Aug 4 22:59:50 2022] PUT /placement/resource_providers/52a72f53-8c8f-4054-91d3-5ff3126960b1/aggregates => generated 53 bytes in 145 msecs (HTTP/1.1 200) 8 headers in 295 bytes (1 switches on core 0)
Aug 04 22:59:50.778017 n-d-816157-6 devstack@placement-api.service[112453]: DEBUG placement.handlers.allocation [req-e8d5c247-5198-4bfc-9771-40bb02c78854 req-5674e8c0-5d28-46a4-aadf-c641611b88d6 service placement] Successfully wrote allocations [, , ] {{(pid=112453) _update_consumers_and_create_allocations /opt/stack/placement/placement/handlers/allocation.py:462}}
Aug 04 22:59:50.791219 n-d-816157-6 devstack@placement-api.service[112453]: INFO placement.requestlog [req-e8d5c247-5198-4bfc-9771-40bb02c78854 req-5674e8c0-5d28-46a4-aadf-c641611b88d6 service placement] 10.222.0.57 "PUT /placement/allocations/dcc2433b-9fae-4a67-9094-d01613c1688e" status: 204 len: 0 microversion: 1.36
Aug 04 22:59:50.791692 n-d-816157-6 devstack@placement-api.service[112453]: [pid: 112453|app: 0|req: 27/51] 10.222.0.57 () {64 vars in 1433 bytes} [Thu Aug 4 22:59:50 2022] PUT /placement/allocations/dcc2433b-9fae-4a67-9094-d01613c1688e => generated 0 bytes in 258 msecs (HTTP/1.1 204) 5 headers in 199 bytes (1 switches on core 0)
Aug 04 22:59:51.551494 n-d-816157-6 devstack@placement-api.service[112452]: DEBUG placement.requestlog [req-325eeb1a-76cb-42cc-9d1d-aea09adbe6ae req-d6d36910-e82f-456c-9ad9-1a7165062872 None None] Starting request: 10.222.0.57 "GET /placement/resource_providers?name=n-h1-816157-6" {{(pid=112452) __call__ /opt/stack/placement/placement/requestlog.py:55}}
Aug 04 22:59:51.657506 n-d-816157-6 devstack@placement-api.service[112452]: INFO placement.requestlog [req-325eeb1a-76cb-42cc-9d1d-aea09adbe6ae req-d6d36910-e82f-456c-9ad9-1a7165062872 service placement] 10.222.0.57 "GET /placement/resource_providers?name=n-h1-816157-6" status: 200 len: 440 microversion: 1.0
Aug 04 22:59:51.658274 n-d-816157-6 devstack@placement-api.service[112452]: [pid: 112452|app: 0|req: 25/52] 10.222.0.57 () {58 vars in 1274 bytes} [Thu Aug 4 22:59:51 2022] GET /placement/resource_providers?name=n-h1-816157-6 => generated 440 bytes in 107 msecs (HTTP/1.1 200) 6 headers in 224 bytes (1 switches on core 0)
Aug 04 22:59:51.675957 n-d-816157-6 devstack@placement-api.service[112453]: DEBUG placement.requestlog [req-325eeb1a-76cb-42cc-9d1d-aea09adbe6ae req-896f7065-45ef-4908-8cf0-c0f24f799ba2 None None] Starting request: 10.222.0.57 "GET /placement/resource_providers/52a72f53-8c8f-4054-91d3-5ff3126960b1/aggregates" {{(pid=112453) __call__ /opt/stack/placement/placement/requestlog.py:55}}
Aug 04 22:59:51.753015 n-d-816157-6 devstack@placement-api.service[112453]: INFO placement.requestlog [req-325eeb1a-76cb-42cc-9d1d-aea09adbe6ae req-896f7065-45ef-4908-8cf0-c0f24f799ba2 service placement] 10.222.0.57 "GET /placement/resource_providers/52a72f53-8c8f-4054-91d3-5ff3126960b1/aggregates" status: 200 len: 53 microversion: 1.19
Aug 04 22:59:51.753739 n-d-816157-6 devstack@placement-api.service[112453]: [pid: 112453|app: 0|req: 28/53] 10.222.0.57 () {60 vars in 1425 bytes} [Thu Aug 4 22:59:51 2022] GET /placement/resource_providers/52a72f53-8c8f-4054-91d3-5ff3126960b1/aggregates => generated 53 bytes in 79 msecs (HTTP/1.1 200) 8 headers in 295 bytes (1 switches on core 0)
Aug 04 22:59:51.766495 n-d-816157-6 devstack@placement-api.service[112452]: DEBUG placement.requestlog [req-325eeb1a-76cb-42cc-9d1d-aea09adbe6ae req-83cfe0de-8e14-4edf-abf4-1f069c72382a None None] Starting request: 10.222.0.57 "PUT /placement/resource_providers/52a72f53-8c8f-4054-91d3-5ff3126960b1/aggregates" {{(pid=112452) __call__ /opt/stack/placement/placement/requestlog.py:55}}
Aug 04 22:59:51.809931 n-d-816157-6 devstack@placement-api.service[112452]: DEBUG placement.objects.resource_provider [req-325eeb1a-76cb-42cc-9d1d-aea09adbe6ae req-83cfe0de-8e14-4edf-abf4-1f069c72382a service placement] _ensure_aggregate() did not find aggregate 61dbe052-3769-4c0f-a8c6-0072c010ae36. Attempting to create it. {{(pid=112452) _ensure_aggregate /opt/stack/placement/placement/objects/resource_provider.py:321}}
Aug 04 22:59:51.814518 n-d-816157-6 devstack@placement-api.service[112452]: DEBUG placement.objects.resource_provider [req-325eeb1a-76cb-42cc-9d1d-aea09adbe6ae req-83cfe0de-8e14-4edf-abf4-1f069c72382a service placement] _ensure_aggregate() created new aggregate 61dbe052-3769-4c0f-a8c6-0072c010ae36 (id=3). {{(pid=112452) _ensure_aggregate /opt/stack/placement/placement/objects/resource_provider.py:327}}
Aug 04 22:59:51.821139 n-d-816157-6 devstack@placement-api.service[112453]: DEBUG placement.requestlog [req-e8d5c247-5198-4bfc-9771-40bb02c78854 req-30b0e017-640a-42c8-be51-b07427502eea None None] Starting request: 10.222.0.20 "GET /placement/allocations/dcc2433b-9fae-4a67-9094-d01613c1688e" {{(pid=112453) __call__ /opt/stack/placement/placement/requestlog.py:55}}
Aug 04 22:59:51.842293 n-d-816157-6 devstack@placement-api.service[112452]: DEBUG placement.objects.resource_provider [req-325eeb1a-76cb-42cc-9d1d-aea09adbe6ae req-83cfe0de-8e14-4edf-abf4-1f069c72382a service placement] Setting aggregates for provider 52a72f53-8c8f-4054-91d3-5ff3126960b1. Successfully associated aggregate 61dbe052-3769-4c0f-a8c6-0072c010ae36. {{(pid=112452) _set_aggregates /opt/stack/placement/placement/objects/resource_provider.py:389}}
Aug 04 22:59:51.864135 n-d-816157-6 devstack@placement-api.service[112453]: INFO placement.requestlog [req-e8d5c247-5198-4bfc-9771-40bb02c78854 req-30b0e017-640a-42c8-be51-b07427502eea service placement] 10.222.0.20 "GET /placement/allocations/dcc2433b-9fae-4a67-9094-d01613c1688e" status: 200 len: 258 microversion: 1.28
Aug 04 22:59:51.867394 n-d-816157-6 devstack@placement-api.service[112453]: [pid: 112453|app: 0|req: 29/54] 10.222.0.20 () {60 vars in 1377 bytes} [Thu Aug 4 22:59:51 2022] GET /placement/allocations/dcc2433b-9fae-4a67-9094-d01613c1688e => generated 258 bytes in 46 msecs (HTTP/1.1 200) 8 headers in 296 bytes (1 switches on core 0)
Aug 04 22:59:51.868201 n-d-816157-6 devstack@placement-api.service[112452]: INFO placement.requestlog [req-325eeb1a-76cb-42cc-9d1d-aea09adbe6ae req-83cfe0de-8e14-4edf-abf4-1f069c72382a service placement] 10.222.0.57 "PUT /placement/resource_providers/52a72f53-8c8f-4054-91d3-5ff3126960b1/aggregates" status: 200 len: 91 microversion: 1.19
Aug 04 22:59:51.874354 n-d-816157-6 devstack@placement-api.service[112452]: [pid: 112452|app: 0|req: 26/55] 10.222.0.57 () {64 vars in 1477 bytes} [Thu Aug 4 22:59:51 2022] PUT /placement/resource_providers/52a72f53-8c8f-4054-91d3-5ff3126960b1/aggregates => generated 91 bytes in 107 msecs (HTTP/1.1 200) 8 headers in 295 bytes (2 switches on core 0)
Aug 04 22:59:52.056339 n-d-816157-6 devstack@placement-api.service[112453]: DEBUG placement.requestlog [req-ab27503a-0d19-4dcc-b0b2-401e9f180fde req-ed3f58d9-0882-4cdc-88f2-695b7a6af426 None None] Starting request: 10.222.0.57 "GET /placement/resource_providers?name=n-h1-816157-6" {{(pid=112453) __call__ /opt/stack/placement/placement/requestlog.py:55}}
Aug 04 22:59:52.118829 n-d-816157-6 devstack@placement-api.service[112453]: INFO placement.requestlog [req-ab27503a-0d19-4dcc-b0b2-401e9f180fde req-ed3f58d9-0882-4cdc-88f2-695b7a6af426 service placement] 10.222.0.57 "GET /placement/resource_providers?name=n-h1-816157-6" status: 200 len: 440 microversion: 1.0
Aug 04 22:59:52.119779 n-d-816157-6 devstack@placement-api.service[112453]: [pid: 112453|app: 0|req: 30/56] 10.222.0.57 () {58 vars in 1274 bytes} [Thu Aug 4 22:59:52 2022] GET /placement/resource_providers?name=n-h1-816157-6 => generated 440 bytes in 64 msecs (HTTP/1.1 200) 6 headers in 224 bytes (1 switches on core 0)
Aug 04 22:59:52.130015 n-d-816157-6 devstack@placement-api.service[112452]: DEBUG placement.requestlog [req-ab27503a-0d19-4dcc-b0b2-401e9f180fde req-d3561821-0d25-4e83-bb1b-5034376886d0 None None] Starting request: 10.222.0.57 "GET /placement/resource_providers/52a72f53-8c8f-4054-91d3-5ff3126960b1/aggregates" {{(pid=112452) __call__ /opt/stack/placement/placement/requestlog.py:55}}
Aug 04 22:59:52.176466 n-d-816157-6 devstack@placement-api.service[112452]: INFO placement.requestlog [req-ab27503a-0d19-4dcc-b0b2-401e9f180fde req-d3561821-0d25-4e83-bb1b-5034376886d0 service placement] 10.222.0.57 "GET /placement/resource_providers/52a72f53-8c8f-4054-91d3-5ff3126960b1/aggregates" status: 200 len: 91 microversion: 1.19
Aug 04 22:59:52.177458 n-d-816157-6 devstack@placement-api.service[112452]: [pid: 112452|app: 0|req: 27/57] 10.222.0.57 () {60 vars in 1425 bytes} [Thu Aug 4 22:59:52 2022] GET /placement/resource_providers/52a72f53-8c8f-4054-91d3-5ff3126960b1/aggregates => generated 91 bytes in 48 msecs (HTTP/1.1 200) 8 headers in 295 bytes (1 switches on core 0)
Aug 04 22:59:52.188358 n-d-816157-6 devstack@placement-api.service[112453]: DEBUG placement.requestlog [req-ab27503a-0d19-4dcc-b0b2-401e9f180fde req-79f21acb-28cb-4cbc-9510-d35e67c157d5 None None] Starting request: 10.222.0.57 "PUT /placement/resource_providers/52a72f53-8c8f-4054-91d3-5ff3126960b1/aggregates" {{(pid=112453) __call__ /opt/stack/placement/placement/requestlog.py:55}}
Aug 04 22:59:52.266464 n-d-816157-6 devstack@placement-api.service[112453]: DEBUG placement.objects.resource_provider [req-ab27503a-0d19-4dcc-b0b2-401e9f180fde req-79f21acb-28cb-4cbc-9510-d35e67c157d5 service placement] Setting aggregates for provider 52a72f53-8c8f-4054-91d3-5ff3126960b1. Successfully disassociated aggregate 61dbe052-3769-4c0f-a8c6-0072c010ae36. {{(pid=112453) _set_aggregates /opt/stack/placement/placement/objects/resource_provider.py:404}}
Aug 04 22:59:52.289691 n-d-816157-6 devstack@placement-api.service[112453]: INFO placement.requestlog [req-ab27503a-0d19-4dcc-b0b2-401e9f180fde req-79f21acb-28cb-4cbc-9510-d35e67c157d5 service placement] 10.222.0.57 "PUT /placement/resource_providers/52a72f53-8c8f-4054-91d3-5ff3126960b1/aggregates" status: 200 len: 53 microversion: 1.19
Aug 04 22:59:52.291519 n-d-816157-6 devstack@placement-api.service[112453]: [pid: 112453|app: 0|req: 31/58] 10.222.0.57 () {64 vars in 1477 bytes} [Thu Aug 4 22:59:52 2022] PUT /placement/resource_providers/52a72f53-8c8f-4054-91d3-5ff3126960b1/aggregates => generated 53 bytes in 104 msecs (HTTP/1.1 200) 8 headers in 295 bytes (1 switches on core 0)
Aug 04 22:59:52.917664 n-d-816157-6 devstack@placement-api.service[112452]: DEBUG placement.requestlog [req-c7a04d92-39d6-495d-9849-d4e98bd0faab req-0fb9fb51-e882-493e-8c1b-fed3e169ac8a None None] Starting request: 10.222.0.57 "GET /placement/resource_providers?name=n-h1-816157-6" {{(pid=112452) __call__ /opt/stack/placement/placement/requestlog.py:55}}
Aug 04 22:59:52.950163 n-d-816157-6 devstack@placement-api.service[112452]: INFO placement.requestlog [req-c7a04d92-39d6-495d-9849-d4e98bd0faab req-0fb9fb51-e882-493e-8c1b-fed3e169ac8a service placement] 10.222.0.57 "GET /placement/resource_providers?name=n-h1-816157-6" status: 200 len: 440 microversion: 1.0
Aug 04 22:59:52.951658 n-d-816157-6 devstack@placement-api.service[112452]: [pid: 112452|app: 0|req: 28/59] 10.222.0.57 () {58 vars in 1274 bytes} [Thu Aug 4 22:59:52 2022] GET /placement/resource_providers?name=n-h1-816157-6 => generated 440 bytes in 35 msecs (HTTP/1.1 200) 6 headers in 224 bytes (1 switches on core 0)
Aug 04 22:59:52.989544 n-d-816157-6 devstack@placement-api.service[112453]: DEBUG placement.requestlog [req-c7a04d92-39d6-495d-9849-d4e98bd0faab req-d8e2284f-4a60-4cea-8691-1d896be8e341 None None] Starting request: 10.222.0.57 "GET /placement/resource_providers/52a72f53-8c8f-4054-91d3-5ff3126960b1/aggregates" {{(pid=112453) __call__ /opt/stack/placement/placement/requestlog.py:55}}
