Aug 04 23:09:14.652348 n-d-816157-6 devstack@placement-api.service[112452]: DEBUG placement.objects.allocation_candidate [req-6344fbda-5280-404c-90d0-6330470cc368 req-5bc195f7-4083-4bc4-9d60-32e04410b17c service placement] Merging candidates yields 2 allocation requests and 2 provider summaries {{(pid=112452) _merge_candidates /opt/stack/placement/placement/objects/allocation_candidate.py:809}}
Aug 04 23:09:14.656112 n-d-816157-6 devstack@placement-api.service[112452]: INFO placement.requestlog [req-6344fbda-5280-404c-90d0-6330470cc368 req-5bc195f7-4083-4bc4-9d60-32e04410b17c service placement] 10.222.0.57 "GET /placement/allocation_candidates?resources=DISK_GB%3A1%2CMEMORY_MB%3A1024%2CVCPU%3A1&root_required=%21COMPUTE_STATUS_DISABLED" status: 200 len: 1312 microversion: 1.36
Aug 04 23:09:14.657915 n-d-816157-6 devstack@placement-api.service[112452]: [pid: 112452|app: 0|req: 254/511] 10.222.0.57 () {60 vars in 1484 bytes} [Thu Aug 4 23:09:14 2022] GET /placement/allocation_candidates?resources=DISK_GB%3A1%2CMEMORY_MB%3A1024%2CVCPU%3A1&root_required=%21COMPUTE_STATUS_DISABLED => generated 1312 bytes in 164 msecs (HTTP/1.1 200) 8 headers in 297 bytes (1 switches on core 0)
Aug 04 23:09:14.756851 n-d-816157-6 devstack@placement-api.service[112453]: DEBUG placement.requestlog [req-6344fbda-5280-404c-90d0-6330470cc368 req-7a97cf7b-a5e6-47fc-a3bd-c8448be6e22b None None] Starting request: 10.222.0.57 "GET /placement/allocations/826980a6-ced7-46ed-92ce-f08d88ab1769" {{(pid=112453) __call__ /opt/stack/placement/placement/requestlog.py:55}}
Aug 04 23:09:14.778536 n-d-816157-6 devstack@placement-api.service[112453]: INFO placement.requestlog [req-6344fbda-5280-404c-90d0-6330470cc368 req-7a97cf7b-a5e6-47fc-a3bd-c8448be6e22b service placement] 10.222.0.57 "GET /placement/allocations/826980a6-ced7-46ed-92ce-f08d88ab1769" status: 200 len: 19 microversion: 1.28
Aug 04 23:09:14.779853 n-d-816157-6 devstack@placement-api.service[112453]: [pid: 112453|app: 0|req: 258/512] 10.222.0.57 () {60 vars in 1380 bytes} [Thu Aug 4 23:09:14 2022] GET /placement/allocations/826980a6-ced7-46ed-92ce-f08d88ab1769 => generated 19 bytes in 24 msecs (HTTP/1.1 200) 8 headers in 295 bytes (1 switches on core 0)
Aug 04 23:09:14.786334 n-d-816157-6 devstack@placement-api.service[112452]: DEBUG placement.requestlog [req-6344fbda-5280-404c-90d0-6330470cc368 req-919a46b7-0e1c-4677-b360-8c0ec81d51f2 None None] Starting request: 10.222.0.57 "PUT /placement/allocations/826980a6-ced7-46ed-92ce-f08d88ab1769" {{(pid=112452) __call__ /opt/stack/placement/placement/requestlog.py:55}}
Aug 04 23:09:14.890897 n-d-816157-6 devstack@placement-api.service[112452]: DEBUG placement.handlers.allocation [req-6344fbda-5280-404c-90d0-6330470cc368 req-919a46b7-0e1c-4677-b360-8c0ec81d51f2 service placement] Successfully wrote allocations [, , ] {{(pid=112452) _update_consumers_and_create_allocations /opt/stack/placement/placement/handlers/allocation.py:462}}
Aug 04 23:09:14.895808 n-d-816157-6 devstack@placement-api.service[112452]: INFO placement.requestlog [req-6344fbda-5280-404c-90d0-6330470cc368 req-919a46b7-0e1c-4677-b360-8c0ec81d51f2 service placement] 10.222.0.57 "PUT /placement/allocations/826980a6-ced7-46ed-92ce-f08d88ab1769" status: 204 len: 0 microversion: 1.36
Aug 04 23:09:14.904556 n-d-816157-6 devstack@placement-api.service[112452]: [pid: 112452|app: 0|req: 255/513] 10.222.0.57 () {64 vars in 1433 bytes} [Thu Aug 4 23:09:14 2022] PUT /placement/allocations/826980a6-ced7-46ed-92ce-f08d88ab1769 => generated 0 bytes in 111 msecs (HTTP/1.1 204) 5 headers in 199 bytes (1 switches on core 0)
Aug 04 23:09:15.449727 n-d-816157-6 devstack@placement-api.service[112453]: DEBUG placement.requestlog [req-6344fbda-5280-404c-90d0-6330470cc368 req-46824bb6-c524-4d09-9d17-e98498950f25 None None] Starting request: 10.222.0.20 "GET /placement/allocations/826980a6-ced7-46ed-92ce-f08d88ab1769" {{(pid=112453) __call__ /opt/stack/placement/placement/requestlog.py:55}}
Aug 04 23:09:15.476682 n-d-816157-6 devstack@placement-api.service[112453]: INFO placement.requestlog [req-6344fbda-5280-404c-90d0-6330470cc368 req-46824bb6-c524-4d09-9d17-e98498950f25 service placement] 10.222.0.20 "GET /placement/allocations/826980a6-ced7-46ed-92ce-f08d88ab1769" status: 200 len: 259 microversion: 1.28
Aug 04 23:09:15.477978 n-d-816157-6 devstack@placement-api.service[112453]: [pid: 112453|app: 0|req: 259/514] 10.222.0.20 () {60 vars in 1377 bytes} [Thu Aug 4 23:09:15 2022] GET /placement/allocations/826980a6-ced7-46ed-92ce-f08d88ab1769 => generated 259 bytes in 28 msecs (HTTP/1.1 200) 8 headers in 296 bytes (1 switches on core 0)
Aug 04 23:09:17.810435 n-d-816157-6 devstack@placement-api.service[112452]: DEBUG placement.requestlog [req-7c777545-83e1-438b-96b2-a58b007febe2 req-d8f86c28-78a2-4c19-a1ac-05678344caf0 None None] Starting request: 10.222.0.58 "DELETE /placement/allocations/4f706315-7d14-4706-a920-ebeee0b8d10f" {{(pid=112452) __call__ /opt/stack/placement/placement/requestlog.py:55}}
Aug 04 23:09:17.864046 n-d-816157-6 devstack@placement-api.service[112452]: DEBUG placement.handlers.allocation [req-7c777545-83e1-438b-96b2-a58b007febe2 req-d8f86c28-78a2-4c19-a1ac-05678344caf0 service placement] Successfully deleted allocations [, , ] {{(pid=112452) delete_allocations /opt/stack/placement/placement/handlers/allocation.py:627}}
Aug 04 23:09:17.865200 n-d-816157-6 devstack@placement-api.service[112452]: INFO placement.requestlog [req-7c777545-83e1-438b-96b2-a58b007febe2 req-d8f86c28-78a2-4c19-a1ac-05678344caf0 service placement] 10.222.0.58 "DELETE /placement/allocations/4f706315-7d14-4706-a920-ebeee0b8d10f" status: 204 len: 0 microversion: 1.0
Aug 04 23:09:17.865931 n-d-816157-6 devstack@placement-api.service[112452]: [pid: 112452|app: 0|req: 256/515] 10.222.0.58 () {60 vars in 1355 bytes} [Thu Aug 4 23:09:17 2022] DELETE /placement/allocations/4f706315-7d14-4706-a920-ebeee0b8d10f => generated 0 bytes in 56 msecs (HTTP/1.1 204) 5 headers in 198 bytes (1 switches on core 0)
Aug 04 23:09:18.620633 n-d-816157-6 devstack@placement-api.service[112453]: DEBUG placement.requestlog [req-ba82a5a5-be6a-44d9-a771-73334cf47fba req-8452d412-b0d8-491d-8938-f3d47c266edf None None] Starting request: 10.222.0.58 "DELETE /placement/allocations/6f474d52-9cfe-4f8f-b3a9-046e9781ce6b" {{(pid=112453) __call__ /opt/stack/placement/placement/requestlog.py:55}}
Aug 04 23:09:18.719135 n-d-816157-6 devstack@placement-api.service[112453]: DEBUG placement.handlers.allocation [req-ba82a5a5-be6a-44d9-a771-73334cf47fba req-8452d412-b0d8-491d-8938-f3d47c266edf service placement] Successfully deleted allocations [, , ] {{(pid=112453) delete_allocations /opt/stack/placement/placement/handlers/allocation.py:627}}
Aug 04 23:09:18.720480 n-d-816157-6 devstack@placement-api.service[112453]: INFO placement.requestlog [req-ba82a5a5-be6a-44d9-a771-73334cf47fba req-8452d412-b0d8-491d-8938-f3d47c266edf service placement] 10.222.0.58 "DELETE /placement/allocations/6f474d52-9cfe-4f8f-b3a9-046e9781ce6b" status: 204 len: 0 microversion: 1.0
Aug 04 23:09:18.722578 n-d-816157-6 devstack@placement-api.service[112453]: [pid: 112453|app: 0|req: 260/516] 10.222.0.58 () {60 vars in 1355 bytes} [Thu Aug 4 23:09:18 2022] DELETE /placement/allocations/6f474d52-9cfe-4f8f-b3a9-046e9781ce6b => generated 0 bytes in 102 msecs (HTTP/1.1 204) 5 headers in 198 bytes (1 switches on core 0)
Aug 04 23:09:19.242654 n-d-816157-6 devstack@placement-api.service[112452]: DEBUG placement.requestlog [req-fecb6440-0301-452c-b304-a45167106408 req-48b62362-1ed8-41dc-ab86-20d7fc36334d None None] Starting request: 10.222.0.57 "GET /placement/allocation_candidates?limit=1000&resources=DISK_GB%3A1%2CMEMORY_MB%3A1024%2CVCPU%3A1&root_required=%21COMPUTE_STATUS_DISABLED" {{(pid=112452) __call__ /opt/stack/placement/placement/requestlog.py:55}}
Aug 04 23:09:19.337808 n-d-816157-6 devstack@placement-api.service[112452]: DEBUG placement.objects.research_context [req-fecb6440-0301-452c-b304-a45167106408 req-48b62362-1ed8-41dc-ab86-20d7fc36334d service placement] getting providers with 1 DISK_GB {{(pid=112452) __init__ /opt/stack/placement/placement/objects/research_context.py:136}}
Aug 04 23:09:19.350109 n-d-816157-6 devstack@placement-api.service[112452]: DEBUG placement.objects.research_context [req-fecb6440-0301-452c-b304-a45167106408 req-48b62362-1ed8-41dc-ab86-20d7fc36334d service placement] getting providers with 1024 MEMORY_MB {{(pid=112452) __init__ /opt/stack/placement/placement/objects/research_context.py:136}}
Aug 04 23:09:19.357467 n-d-816157-6 devstack@placement-api.service[112452]: DEBUG placement.objects.research_context [req-fecb6440-0301-452c-b304-a45167106408 req-48b62362-1ed8-41dc-ab86-20d7fc36334d service placement] getting providers with 1 VCPU {{(pid=112452) __init__ /opt/stack/placement/placement/objects/research_context.py:136}}
Aug 04 23:09:19.365481 n-d-816157-6 devstack@placement-api.service[112452]: DEBUG placement.objects.research_context [req-fecb6440-0301-452c-b304-a45167106408 req-48b62362-1ed8-41dc-ab86-20d7fc36334d service placement] found 2 providers with available 1 DISK_GB {{(pid=112452) get_provider_ids_matching /opt/stack/placement/placement/objects/research_context.py:563}}
Aug 04 23:09:19.365834 n-d-816157-6 devstack@placement-api.service[112452]: DEBUG placement.objects.research_context [req-fecb6440-0301-452c-b304-a45167106408 req-48b62362-1ed8-41dc-ab86-20d7fc36334d service placement] found 2 providers with available 1024 MEMORY_MB {{(pid=112452) get_provider_ids_matching /opt/stack/placement/placement/objects/research_context.py:563}}
Aug 04 23:09:19.366348 n-d-816157-6 devstack@placement-api.service[112452]: DEBUG placement.objects.research_context [req-fecb6440-0301-452c-b304-a45167106408 req-48b62362-1ed8-41dc-ab86-20d7fc36334d service placement] found 2 providers after filtering by previous result {{(pid=112452) get_provider_ids_matching /opt/stack/placement/placement/objects/research_context.py:594}}
Aug 04 23:09:19.366689 n-d-816157-6 devstack@placement-api.service[112452]: DEBUG placement.objects.research_context [req-fecb6440-0301-452c-b304-a45167106408 req-48b62362-1ed8-41dc-ab86-20d7fc36334d service placement] found 2 providers with available 1 VCPU {{(pid=112452) get_provider_ids_matching /opt/stack/placement/placement/objects/research_context.py:563}}
Aug 04 23:09:19.366992 n-d-816157-6 devstack@placement-api.service[112452]: DEBUG placement.objects.research_context [req-fecb6440-0301-452c-b304-a45167106408 req-48b62362-1ed8-41dc-ab86-20d7fc36334d service placement] found 2 providers after filtering by previous result {{(pid=112452) get_provider_ids_matching /opt/stack/placement/placement/objects/research_context.py:594}}
Aug 04 23:09:19.387228 n-d-816157-6 devstack@placement-api.service[112452]: DEBUG placement.objects.allocation_candidate [req-fecb6440-0301-452c-b304-a45167106408 req-48b62362-1ed8-41dc-ab86-20d7fc36334d service placement] RequestGroup(use_same_provider=False, resources={DISK_GB:1, MEMORY_MB:1024, VCPU:1}, traits=(), aggregates=[]) (suffix '') returned 2 matches {{(pid=112452) _get_by_requests /opt/stack/placement/placement/objects/allocation_candidate.py:156}}
Aug 04 23:09:19.388186 n-d-816157-6 devstack@placement-api.service[112452]: DEBUG placement.objects.allocation_candidate [req-fecb6440-0301-452c-b304-a45167106408 req-48b62362-1ed8-41dc-ab86-20d7fc36334d service placement] Merging candidates yields 2 allocation requests and 2 provider summaries {{(pid=112452) _merge_candidates /opt/stack/placement/placement/objects/allocation_candidate.py:809}}
Aug 04 23:09:19.390196 n-d-816157-6 devstack@placement-api.service[112452]: INFO placement.requestlog [req-fecb6440-0301-452c-b304-a45167106408 req-48b62362-1ed8-41dc-ab86-20d7fc36334d service placement] 10.222.0.57 "GET /placement/allocation_candidates?limit=1000&resources=DISK_GB%3A1%2CMEMORY_MB%3A1024%2CVCPU%3A1&root_required=%21COMPUTE_STATUS_DISABLED" status: 200 len: 1312 microversion: 1.36
Aug 04 23:09:19.390741 n-d-816157-6 devstack@placement-api.service[112452]: [pid: 112452|app: 0|req: 257/517] 10.222.0.57 () {60 vars in 1506 bytes} [Thu Aug 4 23:09:19 2022] GET /placement/allocation_candidates?limit=1000&resources=DISK_GB%3A1%2CMEMORY_MB%3A1024%2CVCPU%3A1&root_required=%21COMPUTE_STATUS_DISABLED => generated 1312 bytes in 148 msecs (HTTP/1.1 200) 8 headers in 297 bytes (2 switches on core 0)
Aug 04 23:09:19.516955 n-d-816157-6 devstack@placement-api.service[112453]: DEBUG placement.requestlog [req-fecb6440-0301-452c-b304-a45167106408 req-9fbf0456-224c-4676-ac0e-6b82205ad2d9 None None] Starting request: 10.222.0.57 "GET /placement/allocations/55a5b4ab-312b-48f3-a138-639cc46a66ec" {{(pid=112453) __call__ /opt/stack/placement/placement/requestlog.py:55}}
Aug 04 23:09:19.534295 n-d-816157-6 devstack@placement-api.service[112453]: INFO placement.requestlog [req-fecb6440-0301-452c-b304-a45167106408 req-9fbf0456-224c-4676-ac0e-6b82205ad2d9 service placement] 10.222.0.57 "GET /placement/allocations/55a5b4ab-312b-48f3-a138-639cc46a66ec" status: 200 len: 19 microversion: 1.28
Aug 04 23:09:19.535511 n-d-816157-6 devstack@placement-api.service[112453]: [pid: 112453|app: 0|req: 261/518] 10.222.0.57 () {60 vars in 1380 bytes} [Thu Aug 4 23:09:19 2022] GET /placement/allocations/55a5b4ab-312b-48f3-a138-639cc46a66ec => generated 19 bytes in 19 msecs (HTTP/1.1 200) 8 headers in 295 bytes (1 switches on core 0)
Aug 04 23:09:19.542904 n-d-816157-6 devstack@placement-api.service[112452]: DEBUG placement.requestlog [req-fecb6440-0301-452c-b304-a45167106408 req-65d75a59-90c3-445f-800a-7b7fc9dedcd7 None None] Starting request: 10.222.0.57 "PUT /placement/allocations/55a5b4ab-312b-48f3-a138-639cc46a66ec" {{(pid=112452) __call__ /opt/stack/placement/placement/requestlog.py:55}}
Aug 04 23:09:19.682040 n-d-816157-6 devstack@placement-api.service[112452]: DEBUG placement.handlers.allocation [req-fecb6440-0301-452c-b304-a45167106408 req-65d75a59-90c3-445f-800a-7b7fc9dedcd7 service placement] Successfully wrote allocations [, , ] {{(pid=112452) _update_consumers_and_create_allocations /opt/stack/placement/placement/handlers/allocation.py:462}}
Aug 04 23:09:19.687141 n-d-816157-6 devstack@placement-api.service[112452]: INFO placement.requestlog [req-fecb6440-0301-452c-b304-a45167106408 req-65d75a59-90c3-445f-800a-7b7fc9dedcd7 service placement] 10.222.0.57 "PUT /placement/allocations/55a5b4ab-312b-48f3-a138-639cc46a66ec" status: 204 len: 0 microversion: 1.36
Aug 04 23:09:19.687586 n-d-816157-6 devstack@placement-api.service[112452]: [pid: 112452|app: 0|req: 258/519] 10.222.0.57 () {64 vars in 1433 bytes} [Thu Aug 4 23:09:19 2022] PUT /placement/allocations/55a5b4ab-312b-48f3-a138-639cc46a66ec => generated 0 bytes in 145 msecs (HTTP/1.1 204) 5 headers in 199 bytes (2 switches on core 0)
Aug 04 23:09:20.558643 n-d-816157-6 devstack@placement-api.service[112453]: DEBUG placement.requestlog [req-34e42538-8aed-4067-bc6f-7d238387a86f req-254f0978-7d24-4f48-9ec1-57d4e476482b None None] Starting request: 10.222.0.58 "GET /placement/resource_providers/52a72f53-8c8f-4054-91d3-5ff3126960b1/allocations" {{(pid=112453) __call__ /opt/stack/placement/placement/requestlog.py:55}}
Aug 04 23:09:20.626850 n-d-816157-6 devstack@placement-api.service[112453]: INFO placement.requestlog [req-34e42538-8aed-4067-bc6f-7d238387a86f req-254f0978-7d24-4f48-9ec1-57d4e476482b service placement] 10.222.0.58 "GET /placement/resource_providers/52a72f53-8c8f-4054-91d3-5ff3126960b1/allocations" status: 200 len: 746 microversion: 1.0
Aug 04 23:09:20.642126 n-d-816157-6 devstack@placement-api.service[112453]: [pid: 112453|app: 0|req: 262/520] 10.222.0.58 () {58 vars in 1390 bytes} [Thu Aug 4 23:09:20 2022] GET /placement/resource_providers/52a72f53-8c8f-4054-91d3-5ff3126960b1/allocations => generated 746 bytes in 84 msecs (HTTP/1.1 200) 6 headers in 224 bytes (1 switches on core 0)
Aug 04 23:09:20.831252 n-d-816157-6 devstack@placement-api.service[112452]: DEBUG placement.requestlog [req-fecb6440-0301-452c-b304-a45167106408 req-d18213f7-4a46-4ee2-a0ba-c2970dcbbea5 None None] Starting request: 10.222.0.58 "GET /placement/allocations/55a5b4ab-312b-48f3-a138-639cc46a66ec" {{(pid=112452) __call__ /opt/stack/placement/placement/requestlog.py:55}}
Aug 04 23:09:20.900483 n-d-816157-6 devstack@placement-api.service[112452]: INFO placement.requestlog [req-fecb6440-0301-452c-b304-a45167106408 req-d18213f7-4a46-4ee2-a0ba-c2970dcbbea5 service placement] 10.222.0.58 "GET /placement/allocations/55a5b4ab-312b-48f3-a138-639cc46a66ec" status: 200 len: 259 microversion: 1.28
Aug 04 23:09:20.903446 n-d-816157-6 devstack@placement-api.service[112452]: [pid: 112452|app: 0|req: 259/521] 10.222.0.58 () {60 vars in 1377 bytes} [Thu Aug 4 23:09:20 2022] GET /placement/allocations/55a5b4ab-312b-48f3-a138-639cc46a66ec => generated 259 bytes in 72 msecs (HTTP/1.1 200) 8 headers in 296 bytes (1 switches on core 0)
Aug 04 23:09:21.241985 n-d-816157-6 devstack@placement-api.service[112453]: DEBUG placement.requestlog [req-34e42538-8aed-4067-bc6f-7d238387a86f req-d523bfd3-b35c-4b84-9f5a-965d9c8f5aad None None] Starting request: 10.222.0.58 "GET /placement/allocations/17963a5e-d718-4f37-9401-63f1c4e5e218" {{(pid=112453) __call__ /opt/stack/placement/placement/requestlog.py:55}}
Aug 04 23:09:21.324952 n-d-816157-6 devstack@placement-api.service[112453]: INFO placement.requestlog [req-34e42538-8aed-4067-bc6f-7d238387a86f req-d523bfd3-b35c-4b84-9f5a-965d9c8f5aad service placement] 10.222.0.58 "GET /placement/allocations/17963a5e-d718-4f37-9401-63f1c4e5e218" status: 200 len: 245 microversion: 1.28
Aug 04 23:09:21.325818 n-d-816157-6 devstack@placement-api.service[112453]: [pid: 112453|app: 0|req: 263/522] 10.222.0.58 () {60 vars in 1377 bytes} [Thu Aug 4 23:09:21 2022] GET /placement/allocations/17963a5e-d718-4f37-9401-63f1c4e5e218 => generated 245 bytes in 85 msecs (HTTP/1.1 200) 8 headers in 296 bytes (1 switches on core 0)
Aug 04 23:09:21.333383 n-d-816157-6 devstack@placement-api.service[112452]: DEBUG placement.requestlog [req-34e42538-8aed-4067-bc6f-7d238387a86f req-84d847f9-9e4f-4461-a737-3897df98a09b None None] Starting request: 10.222.0.58 "PUT /placement/allocations/17963a5e-d718-4f37-9401-63f1c4e5e218" {{(pid=112452) __call__ /opt/stack/placement/placement/requestlog.py:55}}
Aug 04 23:09:21.391376 n-d-816157-6 devstack@placement-api.service[112452]: DEBUG placement.handlers.allocation [req-34e42538-8aed-4067-bc6f-7d238387a86f req-84d847f9-9e4f-4461-a737-3897df98a09b service placement] Successfully wrote allocations [, ] {{(pid=112452) _update_consumers_and_create_allocations /opt/stack/placement/placement/handlers/allocation.py:462}}
Aug 04 23:09:21.396196 n-d-816157-6 devstack@placement-api.service[112452]: INFO placement.requestlog [req-34e42538-8aed-4067-bc6f-7d238387a86f req-84d847f9-9e4f-4461-a737-3897df98a09b service placement] 10.222.0.58 "PUT /placement/allocations/17963a5e-d718-4f37-9401-63f1c4e5e218" status: 204 len: 0 microversion: 1.28
Aug 04 23:09:21.396929 n-d-816157-6 devstack@placement-api.service[112452]: [pid: 112452|app: 0|req: 260/523] 10.222.0.58 () {64 vars in 1430 bytes} [Thu Aug 4 23:09:21 2022] PUT /placement/allocations/17963a5e-d718-4f37-9401-63f1c4e5e218 => generated 0 bytes in 64 msecs (HTTP/1.1 204) 5 headers in 199 bytes (1 switches on core 0)
Aug 04 23:09:27.613884 n-d-816157-6 devstack@placement-api.service[112453]: DEBUG placement.requestlog [req-c184e71e-6271-4a2d-b121-a58277d31bf8 req-bcb2481c-5697-4057-8035-54f19b56495e None None] Starting request: 10.222.0.58 "DELETE /placement/allocations/e8d5d88e-a1ce-47af-a019-67947e5845b5" {{(pid=112453) __call__ /opt/stack/placement/placement/requestlog.py:55}}
Aug 04 23:09:27.666772 n-d-816157-6 devstack@placement-api.service[112452]: DEBUG placement.requestlog [req-09a3f3e2-f0da-4fab-bcbd-b997b411a846 req-1615231c-4f73-401d-8d65-729d3d2caec9 None None] Starting request: 10.222.0.20 "DELETE /placement/allocations/cfc3ebc2-d10c-4323-9bf0-a57d8485f3d5" {{(pid=112452) __call__ /opt/stack/placement/placement/requestlog.py:55}}
Aug 04 23:09:27.693200 n-d-816157-6 devstack@placement-api.service[112453]: DEBUG placement.handlers.allocation [req-c184e71e-6271-4a2d-b121-a58277d31bf8 req-bcb2481c-5697-4057-8035-54f19b56495e service placement] Successfully deleted allocations [, , ] {{(pid=112453) delete_allocations /opt/stack/placement/placement/handlers/allocation.py:627}}
Aug 04 23:09:27.694135 n-d-816157-6 devstack@placement-api.service[112453]: INFO placement.requestlog [req-c184e71e-6271-4a2d-b121-a58277d31bf8 req-bcb2481c-5697-4057-8035-54f19b56495e service placement] 10.222.0.58 "DELETE /placement/allocations/e8d5d88e-a1ce-47af-a019-67947e5845b5" status: 204 len: 0 microversion: 1.0
Aug 04 23:09:27.694965 n-d-816157-6 devstack@placement-api.service[112453]: [pid: 112453|app: 0|req: 264/524] 10.222.0.58 () {60 vars in 1355 bytes} [Thu Aug 4 23:09:27 2022] DELETE /placement/allocations/e8d5d88e-a1ce-47af-a019-67947e5845b5 => generated 0 bytes in 82 msecs (HTTP/1.1 204) 5 headers in 198 bytes (2 switches on core 0)
Aug 04 23:09:27.715875 n-d-816157-6 devstack@placement-api.service[112452]: DEBUG dbcounter [-] [112452] Writing DB stats placement:SELECT=78,placement:INSERT=8,placement:DELETE=8,placement:UPDATE=6 {{(pid=112452) stat_writer /usr/local/lib/python3.8/dist-packages/dbcounter.py:114}}
Aug 04 23:09:27.774268 n-d-816157-6 devstack@placement-api.service[112452]: DEBUG placement.handlers.allocation [req-09a3f3e2-f0da-4fab-bcbd-b997b411a846 req-1615231c-4f73-401d-8d65-729d3d2caec9 service placement] Successfully deleted allocations [, , ] {{(pid=112452) delete_allocations /opt/stack/placement/placement/handlers/allocation.py:627}}
Aug 04 23:09:27.775016 n-d-816157-6 devstack@placement-api.service[112452]: INFO placement.requestlog [req-09a3f3e2-f0da-4fab-bcbd-b997b411a846 req-1615231c-4f73-401d-8d65-729d3d2caec9 service placement] 10.222.0.20 "DELETE /placement/allocations/cfc3ebc2-d10c-4323-9bf0-a57d8485f3d5" status: 204 len: 0 microversion: 1.0
Aug 04 23:09:27.775886 n-d-816157-6 devstack@placement-api.service[112452]: [pid: 112452|app: 0|req: 261/525] 10.222.0.20 () {60 vars in 1355 bytes} [Thu Aug 4 23:09:27 2022] DELETE /placement/allocations/cfc3ebc2-d10c-4323-9bf0-a57d8485f3d5 => generated 0 bytes in 109 msecs (HTTP/1.1 204) 5 headers in 198 bytes (2 switches on core 0)
Aug 04 23:09:30.748898 n-d-816157-6 devstack@placement-api.service[112453]: DEBUG placement.requestlog [None req-5814e7a9-75b5-4201-8e1a-8f3aecc1b626 None None] Starting request: 10.222.0.57 "GET /placement/resource_providers/bb822156-09e0-4eca-b4d7-992863282068/aggregates" {{(pid=112453) __call__ /opt/stack/placement/placement/requestlog.py:55}}
Aug 04 23:09:30.765111 n-d-816157-6 devstack@placement-api.service[112453]: INFO placement.requestlog [None req-5814e7a9-75b5-4201-8e1a-8f3aecc1b626 service placement] 10.222.0.57 "GET /placement/resource_providers/bb822156-09e0-4eca-b4d7-992863282068/aggregates" status: 404 len: 235 microversion: 1.1
Aug 04 23:09:30.766355 n-d-816157-6 devstack@placement-api.service[112453]: [pid: 112453|app: 0|req: 265/526] 10.222.0.57 () {58 vars in 1362 bytes} [Thu Aug 4 23:09:30 2022] GET /placement/resource_providers/bb822156-09e0-4eca-b4d7-992863282068/aggregates => generated 235 bytes in 17 msecs (HTTP/1.1 404) 5 headers in 202 bytes (1 switches on core 0)
Aug 04 23:09:30.836096 n-d-816157-6 devstack@placement-api.service[112452]: DEBUG placement.requestlog [None req-aa025bfc-81bc-4512-9981-9b7fcf45bbb4 None None] Starting request: 10.222.0.57 "DELETE /placement/resource_providers/bb822156-09e0-4eca-b4d7-992863282068" {{(pid=112452) __call__ /opt/stack/placement/placement/requestlog.py:55}}
Aug 04 23:09:30.852473 n-d-816157-6 devstack@placement-api.service[112452]: DEBUG placement.wsgi_wrapper [None req-aa025bfc-81bc-4512-9981-9b7fcf45bbb4 service placement] Placement API returning an error response: No resource provider with uuid bb822156-09e0-4eca-b4d7-992863282068 found for delete {{(pid=112452) call_func /opt/stack/placement/placement/wsgi_wrapper.py:31}}
Aug 04 23:09:30.853193 n-d-816157-6 devstack@placement-api.service[112452]: INFO placement.requestlog [None req-aa025bfc-81bc-4512-9981-9b7fcf45bbb4 service placement] 10.222.0.57 "DELETE /placement/resource_providers/bb822156-09e0-4eca-b4d7-992863282068" status: 404 len: 246 microversion: 1.1
Aug 04 23:09:30.853888 n-d-816157-6 devstack@placement-api.service[112452]: [pid: 112452|app: 0|req: 262/527] 10.222.0.57 () {60 vars in 1351 bytes} [Thu Aug 4 23:09:30 2022] DELETE /placement/resource_providers/bb822156-09e0-4eca-b4d7-992863282068 => generated 246 bytes in 18 msecs (HTTP/1.1 404) 6 headers in 231 bytes (1 switches on core 0)
Aug 04 23:09:32.921982 n-d-816157-6 devstack@placement-api.service[112453]: DEBUG placement.requestlog [None req-2ea30f52-0f33-4c5d-bbe8-8bba230dcf3a None None] Starting request: 10.222.0.57 "GET /placement/resource_providers/6e0599ee-0ecb-406d-a994-9889057bbfa2/aggregates" {{(pid=112453) __call__ /opt/stack/placement/placement/requestlog.py:55}}
Aug 04 23:09:32.939899 n-d-816157-6 devstack@placement-api.service[112453]: DEBUG dbcounter [-] [112453] Writing DB stats placement:SELECT=50,placement:INSERT=4,placement:DELETE=8,placement:UPDATE=2 {{(pid=112453) stat_writer /usr/local/lib/python3.8/dist-packages/dbcounter.py:114}}
Aug 04 23:09:32.951036 n-d-816157-6 devstack@placement-api.service[112453]: INFO placement.requestlog [None req-2ea30f52-0f33-4c5d-bbe8-8bba230dcf3a service placement] 10.222.0.57 "GET /placement/resource_providers/6e0599ee-0ecb-406d-a994-9889057bbfa2/aggregates" status: 404 len: 235 microversion: 1.1
Aug 04 23:09:32.954564 n-d-816157-6 devstack@placement-api.service[112453]: [pid: 112453|app: 0|req: 266/528] 10.222.0.57 () {58 vars in 1362 bytes} [Thu Aug 4 23:09:32 2022] GET /placement/resource_providers/6e0599ee-0ecb-406d-a994-9889057bbfa2/aggregates => generated 235 bytes in 34 msecs (HTTP/1.1 404) 5 headers in 202 bytes (1 switches on core 0)
Aug 04 23:09:32.996857 n-d-816157-6 devstack@placement-api.service[112452]: DEBUG placement.requestlog [None req-86747f97-6273-4d81-a283-e82825df7bf9 None None] Starting request: 10.222.0.57 "DELETE /placement/resource_providers/6e0599ee-0ecb-406d-a994-9889057bbfa2" {{(pid=112452) __call__ /opt/stack/placement/placement/requestlog.py:55}}
Aug 04 23:09:33.023998 n-d-816157-6 devstack@placement-api.service[112452]: DEBUG placement.wsgi_wrapper [None req-86747f97-6273-4d81-a283-e82825df7bf9 service placement] Placement API returning an error response: No resource provider with uuid 6e0599ee-0ecb-406d-a994-9889057bbfa2 found for delete {{(pid=112452) call_func /opt/stack/placement/placement/wsgi_wrapper.py:31}}
Aug 04 23:09:33.024882 n-d-816157-6 devstack@placement-api.service[112452]: INFO placement.requestlog [None req-86747f97-6273-4d81-a283-e82825df7bf9 service placement] 10.222.0.57 "DELETE /placement/resource_providers/6e0599ee-0ecb-406d-a994-9889057bbfa2" status: 404 len: 246 microversion: 1.1
Aug 04 23:09:33.025692 n-d-816157-6 devstack@placement-api.service[112452]: [pid: 112452|app: 0|req: 263/529] 10.222.0.57 () {60 vars in 1351 bytes} [Thu Aug 4 23:09:32 2022] DELETE /placement/resource_providers/6e0599ee-0ecb-406d-a994-9889057bbfa2 => generated 246 bytes in 29 msecs (HTTP/1.1 404) 6 headers in 231 bytes (1 switches on core 0)
Aug 04 23:09:33.996633 n-d-816157-6 devstack@placement-api.service[112453]: DEBUG placement.requestlog [req-08cfcd73-1f08-4bf5-871d-d53e80543791 req-9f95ca3b-b46c-4eda-9920-0f0d1956f734 None None] Starting request: 10.222.0.20 "DELETE /placement/allocations/fe9e10ef-6476-47e5-ba21-d9a378e5ce35" {{(pid=112453) __call__ /opt/stack/placement/placement/requestlog.py:55}}
Aug 04 23:09:34.057029 n-d-816157-6 devstack@placement-api.service[112453]: DEBUG placement.handlers.allocation [req-08cfcd73-1f08-4bf5-871d-d53e80543791 req-9f95ca3b-b46c-4eda-9920-0f0d1956f734 service placement] Successfully deleted allocations [, ] {{(pid=112453) delete_allocations /opt/stack/placement/placement/handlers/allocation.py:627}}
Aug 04 23:09:34.057582 n-d-816157-6 devstack@placement-api.service[112453]: INFO placement.requestlog [req-08cfcd73-1f08-4bf5-871d-d53e80543791 req-9f95ca3b-b46c-4eda-9920-0f0d1956f734 service placement] 10.222.0.20 "DELETE /placement/allocations/fe9e10ef-6476-47e5-ba21-d9a378e5ce35" status: 204 len: 0 microversion: 1.0
Aug 04 23:09:34.058332 n-d-816157-6 devstack@placement-api.service[112453]: [pid: 112453|app: 0|req: 267/530] 10.222.0.20 () {60 vars in 1355 bytes} [Thu Aug 4 23:09:33 2022] DELETE /placement/allocations/fe9e10ef-6476-47e5-ba21-d9a378e5ce35 => generated 0 bytes in 63 msecs (HTTP/1.1 204) 5 headers in 198 bytes (1 switches on core 0)
Aug 04 23:09:35.074664 n-d-816157-6 devstack@placement-api.service[112452]: DEBUG placement.requestlog [req-53dac948-f1b5-4c37-b006-0a7aa538e36a req-eba357e9-0126-4d48-98d4-e3e603a3b227 None None] Starting request: 10.222.0.20 "DELETE /placement/allocations/1796306a-c4b0-4979-82ed-5ab48e2a33fd" {{(pid=112452) __call__ /opt/stack/placement/placement/requestlog.py:55}}
Aug 04 23:09:35.161432 n-d-816157-6 devstack@placement-api.service[112452]: DEBUG placement.handlers.allocation [req-53dac948-f1b5-4c37-b006-0a7aa538e36a req-eba357e9-0126-4d48-98d4-e3e603a3b227 service placement] Successfully deleted allocations [, , ] {{(pid=112452) delete_allocations /opt/stack/placement/placement/handlers/allocation.py:627}}
Aug 04 23:09:35.162312 n-d-816157-6 devstack@placement-api.service[112452]: INFO placement.requestlog [req-53dac948-f1b5-4c37-b006-0a7aa538e36a req-eba357e9-0126-4d48-98d4-e3e603a3b227 service placement] 10.222.0.20 "DELETE /placement/allocations/1796306a-c4b0-4979-82ed-5ab48e2a33fd" status: 204 len: 0 microversion: 1.0
Aug 04 23:09:35.162935 n-d-816157-6 devstack@placement-api.service[112452]: [pid: 112452|app: 0|req: 264/531] 10.222.0.20 () {60 vars in 1355 bytes} [Thu Aug 4 23:09:35 2022] DELETE /placement/allocations/1796306a-c4b0-4979-82ed-5ab48e2a33fd => generated 0 bytes in 89 msecs (HTTP/1.1 204) 5 headers in 198 bytes (1 switches on core 0)
Aug 04 23:09:42.249689 n-d-816157-6 devstack@placement-api.service[112453]: DEBUG placement.requestlog [req-e2fc8594-5464-4b0b-9b54-47e05176ddcf req-e8b3d9e3-6eab-4fef-9ec4-e6b253bef4c7 None None] Starting request: 10.222.0.57 "GET /placement/allocation_candidates?resources=DISK_GB%3A1%2CMEMORY_MB%3A1024%2CVCPU%3A1&root_required=%21COMPUTE_STATUS_DISABLED" {{(pid=112453) __call__ /opt/stack/placement/placement/requestlog.py:55}}
Aug 04 23:09:42.342178 n-d-816157-6 devstack@placement-api.service[112453]: DEBUG placement.objects.research_context [req-e2fc8594-5464-4b0b-9b54-47e05176ddcf req-e8b3d9e3-6eab-4fef-9ec4-e6b253bef4c7 service placement] getting providers with 1 DISK_GB {{(pid=112453) __init__ /opt/stack/placement/placement/objects/research_context.py:136}}
Aug 04 23:09:42.358760 n-d-816157-6 devstack@placement-api.service[112453]: DEBUG placement.objects.research_context [req-e2fc8594-5464-4b0b-9b54-47e05176ddcf req-e8b3d9e3-6eab-4fef-9ec4-e6b253bef4c7 service placement] getting providers with 1024 MEMORY_MB {{(pid=112453) __init__ /opt/stack/placement/placement/objects/research_context.py:136}}
Aug 04 23:09:42.370070 n-d-816157-6 devstack@placement-api.service[112453]: DEBUG placement.objects.research_context [req-e2fc8594-5464-4b0b-9b54-47e05176ddcf req-e8b3d9e3-6eab-4fef-9ec4-e6b253bef4c7 service placement] getting providers with 1 VCPU {{(pid=112453) __init__ /opt/stack/placement/placement/objects/research_context.py:136}}
Aug 04 23:09:42.387009 n-d-816157-6 devstack@placement-api.service[112453]: DEBUG placement.objects.research_context [req-e2fc8594-5464-4b0b-9b54-47e05176ddcf req-e8b3d9e3-6eab-4fef-9ec4-e6b253bef4c7 service placement] found 2 providers with available 1 DISK_GB {{(pid=112453) get_provider_ids_matching /opt/stack/placement/placement/objects/research_context.py:563}}
Aug 04 23:09:42.387318 n-d-816157-6 devstack@placement-api.service[112453]: DEBUG placement.objects.research_context [req-e2fc8594-5464-4b0b-9b54-47e05176ddcf req-e8b3d9e3-6eab-4fef-9ec4-e6b253bef4c7 service placement] found 2 providers with available 1024 MEMORY_MB {{(pid=112453) get_provider_ids_matching /opt/stack/placement/placement/objects/research_context.py:563}}
Aug 04 23:09:42.388264 n-d-816157-6 devstack@placement-api.service[112453]: DEBUG placement.objects.research_context [req-e2fc8594-5464-4b0b-9b54-47e05176ddcf req-e8b3d9e3-6eab-4fef-9ec4-e6b253bef4c7 service placement] found 2 providers after filtering by previous result {{(pid=112453) get_provider_ids_matching /opt/stack/placement/placement/objects/research_context.py:594}}
Aug 04 23:09:42.389263 n-d-816157-6 devstack@placement-api.service[112453]: DEBUG placement.objects.research_context [req-e2fc8594-5464-4b0b-9b54-47e05176ddcf req-e8b3d9e3-6eab-4fef-9ec4-e6b253bef4c7 service placement] found 2 providers with available 1 VCPU {{(pid=112453) get_provider_ids_matching /opt/stack/placement/placement/objects/research_context.py:563}}
Aug 04 23:09:42.389718 n-d-816157-6 devstack@placement-api.service[112453]: DEBUG placement.objects.research_context [req-e2fc8594-5464-4b0b-9b54-47e05176ddcf req-e8b3d9e3-6eab-4fef-9ec4-e6b253bef4c7 service placement] found 2 providers after filtering by previous result {{(pid=112453) get_provider_ids_matching /opt/stack/placement/placement/objects/research_context.py:594}}
Aug 04 23:09:42.424399 n-d-816157-6 devstack@placement-api.service[112453]: DEBUG placement.objects.allocation_candidate [req-e2fc8594-5464-4b0b-9b54-47e05176ddcf req-e8b3d9e3-6eab-4fef-9ec4-e6b253bef4c7 service placement] RequestGroup(use_same_provider=False, resources={DISK_GB:1, MEMORY_MB:1024, VCPU:1}, traits=(), aggregates=[]) (suffix '') returned 2 matches {{(pid=112453) _get_by_requests /opt/stack/placement/placement/objects/allocation_candidate.py:156}}
Aug 04 23:09:42.427290 n-d-816157-6 devstack@placement-api.service[112453]: DEBUG placement.objects.allocation_candidate [req-e2fc8594-5464-4b0b-9b54-47e05176ddcf req-e8b3d9e3-6eab-4fef-9ec4-e6b253bef4c7 service placement] Merging candidates yields 2 allocation requests and 2 provider summaries {{(pid=112453) _merge_candidates /opt/stack/placement/placement/objects/allocation_candidate.py:809}}
Aug 04 23:09:42.431763 n-d-816157-6 devstack@placement-api.service[112453]: INFO placement.requestlog [req-e2fc8594-5464-4b0b-9b54-47e05176ddcf req-e8b3d9e3-6eab-4fef-9ec4-e6b253bef4c7 service placement] 10.222.0.57 "GET /placement/allocation_candidates?resources=DISK_GB%3A1%2CMEMORY_MB%3A1024%2CVCPU%3A1&root_required=%21COMPUTE_STATUS_DISABLED" status: 200 len: 1309 microversion: 1.36
Aug 04 23:09:42.433216 n-d-816157-6 devstack@placement-api.service[112453]: [pid: 112453|app: 0|req: 268/532] 10.222.0.57 () {60 vars in 1484 bytes} [Thu Aug 4 23:09:42 2022] GET /placement/allocation_candidates?resources=DISK_GB%3A1%2CMEMORY_MB%3A1024%2CVCPU%3A1&root_required=%21COMPUTE_STATUS_DISABLED => generated 1309 bytes in 184 msecs (HTTP/1.1 200) 8 headers in 297 bytes (1 switches on core 0)
Aug 04 23:09:42.581839 n-d-816157-6 devstack@placement-api.service[112452]: DEBUG placement.requestlog [req-e2fc8594-5464-4b0b-9b54-47e05176ddcf req-5a5aa7bd-e76b-41aa-a032-2b77d028a6ae None None] Starting request: 10.222.0.57 "GET /placement/allocations/489ec1dc-a63d-43a6-b782-91d8bc6a6ea8" {{(pid=112452) __call__ /opt/stack/placement/placement/requestlog.py:55}}
Aug 04 23:09:42.624159 n-d-816157-6 devstack@placement-api.service[112452]: INFO placement.requestlog [req-e2fc8594-5464-4b0b-9b54-47e05176ddcf req-5a5aa7bd-e76b-41aa-a032-2b77d028a6ae service placement] 10.222.0.57 "GET /placement/allocations/489ec1dc-a63d-43a6-b782-91d8bc6a6ea8" status: 200 len: 19 microversion: 1.28
Aug 04 23:09:42.639485 n-d-816157-6 devstack@placement-api.service[112452]: [pid: 112452|app: 0|req: 265/533] 10.222.0.57 () {60 vars in 1380 bytes} [Thu Aug 4 23:09:42 2022] GET /placement/allocations/489ec1dc-a63d-43a6-b782-91d8bc6a6ea8 => generated 19 bytes in 58 msecs (HTTP/1.1 200) 8 headers in 295 bytes (1 switches on core 0)
Aug 04 23:09:42.649110 n-d-816157-6 devstack@placement-api.service[112453]: DEBUG placement.requestlog [req-e2fc8594-5464-4b0b-9b54-47e05176ddcf req-ffb35777-05ca-408d-bf1c-3943d3df782c None None] Starting request: 10.222.0.57 "PUT /placement/allocations/489ec1dc-a63d-43a6-b782-91d8bc6a6ea8" {{(pid=112453) __call__ /opt/stack/placement/placement/requestlog.py:55}}
Aug 04 23:09:43.000997 n-d-816157-6 devstack@placement-api.service[112453]: DEBUG placement.handlers.allocation [req-e2fc8594-5464-4b0b-9b54-47e05176ddcf req-ffb35777-05ca-408d-bf1c-3943d3df782c service placement] Successfully wrote allocations [, , ] {{(pid=112453) _update_consumers_and_create_allocations /opt/stack/placement/placement/handlers/allocation.py:462}}
Aug 04 23:09:43.017745 n-d-816157-6 devstack@placement-api.service[112453]: INFO placement.requestlog [req-e2fc8594-5464-4b0b-9b54-47e05176ddcf req-ffb35777-05ca-408d-bf1c-3943d3df782c service placement] 10.222.0.57 "PUT /placement/allocations/489ec1dc-a63d-43a6-b782-91d8bc6a6ea8" status: 204 len: 0 microversion: 1.36
Aug 04 23:09:43.020422 n-d-816157-6 devstack@placement-api.service[112453]: [pid: 112453|app: 0|req: 269/534] 10.222.0.57 () {64 vars in 1433 bytes} [Thu Aug 4 23:09:42 2022] PUT /placement/allocations/489ec1dc-a63d-43a6-b782-91d8bc6a6ea8 => generated 0 bytes in 372 msecs (HTTP/1.1 204) 5 headers in 199 bytes (1 switches on core 0)
Aug 04 23:09:43.717173 n-d-816157-6 devstack@placement-api.service[112452]: DEBUG placement.requestlog [req-60c98584-8827-4503-b539-2f787d43247b req-1000167d-8336-4723-9034-ed01bb2a0423 None None] Starting request: 10.222.0.58 "GET /placement/resource_providers/52a72f53-8c8f-4054-91d3-5ff3126960b1/allocations" {{(pid=112452) __call__ /opt/stack/placement/placement/requestlog.py:55}}
Aug 04 23:09:43.794933 n-d-816157-6 devstack@placement-api.service[112452]: INFO placement.requestlog [req-60c98584-8827-4503-b539-2f787d43247b req-1000167d-8336-4723-9034-ed01bb2a0423 service placement] 10.222.0.58 "GET /placement/resource_providers/52a72f53-8c8f-4054-91d3-5ff3126960b1/allocations" status: 200 len: 659 microversion: 1.0
Aug 04 23:09:43.799859 n-d-816157-6 devstack@placement-api.service[112452]: [pid: 112452|app: 0|req: 266/535] 10.222.0.58 () {58 vars in 1390 bytes} [Thu Aug 4 23:09:43 2022] GET /placement/resource_providers/52a72f53-8c8f-4054-91d3-5ff3126960b1/allocations => generated 659 bytes in 81 msecs (HTTP/1.1 200) 6 headers in 224 bytes (1 switches on core 0)
Aug 04 23:09:43.851327 n-d-816157-6 devstack@placement-api.service[112453]: DEBUG placement.requestlog [req-e2fc8594-5464-4b0b-9b54-47e05176ddcf req-8163af25-42a8-492f-83c0-d7330b2dfe65 None None] Starting request: 10.222.0.58 "GET /placement/allocations/489ec1dc-a63d-43a6-b782-91d8bc6a6ea8" {{(pid=112453) __call__ /opt/stack/placement/placement/requestlog.py:55}}
Aug 04 23:09:43.875966 n-d-816157-6 devstack@placement-api.service[112453]: INFO placement.requestlog [req-e2fc8594-5464-4b0b-9b54-47e05176ddcf req-8163af25-42a8-492f-83c0-d7330b2dfe65 service placement] 10.222.0.58 "GET /placement/allocations/489ec1dc-a63d-43a6-b782-91d8bc6a6ea8" status: 200 len: 259 microversion: 1.28
Aug 04 23:09:43.877440 n-d-816157-6 devstack@placement-api.service[112453]: [pid: 112453|app: 0|req: 270/536] 10.222.0.58 () {60 vars in 1377 bytes} [Thu Aug 4 23:09:43 2022] GET /placement/allocations/489ec1dc-a63d-43a6-b782-91d8bc6a6ea8 => generated 259 bytes in 27 msecs (HTTP/1.1 200) 8 headers in 296 bytes (1 switches on core 0)
Aug 04 23:09:47.041803 n-d-816157-6 devstack@placement-api.service[112452]: DEBUG placement.requestlog [req-ab1c2040-9b68-47ce-af73-2c4407c53ccc req-0242fe11-bc50-4baf-b8b9-21b0df11a9a9 None None] Starting request: 10.222.0.20 "GET /placement/resource_providers/2c57dba3-f154-4542-bc72-adebc0ad0828/allocations" {{(pid=112452) __call__ /opt/stack/placement/placement/requestlog.py:55}}
Aug 04 23:09:47.125515 n-d-816157-6 devstack@placement-api.service[112452]: INFO placement.requestlog [req-ab1c2040-9b68-47ce-af73-2c4407c53ccc req-0242fe11-bc50-4baf-b8b9-21b0df11a9a9 service placement] 10.222.0.20 "GET /placement/resource_providers/2c57dba3-f154-4542-bc72-adebc0ad0828/allocations" status: 200 len: 962 microversion: 1.0
Aug 04 23:09:47.127211 n-d-816157-6 devstack@placement-api.service[112452]: [pid: 112452|app: 0|req: 267/537] 10.222.0.20 () {58 vars in 1390 bytes} [Thu Aug 4 23:09:47 2022] GET /placement/resource_providers/2c57dba3-f154-4542-bc72-adebc0ad0828/allocations => generated 962 bytes in 86 msecs (HTTP/1.1 200) 6 headers in 224 bytes (1 switches on core 0)
Aug 04 23:09:49.124734 n-d-816157-6 devstack@placement-api.service[112453]: DEBUG placement.requestlog [req-dc5b55e1-a1df-4d77-ac10-7694146e2e6c req-d5bf9bfa-804f-4782-80f3-268d3a792311 None None] Starting request: 10.222.0.57 "GET /placement/allocation_candidates?limit=1000&resources=DISK_GB%3A1%2CMEMORY_MB%3A1024%2CVCPU%3A1&root_required=%21COMPUTE_STATUS_DISABLED" {{(pid=112453) __call__ /opt/stack/placement/placement/requestlog.py:55}}
Aug 04 23:09:49.227844 n-d-816157-6 devstack@placement-api.service[112453]: DEBUG placement.objects.research_context [req-dc5b55e1-a1df-4d77-ac10-7694146e2e6c req-d5bf9bfa-804f-4782-80f3-268d3a792311 service placement] getting providers with 1 DISK_GB {{(pid=112453) __init__ /opt/stack/placement/placement/objects/research_context.py:136}}
Aug 04 23:09:49.250115 n-d-816157-6 devstack@placement-api.service[112453]: DEBUG placement.objects.research_context [req-dc5b55e1-a1df-4d77-ac10-7694146e2e6c req-d5bf9bfa-804f-4782-80f3-268d3a792311 service placement] getting providers with 1024 MEMORY_MB {{(pid=112453) __init__ /opt/stack/placement/placement/objects/research_context.py:136}}
Aug 04 23:09:49.265917 n-d-816157-6 devstack@placement-api.service[112453]: DEBUG placement.objects.research_context [req-dc5b55e1-a1df-4d77-ac10-7694146e2e6c req-d5bf9bfa-804f-4782-80f3-268d3a792311 service placement] getting providers with 1 VCPU {{(pid=112453) __init__ /opt/stack/placement/placement/objects/research_context.py:136}}
Aug 04 23:09:49.282282 n-d-816157-6 devstack@placement-api.service[112453]: DEBUG placement.objects.research_context [req-dc5b55e1-a1df-4d77-ac10-7694146e2e6c req-d5bf9bfa-804f-4782-80f3-268d3a792311 service placement] found 2 providers with available 1 DISK_GB {{(pid=112453) get_provider_ids_matching /opt/stack/placement/placement/objects/research_context.py:563}}
Aug 04 23:09:49.283455 n-d-816157-6 devstack@placement-api.service[112453]: DEBUG placement.objects.research_context [req-dc5b55e1-a1df-4d77-ac10-7694146e2e6c req-d5bf9bfa-804f-4782-80f3-268d3a792311 service placement] found 2 providers with available 1024 MEMORY_MB {{(pid=112453) get_provider_ids_matching /opt/stack/placement/placement/objects/research_context.py:563}}
Aug 04 23:09:49.283977 n-d-816157-6 devstack@placement-api.service[112453]: DEBUG placement.objects.research_context [req-dc5b55e1-a1df-4d77-ac10-7694146e2e6c req-d5bf9bfa-804f-4782-80f3-268d3a792311 service placement] found 2 providers after filtering by previous result {{(pid=112453) get_provider_ids_matching /opt/stack/placement/placement/objects/research_context.py:594}}
Aug 04 23:09:49.288562 n-d-816157-6 devstack@placement-api.service[112453]: DEBUG placement.objects.research_context [req-dc5b55e1-a1df-4d77-ac10-7694146e2e6c req-d5bf9bfa-804f-4782-80f3-268d3a792311 service placement] found 2 providers with available 1 VCPU {{(pid=112453) get_provider_ids_matching /opt/stack/placement/placement/objects/research_context.py:563}}
Aug 04 23:09:49.289556 n-d-816157-6 devstack@placement-api.service[112453]: DEBUG placement.objects.research_context [req-dc5b55e1-a1df-4d77-ac10-7694146e2e6c req-d5bf9bfa-804f-4782-80f3-268d3a792311 service placement] found 2 providers after filtering by previous result {{(pid=112453) get_provider_ids_matching /opt/stack/placement/placement/objects/research_context.py:594}}
Aug 04 23:09:49.325361 n-d-816157-6 devstack@placement-api.service[112453]: DEBUG placement.objects.allocation_candidate [req-dc5b55e1-a1df-4d77-ac10-7694146e2e6c req-d5bf9bfa-804f-4782-80f3-268d3a792311 service placement] RequestGroup(use_same_provider=False, resources={DISK_GB:1, MEMORY_MB:1024, VCPU:1}, traits=(), aggregates=[]) (suffix '') returned 2 matches {{(pid=112453) _get_by_requests /opt/stack/placement/placement/objects/allocation_candidate.py:156}}
Aug 04 23:09:49.327530 n-d-816157-6 devstack@placement-api.service[112453]: DEBUG placement.objects.allocation_candidate [req-dc5b55e1-a1df-4d77-ac10-7694146e2e6c req-d5bf9bfa-804f-4782-80f3-268d3a792311 service placement] Merging candidates yields 2 allocation requests and 2 provider summaries {{(pid=112453) _merge_candidates /opt/stack/placement/placement/objects/allocation_candidate.py:809}}
Aug 04 23:09:49.334692 n-d-816157-6 devstack@placement-api.service[112453]: INFO placement.requestlog [req-dc5b55e1-a1df-4d77-ac10-7694146e2e6c req-d5bf9bfa-804f-4782-80f3-268d3a792311 service placement] 10.222.0.57 "GET /placement/allocation_candidates?limit=1000&resources=DISK_GB%3A1%2CMEMORY_MB%3A1024%2CVCPU%3A1&root_required=%21COMPUTE_STATUS_DISABLED" status: 200 len: 1309 microversion: 1.36
Aug 04 23:09:49.347441 n-d-816157-6 devstack@placement-api.service[112453]: [pid: 112453|app: 0|req: 271/538] 10.222.0.57 () {60 vars in 1506 bytes} [Thu Aug 4 23:09:49 2022] GET /placement/allocation_candidates?limit=1000&resources=DISK_GB%3A1%2CMEMORY_MB%3A1024%2CVCPU%3A1&root_required=%21COMPUTE_STATUS_DISABLED => generated 1309 bytes in 223 msecs (HTTP/1.1 200) 8 headers in 297 bytes (2 switches on core 0)
Aug 04 23:09:49.425503 n-d-816157-6 devstack@placement-api.service[112452]: DEBUG placement.requestlog [req-dc5b55e1-a1df-4d77-ac10-7694146e2e6c req-7e7e625e-320c-4751-ba41-a144efea0fdc None None] Starting request: 10.222.0.57 "GET /placement/allocations/6a95814a-eef3-40b1-9dec-98c38b72a100" {{(pid=112452) __call__ /opt/stack/placement/placement/requestlog.py:55}}
Aug 04 23:09:49.456877 n-d-816157-6 devstack@placement-api.service[112452]: INFO placement.requestlog [req-dc5b55e1-a1df-4d77-ac10-7694146e2e6c req-7e7e625e-320c-4751-ba41-a144efea0fdc service placement] 10.222.0.57 "GET /placement/allocations/6a95814a-eef3-40b1-9dec-98c38b72a100" status: 200 len: 19 microversion: 1.28
Aug 04 23:09:49.458014 n-d-816157-6 devstack@placement-api.service[112452]: [pid: 112452|app: 0|req: 268/539] 10.222.0.57 () {60 vars in 1380 bytes} [Thu Aug 4 23:09:49 2022] GET /placement/allocations/6a95814a-eef3-40b1-9dec-98c38b72a100 => generated 19 bytes in 33 msecs (HTTP/1.1 200) 8 headers in 295 bytes (1 switches on core 0)
Aug 04 23:09:49.465311 n-d-816157-6 devstack@placement-api.service[112453]: DEBUG placement.requestlog [req-dc5b55e1-a1df-4d77-ac10-7694146e2e6c req-45675209-80ca-409e-b13f-8691d6765287 None None] Starting request: 10.222.0.57 "PUT /placement/allocations/6a95814a-eef3-40b1-9dec-98c38b72a100" {{(pid=112453) __call__ /opt/stack/placement/placement/requestlog.py:55}}
Aug 04 23:09:49.817263 n-d-816157-6 devstack@placement-api.service[112453]: DEBUG placement.handlers.allocation [req-dc5b55e1-a1df-4d77-ac10-7694146e2e6c req-45675209-80ca-409e-b13f-8691d6765287 service placement] Successfully wrote allocations [, , ] {{(pid=112453) _update_consumers_and_create_allocations /opt/stack/placement/placement/handlers/allocation.py:462}}
Aug 04 23:09:49.825478 n-d-816157-6 devstack@placement-api.service[112453]: INFO placement.requestlog [req-dc5b55e1-a1df-4d77-ac10-7694146e2e6c req-45675209-80ca-409e-b13f-8691d6765287 service placement] 10.222.0.57 "PUT /placement/allocations/6a95814a-eef3-40b1-9dec-98c38b72a100" status: 204 len: 0 microversion: 1.36
Aug 04 23:09:49.830472 n-d-816157-6 devstack@placement-api.service[112453]: [pid: 112453|app: 0|req: 272/540] 10.222.0.57 () {64 vars in 1433 bytes} [Thu Aug 4 23:09:49 2022] PUT /placement/allocations/6a95814a-eef3-40b1-9dec-98c38b72a100 => generated 0 bytes in 362 msecs (HTTP/1.1 204) 5 headers in 199 bytes (1 switches on core 0)
Aug 04 23:09:50.508483 n-d-816157-6 devstack@placement-api.service[112452]: DEBUG placement.requestlog [req-dc5b55e1-a1df-4d77-ac10-7694146e2e6c req-cd2468fd-805c-47f5-9158-4aa736a0b603 None None] Starting request: 10.222.0.20 "GET /placement/allocations/6a95814a-eef3-40b1-9dec-98c38b72a100" {{(pid=112452) __call__ /opt/stack/placement/placement/requestlog.py:55}}
Aug 04 23:09:50.541344 n-d-816157-6 devstack@placement-api.service[112452]: INFO placement.requestlog [req-dc5b55e1-a1df-4d77-ac10-7694146e2e6c req-cd2468fd-805c-47f5-9158-4aa736a0b603 service placement] 10.222.0.20 "GET /placement/allocations/6a95814a-eef3-40b1-9dec-98c38b72a100" status: 200 len: 259 microversion: 1.28
Aug 04 23:09:50.541888 n-d-816157-6 devstack@placement-api.service[112452]: [pid: 112452|app: 0|req: 269/541] 10.222.0.20 () {60 vars in 1377 bytes} [Thu Aug 4 23:09:50 2022] GET /placement/allocations/6a95814a-eef3-40b1-9dec-98c38b72a100 => generated 259 bytes in 34 msecs (HTTP/1.1 200) 8 headers in 296 bytes (1 switches on core 0)
Aug 04 23:09:53.665946 n-d-816157-6 devstack@placement-api.service[112453]: DEBUG placement.requestlog [req-f7a3ff69-25aa-4229-8068-36958bcec723 req-902a2656-6fb4-4bc6-8939-3378a1e53bd8 None None] Starting request: 10.222.0.20 "DELETE /placement/allocations/50935e56-e15e-429c-86a4-b44ac48edbce" {{(pid=112453) __call__ /opt/stack/placement/placement/requestlog.py:55}}
Aug 04 23:09:53.785854 n-d-816157-6 devstack@placement-api.service[112453]: DEBUG placement.handlers.allocation [req-f7a3ff69-25aa-4229-8068-36958bcec723 req-902a2656-6fb4-4bc6-8939-3378a1e53bd8 service placement] Successfully deleted allocations [, , ] {{(pid=112453) delete_allocations /opt/stack/placement/placement/handlers/allocation.py:627}}
