Aug 28 15:27:36.151394 n-d-816157-12 devstack@placement-api.service[107653]: INFO placement.requestlog [req-83646f02-8027-431a-a9ca-10f1c25ee255 req-46eae8fc-0ee3-43b3-9743-a5f2aa7d3eb3 service placement] 10.222.0.47 "GET /placement/allocations/32ed3374-8ed6-4648-a714-59dbf2b155dc" status: 200 len: 259 microversion: 1.28
Aug 28 15:27:36.151981 n-d-816157-12 devstack@placement-api.service[107653]: [pid: 107653|app: 0|req: 452/896] 10.222.0.47 () {60 vars in 1377 bytes} [Sun Aug 28 15:27:36 2022] GET /placement/allocations/32ed3374-8ed6-4648-a714-59dbf2b155dc => generated 259 bytes in 22 msecs (HTTP/1.1 200) 8 headers in 296 bytes (1 switches on core 0)
Aug 28 15:27:36.169758 n-d-816157-12 devstack@placement-api.service[107652]: DEBUG placement.requestlog [req-83646f02-8027-431a-a9ca-10f1c25ee255 req-877940de-1650-4564-a344-fe43cc08f1bc None None] Starting request: 10.222.0.47 "GET /placement/allocations/f017babd-85e9-40a7-8b0d-4d8e7197348f" {{(pid=107652) __call__ /opt/stack/placement/placement/requestlog.py:55}}
Aug 28 15:27:36.201798 n-d-816157-12 devstack@placement-api.service[107652]: INFO placement.requestlog [req-83646f02-8027-431a-a9ca-10f1c25ee255 req-877940de-1650-4564-a344-fe43cc08f1bc service placement] 10.222.0.47 "GET /placement/allocations/f017babd-85e9-40a7-8b0d-4d8e7197348f" status: 200 len: 259 microversion: 1.28
Aug 28 15:27:36.203137 n-d-816157-12 devstack@placement-api.service[107652]: [pid: 107652|app: 0|req: 445/897] 10.222.0.47 () {60 vars in 1377 bytes} [Sun Aug 28 15:27:36 2022] GET /placement/allocations/f017babd-85e9-40a7-8b0d-4d8e7197348f => generated 259 bytes in 34 msecs (HTTP/1.1 200) 8 headers in 296 bytes (1 switches on core 0)
Aug 28 15:27:36.210879 n-d-816157-12 devstack@placement-api.service[107653]: DEBUG placement.requestlog [req-83646f02-8027-431a-a9ca-10f1c25ee255 req-6161e376-030a-495d-9703-20f53393cdfb None None] Starting request: 10.222.0.47 "GET /placement/allocations/275f03cf-f19a-4c47-ad87-126533d36148" {{(pid=107653) __call__ /opt/stack/placement/placement/requestlog.py:55}}
Aug 28 15:27:36.235040 n-d-816157-12 devstack@placement-api.service[107653]: INFO placement.requestlog [req-83646f02-8027-431a-a9ca-10f1c25ee255 req-6161e376-030a-495d-9703-20f53393cdfb service placement] 10.222.0.47 "GET /placement/allocations/275f03cf-f19a-4c47-ad87-126533d36148" status: 200 len: 259 microversion: 1.28
Aug 28 15:27:36.236065 n-d-816157-12 devstack@placement-api.service[107653]: [pid: 107653|app: 0|req: 453/898] 10.222.0.47 () {60 vars in 1377 bytes} [Sun Aug 28 15:27:36 2022] GET /placement/allocations/275f03cf-f19a-4c47-ad87-126533d36148 => generated 259 bytes in 25 msecs (HTTP/1.1 200) 8 headers in 296 bytes (1 switches on core 0)
Aug 28 15:27:36.243216 n-d-816157-12 devstack@placement-api.service[107652]: DEBUG placement.requestlog [req-83646f02-8027-431a-a9ca-10f1c25ee255 req-cb9226bb-e83a-434c-89f9-9cc484b711bc None None] Starting request: 10.222.0.47 "GET /placement/allocations/78ab17a8-2cd6-4911-bc0b-b2a5ac9d42f3" {{(pid=107652) __call__ /opt/stack/placement/placement/requestlog.py:55}}
Aug 28 15:27:36.256685 n-d-816157-12 devstack@placement-api.service[107652]: INFO placement.requestlog [req-83646f02-8027-431a-a9ca-10f1c25ee255 req-cb9226bb-e83a-434c-89f9-9cc484b711bc service placement] 10.222.0.47 "GET /placement/allocations/78ab17a8-2cd6-4911-bc0b-b2a5ac9d42f3" status: 200 len: 19 microversion: 1.28
Aug 28 15:27:36.257809 n-d-816157-12 devstack@placement-api.service[107652]: [pid: 107652|app: 0|req: 446/899] 10.222.0.47 () {60 vars in 1377 bytes} [Sun Aug 28 15:27:36 2022] GET /placement/allocations/78ab17a8-2cd6-4911-bc0b-b2a5ac9d42f3 => generated 19 bytes in 15 msecs (HTTP/1.1 200) 8 headers in 295 bytes (1 switches on core 0)
Aug 28 15:27:36.471419 n-d-816157-12 devstack@placement-api.service[107653]: DEBUG placement.requestlog [req-f8b69798-657e-495f-b030-912db4c840f3 req-3847e58f-e303-44ce-8c49-fe99cd1baed6 None None] Starting request: 10.222.0.15 "GET /placement/allocation_candidates?limit=1000&resources=DISK_GB%3A1%2CMEMORY_MB%3A1024%2CVCPU%3A1&root_required=%21COMPUTE_STATUS_DISABLED" {{(pid=107653) __call__ /opt/stack/placement/placement/requestlog.py:55}}
Aug 28 15:27:36.536186 n-d-816157-12 devstack@placement-api.service[107653]: DEBUG placement.objects.research_context [req-f8b69798-657e-495f-b030-912db4c840f3 req-3847e58f-e303-44ce-8c49-fe99cd1baed6 service placement] getting providers with 1 DISK_GB {{(pid=107653) __init__ /opt/stack/placement/placement/objects/research_context.py:136}}
Aug 28 15:27:36.542336 n-d-816157-12 devstack@placement-api.service[107653]: DEBUG placement.objects.research_context [req-f8b69798-657e-495f-b030-912db4c840f3 req-3847e58f-e303-44ce-8c49-fe99cd1baed6 service placement] getting providers with 1024 MEMORY_MB {{(pid=107653) __init__ /opt/stack/placement/placement/objects/research_context.py:136}}
Aug 28 15:27:36.549144 n-d-816157-12 devstack@placement-api.service[107653]: DEBUG placement.objects.research_context [req-f8b69798-657e-495f-b030-912db4c840f3 req-3847e58f-e303-44ce-8c49-fe99cd1baed6 service placement] getting providers with 1 VCPU {{(pid=107653) __init__ /opt/stack/placement/placement/objects/research_context.py:136}}
Aug 28 15:27:36.555331 n-d-816157-12 devstack@placement-api.service[107653]: DEBUG placement.objects.research_context [req-f8b69798-657e-495f-b030-912db4c840f3 req-3847e58f-e303-44ce-8c49-fe99cd1baed6 service placement] found 2 providers with available 1 DISK_GB {{(pid=107653) get_provider_ids_matching /opt/stack/placement/placement/objects/research_context.py:563}}
Aug 28 15:27:36.555982 n-d-816157-12 devstack@placement-api.service[107653]: DEBUG placement.objects.research_context [req-f8b69798-657e-495f-b030-912db4c840f3 req-3847e58f-e303-44ce-8c49-fe99cd1baed6 service placement] found 2 providers with available 1024 MEMORY_MB {{(pid=107653) get_provider_ids_matching /opt/stack/placement/placement/objects/research_context.py:563}}
Aug 28 15:27:36.556415 n-d-816157-12 devstack@placement-api.service[107653]: DEBUG placement.objects.research_context [req-f8b69798-657e-495f-b030-912db4c840f3 req-3847e58f-e303-44ce-8c49-fe99cd1baed6 service placement] found 2 providers after filtering by previous result {{(pid=107653) get_provider_ids_matching /opt/stack/placement/placement/objects/research_context.py:594}}
Aug 28 15:27:36.556852 n-d-816157-12 devstack@placement-api.service[107653]: DEBUG placement.objects.research_context [req-f8b69798-657e-495f-b030-912db4c840f3 req-3847e58f-e303-44ce-8c49-fe99cd1baed6 service placement] found 2 providers with available 1 VCPU {{(pid=107653) get_provider_ids_matching /opt/stack/placement/placement/objects/research_context.py:563}}
Aug 28 15:27:36.557337 n-d-816157-12 devstack@placement-api.service[107653]: DEBUG placement.objects.research_context [req-f8b69798-657e-495f-b030-912db4c840f3 req-3847e58f-e303-44ce-8c49-fe99cd1baed6 service placement] found 2 providers after filtering by previous result {{(pid=107653) get_provider_ids_matching /opt/stack/placement/placement/objects/research_context.py:594}}
Aug 28 15:27:36.573615 n-d-816157-12 devstack@placement-api.service[107653]: DEBUG placement.objects.allocation_candidate [req-f8b69798-657e-495f-b030-912db4c840f3 req-3847e58f-e303-44ce-8c49-fe99cd1baed6 service placement] RequestGroup(use_same_provider=False, resources={DISK_GB:1, MEMORY_MB:1024, VCPU:1}, traits=(), aggregates=[]) (suffix '') returned 2 matches {{(pid=107653) _get_by_requests /opt/stack/placement/placement/objects/allocation_candidate.py:156}}
Aug 28 15:27:36.573976 n-d-816157-12 devstack@placement-api.service[107653]: DEBUG placement.objects.allocation_candidate [req-f8b69798-657e-495f-b030-912db4c840f3 req-3847e58f-e303-44ce-8c49-fe99cd1baed6 service placement] Merging candidates yields 2 allocation requests and 2 provider summaries {{(pid=107653) _merge_candidates /opt/stack/placement/placement/objects/allocation_candidate.py:809}}
Aug 28 15:27:36.577348 n-d-816157-12 devstack@placement-api.service[107653]: INFO placement.requestlog [req-f8b69798-657e-495f-b030-912db4c840f3 req-3847e58f-e303-44ce-8c49-fe99cd1baed6 service placement] 10.222.0.15 "GET /placement/allocation_candidates?limit=1000&resources=DISK_GB%3A1%2CMEMORY_MB%3A1024%2CVCPU%3A1&root_required=%21COMPUTE_STATUS_DISABLED" status: 200 len: 1310 microversion: 1.36
Aug 28 15:27:36.577844 n-d-816157-12 devstack@placement-api.service[107653]: [pid: 107653|app: 0|req: 454/900] 10.222.0.15 () {60 vars in 1506 bytes} [Sun Aug 28 15:27:36 2022] GET /placement/allocation_candidates?limit=1000&resources=DISK_GB%3A1%2CMEMORY_MB%3A1024%2CVCPU%3A1&root_required=%21COMPUTE_STATUS_DISABLED => generated 1310 bytes in 107 msecs (HTTP/1.1 200) 8 headers in 297 bytes (1 switches on core 0)
Aug 28 15:27:36.613105 n-d-816157-12 devstack@placement-api.service[107652]: DEBUG placement.requestlog [req-83646f02-8027-431a-a9ca-10f1c25ee255 req-74ce0623-e8f2-4682-986a-e223be1f6dde None None] Starting request: 10.222.0.47 "GET /placement/allocations/f017babd-85e9-40a7-8b0d-4d8e7197348f" {{(pid=107652) __call__ /opt/stack/placement/placement/requestlog.py:55}}
Aug 28 15:27:36.653697 n-d-816157-12 devstack@placement-api.service[107652]: INFO placement.requestlog [req-83646f02-8027-431a-a9ca-10f1c25ee255 req-74ce0623-e8f2-4682-986a-e223be1f6dde service placement] 10.222.0.47 "GET /placement/allocations/f017babd-85e9-40a7-8b0d-4d8e7197348f" status: 200 len: 259 microversion: 1.28
Aug 28 15:27:36.654780 n-d-816157-12 devstack@placement-api.service[107652]: [pid: 107652|app: 0|req: 447/901] 10.222.0.47 () {60 vars in 1377 bytes} [Sun Aug 28 15:27:36 2022] GET /placement/allocations/f017babd-85e9-40a7-8b0d-4d8e7197348f => generated 259 bytes in 42 msecs (HTTP/1.1 200) 8 headers in 296 bytes (1 switches on core 0)
Aug 28 15:27:36.657287 n-d-816157-12 devstack@placement-api.service[107653]: DEBUG placement.requestlog [req-f8b69798-657e-495f-b030-912db4c840f3 req-f897370f-35aa-4429-88c0-018eb535624e None None] Starting request: 10.222.0.15 "GET /placement/allocations/1191fc03-ce37-470e-ac9e-2ea63bae632c" {{(pid=107653) __call__ /opt/stack/placement/placement/requestlog.py:55}}
Aug 28 15:27:36.666117 n-d-816157-12 devstack@placement-api.service[107652]: DEBUG placement.requestlog [req-83646f02-8027-431a-a9ca-10f1c25ee255 req-2c8ebcc8-a33c-4147-afde-1f76aca0d217 None None] Starting request: 10.222.0.47 "PUT /placement/allocations/f017babd-85e9-40a7-8b0d-4d8e7197348f" {{(pid=107652) __call__ /opt/stack/placement/placement/requestlog.py:55}}
Aug 28 15:27:36.673287 n-d-816157-12 devstack@placement-api.service[107653]: INFO placement.requestlog [req-f8b69798-657e-495f-b030-912db4c840f3 req-f897370f-35aa-4429-88c0-018eb535624e service placement] 10.222.0.15 "GET /placement/allocations/1191fc03-ce37-470e-ac9e-2ea63bae632c" status: 200 len: 19 microversion: 1.28
Aug 28 15:27:36.673685 n-d-816157-12 devstack@placement-api.service[107653]: [pid: 107653|app: 0|req: 455/902] 10.222.0.15 () {60 vars in 1380 bytes} [Sun Aug 28 15:27:36 2022] GET /placement/allocations/1191fc03-ce37-470e-ac9e-2ea63bae632c => generated 19 bytes in 17 msecs (HTTP/1.1 200) 8 headers in 295 bytes (1 switches on core 0)
Aug 28 15:27:36.681894 n-d-816157-12 devstack@placement-api.service[107653]: DEBUG placement.requestlog [req-f8b69798-657e-495f-b030-912db4c840f3 req-01f6f0ed-773d-4307-bd66-d8c200e0fced None None] Starting request: 10.222.0.15 "PUT /placement/allocations/1191fc03-ce37-470e-ac9e-2ea63bae632c" {{(pid=107653) __call__ /opt/stack/placement/placement/requestlog.py:55}}
Aug 28 15:27:36.737176 n-d-816157-12 devstack@placement-api.service[107652]: DEBUG placement.handlers.allocation [req-83646f02-8027-431a-a9ca-10f1c25ee255 req-2c8ebcc8-a33c-4147-afde-1f76aca0d217 service placement] Successfully wrote allocations [, , ] {{(pid=107652) _update_consumers_and_create_allocations /opt/stack/placement/placement/handlers/allocation.py:462}}
Aug 28 15:27:36.746347 n-d-816157-12 devstack@placement-api.service[107652]: INFO placement.requestlog [req-83646f02-8027-431a-a9ca-10f1c25ee255 req-2c8ebcc8-a33c-4147-afde-1f76aca0d217 service placement] 10.222.0.47 "PUT /placement/allocations/f017babd-85e9-40a7-8b0d-4d8e7197348f" status: 204 len: 0 microversion: 1.28
Aug 28 15:27:36.747109 n-d-816157-12 devstack@placement-api.service[107652]: [pid: 107652|app: 0|req: 448/903] 10.222.0.47 () {64 vars in 1430 bytes} [Sun Aug 28 15:27:36 2022] PUT /placement/allocations/f017babd-85e9-40a7-8b0d-4d8e7197348f => generated 0 bytes in 82 msecs (HTTP/1.1 204) 5 headers in 199 bytes (2 switches on core 0)
Aug 28 15:27:36.772738 n-d-816157-12 devstack@placement-api.service[107653]: DEBUG placement.handlers.allocation [req-f8b69798-657e-495f-b030-912db4c840f3 req-01f6f0ed-773d-4307-bd66-d8c200e0fced service placement] Successfully wrote allocations [, , ] {{(pid=107653) _update_consumers_and_create_allocations /opt/stack/placement/placement/handlers/allocation.py:462}}
Aug 28 15:27:36.779276 n-d-816157-12 devstack@placement-api.service[107653]: INFO placement.requestlog [req-f8b69798-657e-495f-b030-912db4c840f3 req-01f6f0ed-773d-4307-bd66-d8c200e0fced service placement] 10.222.0.15 "PUT /placement/allocations/1191fc03-ce37-470e-ac9e-2ea63bae632c" status: 204 len: 0 microversion: 1.36
Aug 28 15:27:36.790755 n-d-816157-12 devstack@placement-api.service[107653]: [pid: 107653|app: 0|req: 456/904] 10.222.0.15 () {64 vars in 1433 bytes} [Sun Aug 28 15:27:36 2022] PUT /placement/allocations/1191fc03-ce37-470e-ac9e-2ea63bae632c => generated 0 bytes in 99 msecs (HTTP/1.1 204) 5 headers in 199 bytes (1 switches on core 0)
Aug 28 15:27:37.337457 n-d-816157-12 devstack@placement-api.service[107652]: DEBUG placement.requestlog [req-f8b69798-657e-495f-b030-912db4c840f3 req-f6ccb6c6-7689-40ba-a6d0-38edabf1afa6 None None] Starting request: 10.222.0.47 "GET /placement/allocations/1191fc03-ce37-470e-ac9e-2ea63bae632c" {{(pid=107652) __call__ /opt/stack/placement/placement/requestlog.py:55}}
Aug 28 15:27:37.362816 n-d-816157-12 devstack@placement-api.service[107652]: DEBUG dbcounter [-] [107652] Writing DB stats placement:SELECT=92,placement:DELETE=6,placement:UPDATE=2 {{(pid=107652) stat_writer /usr/local/lib/python3.8/dist-packages/dbcounter.py:114}}
Aug 28 15:27:37.377868 n-d-816157-12 devstack@placement-api.service[107652]: INFO placement.requestlog [req-f8b69798-657e-495f-b030-912db4c840f3 req-f6ccb6c6-7689-40ba-a6d0-38edabf1afa6 service placement] 10.222.0.47 "GET /placement/allocations/1191fc03-ce37-470e-ac9e-2ea63bae632c" status: 200 len: 259 microversion: 1.28
Aug 28 15:27:37.378599 n-d-816157-12 devstack@placement-api.service[107652]: [pid: 107652|app: 0|req: 449/905] 10.222.0.47 () {60 vars in 1377 bytes} [Sun Aug 28 15:27:37 2022] GET /placement/allocations/1191fc03-ce37-470e-ac9e-2ea63bae632c => generated 259 bytes in 41 msecs (HTTP/1.1 200) 8 headers in 296 bytes (1 switches on core 0)
Aug 28 15:27:37.615267 n-d-816157-12 devstack@placement-api.service[107653]: DEBUG placement.requestlog [req-f8b69798-657e-495f-b030-912db4c840f3 req-c0556d3b-e093-47b8-a35a-53e45ceff25a None None] Starting request: 10.222.0.47 "GET /placement/resource_providers/4cd05b24-2ebb-4237-a359-ac2b5b552240/allocations" {{(pid=107653) __call__ /opt/stack/placement/placement/requestlog.py:55}}
Aug 28 15:27:37.628720 n-d-816157-12 devstack@placement-api.service[107653]: DEBUG dbcounter [-] [107653] Writing DB stats placement:SELECT=90,placement:DELETE=4,placement:INSERT=4,placement:UPDATE=2 {{(pid=107653) stat_writer /usr/local/lib/python3.8/dist-packages/dbcounter.py:114}}
Aug 28 15:27:37.658062 n-d-816157-12 devstack@placement-api.service[107653]: INFO placement.requestlog [req-f8b69798-657e-495f-b030-912db4c840f3 req-c0556d3b-e093-47b8-a35a-53e45ceff25a service placement] 10.222.0.47 "GET /placement/resource_providers/4cd05b24-2ebb-4237-a359-ac2b5b552240/allocations" status: 200 len: 356 microversion: 1.0
Aug 28 15:27:37.658775 n-d-816157-12 devstack@placement-api.service[107653]: [pid: 107653|app: 0|req: 457/906] 10.222.0.47 () {58 vars in 1390 bytes} [Sun Aug 28 15:27:37 2022] GET /placement/resource_providers/4cd05b24-2ebb-4237-a359-ac2b5b552240/allocations => generated 356 bytes in 44 msecs (HTTP/1.1 200) 6 headers in 224 bytes (1 switches on core 0)
Aug 28 15:27:37.667491 n-d-816157-12 devstack@placement-api.service[107652]: DEBUG placement.requestlog [req-f8b69798-657e-495f-b030-912db4c840f3 req-74d9962c-658f-49eb-b126-2f75284ff19f None None] Starting request: 10.222.0.47 "GET /placement/allocations/32ed3374-8ed6-4648-a714-59dbf2b155dc" {{(pid=107652) __call__ /opt/stack/placement/placement/requestlog.py:55}}
Aug 28 15:27:37.695352 n-d-816157-12 devstack@placement-api.service[107652]: INFO placement.requestlog [req-f8b69798-657e-495f-b030-912db4c840f3 req-74d9962c-658f-49eb-b126-2f75284ff19f service placement] 10.222.0.47 "GET /placement/allocations/32ed3374-8ed6-4648-a714-59dbf2b155dc" status: 200 len: 259 microversion: 1.28
Aug 28 15:27:37.695849 n-d-816157-12 devstack@placement-api.service[107652]: [pid: 107652|app: 0|req: 450/907] 10.222.0.47 () {60 vars in 1377 bytes} [Sun Aug 28 15:27:37 2022] GET /placement/allocations/32ed3374-8ed6-4648-a714-59dbf2b155dc => generated 259 bytes in 29 msecs (HTTP/1.1 200) 8 headers in 296 bytes (1 switches on core 0)
Aug 28 15:27:37.703006 n-d-816157-12 devstack@placement-api.service[107653]: DEBUG placement.requestlog [req-f8b69798-657e-495f-b030-912db4c840f3 req-99f3fbad-928b-4926-bcab-6490efe49eac None None] Starting request: 10.222.0.47 "GET /placement/allocations/275f03cf-f19a-4c47-ad87-126533d36148" {{(pid=107653) __call__ /opt/stack/placement/placement/requestlog.py:55}}
Aug 28 15:27:37.727767 n-d-816157-12 devstack@placement-api.service[107653]: INFO placement.requestlog [req-f8b69798-657e-495f-b030-912db4c840f3 req-99f3fbad-928b-4926-bcab-6490efe49eac service placement] 10.222.0.47 "GET /placement/allocations/275f03cf-f19a-4c47-ad87-126533d36148" status: 200 len: 259 microversion: 1.28
Aug 28 15:27:37.730047 n-d-816157-12 devstack@placement-api.service[107653]: [pid: 107653|app: 0|req: 458/908] 10.222.0.47 () {60 vars in 1377 bytes} [Sun Aug 28 15:27:37 2022] GET /placement/allocations/275f03cf-f19a-4c47-ad87-126533d36148 => generated 259 bytes in 27 msecs (HTTP/1.1 200) 8 headers in 296 bytes (1 switches on core 0)
Aug 28 15:27:37.739930 n-d-816157-12 devstack@placement-api.service[107652]: DEBUG placement.requestlog [req-f8b69798-657e-495f-b030-912db4c840f3 req-1f8ab91c-89d0-42bc-8dc8-dd8d2568299d None None] Starting request: 10.222.0.47 "GET /placement/allocations/1191fc03-ce37-470e-ac9e-2ea63bae632c" {{(pid=107652) __call__ /opt/stack/placement/placement/requestlog.py:55}}
Aug 28 15:27:37.759825 n-d-816157-12 devstack@placement-api.service[107652]: INFO placement.requestlog [req-f8b69798-657e-495f-b030-912db4c840f3 req-1f8ab91c-89d0-42bc-8dc8-dd8d2568299d service placement] 10.222.0.47 "GET /placement/allocations/1191fc03-ce37-470e-ac9e-2ea63bae632c" status: 200 len: 259 microversion: 1.28
Aug 28 15:27:37.760316 n-d-816157-12 devstack@placement-api.service[107652]: [pid: 107652|app: 0|req: 451/909] 10.222.0.47 () {60 vars in 1377 bytes} [Sun Aug 28 15:27:37 2022] GET /placement/allocations/1191fc03-ce37-470e-ac9e-2ea63bae632c => generated 259 bytes in 22 msecs (HTTP/1.1 200) 8 headers in 296 bytes (1 switches on core 0)
Aug 28 15:27:41.122949 n-d-816157-12 devstack@placement-api.service[107653]: DEBUG placement.requestlog [req-983fd08b-3c4e-4d25-86f1-7b4c397b8f33 req-f2a474e2-b2a7-4a43-80da-37e5d5489ff9 None None] Starting request: 10.222.0.15 "GET /placement/resource_providers/4cd05b24-2ebb-4237-a359-ac2b5b552240/traits" {{(pid=107653) __call__ /opt/stack/placement/placement/requestlog.py:55}}
Aug 28 15:27:41.399689 n-d-816157-12 devstack@placement-api.service[107653]: INFO placement.requestlog [req-983fd08b-3c4e-4d25-86f1-7b4c397b8f33 req-f2a474e2-b2a7-4a43-80da-37e5d5489ff9 service placement] 10.222.0.15 "GET /placement/resource_providers/4cd05b24-2ebb-4237-a359-ac2b5b552240/traits" status: 200 len: 212 microversion: 1.6
Aug 28 15:27:41.400220 n-d-816157-12 devstack@placement-api.service[107653]: [pid: 107653|app: 0|req: 459/910] 10.222.0.15 () {60 vars in 1412 bytes} [Sun Aug 28 15:27:41 2022] GET /placement/resource_providers/4cd05b24-2ebb-4237-a359-ac2b5b552240/traits => generated 212 bytes in 278 msecs (HTTP/1.1 200) 6 headers in 224 bytes (1 switches on core 0)
Aug 28 15:27:41.873526 n-d-816157-12 devstack@placement-api.service[107652]: DEBUG placement.requestlog [req-983fd08b-3c4e-4d25-86f1-7b4c397b8f33 req-e97af460-1097-4d16-a5b6-01e6a2a2c9f8 None None] Starting request: 10.222.0.15 "GET /placement/allocations/275f03cf-f19a-4c47-ad87-126533d36148" {{(pid=107652) __call__ /opt/stack/placement/placement/requestlog.py:55}}
Aug 28 15:27:41.897487 n-d-816157-12 devstack@placement-api.service[107652]: INFO placement.requestlog [req-983fd08b-3c4e-4d25-86f1-7b4c397b8f33 req-e97af460-1097-4d16-a5b6-01e6a2a2c9f8 service placement] 10.222.0.15 "GET /placement/allocations/275f03cf-f19a-4c47-ad87-126533d36148" status: 200 len: 259 microversion: 1.28
Aug 28 15:27:41.899296 n-d-816157-12 devstack@placement-api.service[107652]: [pid: 107652|app: 0|req: 452/911] 10.222.0.15 () {60 vars in 1380 bytes} [Sun Aug 28 15:27:41 2022] GET /placement/allocations/275f03cf-f19a-4c47-ad87-126533d36148 => generated 259 bytes in 26 msecs (HTTP/1.1 200) 8 headers in 296 bytes (1 switches on core 0)
Aug 28 15:27:41.905284 n-d-816157-12 devstack@placement-api.service[107653]: DEBUG placement.requestlog [req-983fd08b-3c4e-4d25-86f1-7b4c397b8f33 req-ddcc73d4-8774-4c60-ae4f-9311ccc07ebe None None] Starting request: 10.222.0.15 "GET /placement/allocations/275f03cf-f19a-4c47-ad87-126533d36148" {{(pid=107653) __call__ /opt/stack/placement/placement/requestlog.py:55}}
Aug 28 15:27:41.947572 n-d-816157-12 devstack@placement-api.service[107653]: INFO placement.requestlog [req-983fd08b-3c4e-4d25-86f1-7b4c397b8f33 req-ddcc73d4-8774-4c60-ae4f-9311ccc07ebe service placement] 10.222.0.15 "GET /placement/allocations/275f03cf-f19a-4c47-ad87-126533d36148" status: 200 len: 259 microversion: 1.28
Aug 28 15:27:41.948592 n-d-816157-12 devstack@placement-api.service[107653]: [pid: 107653|app: 0|req: 460/912] 10.222.0.15 () {60 vars in 1380 bytes} [Sun Aug 28 15:27:41 2022] GET /placement/allocations/275f03cf-f19a-4c47-ad87-126533d36148 => generated 259 bytes in 43 msecs (HTTP/1.1 200) 8 headers in 296 bytes (1 switches on core 0)
Aug 28 15:27:41.955264 n-d-816157-12 devstack@placement-api.service[107652]: DEBUG placement.requestlog [req-983fd08b-3c4e-4d25-86f1-7b4c397b8f33 req-16448bf9-8cb0-4559-8788-b178ba42e46c None None] Starting request: 10.222.0.15 "GET /placement/allocations/192f09a4-2a89-44e9-af61-4dc11a2faa2b" {{(pid=107652) __call__ /opt/stack/placement/placement/requestlog.py:55}}
Aug 28 15:27:41.973177 n-d-816157-12 devstack@placement-api.service[107652]: INFO placement.requestlog [req-983fd08b-3c4e-4d25-86f1-7b4c397b8f33 req-16448bf9-8cb0-4559-8788-b178ba42e46c service placement] 10.222.0.15 "GET /placement/allocations/192f09a4-2a89-44e9-af61-4dc11a2faa2b" status: 200 len: 19 microversion: 1.28
Aug 28 15:27:41.974826 n-d-816157-12 devstack@placement-api.service[107652]: [pid: 107652|app: 0|req: 453/913] 10.222.0.15 () {60 vars in 1380 bytes} [Sun Aug 28 15:27:41 2022] GET /placement/allocations/192f09a4-2a89-44e9-af61-4dc11a2faa2b => generated 19 bytes in 20 msecs (HTTP/1.1 200) 8 headers in 295 bytes (2 switches on core 0)
Aug 28 15:27:41.981569 n-d-816157-12 devstack@placement-api.service[107653]: DEBUG placement.requestlog [req-983fd08b-3c4e-4d25-86f1-7b4c397b8f33 req-801f3b0e-12a5-4bc7-a284-da3c92e141e8 None None] Starting request: 10.222.0.15 "POST /placement/allocations" {{(pid=107653) __call__ /opt/stack/placement/placement/requestlog.py:55}}
Aug 28 15:27:42.154740 n-d-816157-12 devstack@placement-api.service[107653]: DEBUG placement.handlers.allocation [req-983fd08b-3c4e-4d25-86f1-7b4c397b8f33 req-801f3b0e-12a5-4bc7-a284-da3c92e141e8 service placement] Successfully wrote allocations [, , , , , ] {{(pid=107653) _update_consumers_and_create_allocations /opt/stack/placement/placement/handlers/allocation.py:572}}
Aug 28 15:27:42.167931 n-d-816157-12 devstack@placement-api.service[107653]: INFO placement.requestlog [req-983fd08b-3c4e-4d25-86f1-7b4c397b8f33 req-801f3b0e-12a5-4bc7-a284-da3c92e141e8 service placement] 10.222.0.15 "POST /placement/allocations" status: 204 len: 0 microversion: 1.28
Aug 28 15:27:42.168572 n-d-816157-12 devstack@placement-api.service[107653]: [pid: 107653|app: 0|req: 461/914] 10.222.0.15 () {64 vars in 1323 bytes} [Sun Aug 28 15:27:41 2022] POST /placement/allocations => generated 0 bytes in 188 msecs (HTTP/1.1 204) 5 headers in 199 bytes (2 switches on core 0)
Aug 28 15:27:42.648694 n-d-816157-12 devstack@placement-api.service[107652]: DEBUG placement.requestlog [req-983fd08b-3c4e-4d25-86f1-7b4c397b8f33 req-e04de7b7-7ef2-4304-8d93-1f918c156a2b None None] Starting request: 10.222.0.15 "GET /placement/allocation_candidates?limit=1000&resources=DISK_GB%3A1%2CMEMORY_MB%3A1024%2CVCPU%3A1&root_required=%21COMPUTE_STATUS_DISABLED" {{(pid=107652) __call__ /opt/stack/placement/placement/requestlog.py:55}}
Aug 28 15:27:42.725222 n-d-816157-12 devstack@placement-api.service[107652]: DEBUG placement.objects.research_context [req-983fd08b-3c4e-4d25-86f1-7b4c397b8f33 req-e04de7b7-7ef2-4304-8d93-1f918c156a2b service placement] getting providers with 1 DISK_GB {{(pid=107652) __init__ /opt/stack/placement/placement/objects/research_context.py:136}}
Aug 28 15:27:42.732543 n-d-816157-12 devstack@placement-api.service[107652]: DEBUG placement.objects.research_context [req-983fd08b-3c4e-4d25-86f1-7b4c397b8f33 req-e04de7b7-7ef2-4304-8d93-1f918c156a2b service placement] getting providers with 1024 MEMORY_MB {{(pid=107652) __init__ /opt/stack/placement/placement/objects/research_context.py:136}}
Aug 28 15:27:42.748088 n-d-816157-12 devstack@placement-api.service[107652]: DEBUG placement.objects.research_context [req-983fd08b-3c4e-4d25-86f1-7b4c397b8f33 req-e04de7b7-7ef2-4304-8d93-1f918c156a2b service placement] getting providers with 1 VCPU {{(pid=107652) __init__ /opt/stack/placement/placement/objects/research_context.py:136}}
Aug 28 15:27:42.754521 n-d-816157-12 devstack@placement-api.service[107652]: DEBUG placement.objects.research_context [req-983fd08b-3c4e-4d25-86f1-7b4c397b8f33 req-e04de7b7-7ef2-4304-8d93-1f918c156a2b service placement] found 2 providers with available 1 DISK_GB {{(pid=107652) get_provider_ids_matching /opt/stack/placement/placement/objects/research_context.py:563}}
Aug 28 15:27:42.755019 n-d-816157-12 devstack@placement-api.service[107652]: DEBUG placement.objects.research_context [req-983fd08b-3c4e-4d25-86f1-7b4c397b8f33 req-e04de7b7-7ef2-4304-8d93-1f918c156a2b service placement] found 2 providers with available 1024 MEMORY_MB {{(pid=107652) get_provider_ids_matching /opt/stack/placement/placement/objects/research_context.py:563}}
Aug 28 15:27:42.755467 n-d-816157-12 devstack@placement-api.service[107652]: DEBUG placement.objects.research_context [req-983fd08b-3c4e-4d25-86f1-7b4c397b8f33 req-e04de7b7-7ef2-4304-8d93-1f918c156a2b service placement] found 2 providers after filtering by previous result {{(pid=107652) get_provider_ids_matching /opt/stack/placement/placement/objects/research_context.py:594}}
Aug 28 15:27:42.756058 n-d-816157-12 devstack@placement-api.service[107652]: DEBUG placement.objects.research_context [req-983fd08b-3c4e-4d25-86f1-7b4c397b8f33 req-e04de7b7-7ef2-4304-8d93-1f918c156a2b service placement] found 2 providers with available 1 VCPU {{(pid=107652) get_provider_ids_matching /opt/stack/placement/placement/objects/research_context.py:563}}
Aug 28 15:27:42.756461 n-d-816157-12 devstack@placement-api.service[107652]: DEBUG placement.objects.research_context [req-983fd08b-3c4e-4d25-86f1-7b4c397b8f33 req-e04de7b7-7ef2-4304-8d93-1f918c156a2b service placement] found 2 providers after filtering by previous result {{(pid=107652) get_provider_ids_matching /opt/stack/placement/placement/objects/research_context.py:594}}
Aug 28 15:27:42.785154 n-d-816157-12 devstack@placement-api.service[107652]: DEBUG placement.objects.allocation_candidate [req-983fd08b-3c4e-4d25-86f1-7b4c397b8f33 req-e04de7b7-7ef2-4304-8d93-1f918c156a2b service placement] RequestGroup(use_same_provider=False, resources={DISK_GB:1, MEMORY_MB:1024, VCPU:1}, traits=(), aggregates=[]) (suffix '') returned 2 matches {{(pid=107652) _get_by_requests /opt/stack/placement/placement/objects/allocation_candidate.py:156}}
Aug 28 15:27:42.785759 n-d-816157-12 devstack@placement-api.service[107652]: DEBUG placement.objects.allocation_candidate [req-983fd08b-3c4e-4d25-86f1-7b4c397b8f33 req-e04de7b7-7ef2-4304-8d93-1f918c156a2b service placement] Merging candidates yields 2 allocation requests and 2 provider summaries {{(pid=107652) _merge_candidates /opt/stack/placement/placement/objects/allocation_candidate.py:809}}
Aug 28 15:27:42.787766 n-d-816157-12 devstack@placement-api.service[107652]: INFO placement.requestlog [req-983fd08b-3c4e-4d25-86f1-7b4c397b8f33 req-e04de7b7-7ef2-4304-8d93-1f918c156a2b service placement] 10.222.0.15 "GET /placement/allocation_candidates?limit=1000&resources=DISK_GB%3A1%2CMEMORY_MB%3A1024%2CVCPU%3A1&root_required=%21COMPUTE_STATUS_DISABLED" status: 200 len: 1310 microversion: 1.36
Aug 28 15:27:42.790553 n-d-816157-12 devstack@placement-api.service[107652]: [pid: 107652|app: 0|req: 454/915] 10.222.0.15 () {60 vars in 1506 bytes} [Sun Aug 28 15:27:42 2022] GET /placement/allocation_candidates?limit=1000&resources=DISK_GB%3A1%2CMEMORY_MB%3A1024%2CVCPU%3A1&root_required=%21COMPUTE_STATUS_DISABLED => generated 1310 bytes in 142 msecs (HTTP/1.1 200) 8 headers in 297 bytes (1 switches on core 0)
Aug 28 15:27:42.863911 n-d-816157-12 devstack@placement-api.service[107653]: DEBUG placement.requestlog [req-983fd08b-3c4e-4d25-86f1-7b4c397b8f33 req-b108b732-fecf-4adf-af6d-65e307dbd64e None None] Starting request: 10.222.0.15 "GET /placement/allocations/275f03cf-f19a-4c47-ad87-126533d36148" {{(pid=107653) __call__ /opt/stack/placement/placement/requestlog.py:55}}
Aug 28 15:27:42.876025 n-d-816157-12 devstack@placement-api.service[107653]: INFO placement.requestlog [req-983fd08b-3c4e-4d25-86f1-7b4c397b8f33 req-b108b732-fecf-4adf-af6d-65e307dbd64e service placement] 10.222.0.15 "GET /placement/allocations/275f03cf-f19a-4c47-ad87-126533d36148" status: 200 len: 19 microversion: 1.28
Aug 28 15:27:42.877051 n-d-816157-12 devstack@placement-api.service[107653]: [pid: 107653|app: 0|req: 462/916] 10.222.0.15 () {60 vars in 1380 bytes} [Sun Aug 28 15:27:42 2022] GET /placement/allocations/275f03cf-f19a-4c47-ad87-126533d36148 => generated 19 bytes in 14 msecs (HTTP/1.1 200) 8 headers in 295 bytes (1 switches on core 0)
Aug 28 15:27:42.883295 n-d-816157-12 devstack@placement-api.service[107652]: DEBUG placement.requestlog [req-983fd08b-3c4e-4d25-86f1-7b4c397b8f33 req-82fa54ce-c919-42c5-8182-ae5e0332b6e7 None None] Starting request: 10.222.0.15 "PUT /placement/allocations/275f03cf-f19a-4c47-ad87-126533d36148" {{(pid=107652) __call__ /opt/stack/placement/placement/requestlog.py:55}}
Aug 28 15:27:42.990215 n-d-816157-12 devstack@placement-api.service[107652]: DEBUG placement.handlers.allocation [req-983fd08b-3c4e-4d25-86f1-7b4c397b8f33 req-82fa54ce-c919-42c5-8182-ae5e0332b6e7 service placement] Successfully wrote allocations [, , ] {{(pid=107652) _update_consumers_and_create_allocations /opt/stack/placement/placement/handlers/allocation.py:462}}
Aug 28 15:27:43.005248 n-d-816157-12 devstack@placement-api.service[107652]: INFO placement.requestlog [req-983fd08b-3c4e-4d25-86f1-7b4c397b8f33 req-82fa54ce-c919-42c5-8182-ae5e0332b6e7 service placement] 10.222.0.15 "PUT /placement/allocations/275f03cf-f19a-4c47-ad87-126533d36148" status: 204 len: 0 microversion: 1.36
Aug 28 15:27:43.016565 n-d-816157-12 devstack@placement-api.service[107652]: [pid: 107652|app: 0|req: 455/917] 10.222.0.15 () {64 vars in 1433 bytes} [Sun Aug 28 15:27:42 2022] PUT /placement/allocations/275f03cf-f19a-4c47-ad87-126533d36148 => generated 0 bytes in 125 msecs (HTTP/1.1 204) 5 headers in 199 bytes (1 switches on core 0)
Aug 28 15:27:43.244693 n-d-816157-12 devstack@placement-api.service[107653]: DEBUG placement.requestlog [req-983fd08b-3c4e-4d25-86f1-7b4c397b8f33 req-a022f068-61a5-4fbb-ab99-3d506454274c None None] Starting request: 10.222.0.49 "GET /placement/allocations/275f03cf-f19a-4c47-ad87-126533d36148" {{(pid=107653) __call__ /opt/stack/placement/placement/requestlog.py:55}}
Aug 28 15:27:43.271281 n-d-816157-12 devstack@placement-api.service[107653]: INFO placement.requestlog [req-983fd08b-3c4e-4d25-86f1-7b4c397b8f33 req-a022f068-61a5-4fbb-ab99-3d506454274c service placement] 10.222.0.49 "GET /placement/allocations/275f03cf-f19a-4c47-ad87-126533d36148" status: 200 len: 259 microversion: 1.28
Aug 28 15:27:43.271784 n-d-816157-12 devstack@placement-api.service[107653]: [pid: 107653|app: 0|req: 463/918] 10.222.0.49 () {60 vars in 1377 bytes} [Sun Aug 28 15:27:43 2022] GET /placement/allocations/275f03cf-f19a-4c47-ad87-126533d36148 => generated 259 bytes in 27 msecs (HTTP/1.1 200) 8 headers in 296 bytes (1 switches on core 0)
Aug 28 15:27:43.583928 n-d-816157-12 devstack@placement-api.service[107652]: DEBUG placement.requestlog [req-983fd08b-3c4e-4d25-86f1-7b4c397b8f33 req-c46b41cc-8c98-4031-be8b-071da93e6e7d None None] Starting request: 10.222.0.49 "GET /placement/resource_providers/27882c93-72cc-4b61-9ce0-64b0a6d2a218/allocations" {{(pid=107652) __call__ /opt/stack/placement/placement/requestlog.py:55}}
Aug 28 15:27:43.637680 n-d-816157-12 devstack@placement-api.service[107652]: INFO placement.requestlog [req-983fd08b-3c4e-4d25-86f1-7b4c397b8f33 req-c46b41cc-8c98-4031-be8b-071da93e6e7d service placement] 10.222.0.49 "GET /placement/resource_providers/27882c93-72cc-4b61-9ce0-64b0a6d2a218/allocations" status: 200 len: 1062 microversion: 1.0
Aug 28 15:27:43.643073 n-d-816157-12 devstack@placement-api.service[107652]: [pid: 107652|app: 0|req: 456/919] 10.222.0.49 () {58 vars in 1390 bytes} [Sun Aug 28 15:27:43 2022] GET /placement/resource_providers/27882c93-72cc-4b61-9ce0-64b0a6d2a218/allocations => generated 1062 bytes in 59 msecs (HTTP/1.1 200) 6 headers in 225 bytes (1 switches on core 0)
Aug 28 15:27:43.653848 n-d-816157-12 devstack@placement-api.service[107653]: DEBUG placement.requestlog [req-983fd08b-3c4e-4d25-86f1-7b4c397b8f33 req-617ab504-6a35-4dbc-ace4-b8eccae603f8 None None] Starting request: 10.222.0.49 "GET /placement/allocations/bd6aa5c9-4f75-4c92-b36d-ee4d888b50f5" {{(pid=107653) __call__ /opt/stack/placement/placement/requestlog.py:55}}
Aug 28 15:27:43.702630 n-d-816157-12 devstack@placement-api.service[107653]: INFO placement.requestlog [req-983fd08b-3c4e-4d25-86f1-7b4c397b8f33 req-617ab504-6a35-4dbc-ace4-b8eccae603f8 service placement] 10.222.0.49 "GET /placement/allocations/bd6aa5c9-4f75-4c92-b36d-ee4d888b50f5" status: 200 len: 259 microversion: 1.28
Aug 28 15:27:43.705450 n-d-816157-12 devstack@placement-api.service[107653]: [pid: 107653|app: 0|req: 464/920] 10.222.0.49 () {60 vars in 1377 bytes} [Sun Aug 28 15:27:43 2022] GET /placement/allocations/bd6aa5c9-4f75-4c92-b36d-ee4d888b50f5 => generated 259 bytes in 52 msecs (HTTP/1.1 200) 8 headers in 296 bytes (1 switches on core 0)
Aug 28 15:27:43.725649 n-d-816157-12 devstack@placement-api.service[107652]: DEBUG placement.requestlog [req-983fd08b-3c4e-4d25-86f1-7b4c397b8f33 req-492c4942-91bf-4afb-a6ce-c498177566ad None None] Starting request: 10.222.0.49 "GET /placement/allocations/708f0808-b855-48e5-a45a-3a01c67b0202" {{(pid=107652) __call__ /opt/stack/placement/placement/requestlog.py:55}}
Aug 28 15:27:43.759085 n-d-816157-12 devstack@placement-api.service[107652]: INFO placement.requestlog [req-983fd08b-3c4e-4d25-86f1-7b4c397b8f33 req-492c4942-91bf-4afb-a6ce-c498177566ad service placement] 10.222.0.49 "GET /placement/allocations/708f0808-b855-48e5-a45a-3a01c67b0202" status: 200 len: 259 microversion: 1.28
Aug 28 15:27:43.759497 n-d-816157-12 devstack@placement-api.service[107652]: [pid: 107652|app: 0|req: 457/921] 10.222.0.49 () {60 vars in 1377 bytes} [Sun Aug 28 15:27:43 2022] GET /placement/allocations/708f0808-b855-48e5-a45a-3a01c67b0202 => generated 259 bytes in 34 msecs (HTTP/1.1 200) 8 headers in 296 bytes (1 switches on core 0)
Aug 28 15:27:43.770780 n-d-816157-12 devstack@placement-api.service[107653]: DEBUG placement.requestlog [req-983fd08b-3c4e-4d25-86f1-7b4c397b8f33 req-d409e9f6-1592-4230-bed7-639ecb5ee4d2 None None] Starting request: 10.222.0.49 "GET /placement/allocations/89a7c133-4c0b-48fb-9ee1-8d7d3afc554b" {{(pid=107653) __call__ /opt/stack/placement/placement/requestlog.py:55}}
Aug 28 15:27:43.808854 n-d-816157-12 devstack@placement-api.service[107653]: INFO placement.requestlog [req-983fd08b-3c4e-4d25-86f1-7b4c397b8f33 req-d409e9f6-1592-4230-bed7-639ecb5ee4d2 service placement] 10.222.0.49 "GET /placement/allocations/89a7c133-4c0b-48fb-9ee1-8d7d3afc554b" status: 200 len: 259 microversion: 1.28
Aug 28 15:27:43.809254 n-d-816157-12 devstack@placement-api.service[107653]: [pid: 107653|app: 0|req: 465/922] 10.222.0.49 () {60 vars in 1377 bytes} [Sun Aug 28 15:27:43 2022] GET /placement/allocations/89a7c133-4c0b-48fb-9ee1-8d7d3afc554b => generated 259 bytes in 39 msecs (HTTP/1.1 200) 8 headers in 296 bytes (2 switches on core 0)
Aug 28 15:27:43.817972 n-d-816157-12 devstack@placement-api.service[107652]: DEBUG placement.requestlog [req-983fd08b-3c4e-4d25-86f1-7b4c397b8f33 req-57f1350a-00d9-4dd6-999d-6eca6fce78bc None None] Starting request: 10.222.0.49 "GET /placement/allocations/e0e7fbae-5277-4576-af8b-23f059607e2b" {{(pid=107652) __call__ /opt/stack/placement/placement/requestlog.py:55}}
Aug 28 15:27:43.852649 n-d-816157-12 devstack@placement-api.service[107652]: INFO placement.requestlog [req-983fd08b-3c4e-4d25-86f1-7b4c397b8f33 req-57f1350a-00d9-4dd6-999d-6eca6fce78bc service placement] 10.222.0.49 "GET /placement/allocations/e0e7fbae-5277-4576-af8b-23f059607e2b" status: 200 len: 259 microversion: 1.28
Aug 28 15:27:43.855593 n-d-816157-12 devstack@placement-api.service[107652]: [pid: 107652|app: 0|req: 458/923] 10.222.0.49 () {60 vars in 1377 bytes} [Sun Aug 28 15:27:43 2022] GET /placement/allocations/e0e7fbae-5277-4576-af8b-23f059607e2b => generated 259 bytes in 38 msecs (HTTP/1.1 200) 8 headers in 296 bytes (1 switches on core 0)
Aug 28 15:27:43.861852 n-d-816157-12 devstack@placement-api.service[107653]: DEBUG placement.requestlog [req-983fd08b-3c4e-4d25-86f1-7b4c397b8f33 req-0eba8d02-90b8-425f-b3c1-f1eb7b1fd3bc None None] Starting request: 10.222.0.49 "GET /placement/allocations/922804a1-27d2-4bd4-8de1-ae01572e2089" {{(pid=107653) __call__ /opt/stack/placement/placement/requestlog.py:55}}
Aug 28 15:27:43.892421 n-d-816157-12 devstack@placement-api.service[107653]: INFO placement.requestlog [req-983fd08b-3c4e-4d25-86f1-7b4c397b8f33 req-0eba8d02-90b8-425f-b3c1-f1eb7b1fd3bc service placement] 10.222.0.49 "GET /placement/allocations/922804a1-27d2-4bd4-8de1-ae01572e2089" status: 200 len: 259 microversion: 1.28
Aug 28 15:27:43.893163 n-d-816157-12 devstack@placement-api.service[107653]: [pid: 107653|app: 0|req: 466/924] 10.222.0.49 () {60 vars in 1377 bytes} [Sun Aug 28 15:27:43 2022] GET /placement/allocations/922804a1-27d2-4bd4-8de1-ae01572e2089 => generated 259 bytes in 31 msecs (HTTP/1.1 200) 8 headers in 296 bytes (1 switches on core 0)
Aug 28 15:27:43.902355 n-d-816157-12 devstack@placement-api.service[107652]: DEBUG placement.requestlog [req-983fd08b-3c4e-4d25-86f1-7b4c397b8f33 req-9b4a309e-fe6f-4f10-97ee-3865a2037c1b None None] Starting request: 10.222.0.49 "GET /placement/allocations/275f03cf-f19a-4c47-ad87-126533d36148" {{(pid=107652) __call__ /opt/stack/placement/placement/requestlog.py:55}}
Aug 28 15:27:43.927704 n-d-816157-12 devstack@placement-api.service[107652]: INFO placement.requestlog [req-983fd08b-3c4e-4d25-86f1-7b4c397b8f33 req-9b4a309e-fe6f-4f10-97ee-3865a2037c1b service placement] 10.222.0.49 "GET /placement/allocations/275f03cf-f19a-4c47-ad87-126533d36148" status: 200 len: 259 microversion: 1.28
Aug 28 15:27:43.930562 n-d-816157-12 devstack@placement-api.service[107652]: [pid: 107652|app: 0|req: 459/925] 10.222.0.49 () {60 vars in 1377 bytes} [Sun Aug 28 15:27:43 2022] GET /placement/allocations/275f03cf-f19a-4c47-ad87-126533d36148 => generated 259 bytes in 29 msecs (HTTP/1.1 200) 8 headers in 296 bytes (1 switches on core 0)
Aug 28 15:27:43.939905 n-d-816157-12 devstack@placement-api.service[107653]: DEBUG placement.requestlog [req-983fd08b-3c4e-4d25-86f1-7b4c397b8f33 req-04c4aab3-819b-492a-aa14-60380d2c638f None None] Starting request: 10.222.0.49 "GET /placement/allocations/bb4baa9a-fe06-404e-9116-c19797c2425d" {{(pid=107653) __call__ /opt/stack/placement/placement/requestlog.py:55}}
Aug 28 15:27:43.994321 n-d-816157-12 devstack@placement-api.service[107653]: INFO placement.requestlog [req-983fd08b-3c4e-4d25-86f1-7b4c397b8f33 req-04c4aab3-819b-492a-aa14-60380d2c638f service placement] 10.222.0.49 "GET /placement/allocations/bb4baa9a-fe06-404e-9116-c19797c2425d" status: 200 len: 259 microversion: 1.28
Aug 28 15:27:43.995301 n-d-816157-12 devstack@placement-api.service[107653]: [pid: 107653|app: 0|req: 467/926] 10.222.0.49 () {60 vars in 1377 bytes} [Sun Aug 28 15:27:43 2022] GET /placement/allocations/bb4baa9a-fe06-404e-9116-c19797c2425d => generated 259 bytes in 56 msecs (HTTP/1.1 200) 8 headers in 296 bytes (1 switches on core 0)
Aug 28 15:27:44.004104 n-d-816157-12 devstack@placement-api.service[107652]: DEBUG placement.requestlog [req-983fd08b-3c4e-4d25-86f1-7b4c397b8f33 req-df0a2eb3-cbab-4728-a95b-e128d7540434 None None] Starting request: 10.222.0.49 "GET /placement/allocations/ba63996a-8cac-4839-aa74-3338b9d1b8c7" {{(pid=107652) __call__ /opt/stack/placement/placement/requestlog.py:55}}
Aug 28 15:27:44.029347 n-d-816157-12 devstack@placement-api.service[107652]: INFO placement.requestlog [req-983fd08b-3c4e-4d25-86f1-7b4c397b8f33 req-df0a2eb3-cbab-4728-a95b-e128d7540434 service placement] 10.222.0.49 "GET /placement/allocations/ba63996a-8cac-4839-aa74-3338b9d1b8c7" status: 200 len: 259 microversion: 1.28
Aug 28 15:27:44.035955 n-d-816157-12 devstack@placement-api.service[107652]: [pid: 107652|app: 0|req: 460/927] 10.222.0.49 () {60 vars in 1377 bytes} [Sun Aug 28 15:27:44 2022] GET /placement/allocations/ba63996a-8cac-4839-aa74-3338b9d1b8c7 => generated 259 bytes in 32 msecs (HTTP/1.1 200) 8 headers in 296 bytes (1 switches on core 0)
Aug 28 15:27:44.038985 n-d-816157-12 devstack@placement-api.service[107653]: DEBUG placement.requestlog [req-983fd08b-3c4e-4d25-86f1-7b4c397b8f33 req-60c24cd9-d91d-4bb1-962d-9e6b43bc3812 None None] Starting request: 10.222.0.49 "GET /placement/allocations/30750003-0afa-4199-838a-e7f104d17e9a" {{(pid=107653) __call__ /opt/stack/placement/placement/requestlog.py:55}}
Aug 28 15:27:44.066720 n-d-816157-12 devstack@placement-api.service[107653]: INFO placement.requestlog [req-983fd08b-3c4e-4d25-86f1-7b4c397b8f33 req-60c24cd9-d91d-4bb1-962d-9e6b43bc3812 service placement] 10.222.0.49 "GET /placement/allocations/30750003-0afa-4199-838a-e7f104d17e9a" status: 200 len: 259 microversion: 1.28
Aug 28 15:27:44.068104 n-d-816157-12 devstack@placement-api.service[107653]: [pid: 107653|app: 0|req: 468/928] 10.222.0.49 () {60 vars in 1377 bytes} [Sun Aug 28 15:27:44 2022] GET /placement/allocations/30750003-0afa-4199-838a-e7f104d17e9a => generated 259 bytes in 30 msecs (HTTP/1.1 200) 8 headers in 296 bytes (1 switches on core 0)
Aug 28 15:27:44.079337 n-d-816157-12 devstack@placement-api.service[107652]: DEBUG placement.requestlog [req-983fd08b-3c4e-4d25-86f1-7b4c397b8f33 req-03935d4d-b83f-4f29-9aea-8e0faa9c7eb7 None None] Starting request: 10.222.0.49 "GET /placement/allocations/9bb7c5e5-09df-46ed-bffd-029173408489" {{(pid=107652) __call__ /opt/stack/placement/placement/requestlog.py:55}}
Aug 28 15:27:44.124612 n-d-816157-12 devstack@placement-api.service[107652]: INFO placement.requestlog [req-983fd08b-3c4e-4d25-86f1-7b4c397b8f33 req-03935d4d-b83f-4f29-9aea-8e0faa9c7eb7 service placement] 10.222.0.49 "GET /placement/allocations/9bb7c5e5-09df-46ed-bffd-029173408489" status: 200 len: 258 microversion: 1.28
Aug 28 15:27:44.128802 n-d-816157-12 devstack@placement-api.service[107652]: [pid: 107652|app: 0|req: 461/929] 10.222.0.49 () {60 vars in 1377 bytes} [Sun Aug 28 15:27:44 2022] GET /placement/allocations/9bb7c5e5-09df-46ed-bffd-029173408489 => generated 258 bytes in 50 msecs (HTTP/1.1 200) 8 headers in 296 bytes (1 switches on core 0)
Aug 28 15:27:44.453646 n-d-816157-12 devstack@placement-api.service[107653]: DEBUG placement.requestlog [req-dd44eed1-9f61-4bd2-97e9-7641b37125d4 req-cf506a9a-f6b3-43ae-af34-b69991215302 None None] Starting request: 10.222.0.49 "GET /placement/resource_providers/27882c93-72cc-4b61-9ce0-64b0a6d2a218/allocations" {{(pid=107653) __call__ /opt/stack/placement/placement/requestlog.py:55}}
Aug 28 15:27:44.505580 n-d-816157-12 devstack@placement-api.service[107653]: INFO placement.requestlog [req-dd44eed1-9f61-4bd2-97e9-7641b37125d4 req-cf506a9a-f6b3-43ae-af34-b69991215302 service placement] 10.222.0.49 "GET /placement/resource_providers/27882c93-72cc-4b61-9ce0-64b0a6d2a218/allocations" status: 200 len: 1062 microversion: 1.0
Aug 28 15:27:44.506236 n-d-816157-12 devstack@placement-api.service[107653]: [pid: 107653|app: 0|req: 469/930] 10.222.0.49 () {58 vars in 1390 bytes} [Sun Aug 28 15:27:44 2022] GET /placement/resource_providers/27882c93-72cc-4b61-9ce0-64b0a6d2a218/allocations => generated 1062 bytes in 53 msecs (HTTP/1.1 200) 6 headers in 225 bytes (1 switches on core 0)
Aug 28 15:27:44.515222 n-d-816157-12 devstack@placement-api.service[107652]: DEBUG placement.requestlog [req-dd44eed1-9f61-4bd2-97e9-7641b37125d4 req-4068d084-d5b3-4f43-8c60-7bf2afa0ddc7 None None] Starting request: 10.222.0.49 "GET /placement/allocations/bd6aa5c9-4f75-4c92-b36d-ee4d888b50f5" {{(pid=107652) __call__ /opt/stack/placement/placement/requestlog.py:55}}
Aug 28 15:27:44.539431 n-d-816157-12 devstack@placement-api.service[107652]: INFO placement.requestlog [req-dd44eed1-9f61-4bd2-97e9-7641b37125d4 req-4068d084-d5b3-4f43-8c60-7bf2afa0ddc7 service placement] 10.222.0.49 "GET /placement/allocations/bd6aa5c9-4f75-4c92-b36d-ee4d888b50f5" status: 200 len: 259 microversion: 1.28
Aug 28 15:27:44.539819 n-d-816157-12 devstack@placement-api.service[107652]: [pid: 107652|app: 0|req: 462/931] 10.222.0.49 () {60 vars in 1377 bytes} [Sun Aug 28 15:27:44 2022] GET /placement/allocations/bd6aa5c9-4f75-4c92-b36d-ee4d888b50f5 => generated 259 bytes in 25 msecs (HTTP/1.1 200) 8 headers in 296 bytes (1 switches on core 0)
Aug 28 15:27:44.548776 n-d-816157-12 devstack@placement-api.service[107653]: DEBUG placement.requestlog [req-dd44eed1-9f61-4bd2-97e9-7641b37125d4 req-99a1d6d2-0624-4804-9482-673712eb347e None None] Starting request: 10.222.0.49 "GET /placement/allocations/708f0808-b855-48e5-a45a-3a01c67b0202" {{(pid=107653) __call__ /opt/stack/placement/placement/requestlog.py:55}}
Aug 28 15:27:44.582880 n-d-816157-12 devstack@placement-api.service[107653]: INFO placement.requestlog [req-dd44eed1-9f61-4bd2-97e9-7641b37125d4 req-99a1d6d2-0624-4804-9482-673712eb347e service placement] 10.222.0.49 "GET /placement/allocations/708f0808-b855-48e5-a45a-3a01c67b0202" status: 200 len: 259 microversion: 1.28
Aug 28 15:27:44.583988 n-d-816157-12 devstack@placement-api.service[107653]: [pid: 107653|app: 0|req: 470/932] 10.222.0.49 () {60 vars in 1377 bytes} [Sun Aug 28 15:27:44 2022] GET /placement/allocations/708f0808-b855-48e5-a45a-3a01c67b0202 => generated 259 bytes in 35 msecs (HTTP/1.1 200) 8 headers in 296 bytes (1 switches on core 0)
Aug 28 15:27:44.595157 n-d-816157-12 devstack@placement-api.service[107652]: DEBUG placement.requestlog [req-dd44eed1-9f61-4bd2-97e9-7641b37125d4 req-cbcc3b18-a006-4b0e-b10b-8083b7248c98 None None] Starting request: 10.222.0.49 "GET /placement/allocations/89a7c133-4c0b-48fb-9ee1-8d7d3afc554b" {{(pid=107652) __call__ /opt/stack/placement/placement/requestlog.py:55}}
Aug 28 15:27:44.663393 n-d-816157-12 devstack@placement-api.service[107652]: INFO placement.requestlog [req-dd44eed1-9f61-4bd2-97e9-7641b37125d4 req-cbcc3b18-a006-4b0e-b10b-8083b7248c98 service placement] 10.222.0.49 "GET /placement/allocations/89a7c133-4c0b-48fb-9ee1-8d7d3afc554b" status: 200 len: 259 microversion: 1.28
Aug 28 15:27:44.664985 n-d-816157-12 devstack@placement-api.service[107652]: [pid: 107652|app: 0|req: 463/933] 10.222.0.49 () {60 vars in 1377 bytes} [Sun Aug 28 15:27:44 2022] GET /placement/allocations/89a7c133-4c0b-48fb-9ee1-8d7d3afc554b => generated 259 bytes in 70 msecs (HTTP/1.1 200) 8 headers in 296 bytes (1 switches on core 0)
Aug 28 15:27:44.674762 n-d-816157-12 devstack@placement-api.service[107653]: DEBUG placement.requestlog [req-dd44eed1-9f61-4bd2-97e9-7641b37125d4 req-1d385f01-fa74-472d-9e53-910e135bcd02 None None] Starting request: 10.222.0.49 "GET /placement/allocations/e0e7fbae-5277-4576-af8b-23f059607e2b" {{(pid=107653) __call__ /opt/stack/placement/placement/requestlog.py:55}}
Aug 28 15:27:44.707781 n-d-816157-12 devstack@placement-api.service[107653]: INFO placement.requestlog [req-dd44eed1-9f61-4bd2-97e9-7641b37125d4 req-1d385f01-fa74-472d-9e53-910e135bcd02 service placement] 10.222.0.49 "GET /placement/allocations/e0e7fbae-5277-4576-af8b-23f059607e2b" status: 200 len: 259 microversion: 1.28
Aug 28 15:27:44.708738 n-d-816157-12 devstack@placement-api.service[107653]: [pid: 107653|app: 0|req: 471/934] 10.222.0.49 () {60 vars in 1377 bytes} [Sun Aug 28 15:27:44 2022] GET /placement/allocations/e0e7fbae-5277-4576-af8b-23f059607e2b => generated 259 bytes in 34 msecs (HTTP/1.1 200) 8 headers in 296 bytes (1 switches on core 0)
