Aug 27 05:05:11.597173 n-d-816157-11 devstack@placement-api.service[114946]: [pid: 114946|app: 0|req: 720/1447] 10.222.0.86 () {64 vars in 1433 bytes} [Sat Aug 27 05:05:10 2022] PUT /placement/allocations/1bbb6106-2219-4d7c-9b9b-52c45af8aff2 => generated 0 bytes in 672 msecs (HTTP/1.1 204) 5 headers in 199 bytes (1 switches on core 0)
Aug 27 05:05:11.673304 n-d-816157-11 devstack@placement-api.service[114947]: DEBUG placement.requestlog [req-b34b3941-dc80-48d1-b75a-714b198ddbd3 req-b6ef0c0a-2ddb-423d-8af4-dde6394b2c6a None None] Starting request: 10.222.0.86 "GET /placement/allocations/6747cf78-4a48-4eb6-a762-9cdeb53d3d2d" {{(pid=114947) __call__ /opt/stack/placement/placement/requestlog.py:55}}
Aug 27 05:05:11.714136 n-d-816157-11 devstack@placement-api.service[114947]: INFO placement.requestlog [req-b34b3941-dc80-48d1-b75a-714b198ddbd3 req-b6ef0c0a-2ddb-423d-8af4-dde6394b2c6a service placement] 10.222.0.86 "GET /placement/allocations/6747cf78-4a48-4eb6-a762-9cdeb53d3d2d" status: 200 len: 19 microversion: 1.28
Aug 27 05:05:11.721726 n-d-816157-11 devstack@placement-api.service[114947]: [pid: 114947|app: 0|req: 728/1448] 10.222.0.86 () {60 vars in 1380 bytes} [Sat Aug 27 05:05:11 2022] GET /placement/allocations/6747cf78-4a48-4eb6-a762-9cdeb53d3d2d => generated 19 bytes in 49 msecs (HTTP/1.1 200) 8 headers in 295 bytes (1 switches on core 0)
Aug 27 05:05:11.726189 n-d-816157-11 devstack@placement-api.service[114946]: DEBUG placement.requestlog [req-b34b3941-dc80-48d1-b75a-714b198ddbd3 req-4eab5d3a-a47a-4be3-9e37-445d482423f3 None None] Starting request: 10.222.0.86 "PUT /placement/allocations/6747cf78-4a48-4eb6-a762-9cdeb53d3d2d" {{(pid=114946) __call__ /opt/stack/placement/placement/requestlog.py:55}}
Aug 27 05:05:12.061360 n-d-816157-11 devstack@placement-api.service[114946]: DEBUG placement.handlers.allocation [req-b34b3941-dc80-48d1-b75a-714b198ddbd3 req-4eab5d3a-a47a-4be3-9e37-445d482423f3 service placement] Successfully wrote allocations [, , ] {{(pid=114946) _update_consumers_and_create_allocations /opt/stack/placement/placement/handlers/allocation.py:462}}
Aug 27 05:05:12.132123 n-d-816157-11 devstack@placement-api.service[114946]: INFO placement.requestlog [req-b34b3941-dc80-48d1-b75a-714b198ddbd3 req-4eab5d3a-a47a-4be3-9e37-445d482423f3 service placement] 10.222.0.86 "PUT /placement/allocations/6747cf78-4a48-4eb6-a762-9cdeb53d3d2d" status: 204 len: 0 microversion: 1.36
Aug 27 05:05:12.132923 n-d-816157-11 devstack@placement-api.service[114946]: [pid: 114946|app: 0|req: 721/1449] 10.222.0.86 () {64 vars in 1433 bytes} [Sat Aug 27 05:05:11 2022] PUT /placement/allocations/6747cf78-4a48-4eb6-a762-9cdeb53d3d2d => generated 0 bytes in 407 msecs (HTTP/1.1 204) 5 headers in 199 bytes (2 switches on core 0)
Aug 27 05:05:12.212976 n-d-816157-11 devstack@placement-api.service[114947]: DEBUG placement.requestlog [req-b34b3941-dc80-48d1-b75a-714b198ddbd3 req-228c17dd-8777-4085-a887-5eec05fa2b7f None None] Starting request: 10.222.0.86 "GET /placement/allocations/56f1b840-0051-4dfe-b565-ce3b2220719b" {{(pid=114947) __call__ /opt/stack/placement/placement/requestlog.py:55}}
Aug 27 05:05:12.242856 n-d-816157-11 devstack@placement-api.service[114947]: INFO placement.requestlog [req-b34b3941-dc80-48d1-b75a-714b198ddbd3 req-228c17dd-8777-4085-a887-5eec05fa2b7f service placement] 10.222.0.86 "GET /placement/allocations/56f1b840-0051-4dfe-b565-ce3b2220719b" status: 200 len: 19 microversion: 1.28
Aug 27 05:05:12.243870 n-d-816157-11 devstack@placement-api.service[114947]: [pid: 114947|app: 0|req: 729/1450] 10.222.0.86 () {60 vars in 1380 bytes} [Sat Aug 27 05:05:12 2022] GET /placement/allocations/56f1b840-0051-4dfe-b565-ce3b2220719b => generated 19 bytes in 31 msecs (HTTP/1.1 200) 8 headers in 295 bytes (1 switches on core 0)
Aug 27 05:05:12.253086 n-d-816157-11 devstack@placement-api.service[114946]: DEBUG placement.requestlog [req-b34b3941-dc80-48d1-b75a-714b198ddbd3 req-6fbdfb15-265e-4192-9ae8-12ab57f849fb None None] Starting request: 10.222.0.86 "PUT /placement/allocations/56f1b840-0051-4dfe-b565-ce3b2220719b" {{(pid=114946) __call__ /opt/stack/placement/placement/requestlog.py:55}}
Aug 27 05:05:12.400578 n-d-816157-11 devstack@placement-api.service[114946]: DEBUG placement.handlers.allocation [req-b34b3941-dc80-48d1-b75a-714b198ddbd3 req-6fbdfb15-265e-4192-9ae8-12ab57f849fb service placement] Successfully wrote allocations [, , ] {{(pid=114946) _update_consumers_and_create_allocations /opt/stack/placement/placement/handlers/allocation.py:462}}
Aug 27 05:05:12.538725 n-d-816157-11 devstack@placement-api.service[114946]: INFO placement.requestlog [req-b34b3941-dc80-48d1-b75a-714b198ddbd3 req-6fbdfb15-265e-4192-9ae8-12ab57f849fb service placement] 10.222.0.86 "PUT /placement/allocations/56f1b840-0051-4dfe-b565-ce3b2220719b" status: 204 len: 0 microversion: 1.36
Aug 27 05:05:12.539478 n-d-816157-11 devstack@placement-api.service[114946]: [pid: 114946|app: 0|req: 722/1451] 10.222.0.86 () {64 vars in 1433 bytes} [Sat Aug 27 05:05:12 2022] PUT /placement/allocations/56f1b840-0051-4dfe-b565-ce3b2220719b => generated 0 bytes in 287 msecs (HTTP/1.1 204) 5 headers in 199 bytes (2 switches on core 0)
Aug 27 05:05:14.419095 n-d-816157-11 devstack@placement-api.service[114947]: DEBUG placement.requestlog [req-b34b3941-dc80-48d1-b75a-714b198ddbd3 req-c4ac2dd6-fd63-4a9b-b22b-c13e7568b4d4 None None] Starting request: 10.222.0.85 "GET /placement/allocations/1bbb6106-2219-4d7c-9b9b-52c45af8aff2" {{(pid=114947) __call__ /opt/stack/placement/placement/requestlog.py:55}}
Aug 27 05:05:14.459550 n-d-816157-11 devstack@placement-api.service[114947]: INFO placement.requestlog [req-b34b3941-dc80-48d1-b75a-714b198ddbd3 req-c4ac2dd6-fd63-4a9b-b22b-c13e7568b4d4 service placement] 10.222.0.85 "GET /placement/allocations/1bbb6106-2219-4d7c-9b9b-52c45af8aff2" status: 200 len: 259 microversion: 1.28
Aug 27 05:05:14.461515 n-d-816157-11 devstack@placement-api.service[114947]: [pid: 114947|app: 0|req: 730/1452] 10.222.0.85 () {60 vars in 1377 bytes} [Sat Aug 27 05:05:14 2022] GET /placement/allocations/1bbb6106-2219-4d7c-9b9b-52c45af8aff2 => generated 259 bytes in 43 msecs (HTTP/1.1 200) 8 headers in 296 bytes (1 switches on core 0)
Aug 27 05:05:14.463427 n-d-816157-11 devstack@placement-api.service[114946]: DEBUG placement.requestlog [req-b53c55b7-618b-4055-820d-2c851a5682c2 req-324c599a-9217-4a08-bc5c-02ea268f4bfa None None] Starting request: 10.222.0.86 "GET /placement/allocation_candidates?limit=1000&resources=DISK_GB%3A1%2CMEMORY_MB%3A1024%2CVCPU%3A1&root_required=%21COMPUTE_STATUS_DISABLED" {{(pid=114946) __call__ /opt/stack/placement/placement/requestlog.py:55}}
Aug 27 05:05:14.564521 n-d-816157-11 devstack@placement-api.service[114946]: DEBUG dbcounter [-] [114946] Writing DB stats placement:SELECT=74,placement:INSERT=14,placement:DELETE=6,placement:UPDATE=6 {{(pid=114946) stat_writer /usr/local/lib/python3.8/dist-packages/dbcounter.py:114}}
Aug 27 05:05:14.574818 n-d-816157-11 devstack@placement-api.service[114946]: DEBUG placement.objects.research_context [req-b53c55b7-618b-4055-820d-2c851a5682c2 req-324c599a-9217-4a08-bc5c-02ea268f4bfa service placement] getting providers with 1 DISK_GB {{(pid=114946) __init__ /opt/stack/placement/placement/objects/research_context.py:136}}
Aug 27 05:05:14.584982 n-d-816157-11 devstack@placement-api.service[114946]: DEBUG placement.objects.research_context [req-b53c55b7-618b-4055-820d-2c851a5682c2 req-324c599a-9217-4a08-bc5c-02ea268f4bfa service placement] getting providers with 1024 MEMORY_MB {{(pid=114946) __init__ /opt/stack/placement/placement/objects/research_context.py:136}}
Aug 27 05:05:14.592954 n-d-816157-11 devstack@placement-api.service[114946]: DEBUG placement.objects.research_context [req-b53c55b7-618b-4055-820d-2c851a5682c2 req-324c599a-9217-4a08-bc5c-02ea268f4bfa service placement] getting providers with 1 VCPU {{(pid=114946) __init__ /opt/stack/placement/placement/objects/research_context.py:136}}
Aug 27 05:05:14.611001 n-d-816157-11 devstack@placement-api.service[114946]: DEBUG placement.objects.research_context [req-b53c55b7-618b-4055-820d-2c851a5682c2 req-324c599a-9217-4a08-bc5c-02ea268f4bfa service placement] found 2 providers with available 1 DISK_GB {{(pid=114946) get_provider_ids_matching /opt/stack/placement/placement/objects/research_context.py:563}}
Aug 27 05:05:14.612357 n-d-816157-11 devstack@placement-api.service[114946]: DEBUG placement.objects.research_context [req-b53c55b7-618b-4055-820d-2c851a5682c2 req-324c599a-9217-4a08-bc5c-02ea268f4bfa service placement] found 2 providers with available 1024 MEMORY_MB {{(pid=114946) get_provider_ids_matching /opt/stack/placement/placement/objects/research_context.py:563}}
Aug 27 05:05:14.612820 n-d-816157-11 devstack@placement-api.service[114946]: DEBUG placement.objects.research_context [req-b53c55b7-618b-4055-820d-2c851a5682c2 req-324c599a-9217-4a08-bc5c-02ea268f4bfa service placement] found 2 providers after filtering by previous result {{(pid=114946) get_provider_ids_matching /opt/stack/placement/placement/objects/research_context.py:594}}
Aug 27 05:05:14.613239 n-d-816157-11 devstack@placement-api.service[114946]: DEBUG placement.objects.research_context [req-b53c55b7-618b-4055-820d-2c851a5682c2 req-324c599a-9217-4a08-bc5c-02ea268f4bfa service placement] found 2 providers with available 1 VCPU {{(pid=114946) get_provider_ids_matching /opt/stack/placement/placement/objects/research_context.py:563}}
Aug 27 05:05:14.613671 n-d-816157-11 devstack@placement-api.service[114946]: DEBUG placement.objects.research_context [req-b53c55b7-618b-4055-820d-2c851a5682c2 req-324c599a-9217-4a08-bc5c-02ea268f4bfa service placement] found 2 providers after filtering by previous result {{(pid=114946) get_provider_ids_matching /opt/stack/placement/placement/objects/research_context.py:594}}
Aug 27 05:05:14.658110 n-d-816157-11 devstack@placement-api.service[114946]: DEBUG placement.objects.allocation_candidate [req-b53c55b7-618b-4055-820d-2c851a5682c2 req-324c599a-9217-4a08-bc5c-02ea268f4bfa service placement] RequestGroup(use_same_provider=False, resources={DISK_GB:1, MEMORY_MB:1024, VCPU:1}, traits=(), aggregates=[]) (suffix '') returned 2 matches {{(pid=114946) _get_by_requests /opt/stack/placement/placement/objects/allocation_candidate.py:156}}
Aug 27 05:05:14.658746 n-d-816157-11 devstack@placement-api.service[114946]: DEBUG placement.objects.allocation_candidate [req-b53c55b7-618b-4055-820d-2c851a5682c2 req-324c599a-9217-4a08-bc5c-02ea268f4bfa service placement] Merging candidates yields 2 allocation requests and 2 provider summaries {{(pid=114946) _merge_candidates /opt/stack/placement/placement/objects/allocation_candidate.py:809}}
Aug 27 05:05:14.660599 n-d-816157-11 devstack@placement-api.service[114946]: INFO placement.requestlog [req-b53c55b7-618b-4055-820d-2c851a5682c2 req-324c599a-9217-4a08-bc5c-02ea268f4bfa service placement] 10.222.0.86 "GET /placement/allocation_candidates?limit=1000&resources=DISK_GB%3A1%2CMEMORY_MB%3A1024%2CVCPU%3A1&root_required=%21COMPUTE_STATUS_DISABLED" status: 200 len: 1309 microversion: 1.36
Aug 27 05:05:14.667002 n-d-816157-11 devstack@placement-api.service[114946]: [pid: 114946|app: 0|req: 723/1453] 10.222.0.86 () {60 vars in 1506 bytes} [Sat Aug 27 05:05:14 2022] GET /placement/allocation_candidates?limit=1000&resources=DISK_GB%3A1%2CMEMORY_MB%3A1024%2CVCPU%3A1&root_required=%21COMPUTE_STATUS_DISABLED => generated 1309 bytes in 204 msecs (HTTP/1.1 200) 8 headers in 297 bytes (1 switches on core 0)
Aug 27 05:05:14.792349 n-d-816157-11 devstack@placement-api.service[114947]: DEBUG placement.requestlog [req-b53c55b7-618b-4055-820d-2c851a5682c2 req-f25df166-61e8-48b2-92a7-64967e44e6b2 None None] Starting request: 10.222.0.86 "GET /placement/allocations/29071d2c-5276-45e7-b02a-5eb6c5e661a2" {{(pid=114947) __call__ /opt/stack/placement/placement/requestlog.py:55}}
Aug 27 05:05:14.812818 n-d-816157-11 devstack@placement-api.service[114947]: INFO placement.requestlog [req-b53c55b7-618b-4055-820d-2c851a5682c2 req-f25df166-61e8-48b2-92a7-64967e44e6b2 service placement] 10.222.0.86 "GET /placement/allocations/29071d2c-5276-45e7-b02a-5eb6c5e661a2" status: 200 len: 19 microversion: 1.28
Aug 27 05:05:14.813786 n-d-816157-11 devstack@placement-api.service[114947]: [pid: 114947|app: 0|req: 731/1454] 10.222.0.86 () {60 vars in 1380 bytes} [Sat Aug 27 05:05:14 2022] GET /placement/allocations/29071d2c-5276-45e7-b02a-5eb6c5e661a2 => generated 19 bytes in 22 msecs (HTTP/1.1 200) 8 headers in 295 bytes (1 switches on core 0)
Aug 27 05:05:14.820398 n-d-816157-11 devstack@placement-api.service[114946]: DEBUG placement.requestlog [req-b53c55b7-618b-4055-820d-2c851a5682c2 req-af9dc223-e620-48b7-bae3-b118036b2ea7 None None] Starting request: 10.222.0.86 "PUT /placement/allocations/29071d2c-5276-45e7-b02a-5eb6c5e661a2" {{(pid=114946) __call__ /opt/stack/placement/placement/requestlog.py:55}}
Aug 27 05:05:15.033725 n-d-816157-11 devstack@placement-api.service[114946]: DEBUG placement.handlers.allocation [req-b53c55b7-618b-4055-820d-2c851a5682c2 req-af9dc223-e620-48b7-bae3-b118036b2ea7 service placement] Successfully wrote allocations [, , ] {{(pid=114946) _update_consumers_and_create_allocations /opt/stack/placement/placement/handlers/allocation.py:462}}
Aug 27 05:05:15.097038 n-d-816157-11 devstack@placement-api.service[114947]: DEBUG placement.requestlog [req-b34b3941-dc80-48d1-b75a-714b198ddbd3 req-13756956-8465-4060-91ff-6be3036c045a None None] Starting request: 10.222.0.93 "GET /placement/allocations/6747cf78-4a48-4eb6-a762-9cdeb53d3d2d" {{(pid=114947) __call__ /opt/stack/placement/placement/requestlog.py:55}}
Aug 27 05:05:15.127347 n-d-816157-11 devstack@placement-api.service[114946]: INFO placement.requestlog [req-b53c55b7-618b-4055-820d-2c851a5682c2 req-af9dc223-e620-48b7-bae3-b118036b2ea7 service placement] 10.222.0.86 "PUT /placement/allocations/29071d2c-5276-45e7-b02a-5eb6c5e661a2" status: 204 len: 0 microversion: 1.36
Aug 27 05:05:15.129835 n-d-816157-11 devstack@placement-api.service[114946]: [pid: 114946|app: 0|req: 724/1455] 10.222.0.86 () {64 vars in 1433 bytes} [Sat Aug 27 05:05:14 2022] PUT /placement/allocations/29071d2c-5276-45e7-b02a-5eb6c5e661a2 => generated 0 bytes in 308 msecs (HTTP/1.1 204) 5 headers in 199 bytes (1 switches on core 0)
Aug 27 05:05:15.130536 n-d-816157-11 devstack@placement-api.service[114946]: DEBUG placement.requestlog [req-b34b3941-dc80-48d1-b75a-714b198ddbd3 req-6beea9ec-4256-4523-8cbb-161fd00fd7da None None] Starting request: 10.222.0.85 "GET /placement/resource_providers/e53e9542-b4c3-416c-923c-6648d47e26ba/allocations" {{(pid=114946) __call__ /opt/stack/placement/placement/requestlog.py:55}}
Aug 27 05:05:15.146639 n-d-816157-11 devstack@placement-api.service[114947]: INFO placement.requestlog [req-b34b3941-dc80-48d1-b75a-714b198ddbd3 req-13756956-8465-4060-91ff-6be3036c045a service placement] 10.222.0.93 "GET /placement/allocations/6747cf78-4a48-4eb6-a762-9cdeb53d3d2d" status: 200 len: 259 microversion: 1.28
Aug 27 05:05:15.147609 n-d-816157-11 devstack@placement-api.service[114947]: [pid: 114947|app: 0|req: 732/1456] 10.222.0.93 () {60 vars in 1377 bytes} [Sat Aug 27 05:05:15 2022] GET /placement/allocations/6747cf78-4a48-4eb6-a762-9cdeb53d3d2d => generated 259 bytes in 51 msecs (HTTP/1.1 200) 8 headers in 296 bytes (2 switches on core 0)
Aug 27 05:05:15.180238 n-d-816157-11 devstack@placement-api.service[114947]: DEBUG placement.requestlog [req-b34b3941-dc80-48d1-b75a-714b198ddbd3 req-5c73885b-87fa-4c39-8334-fbc23afda0a9 None None] Starting request: 10.222.0.85 "GET /placement/allocations/56f1b840-0051-4dfe-b565-ce3b2220719b" {{(pid=114947) __call__ /opt/stack/placement/placement/requestlog.py:55}}
Aug 27 05:05:15.185830 n-d-816157-11 devstack@placement-api.service[114946]: INFO placement.requestlog [req-b34b3941-dc80-48d1-b75a-714b198ddbd3 req-6beea9ec-4256-4523-8cbb-161fd00fd7da service placement] 10.222.0.85 "GET /placement/resource_providers/e53e9542-b4c3-416c-923c-6648d47e26ba/allocations" status: 200 len: 948 microversion: 1.0
Aug 27 05:05:15.186752 n-d-816157-11 devstack@placement-api.service[114946]: [pid: 114946|app: 0|req: 725/1457] 10.222.0.85 () {58 vars in 1390 bytes} [Sat Aug 27 05:05:15 2022] GET /placement/resource_providers/e53e9542-b4c3-416c-923c-6648d47e26ba/allocations => generated 948 bytes in 56 msecs (HTTP/1.1 200) 6 headers in 224 bytes (1 switches on core 0)
Aug 27 05:05:15.196630 n-d-816157-11 devstack@placement-api.service[114946]: DEBUG placement.requestlog [req-b34b3941-dc80-48d1-b75a-714b198ddbd3 req-0c152eed-3e3d-4106-8514-1d1f52af9e13 None None] Starting request: 10.222.0.85 "GET /placement/allocations/8d48e0bc-1e19-41a9-b673-87ce9859a4a6" {{(pid=114946) __call__ /opt/stack/placement/placement/requestlog.py:55}}
Aug 27 05:05:15.209107 n-d-816157-11 devstack@placement-api.service[114947]: INFO placement.requestlog [req-b34b3941-dc80-48d1-b75a-714b198ddbd3 req-5c73885b-87fa-4c39-8334-fbc23afda0a9 service placement] 10.222.0.85 "GET /placement/allocations/56f1b840-0051-4dfe-b565-ce3b2220719b" status: 200 len: 259 microversion: 1.28
Aug 27 05:05:15.211100 n-d-816157-11 devstack@placement-api.service[114947]: [pid: 114947|app: 0|req: 733/1458] 10.222.0.85 () {60 vars in 1377 bytes} [Sat Aug 27 05:05:15 2022] GET /placement/allocations/56f1b840-0051-4dfe-b565-ce3b2220719b => generated 259 bytes in 34 msecs (HTTP/1.1 200) 8 headers in 296 bytes (1 switches on core 0)
Aug 27 05:05:15.218735 n-d-816157-11 devstack@placement-api.service[114946]: INFO placement.requestlog [req-b34b3941-dc80-48d1-b75a-714b198ddbd3 req-0c152eed-3e3d-4106-8514-1d1f52af9e13 service placement] 10.222.0.85 "GET /placement/allocations/8d48e0bc-1e19-41a9-b673-87ce9859a4a6" status: 200 len: 245 microversion: 1.28
Aug 27 05:05:15.219621 n-d-816157-11 devstack@placement-api.service[114946]: [pid: 114946|app: 0|req: 726/1459] 10.222.0.85 () {60 vars in 1377 bytes} [Sat Aug 27 05:05:15 2022] GET /placement/allocations/8d48e0bc-1e19-41a9-b673-87ce9859a4a6 => generated 245 bytes in 24 msecs (HTTP/1.1 200) 8 headers in 296 bytes (1 switches on core 0)
Aug 27 05:05:15.257417 n-d-816157-11 devstack@placement-api.service[114947]: DEBUG placement.requestlog [req-b34b3941-dc80-48d1-b75a-714b198ddbd3 req-25358d92-b1bb-4201-a60b-18947acd53c9 None None] Starting request: 10.222.0.85 "GET /placement/allocations/d27ec960-e1ff-4ef6-b557-55fe9685c3ad" {{(pid=114947) __call__ /opt/stack/placement/placement/requestlog.py:55}}
Aug 27 05:05:15.281694 n-d-816157-11 devstack@placement-api.service[114947]: INFO placement.requestlog [req-b34b3941-dc80-48d1-b75a-714b198ddbd3 req-25358d92-b1bb-4201-a60b-18947acd53c9 service placement] 10.222.0.85 "GET /placement/allocations/d27ec960-e1ff-4ef6-b557-55fe9685c3ad" status: 200 len: 259 microversion: 1.28
Aug 27 05:05:15.282653 n-d-816157-11 devstack@placement-api.service[114947]: [pid: 114947|app: 0|req: 734/1460] 10.222.0.85 () {60 vars in 1377 bytes} [Sat Aug 27 05:05:15 2022] GET /placement/allocations/d27ec960-e1ff-4ef6-b557-55fe9685c3ad => generated 259 bytes in 25 msecs (HTTP/1.1 200) 8 headers in 296 bytes (1 switches on core 0)
Aug 27 05:05:15.290025 n-d-816157-11 devstack@placement-api.service[114946]: DEBUG placement.requestlog [req-b34b3941-dc80-48d1-b75a-714b198ddbd3 req-d9b32b2f-9f8a-4099-b2ac-c12639d4f1c2 None None] Starting request: 10.222.0.85 "GET /placement/allocations/1bbb6106-2219-4d7c-9b9b-52c45af8aff2" {{(pid=114946) __call__ /opt/stack/placement/placement/requestlog.py:55}}
Aug 27 05:05:15.325399 n-d-816157-11 devstack@placement-api.service[114946]: INFO placement.requestlog [req-b34b3941-dc80-48d1-b75a-714b198ddbd3 req-d9b32b2f-9f8a-4099-b2ac-c12639d4f1c2 service placement] 10.222.0.85 "GET /placement/allocations/1bbb6106-2219-4d7c-9b9b-52c45af8aff2" status: 200 len: 259 microversion: 1.28
Aug 27 05:05:15.326156 n-d-816157-11 devstack@placement-api.service[114946]: [pid: 114946|app: 0|req: 727/1461] 10.222.0.85 () {60 vars in 1377 bytes} [Sat Aug 27 05:05:15 2022] GET /placement/allocations/1bbb6106-2219-4d7c-9b9b-52c45af8aff2 => generated 259 bytes in 37 msecs (HTTP/1.1 200) 8 headers in 296 bytes (1 switches on core 0)
Aug 27 05:05:15.333727 n-d-816157-11 devstack@placement-api.service[114947]: DEBUG placement.requestlog [req-b34b3941-dc80-48d1-b75a-714b198ddbd3 req-2674697c-a2ed-45c0-b07c-eaaf4c0397f4 None None] Starting request: 10.222.0.85 "GET /placement/allocations/7de1974d-0eae-4b89-b5f8-dea2eca99374" {{(pid=114947) __call__ /opt/stack/placement/placement/requestlog.py:55}}
Aug 27 05:05:15.355029 n-d-816157-11 devstack@placement-api.service[114947]: INFO placement.requestlog [req-b34b3941-dc80-48d1-b75a-714b198ddbd3 req-2674697c-a2ed-45c0-b07c-eaaf4c0397f4 service placement] 10.222.0.85 "GET /placement/allocations/7de1974d-0eae-4b89-b5f8-dea2eca99374" status: 200 len: 259 microversion: 1.28
Aug 27 05:05:15.355760 n-d-816157-11 devstack@placement-api.service[114947]: [pid: 114947|app: 0|req: 735/1462] 10.222.0.85 () {60 vars in 1377 bytes} [Sat Aug 27 05:05:15 2022] GET /placement/allocations/7de1974d-0eae-4b89-b5f8-dea2eca99374 => generated 259 bytes in 22 msecs (HTTP/1.1 200) 8 headers in 296 bytes (1 switches on core 0)
Aug 27 05:05:15.363734 n-d-816157-11 devstack@placement-api.service[114946]: DEBUG placement.requestlog [req-b34b3941-dc80-48d1-b75a-714b198ddbd3 req-a7ce268c-fb66-49e4-b08c-ed1fb73cd5de None None] Starting request: 10.222.0.85 "GET /placement/allocations/29071d2c-5276-45e7-b02a-5eb6c5e661a2" {{(pid=114946) __call__ /opt/stack/placement/placement/requestlog.py:55}}
Aug 27 05:05:15.402360 n-d-816157-11 devstack@placement-api.service[114946]: INFO placement.requestlog [req-b34b3941-dc80-48d1-b75a-714b198ddbd3 req-a7ce268c-fb66-49e4-b08c-ed1fb73cd5de service placement] 10.222.0.85 "GET /placement/allocations/29071d2c-5276-45e7-b02a-5eb6c5e661a2" status: 200 len: 259 microversion: 1.28
Aug 27 05:05:15.403810 n-d-816157-11 devstack@placement-api.service[114946]: [pid: 114946|app: 0|req: 728/1463] 10.222.0.85 () {60 vars in 1377 bytes} [Sat Aug 27 05:05:15 2022] GET /placement/allocations/29071d2c-5276-45e7-b02a-5eb6c5e661a2 => generated 259 bytes in 40 msecs (HTTP/1.1 200) 8 headers in 296 bytes (1 switches on core 0)
Aug 27 05:05:15.412566 n-d-816157-11 devstack@placement-api.service[114947]: DEBUG placement.requestlog [req-b34b3941-dc80-48d1-b75a-714b198ddbd3 req-3ce60b14-e2e1-4ee1-b916-a21d59ce6b7d None None] Starting request: 10.222.0.85 "GET /placement/allocations/02b24c4c-f05f-4cdc-a554-143601f84658" {{(pid=114947) __call__ /opt/stack/placement/placement/requestlog.py:55}}
Aug 27 05:05:15.464517 n-d-816157-11 devstack@placement-api.service[114947]: INFO placement.requestlog [req-b34b3941-dc80-48d1-b75a-714b198ddbd3 req-3ce60b14-e2e1-4ee1-b916-a21d59ce6b7d service placement] 10.222.0.85 "GET /placement/allocations/02b24c4c-f05f-4cdc-a554-143601f84658" status: 200 len: 259 microversion: 1.28
Aug 27 05:05:15.466660 n-d-816157-11 devstack@placement-api.service[114947]: [pid: 114947|app: 0|req: 736/1464] 10.222.0.85 () {60 vars in 1377 bytes} [Sat Aug 27 05:05:15 2022] GET /placement/allocations/02b24c4c-f05f-4cdc-a554-143601f84658 => generated 259 bytes in 54 msecs (HTTP/1.1 200) 8 headers in 296 bytes (1 switches on core 0)
Aug 27 05:05:15.477376 n-d-816157-11 devstack@placement-api.service[114946]: DEBUG placement.requestlog [req-b34b3941-dc80-48d1-b75a-714b198ddbd3 req-31ad0ee2-54c3-42ad-bcb5-a5ad0b064ea9 None None] Starting request: 10.222.0.85 "GET /placement/allocations/37677c9f-ef92-4570-a70c-2b0e1d95970e" {{(pid=114946) __call__ /opt/stack/placement/placement/requestlog.py:55}}
Aug 27 05:05:15.508467 n-d-816157-11 devstack@placement-api.service[114946]: INFO placement.requestlog [req-b34b3941-dc80-48d1-b75a-714b198ddbd3 req-31ad0ee2-54c3-42ad-bcb5-a5ad0b064ea9 service placement] 10.222.0.85 "GET /placement/allocations/37677c9f-ef92-4570-a70c-2b0e1d95970e" status: 200 len: 259 microversion: 1.28
Aug 27 05:05:15.509240 n-d-816157-11 devstack@placement-api.service[114946]: [pid: 114946|app: 0|req: 729/1465] 10.222.0.85 () {60 vars in 1377 bytes} [Sat Aug 27 05:05:15 2022] GET /placement/allocations/37677c9f-ef92-4570-a70c-2b0e1d95970e => generated 259 bytes in 32 msecs (HTTP/1.1 200) 8 headers in 296 bytes (1 switches on core 0)
Aug 27 05:05:15.517809 n-d-816157-11 devstack@placement-api.service[114947]: DEBUG placement.requestlog [req-b34b3941-dc80-48d1-b75a-714b198ddbd3 req-7318e2cf-91ea-4f3c-897a-69df9edae379 None None] Starting request: 10.222.0.85 "GET /placement/allocations/c6efe34e-cd8a-4648-8187-359e38e043da" {{(pid=114947) __call__ /opt/stack/placement/placement/requestlog.py:55}}
Aug 27 05:05:15.544646 n-d-816157-11 devstack@placement-api.service[114947]: INFO placement.requestlog [req-b34b3941-dc80-48d1-b75a-714b198ddbd3 req-7318e2cf-91ea-4f3c-897a-69df9edae379 service placement] 10.222.0.85 "GET /placement/allocations/c6efe34e-cd8a-4648-8187-359e38e043da" status: 200 len: 259 microversion: 1.28
Aug 27 05:05:15.545743 n-d-816157-11 devstack@placement-api.service[114947]: [pid: 114947|app: 0|req: 737/1466] 10.222.0.85 () {60 vars in 1377 bytes} [Sat Aug 27 05:05:15 2022] GET /placement/allocations/c6efe34e-cd8a-4648-8187-359e38e043da => generated 259 bytes in 28 msecs (HTTP/1.1 200) 8 headers in 296 bytes (1 switches on core 0)
Aug 27 05:05:15.559534 n-d-816157-11 devstack@placement-api.service[114946]: DEBUG placement.requestlog [req-b34b3941-dc80-48d1-b75a-714b198ddbd3 req-b5ae4178-b8e0-40ad-9aad-596619c975af None None] Starting request: 10.222.0.85 "GET /placement/allocations/56f1b840-0051-4dfe-b565-ce3b2220719b" {{(pid=114946) __call__ /opt/stack/placement/placement/requestlog.py:55}}
Aug 27 05:05:15.569567 n-d-816157-11 devstack@placement-api.service[114947]: DEBUG placement.requestlog [req-b34b3941-dc80-48d1-b75a-714b198ddbd3 req-ceca5036-6e26-4644-84cf-37bc33574719 None None] Starting request: 10.222.0.93 "GET /placement/resource_providers/70cefd9b-c69c-4f99-825a-1d5cb2547d45/allocations" {{(pid=114947) __call__ /opt/stack/placement/placement/requestlog.py:55}}
Aug 27 05:05:15.604137 n-d-816157-11 devstack@placement-api.service[114946]: INFO placement.requestlog [req-b34b3941-dc80-48d1-b75a-714b198ddbd3 req-b5ae4178-b8e0-40ad-9aad-596619c975af service placement] 10.222.0.85 "GET /placement/allocations/56f1b840-0051-4dfe-b565-ce3b2220719b" status: 200 len: 259 microversion: 1.28
Aug 27 05:05:15.604551 n-d-816157-11 devstack@placement-api.service[114946]: [pid: 114946|app: 0|req: 730/1467] 10.222.0.85 () {60 vars in 1377 bytes} [Sat Aug 27 05:05:15 2022] GET /placement/allocations/56f1b840-0051-4dfe-b565-ce3b2220719b => generated 259 bytes in 45 msecs (HTTP/1.1 200) 8 headers in 296 bytes (1 switches on core 0)
Aug 27 05:05:15.630831 n-d-816157-11 devstack@placement-api.service[114947]: INFO placement.requestlog [req-b34b3941-dc80-48d1-b75a-714b198ddbd3 req-ceca5036-6e26-4644-84cf-37bc33574719 service placement] 10.222.0.93 "GET /placement/resource_providers/70cefd9b-c69c-4f99-825a-1d5cb2547d45/allocations" status: 200 len: 861 microversion: 1.0
Aug 27 05:05:15.631770 n-d-816157-11 devstack@placement-api.service[114947]: [pid: 114947|app: 0|req: 738/1468] 10.222.0.93 () {58 vars in 1390 bytes} [Sat Aug 27 05:05:15 2022] GET /placement/resource_providers/70cefd9b-c69c-4f99-825a-1d5cb2547d45/allocations => generated 861 bytes in 64 msecs (HTTP/1.1 200) 6 headers in 224 bytes (1 switches on core 0)
Aug 27 05:05:15.639629 n-d-816157-11 devstack@placement-api.service[114946]: DEBUG placement.requestlog [req-b34b3941-dc80-48d1-b75a-714b198ddbd3 req-efa9be8b-74d6-4b32-bb16-8bfee7292081 None None] Starting request: 10.222.0.93 "GET /placement/allocations/6747cf78-4a48-4eb6-a762-9cdeb53d3d2d" {{(pid=114946) __call__ /opt/stack/placement/placement/requestlog.py:55}}
Aug 27 05:05:15.670103 n-d-816157-11 devstack@placement-api.service[114946]: INFO placement.requestlog [req-b34b3941-dc80-48d1-b75a-714b198ddbd3 req-efa9be8b-74d6-4b32-bb16-8bfee7292081 service placement] 10.222.0.93 "GET /placement/allocations/6747cf78-4a48-4eb6-a762-9cdeb53d3d2d" status: 200 len: 259 microversion: 1.28
Aug 27 05:05:15.670494 n-d-816157-11 devstack@placement-api.service[114946]: [pid: 114946|app: 0|req: 731/1469] 10.222.0.93 () {60 vars in 1377 bytes} [Sat Aug 27 05:05:15 2022] GET /placement/allocations/6747cf78-4a48-4eb6-a762-9cdeb53d3d2d => generated 259 bytes in 31 msecs (HTTP/1.1 200) 8 headers in 296 bytes (1 switches on core 0)
Aug 27 05:05:15.678841 n-d-816157-11 devstack@placement-api.service[114947]: DEBUG placement.requestlog [req-b34b3941-dc80-48d1-b75a-714b198ddbd3 req-e1d77f1f-e850-4a82-a56d-9414b6652abc None None] Starting request: 10.222.0.93 "GET /placement/allocations/790496c4-e4a7-41a1-898f-805501c112e6" {{(pid=114947) __call__ /opt/stack/placement/placement/requestlog.py:55}}
Aug 27 05:05:15.697393 n-d-816157-11 devstack@placement-api.service[114947]: INFO placement.requestlog [req-b34b3941-dc80-48d1-b75a-714b198ddbd3 req-e1d77f1f-e850-4a82-a56d-9414b6652abc service placement] 10.222.0.93 "GET /placement/allocations/790496c4-e4a7-41a1-898f-805501c112e6" status: 200 len: 259 microversion: 1.28
Aug 27 05:05:15.698467 n-d-816157-11 devstack@placement-api.service[114947]: [pid: 114947|app: 0|req: 739/1470] 10.222.0.93 () {60 vars in 1377 bytes} [Sat Aug 27 05:05:15 2022] GET /placement/allocations/790496c4-e4a7-41a1-898f-805501c112e6 => generated 259 bytes in 20 msecs (HTTP/1.1 200) 8 headers in 296 bytes (1 switches on core 0)
Aug 27 05:05:15.706235 n-d-816157-11 devstack@placement-api.service[114946]: DEBUG placement.requestlog [req-b34b3941-dc80-48d1-b75a-714b198ddbd3 req-a13b0d25-fbc3-4d0d-acb2-038ba38d9c24 None None] Starting request: 10.222.0.93 "GET /placement/allocations/fdbe990a-e132-43ee-96c0-f1bb5a5f6c8b" {{(pid=114946) __call__ /opt/stack/placement/placement/requestlog.py:55}}
Aug 27 05:05:15.731984 n-d-816157-11 devstack@placement-api.service[114946]: INFO placement.requestlog [req-b34b3941-dc80-48d1-b75a-714b198ddbd3 req-a13b0d25-fbc3-4d0d-acb2-038ba38d9c24 service placement] 10.222.0.93 "GET /placement/allocations/fdbe990a-e132-43ee-96c0-f1bb5a5f6c8b" status: 200 len: 259 microversion: 1.28
Aug 27 05:05:15.731984 n-d-816157-11 devstack@placement-api.service[114946]: [pid: 114946|app: 0|req: 732/1471] 10.222.0.93 () {60 vars in 1377 bytes} [Sat Aug 27 05:05:15 2022] GET /placement/allocations/fdbe990a-e132-43ee-96c0-f1bb5a5f6c8b => generated 259 bytes in 23 msecs (HTTP/1.1 200) 8 headers in 296 bytes (1 switches on core 0)
Aug 27 05:05:15.736887 n-d-816157-11 devstack@placement-api.service[114947]: DEBUG placement.requestlog [req-b34b3941-dc80-48d1-b75a-714b198ddbd3 req-d97ed3c7-d3b2-4b23-9ef2-b8e2729c701e None None] Starting request: 10.222.0.93 "GET /placement/allocations/6f17d96e-54b2-4916-9517-1ea51a591c5e" {{(pid=114947) __call__ /opt/stack/placement/placement/requestlog.py:55}}
Aug 27 05:05:15.755537 n-d-816157-11 devstack@placement-api.service[114947]: INFO placement.requestlog [req-b34b3941-dc80-48d1-b75a-714b198ddbd3 req-d97ed3c7-d3b2-4b23-9ef2-b8e2729c701e service placement] 10.222.0.93 "GET /placement/allocations/6f17d96e-54b2-4916-9517-1ea51a591c5e" status: 200 len: 259 microversion: 1.28
Aug 27 05:05:15.757531 n-d-816157-11 devstack@placement-api.service[114947]: [pid: 114947|app: 0|req: 740/1472] 10.222.0.93 () {60 vars in 1377 bytes} [Sat Aug 27 05:05:15 2022] GET /placement/allocations/6f17d96e-54b2-4916-9517-1ea51a591c5e => generated 259 bytes in 21 msecs (HTTP/1.1 200) 8 headers in 296 bytes (1 switches on core 0)
Aug 27 05:05:15.765990 n-d-816157-11 devstack@placement-api.service[114946]: DEBUG placement.requestlog [req-b34b3941-dc80-48d1-b75a-714b198ddbd3 req-ab401c10-2981-47ca-b0cb-4eeceb3c5681 None None] Starting request: 10.222.0.93 "GET /placement/allocations/357c8efa-963b-45bb-a6ea-b10be64841c5" {{(pid=114946) __call__ /opt/stack/placement/placement/requestlog.py:55}}
Aug 27 05:05:15.793046 n-d-816157-11 devstack@placement-api.service[114946]: INFO placement.requestlog [req-b34b3941-dc80-48d1-b75a-714b198ddbd3 req-ab401c10-2981-47ca-b0cb-4eeceb3c5681 service placement] 10.222.0.93 "GET /placement/allocations/357c8efa-963b-45bb-a6ea-b10be64841c5" status: 200 len: 259 microversion: 1.28
Aug 27 05:05:15.794011 n-d-816157-11 devstack@placement-api.service[114946]: [pid: 114946|app: 0|req: 733/1473] 10.222.0.93 () {60 vars in 1377 bytes} [Sat Aug 27 05:05:15 2022] GET /placement/allocations/357c8efa-963b-45bb-a6ea-b10be64841c5 => generated 259 bytes in 28 msecs (HTTP/1.1 200) 8 headers in 296 bytes (1 switches on core 0)
Aug 27 05:05:15.823175 n-d-816157-11 devstack@placement-api.service[114947]: DEBUG placement.requestlog [req-b34b3941-dc80-48d1-b75a-714b198ddbd3 req-b01f7c36-141f-4dfb-919c-9ecad720dae3 None None] Starting request: 10.222.0.93 "GET /placement/allocations/71ef7b6c-4e88-4738-af8a-5fb7e3f96483" {{(pid=114947) __call__ /opt/stack/placement/placement/requestlog.py:55}}
Aug 27 05:05:15.845942 n-d-816157-11 devstack@placement-api.service[114947]: INFO placement.requestlog [req-b34b3941-dc80-48d1-b75a-714b198ddbd3 req-b01f7c36-141f-4dfb-919c-9ecad720dae3 service placement] 10.222.0.93 "GET /placement/allocations/71ef7b6c-4e88-4738-af8a-5fb7e3f96483" status: 200 len: 259 microversion: 1.28
Aug 27 05:05:15.846946 n-d-816157-11 devstack@placement-api.service[114947]: [pid: 114947|app: 0|req: 741/1474] 10.222.0.93 () {60 vars in 1377 bytes} [Sat Aug 27 05:05:15 2022] GET /placement/allocations/71ef7b6c-4e88-4738-af8a-5fb7e3f96483 => generated 259 bytes in 24 msecs (HTTP/1.1 200) 8 headers in 296 bytes (1 switches on core 0)
Aug 27 05:05:15.857796 n-d-816157-11 devstack@placement-api.service[114946]: DEBUG placement.requestlog [req-b34b3941-dc80-48d1-b75a-714b198ddbd3 req-72b5376a-4972-4d6f-bdde-05d32f8683f8 None None] Starting request: 10.222.0.93 "GET /placement/allocations/7e0e650f-d6ae-4a4e-9d83-ead9a3910d56" {{(pid=114946) __call__ /opt/stack/placement/placement/requestlog.py:55}}
Aug 27 05:05:15.881051 n-d-816157-11 devstack@placement-api.service[114946]: INFO placement.requestlog [req-b34b3941-dc80-48d1-b75a-714b198ddbd3 req-72b5376a-4972-4d6f-bdde-05d32f8683f8 service placement] 10.222.0.93 "GET /placement/allocations/7e0e650f-d6ae-4a4e-9d83-ead9a3910d56" status: 200 len: 259 microversion: 1.28
Aug 27 05:05:15.882113 n-d-816157-11 devstack@placement-api.service[114946]: [pid: 114946|app: 0|req: 734/1475] 10.222.0.93 () {60 vars in 1377 bytes} [Sat Aug 27 05:05:15 2022] GET /placement/allocations/7e0e650f-d6ae-4a4e-9d83-ead9a3910d56 => generated 259 bytes in 24 msecs (HTTP/1.1 200) 8 headers in 296 bytes (2 switches on core 0)
Aug 27 05:05:15.896805 n-d-816157-11 devstack@placement-api.service[114947]: DEBUG placement.requestlog [req-b34b3941-dc80-48d1-b75a-714b198ddbd3 req-78d78f6c-dc2b-4d10-862f-bfe1104a9739 None None] Starting request: 10.222.0.85 "GET /placement/resource_providers/e53e9542-b4c3-416c-923c-6648d47e26ba/allocations" {{(pid=114947) __call__ /opt/stack/placement/placement/requestlog.py:55}}
Aug 27 05:05:15.908055 n-d-816157-11 devstack@placement-api.service[114946]: DEBUG placement.requestlog [req-b34b3941-dc80-48d1-b75a-714b198ddbd3 req-f777cb8b-6f23-49b4-8e4c-dc36b8137ebf None None] Starting request: 10.222.0.93 "GET /placement/allocations/a67e854c-d9ef-4854-9ced-5dad1931a1f2" {{(pid=114946) __call__ /opt/stack/placement/placement/requestlog.py:55}}
Aug 27 05:05:15.959999 n-d-816157-11 devstack@placement-api.service[114947]: INFO placement.requestlog [req-b34b3941-dc80-48d1-b75a-714b198ddbd3 req-78d78f6c-dc2b-4d10-862f-bfe1104a9739 service placement] 10.222.0.85 "GET /placement/resource_providers/e53e9542-b4c3-416c-923c-6648d47e26ba/allocations" status: 200 len: 948 microversion: 1.0
Aug 27 05:05:15.961941 n-d-816157-11 devstack@placement-api.service[114946]: INFO placement.requestlog [req-b34b3941-dc80-48d1-b75a-714b198ddbd3 req-f777cb8b-6f23-49b4-8e4c-dc36b8137ebf service placement] 10.222.0.93 "GET /placement/allocations/a67e854c-d9ef-4854-9ced-5dad1931a1f2" status: 200 len: 259 microversion: 1.28
Aug 27 05:05:15.962859 n-d-816157-11 devstack@placement-api.service[114947]: [pid: 114947|app: 0|req: 742/1476] 10.222.0.85 () {58 vars in 1390 bytes} [Sat Aug 27 05:05:15 2022] GET /placement/resource_providers/e53e9542-b4c3-416c-923c-6648d47e26ba/allocations => generated 948 bytes in 67 msecs (HTTP/1.1 200) 6 headers in 224 bytes (1 switches on core 0)
Aug 27 05:05:15.963805 n-d-816157-11 devstack@placement-api.service[114946]: [pid: 114946|app: 0|req: 735/1477] 10.222.0.93 () {60 vars in 1377 bytes} [Sat Aug 27 05:05:15 2022] GET /placement/allocations/a67e854c-d9ef-4854-9ced-5dad1931a1f2 => generated 259 bytes in 58 msecs (HTTP/1.1 200) 8 headers in 296 bytes (1 switches on core 0)
Aug 27 05:05:15.992043 n-d-816157-11 devstack@placement-api.service[114947]: DEBUG placement.requestlog [req-b34b3941-dc80-48d1-b75a-714b198ddbd3 req-db9c5b1f-7ae7-4b6e-be03-fc362620c7db None None] Starting request: 10.222.0.85 "GET /placement/allocations/8d48e0bc-1e19-41a9-b673-87ce9859a4a6" {{(pid=114947) __call__ /opt/stack/placement/placement/requestlog.py:55}}
Aug 27 05:05:16.010397 n-d-816157-11 devstack@placement-api.service[114947]: INFO placement.requestlog [req-b34b3941-dc80-48d1-b75a-714b198ddbd3 req-db9c5b1f-7ae7-4b6e-be03-fc362620c7db service placement] 10.222.0.85 "GET /placement/allocations/8d48e0bc-1e19-41a9-b673-87ce9859a4a6" status: 200 len: 245 microversion: 1.28
Aug 27 05:05:16.013580 n-d-816157-11 devstack@placement-api.service[114947]: [pid: 114947|app: 0|req: 743/1478] 10.222.0.85 () {60 vars in 1377 bytes} [Sat Aug 27 05:05:15 2022] GET /placement/allocations/8d48e0bc-1e19-41a9-b673-87ce9859a4a6 => generated 245 bytes in 20 msecs (HTTP/1.1 200) 8 headers in 296 bytes (1 switches on core 0)
Aug 27 05:05:16.028151 n-d-816157-11 devstack@placement-api.service[114946]: DEBUG placement.requestlog [req-b34b3941-dc80-48d1-b75a-714b198ddbd3 req-d799fa5f-fb70-404b-877e-ab899221c24c None None] Starting request: 10.222.0.85 "GET /placement/allocations/d27ec960-e1ff-4ef6-b557-55fe9685c3ad" {{(pid=114946) __call__ /opt/stack/placement/placement/requestlog.py:55}}
Aug 27 05:05:16.049706 n-d-816157-11 devstack@placement-api.service[114946]: INFO placement.requestlog [req-b34b3941-dc80-48d1-b75a-714b198ddbd3 req-d799fa5f-fb70-404b-877e-ab899221c24c service placement] 10.222.0.85 "GET /placement/allocations/d27ec960-e1ff-4ef6-b557-55fe9685c3ad" status: 200 len: 259 microversion: 1.28
Aug 27 05:05:16.050322 n-d-816157-11 devstack@placement-api.service[114946]: [pid: 114946|app: 0|req: 736/1479] 10.222.0.85 () {60 vars in 1377 bytes} [Sat Aug 27 05:05:16 2022] GET /placement/allocations/d27ec960-e1ff-4ef6-b557-55fe9685c3ad => generated 259 bytes in 22 msecs (HTTP/1.1 200) 8 headers in 296 bytes (1 switches on core 0)
Aug 27 05:05:16.061080 n-d-816157-11 devstack@placement-api.service[114947]: DEBUG placement.requestlog [req-b34b3941-dc80-48d1-b75a-714b198ddbd3 req-ecfb989f-57e0-4583-a6d4-ebc5feb47f35 None None] Starting request: 10.222.0.85 "GET /placement/allocations/1bbb6106-2219-4d7c-9b9b-52c45af8aff2" {{(pid=114947) __call__ /opt/stack/placement/placement/requestlog.py:55}}
Aug 27 05:05:16.083296 n-d-816157-11 devstack@placement-api.service[114947]: INFO placement.requestlog [req-b34b3941-dc80-48d1-b75a-714b198ddbd3 req-ecfb989f-57e0-4583-a6d4-ebc5feb47f35 service placement] 10.222.0.85 "GET /placement/allocations/1bbb6106-2219-4d7c-9b9b-52c45af8aff2" status: 200 len: 259 microversion: 1.28
Aug 27 05:05:16.084385 n-d-816157-11 devstack@placement-api.service[114947]: [pid: 114947|app: 0|req: 744/1480] 10.222.0.85 () {60 vars in 1377 bytes} [Sat Aug 27 05:05:16 2022] GET /placement/allocations/1bbb6106-2219-4d7c-9b9b-52c45af8aff2 => generated 259 bytes in 23 msecs (HTTP/1.1 200) 8 headers in 296 bytes (1 switches on core 0)
Aug 27 05:05:16.095339 n-d-816157-11 devstack@placement-api.service[114946]: DEBUG placement.requestlog [req-b34b3941-dc80-48d1-b75a-714b198ddbd3 req-3a5c35b4-6132-4a0e-b4bb-ab4c6f396e8b None None] Starting request: 10.222.0.85 "GET /placement/allocations/7de1974d-0eae-4b89-b5f8-dea2eca99374" {{(pid=114946) __call__ /opt/stack/placement/placement/requestlog.py:55}}
Aug 27 05:05:16.151453 n-d-816157-11 devstack@placement-api.service[114946]: INFO placement.requestlog [req-b34b3941-dc80-48d1-b75a-714b198ddbd3 req-3a5c35b4-6132-4a0e-b4bb-ab4c6f396e8b service placement] 10.222.0.85 "GET /placement/allocations/7de1974d-0eae-4b89-b5f8-dea2eca99374" status: 200 len: 259 microversion: 1.28
Aug 27 05:05:16.154256 n-d-816157-11 devstack@placement-api.service[114946]: [pid: 114946|app: 0|req: 737/1481] 10.222.0.85 () {60 vars in 1377 bytes} [Sat Aug 27 05:05:16 2022] GET /placement/allocations/7de1974d-0eae-4b89-b5f8-dea2eca99374 => generated 259 bytes in 61 msecs (HTTP/1.1 200) 8 headers in 296 bytes (1 switches on core 0)
Aug 27 05:05:16.165995 n-d-816157-11 devstack@placement-api.service[114947]: DEBUG placement.requestlog [req-b34b3941-dc80-48d1-b75a-714b198ddbd3 req-91f3aca1-ccf0-4d25-abc6-cf84b1de756b None None] Starting request: 10.222.0.85 "GET /placement/allocations/29071d2c-5276-45e7-b02a-5eb6c5e661a2" {{(pid=114947) __call__ /opt/stack/placement/placement/requestlog.py:55}}
Aug 27 05:05:16.213566 n-d-816157-11 devstack@placement-api.service[114947]: INFO placement.requestlog [req-b34b3941-dc80-48d1-b75a-714b198ddbd3 req-91f3aca1-ccf0-4d25-abc6-cf84b1de756b service placement] 10.222.0.85 "GET /placement/allocations/29071d2c-5276-45e7-b02a-5eb6c5e661a2" status: 200 len: 259 microversion: 1.28
Aug 27 05:05:16.213566 n-d-816157-11 devstack@placement-api.service[114947]: [pid: 114947|app: 0|req: 745/1482] 10.222.0.85 () {60 vars in 1377 bytes} [Sat Aug 27 05:05:16 2022] GET /placement/allocations/29071d2c-5276-45e7-b02a-5eb6c5e661a2 => generated 259 bytes in 33 msecs (HTTP/1.1 200) 8 headers in 296 bytes (1 switches on core 0)
Aug 27 05:05:16.214198 n-d-816157-11 devstack@placement-api.service[114946]: DEBUG placement.requestlog [req-b34b3941-dc80-48d1-b75a-714b198ddbd3 req-38ac1299-1a0b-436a-a078-58a6a8fe3f60 None None] Starting request: 10.222.0.85 "GET /placement/allocations/02b24c4c-f05f-4cdc-a554-143601f84658" {{(pid=114946) __call__ /opt/stack/placement/placement/requestlog.py:55}}
Aug 27 05:05:16.222949 n-d-816157-11 devstack@placement-api.service[114946]: INFO placement.requestlog [req-b34b3941-dc80-48d1-b75a-714b198ddbd3 req-38ac1299-1a0b-436a-a078-58a6a8fe3f60 service placement] 10.222.0.85 "GET /placement/allocations/02b24c4c-f05f-4cdc-a554-143601f84658" status: 200 len: 259 microversion: 1.28
Aug 27 05:05:16.224510 n-d-816157-11 devstack@placement-api.service[114946]: [pid: 114946|app: 0|req: 738/1483] 10.222.0.85 () {60 vars in 1377 bytes} [Sat Aug 27 05:05:16 2022] GET /placement/allocations/02b24c4c-f05f-4cdc-a554-143601f84658 => generated 259 bytes in 22 msecs (HTTP/1.1 200) 8 headers in 296 bytes (1 switches on core 0)
Aug 27 05:05:16.240468 n-d-816157-11 devstack@placement-api.service[114947]: DEBUG placement.requestlog [req-b34b3941-dc80-48d1-b75a-714b198ddbd3 req-039ecfd7-3c4e-4c5b-b559-3f5359eafc88 None None] Starting request: 10.222.0.85 "GET /placement/allocations/37677c9f-ef92-4570-a70c-2b0e1d95970e" {{(pid=114947) __call__ /opt/stack/placement/placement/requestlog.py:55}}
Aug 27 05:05:16.269447 n-d-816157-11 devstack@placement-api.service[114947]: DEBUG dbcounter [-] [114947] Writing DB stats placement:SELECT=98,placement:DELETE=2 {{(pid=114947) stat_writer /usr/local/lib/python3.8/dist-packages/dbcounter.py:114}}
Aug 27 05:05:16.269447 n-d-816157-11 devstack@placement-api.service[114947]: INFO placement.requestlog [req-b34b3941-dc80-48d1-b75a-714b198ddbd3 req-039ecfd7-3c4e-4c5b-b559-3f5359eafc88 service placement] 10.222.0.85 "GET /placement/allocations/37677c9f-ef92-4570-a70c-2b0e1d95970e" status: 200 len: 259 microversion: 1.28
Aug 27 05:05:16.269447 n-d-816157-11 devstack@placement-api.service[114947]: [pid: 114947|app: 0|req: 746/1484] 10.222.0.85 () {60 vars in 1377 bytes} [Sat Aug 27 05:05:16 2022] GET /placement/allocations/37677c9f-ef92-4570-a70c-2b0e1d95970e => generated 259 bytes in 27 msecs (HTTP/1.1 200) 8 headers in 296 bytes (1 switches on core 0)
Aug 27 05:05:16.302120 n-d-816157-11 devstack@placement-api.service[114946]: DEBUG placement.requestlog [req-b34b3941-dc80-48d1-b75a-714b198ddbd3 req-de03e143-d4e9-4945-aa44-cf88e82af496 None None] Starting request: 10.222.0.85 "GET /placement/allocations/c6efe34e-cd8a-4648-8187-359e38e043da" {{(pid=114946) __call__ /opt/stack/placement/placement/requestlog.py:55}}
Aug 27 05:05:16.333245 n-d-816157-11 devstack@placement-api.service[114946]: INFO placement.requestlog [req-b34b3941-dc80-48d1-b75a-714b198ddbd3 req-de03e143-d4e9-4945-aa44-cf88e82af496 service placement] 10.222.0.85 "GET /placement/allocations/c6efe34e-cd8a-4648-8187-359e38e043da" status: 200 len: 259 microversion: 1.28
Aug 27 05:05:16.337217 n-d-816157-11 devstack@placement-api.service[114946]: [pid: 114946|app: 0|req: 739/1485] 10.222.0.85 () {60 vars in 1377 bytes} [Sat Aug 27 05:05:16 2022] GET /placement/allocations/c6efe34e-cd8a-4648-8187-359e38e043da => generated 259 bytes in 42 msecs (HTTP/1.1 200) 8 headers in 296 bytes (1 switches on core 0)
Aug 27 05:05:16.345260 n-d-816157-11 devstack@placement-api.service[114947]: DEBUG placement.requestlog [req-b34b3941-dc80-48d1-b75a-714b198ddbd3 req-5a22a734-e197-4aa4-8c18-38915382c4f0 None None] Starting request: 10.222.0.85 "GET /placement/allocations/56f1b840-0051-4dfe-b565-ce3b2220719b" {{(pid=114947) __call__ /opt/stack/placement/placement/requestlog.py:55}}
Aug 27 05:05:16.380854 n-d-816157-11 devstack@placement-api.service[114947]: INFO placement.requestlog [req-b34b3941-dc80-48d1-b75a-714b198ddbd3 req-5a22a734-e197-4aa4-8c18-38915382c4f0 service placement] 10.222.0.85 "GET /placement/allocations/56f1b840-0051-4dfe-b565-ce3b2220719b" status: 200 len: 259 microversion: 1.28
Aug 27 05:05:16.382601 n-d-816157-11 devstack@placement-api.service[114947]: [pid: 114947|app: 0|req: 747/1486] 10.222.0.85 () {60 vars in 1377 bytes} [Sat Aug 27 05:05:16 2022] GET /placement/allocations/56f1b840-0051-4dfe-b565-ce3b2220719b => generated 259 bytes in 38 msecs (HTTP/1.1 200) 8 headers in 296 bytes (1 switches on core 0)
Aug 27 05:05:16.454742 n-d-816157-11 devstack@placement-api.service[114946]: DEBUG placement.requestlog [req-b75f6f50-bdea-45fb-8653-7ff4805ff3ee req-c00d76b8-60cc-481b-aee1-4b1c61d96a59 None None] Starting request: 10.222.0.86 "GET /placement/allocation_candidates?resources=DISK_GB%3A1%2CMEMORY_MB%3A1024%2CVCPU%3A1&root_required=%21COMPUTE_STATUS_DISABLED" {{(pid=114946) __call__ /opt/stack/placement/placement/requestlog.py:55}}
Aug 27 05:05:16.505845 n-d-816157-11 devstack@placement-api.service[114946]: DEBUG placement.objects.research_context [req-b75f6f50-bdea-45fb-8653-7ff4805ff3ee req-c00d76b8-60cc-481b-aee1-4b1c61d96a59 service placement] getting providers with 1 DISK_GB {{(pid=114946) __init__ /opt/stack/placement/placement/objects/research_context.py:136}}
Aug 27 05:05:16.513170 n-d-816157-11 devstack@placement-api.service[114946]: DEBUG placement.objects.research_context [req-b75f6f50-bdea-45fb-8653-7ff4805ff3ee req-c00d76b8-60cc-481b-aee1-4b1c61d96a59 service placement] getting providers with 1024 MEMORY_MB {{(pid=114946) __init__ /opt/stack/placement/placement/objects/research_context.py:136}}
Aug 27 05:05:16.519897 n-d-816157-11 devstack@placement-api.service[114946]: DEBUG placement.objects.research_context [req-b75f6f50-bdea-45fb-8653-7ff4805ff3ee req-c00d76b8-60cc-481b-aee1-4b1c61d96a59 service placement] getting providers with 1 VCPU {{(pid=114946) __init__ /opt/stack/placement/placement/objects/research_context.py:136}}
Aug 27 05:05:16.527221 n-d-816157-11 devstack@placement-api.service[114946]: DEBUG placement.objects.research_context [req-b75f6f50-bdea-45fb-8653-7ff4805ff3ee req-c00d76b8-60cc-481b-aee1-4b1c61d96a59 service placement] found 2 providers with available 1 DISK_GB {{(pid=114946) get_provider_ids_matching /opt/stack/placement/placement/objects/research_context.py:563}}
Aug 27 05:05:16.527630 n-d-816157-11 devstack@placement-api.service[114946]: DEBUG placement.objects.research_context [req-b75f6f50-bdea-45fb-8653-7ff4805ff3ee req-c00d76b8-60cc-481b-aee1-4b1c61d96a59 service placement] found 2 providers with available 1024 MEMORY_MB {{(pid=114946) get_provider_ids_matching /opt/stack/placement/placement/objects/research_context.py:563}}
Aug 27 05:05:16.528136 n-d-816157-11 devstack@placement-api.service[114946]: DEBUG placement.objects.research_context [req-b75f6f50-bdea-45fb-8653-7ff4805ff3ee req-c00d76b8-60cc-481b-aee1-4b1c61d96a59 service placement] found 2 providers after filtering by previous result {{(pid=114946) get_provider_ids_matching /opt/stack/placement/placement/objects/research_context.py:594}}
Aug 27 05:05:16.528589 n-d-816157-11 devstack@placement-api.service[114946]: DEBUG placement.objects.research_context [req-b75f6f50-bdea-45fb-8653-7ff4805ff3ee req-c00d76b8-60cc-481b-aee1-4b1c61d96a59 service placement] found 2 providers with available 1 VCPU {{(pid=114946) get_provider_ids_matching /opt/stack/placement/placement/objects/research_context.py:563}}
Aug 27 05:05:16.528956 n-d-816157-11 devstack@placement-api.service[114946]: DEBUG placement.objects.research_context [req-b75f6f50-bdea-45fb-8653-7ff4805ff3ee req-c00d76b8-60cc-481b-aee1-4b1c61d96a59 service placement] found 2 providers after filtering by previous result {{(pid=114946) get_provider_ids_matching /opt/stack/placement/placement/objects/research_context.py:594}}
Aug 27 05:05:16.532136 n-d-816157-11 devstack@placement-api.service[114946]: DEBUG dbcounter [-] [114946] Writing DB stats placement:SELECT=92,placement:INSERT=4,placement:DELETE=2,placement:UPDATE=2 {{(pid=114946) stat_writer /usr/local/lib/python3.8/dist-packages/dbcounter.py:114}}
